403Webshell
Server IP : 172.67.158.161  /  Your IP : 3.15.220.201
Web Server : LiteSpeed
System : Linux business53.web-hosting.com 4.18.0-553.lve.el8.x86_64 #1 SMP Mon May 27 15:27:34 UTC 2024 x86_64
User : giankuin ( 1871)
PHP Version : 7.4.33
Disable Function : NONE
MySQL : OFF  |  cURL : ON  |  WGET : ON  |  Perl : ON  |  Python : ON  |  Sudo : OFF  |  Pkexec : OFF
Directory :  /proc/self/root/home/giankuin/access-logs/

Upload File :
current_dir [ Writeable ] document_root [ Writeable ]

 

Command :


[ Back ]     

Current File : /proc/self/root/home/giankuin/access-logs/giandon24h.com
103.57.221.27 - - [19/Oct/2024:08:08:45 -0400] "GET /.well-known/acme-challenge/66_REHKR541QN8WPG3HFAHLVI27YJZHJ HTTP/1.1" 404 1251 "-" "Cpanel-HTTP-Client/1.0"
103.57.221.27 - - [19/Oct/2024:08:08:50 -0400] "GET /.well-known/acme-challenge/1YF5LLDJNG8KCMZQNU5XLBCR_5IA9YWF HTTP/1.1" 404 1251 "-" "Cpanel-HTTP-Client/1.0"
162.213.251.195 - - [19/Oct/2024:08:23:32 -0400] "POST /wp-cron.php?doing_wp_cron=1729340612.2965929508209228515625 HTTP/1.1" 200 0 "-" "WordPress/6.4.5; https://giandon24h.com"
66.249.79.204 - - [19/Oct/2024:08:23:28 -0400] "GET /robots.txt HTTP/1.1" 301 0 "-" "Mozilla/5.0 (compatible; Googlebot/2.1; +http://www.google.com/bot.html)"
66.249.68.70 - - [19/Oct/2024:08:23:33 -0400] "GET /robots.txt HTTP/1.1" 200 70 "-" "Mozilla/5.0 (compatible; Googlebot/2.1; +http://www.google.com/bot.html)"
66.249.79.203 - - [19/Oct/2024:08:23:33 -0400] "GET /wp-content/themes/about.php HTTP/1.1" 301 0 "-" "Mozilla/5.0 (Linux; Android 6.0.1; Nexus 5X Build/MMB29P) AppleWebKit/537.36 (KHTML, like Gecko) Chrome/129.0.6668.89 Mobile Safari/537.36 (compatible; GoogleOther)"
66.249.68.71 - - [19/Oct/2024:08:23:34 -0400] "GET /wp-content/themes/about.php HTTP/1.1" 404 23136 "-" "Mozilla/5.0 (Linux; Android 6.0.1; Nexus 5X Build/MMB29P) AppleWebKit/537.36 (KHTML, like Gecko) Chrome/129.0.6668.89 Mobile Safari/537.36 (compatible; GoogleOther)"
66.249.68.70 - - [19/Oct/2024:08:23:36 -0400] "GET /js/fileman/dev.html HTTP/1.1" 404 23035 "-" "Mozilla/5.0 (Linux; Android 6.0.1; Nexus 5X Build/MMB29P) AppleWebKit/537.36 (KHTML, like Gecko) Chrome/129.0.6668.89 Mobile Safari/537.36 (compatible; GoogleOther)"
162.213.251.195 - - [19/Oct/2024:08:23:49 -0400] "POST /wp-cron.php?doing_wp_cron=1729340628.8836119174957275390625 HTTP/1.1" 200 0 "-" "WordPress/6.4.5; https://giandon24h.com"
66.249.79.203 - - [19/Oct/2024:08:23:48 -0400] "GET /wso112233.php HTTP/1.1" 301 0 "-" "Mozilla/5.0 (Linux; Android 6.0.1; Nexus 5X Build/MMB29P) AppleWebKit/537.36 (KHTML, like Gecko) Chrome/129.0.6668.89 Mobile Safari/537.36 (compatible; Googlebot/2.1; +http://www.google.com/bot.html)"
66.249.68.70 - - [19/Oct/2024:08:23:49 -0400] "GET /wso112233.php HTTP/1.1" 404 23117 "-" "Mozilla/5.0 (Linux; Android 6.0.1; Nexus 5X Build/MMB29P) AppleWebKit/537.36 (KHTML, like Gecko) Chrome/129.0.6668.89 Mobile Safari/537.36 (compatible; Googlebot/2.1; +http://www.google.com/bot.html)"
66.249.79.203 - - [19/Oct/2024:08:23:51 -0400] "GET /alfanew.php HTTP/1.1" 301 0 "-" "Mozilla/5.0 (Linux; Android 6.0.1; Nexus 5X Build/MMB29P) AppleWebKit/537.36 (KHTML, like Gecko) Chrome/129.0.6668.89 Mobile Safari/537.36 (compatible; Googlebot/2.1; +http://www.google.com/bot.html)"
66.249.68.70 - - [19/Oct/2024:08:23:52 -0400] "GET /alfanew.php HTTP/1.1" 404 23247 "-" "Mozilla/5.0 (Linux; Android 6.0.1; Nexus 5X Build/MMB29P) AppleWebKit/537.36 (KHTML, like Gecko) Chrome/129.0.6668.89 Mobile Safari/537.36 (compatible; Googlebot/2.1; +http://www.google.com/bot.html)"
162.213.251.195 - - [19/Oct/2024:08:26:34 -0400] "POST /wp-cron.php?doing_wp_cron=1729340794.1211030483245849609375 HTTP/1.1" 200 0 "-" "WordPress/6.4.5; https://giandon24h.com"
66.249.79.205 - - [19/Oct/2024:08:26:30 -0400] "GET /humans.txt HTTP/1.1" 301 0 "-" "Mozilla/5.0 (Linux; Android 6.0.1; Nexus 5X Build/MMB29P) AppleWebKit/537.36 (KHTML, like Gecko) Chrome/129.0.6668.89 Mobile Safari/537.36 (compatible; Googlebot/2.1; +http://www.google.com/bot.html)"
66.249.68.70 - - [19/Oct/2024:08:26:34 -0400] "GET /humans.txt HTTP/1.1" 404 23129 "-" "Mozilla/5.0 (Linux; Android 6.0.1; Nexus 5X Build/MMB29P) AppleWebKit/537.36 (KHTML, like Gecko) Chrome/129.0.6668.89 Mobile Safari/537.36 (compatible; Googlebot/2.1; +http://www.google.com/bot.html)"
162.213.251.195 - - [19/Oct/2024:08:28:39 -0400] "POST /wp-cron.php?doing_wp_cron=1729340919.2880558967590332031250 HTTP/1.1" 200 0 "-" "WordPress/6.4.5; https://giandon24h.com"
66.249.79.201 - - [19/Oct/2024:08:28:36 -0400] "GET /dropdown.php HTTP/1.1" 301 0 "-" "Mozilla/5.0 (Linux; Android 6.0.1; Nexus 5X Build/MMB29P) AppleWebKit/537.36 (KHTML, like Gecko) Chrome/129.0.6668.89 Mobile Safari/537.36 (compatible; Googlebot/2.1; +http://www.google.com/bot.html)"
66.249.68.66 - - [19/Oct/2024:08:28:39 -0400] "GET /dropdown.php HTTP/1.1" 404 23058 "-" "Mozilla/5.0 (Linux; Android 6.0.1; Nexus 5X Build/MMB29P) AppleWebKit/537.36 (KHTML, like Gecko) Chrome/129.0.6668.89 Mobile Safari/537.36 (compatible; Googlebot/2.1; +http://www.google.com/bot.html)"
162.213.251.195 - - [19/Oct/2024:08:29:37 -0400] "POST /wp-cron.php?doing_wp_cron=1729340976.9931321144104003906250 HTTP/1.1" 200 0 "-" "WordPress/6.4.5; https://giandon24h.com"
66.249.68.66 - - [19/Oct/2024:08:29:36 -0400] "GET /DesktopModules/TNComments/Telerik.Web.UI.DialogHandler.aspx HTTP/1.1" 404 23064 "-" "Mozilla/5.0 (Linux; Android 6.0.1; Nexus 5X Build/MMB29P) AppleWebKit/537.36 (KHTML, like Gecko) Chrome/129.0.6668.89 Mobile Safari/537.36 (compatible; GoogleOther)"
66.249.79.202 - - [19/Oct/2024:08:29:40 -0400] "GET /security.txt HTTP/1.1" 301 0 "-" "Mozilla/5.0 (Linux; Android 6.0.1; Nexus 5X Build/MMB29P) AppleWebKit/537.36 (KHTML, like Gecko) Chrome/129.0.6668.89 Mobile Safari/537.36 (compatible; Googlebot/2.1; +http://www.google.com/bot.html)"
66.249.68.66 - - [19/Oct/2024:08:29:41 -0400] "GET /security.txt HTTP/1.1" 404 22989 "-" "Mozilla/5.0 (Linux; Android 6.0.1; Nexus 5X Build/MMB29P) AppleWebKit/537.36 (KHTML, like Gecko) Chrome/129.0.6668.89 Mobile Safari/537.36 (compatible; Googlebot/2.1; +http://www.google.com/bot.html)"
162.213.251.195 - - [19/Oct/2024:08:31:47 -0400] "POST /wp-cron.php?doing_wp_cron=1729341107.6410419940948486328125 HTTP/1.1" 200 0 "-" "WordPress/6.4.5; https://giandon24h.com"
66.249.79.202 - - [19/Oct/2024:08:31:43 -0400] "GET /wp-includes/SimplePie/plugins.php HTTP/1.1" 301 0 "-" "Mozilla/5.0 (Linux; Android 6.0.1; Nexus 5X Build/MMB29P) AppleWebKit/537.36 (KHTML, like Gecko) Chrome/129.0.6668.89 Mobile Safari/537.36 (compatible; Googlebot/2.1; +http://www.google.com/bot.html)"
66.249.68.67 - - [19/Oct/2024:08:31:48 -0400] "GET /wp-includes/SimplePie/plugins.php HTTP/1.1" 404 23112 "-" "Mozilla/5.0 (Linux; Android 6.0.1; Nexus 5X Build/MMB29P) AppleWebKit/537.36 (KHTML, like Gecko) Chrome/129.0.6668.89 Mobile Safari/537.36 (compatible; Googlebot/2.1; +http://www.google.com/bot.html)"
162.213.251.195 - - [19/Oct/2024:08:35:49 -0400] "POST /wp-cron.php?doing_wp_cron=1729341349.4979040622711181640625 HTTP/1.1" 200 0 "-" "WordPress/6.4.5; https://giandon24h.com"
66.249.68.70 - - [19/Oct/2024:08:35:47 -0400] "GET /cms/portlets/Telerik.Web.UI.DialogHandler.aspx HTTP/1.1" 404 23070 "-" "Mozilla/5.0 (Linux; Android 6.0.1; Nexus 5X Build/MMB29P) AppleWebKit/537.36 (KHTML, like Gecko) Chrome/129.0.6668.89 Mobile Safari/537.36 (compatible; GoogleOther)"
162.213.251.195 - - [19/Oct/2024:08:37:11 -0400] "POST /wp-cron.php?doing_wp_cron=1729341431.4676818847656250000000 HTTP/1.1" 200 0 "-" "WordPress/6.4.5; https://giandon24h.com"
66.249.79.204 - - [19/Oct/2024:08:37:11 -0400] "GET /wp-info.php HTTP/1.1" 301 0 "-" "Mozilla/5.0 (Linux; Android 6.0.1; Nexus 5X Build/MMB29P) AppleWebKit/537.36 (KHTML, like Gecko) Chrome/129.0.6668.89 Mobile Safari/537.36 (compatible; Googlebot/2.1; +http://www.google.com/bot.html)"
66.249.68.70 - - [19/Oct/2024:08:37:12 -0400] "GET /wp-info.php HTTP/1.1" 404 22949 "-" "Mozilla/5.0 (Linux; Android 6.0.1; Nexus 5X Build/MMB29P) AppleWebKit/537.36 (KHTML, like Gecko) Chrome/129.0.6668.89 Mobile Safari/537.36 (compatible; Googlebot/2.1; +http://www.google.com/bot.html)"
162.213.251.195 - - [19/Oct/2024:08:41:33 -0400] "POST /wp-cron.php?doing_wp_cron=1729341692.9303169250488281250000 HTTP/1.1" 200 0 "-" "WordPress/6.4.5; https://giandon24h.com"
66.249.79.204 - - [19/Oct/2024:08:41:28 -0400] "GET /wp-content/themes/about.php HTTP/1.1" 301 0 "-" "Mozilla/5.0 (Linux; Android 6.0.1; Nexus 5X Build/MMB29P) AppleWebKit/537.36 (KHTML, like Gecko) Chrome/129.0.6668.89 Mobile Safari/537.36 (compatible; Googlebot/2.1; +http://www.google.com/bot.html)"
66.249.68.66 - - [19/Oct/2024:08:41:33 -0400] "GET /wp-content/themes/about.php HTTP/1.1" 404 22987 "-" "Mozilla/5.0 (Linux; Android 6.0.1; Nexus 5X Build/MMB29P) AppleWebKit/537.36 (KHTML, like Gecko) Chrome/129.0.6668.89 Mobile Safari/537.36 (compatible; Googlebot/2.1; +http://www.google.com/bot.html)"
66.249.68.68 - - [19/Oct/2024:08:41:36 -0400] "GET /common/admin/Jobs2/Telerik.Web.UI.DialogHandler.aspx HTTP/1.1" 404 22984 "-" "Mozilla/5.0 (Linux; Android 6.0.1; Nexus 5X Build/MMB29P) AppleWebKit/537.36 (KHTML, like Gecko) Chrome/129.0.6668.89 Mobile Safari/537.36 (compatible; GoogleOther)"
162.213.251.195 - - [19/Oct/2024:08:45:47 -0400] "POST /wp-cron.php?doing_wp_cron=1729341947.4135320186614990234375 HTTP/1.1" 200 0 "-" "WordPress/6.4.5; https://giandon24h.com"
66.249.68.68 - - [19/Oct/2024:08:45:45 -0400] "GET /ccbuk.php HTTP/1.1" 404 23085 "-" "Mozilla/5.0 (Linux; Android 6.0.1; Nexus 5X Build/MMB29P) AppleWebKit/537.36 (KHTML, like Gecko) Chrome/129.0.6668.89 Mobile Safari/537.36 (compatible; Googlebot/2.1; +http://www.google.com/bot.html)"
162.213.251.195 - - [19/Oct/2024:08:47:38 -0400] "POST /wp-cron.php?doing_wp_cron=1729342058.7012588977813720703125 HTTP/1.1" 200 0 "-" "WordPress/6.4.5; https://giandon24h.com"
66.249.68.71 - - [19/Oct/2024:08:47:36 -0400] "GET /Components/General/Admin/UserControl/Telerik.Web.UI.DialogHandler.aspx HTTP/1.1" 404 23042 "-" "Mozilla/5.0 (Linux; Android 6.0.1; Nexus 5X Build/MMB29P) AppleWebKit/537.36 (KHTML, like Gecko) Chrome/129.0.6668.89 Mobile Safari/537.36 (compatible; GoogleOther)"
162.213.251.195 - - [19/Oct/2024:08:48:51 -0400] "POST /wp-cron.php?doing_wp_cron=1729342131.5951220989227294921875 HTTP/1.1" 200 0 "-" "WordPress/6.4.5; https://giandon24h.com"
89.36.78.114 - - [19/Oct/2024:08:48:51 -0400] "GET /archivarix.cms.php HTTP/1.1" 404 23044 "http://giandon24h.com/archivarix.cms.php" "Mozilla/5.0 (platform; rv:geckoversion) Gecko/geckotrail Firefox/firefoxversion"
162.213.251.195 - - [19/Oct/2024:08:50:04 -0400] "POST /wp-cron.php?doing_wp_cron=1729342203.6376700401306152343750 HTTP/1.1" 200 0 "-" "WordPress/6.4.5; https://giandon24h.com"
66.249.79.203 - - [19/Oct/2024:08:50:02 -0400] "GET / HTTP/1.1" 301 0 "-" "Mozilla/5.0 (Linux; Android 6.0.1; Nexus 5X Build/MMB29P) AppleWebKit/537.36 (KHTML, like Gecko) Chrome/129.0.6668.89 Mobile Safari/537.36 (compatible; Googlebot/2.1; +http://www.google.com/bot.html)"
162.213.251.195 - - [19/Oct/2024:08:53:38 -0400] "POST /wp-cron.php?doing_wp_cron=1729342418.5663809776306152343750 HTTP/1.1" 200 0 "-" "WordPress/6.4.5; https://giandon24h.com"
66.249.68.67 - - [19/Oct/2024:08:53:36 -0400] "GET /Providers/HtmlEditorProviders/Telerik/Telerik.Web.UI.DialogHandler.aspx HTTP/1.1" 404 23042 "-" "Mozilla/5.0 (Linux; Android 6.0.1; Nexus 5X Build/MMB29P) AppleWebKit/537.36 (KHTML, like Gecko) Chrome/129.0.6668.89 Mobile Safari/537.36 (compatible; GoogleOther)"
162.213.251.195 - - [19/Oct/2024:08:58:08 -0400] "POST /wp-cron.php?doing_wp_cron=1729342688.0164520740509033203125 HTTP/1.1" 200 0 "-" "WordPress/6.4.5; https://giandon24h.com"
66.249.79.202 - - [19/Oct/2024:08:58:05 -0400] "GET /shell20211028.php HTTP/1.1" 301 0 "-" "Mozilla/5.0 (Linux; Android 6.0.1; Nexus 5X Build/MMB29P) AppleWebKit/537.36 (KHTML, like Gecko) Chrome/129.0.6668.89 Mobile Safari/537.36 (compatible; Googlebot/2.1; +http://www.google.com/bot.html)"
66.249.68.67 - - [19/Oct/2024:08:58:09 -0400] "GET /shell20211028.php HTTP/1.1" 404 23077 "-" "Mozilla/5.0 (Linux; Android 6.0.1; Nexus 5X Build/MMB29P) AppleWebKit/537.36 (KHTML, like Gecko) Chrome/129.0.6668.89 Mobile Safari/537.36 (compatible; Googlebot/2.1; +http://www.google.com/bot.html)"
162.213.251.195 - - [19/Oct/2024:08:59:38 -0400] "POST /wp-cron.php?doing_wp_cron=1729342778.6636478900909423828125 HTTP/1.1" 200 0 "-" "WordPress/6.4.5; https://giandon24h.com"
66.249.68.67 - - [19/Oct/2024:08:59:36 -0400] "GET /scripts/fileman/dev.html HTTP/1.1" 404 23001 "-" "Mozilla/5.0 (Linux; Android 6.0.1; Nexus 5X Build/MMB29P) AppleWebKit/537.36 (KHTML, like Gecko) Chrome/129.0.6668.89 Mobile Safari/537.36 (compatible; GoogleOther)"
162.213.251.195 - - [19/Oct/2024:09:05:43 -0400] "POST /wp-cron.php?doing_wp_cron=1729343143.3778939247131347656250 HTTP/1.1" 200 0 "-" "WordPress/6.4.5; https://giandon24h.com"
66.249.68.66 - - [19/Oct/2024:09:05:40 -0400] "GET /App_Master/Telerik.Web.UI.DialogHandler.aspx HTTP/1.1" 404 22977 "-" "Mozilla/5.0 (Linux; Android 6.0.1; Nexus 5X Build/MMB29P) AppleWebKit/537.36 (KHTML, like Gecko) Chrome/129.0.6668.89 Mobile Safari/537.36 (compatible; GoogleOther)"
66.249.79.202 - - [19/Oct/2024:09:06:39 -0400] "GET /simple.php HTTP/1.1" 301 0 "-" "Mozilla/5.0 (Linux; Android 6.0.1; Nexus 5X Build/MMB29P) AppleWebKit/537.36 (KHTML, like Gecko) Chrome/129.0.6668.89 Mobile Safari/537.36 (compatible; Googlebot/2.1; +http://www.google.com/bot.html)"
66.249.68.68 - - [19/Oct/2024:09:06:40 -0400] "GET /simple.php HTTP/1.1" 404 23122 "-" "Mozilla/5.0 (Linux; Android 6.0.1; Nexus 5X Build/MMB29P) AppleWebKit/537.36 (KHTML, like Gecko) Chrome/129.0.6668.89 Mobile Safari/537.36 (compatible; Googlebot/2.1; +http://www.google.com/bot.html)"
162.213.251.195 - - [19/Oct/2024:09:07:56 -0400] "POST /wp-cron.php?doing_wp_cron=1729343276.0151441097259521484375 HTTP/1.1" 200 0 "-" "WordPress/6.4.5; https://giandon24h.com"
217.160.244.17 - - [19/Oct/2024:09:07:55 -0400] "GET /wp-login.php HTTP/1.1" 302 0 "-" "Mozilla/5.0 (X11; Ubuntu; Linux x86_64; rv:62.0) Gecko/20100101 Firefox/62.0"
217.160.244.17 - - [19/Oct/2024:09:07:57 -0400] "GET ///?author=1 HTTP/1.1" 301 0 "-" "Mozilla/5.0 (X11; Ubuntu; Linux x86_64; rv:62.0) Gecko/20100101 Firefox/62.0"
217.160.244.17 - - [19/Oct/2024:09:07:58 -0400] "GET /?author=1 HTTP/1.1" 404 22969 "http://giandon24h.com///?author=1" "Mozilla/5.0 (X11; Ubuntu; Linux x86_64; rv:62.0) Gecko/20100101 Firefox/62.0"
217.160.244.17 - - [19/Oct/2024:09:07:59 -0400] "GET ///wp-json/wp/v2/users/ HTTP/1.1" 200 1032 "-" "Mozilla/5.0 (X11; Ubuntu; Linux x86_64; rv:62.0) Gecko/20100101 Firefox/62.0"
66.249.79.201 - - [19/Oct/2024:09:08:28 -0400] "GET /repeater.php HTTP/1.1" 301 0 "-" "Mozilla/5.0 (Linux; Android 6.0.1; Nexus 5X Build/MMB29P) AppleWebKit/537.36 (KHTML, like Gecko) Chrome/129.0.6668.89 Mobile Safari/537.36 (compatible; GoogleOther)"
66.249.68.66 - - [19/Oct/2024:09:08:28 -0400] "GET /repeater.php HTTP/1.1" 404 23078 "-" "Mozilla/5.0 (Linux; Android 6.0.1; Nexus 5X Build/MMB29P) AppleWebKit/537.36 (KHTML, like Gecko) Chrome/129.0.6668.89 Mobile Safari/537.36 (compatible; GoogleOther)"
162.213.251.195 - - [19/Oct/2024:09:11:39 -0400] "POST /wp-cron.php?doing_wp_cron=1729343498.9436550140380859375000 HTTP/1.1" 200 0 "-" "WordPress/6.4.5; https://giandon24h.com"
66.249.68.71 - - [19/Oct/2024:09:11:36 -0400] "GET /_controls/responsive/Telerik.Web.UI.DialogHandler.aspx HTTP/1.1" 404 23113 "-" "Mozilla/5.0 (Linux; Android 6.0.1; Nexus 5X Build/MMB29P) AppleWebKit/537.36 (KHTML, like Gecko) Chrome/129.0.6668.89 Mobile Safari/537.36 (compatible; GoogleOther)"
162.213.251.195 - - [19/Oct/2024:09:15:17 -0400] "POST /wp-cron.php?doing_wp_cron=1729343717.4378080368041992187500 HTTP/1.1" 200 0 "-" "WordPress/6.4.5; https://giandon24h.com"
66.249.79.203 - - [19/Oct/2024:09:15:13 -0400] "GET /fm1.php HTTP/1.1" 301 0 "-" "Mozilla/5.0 (Linux; Android 6.0.1; Nexus 5X Build/MMB29P) AppleWebKit/537.36 (KHTML, like Gecko) Chrome/129.0.6668.89 Mobile Safari/537.36 (compatible; Googlebot/2.1; +http://www.google.com/bot.html)"
66.249.68.71 - - [19/Oct/2024:09:15:17 -0400] "GET /fm1.php HTTP/1.1" 404 22984 "-" "Mozilla/5.0 (Linux; Android 6.0.1; Nexus 5X Build/MMB29P) AppleWebKit/537.36 (KHTML, like Gecko) Chrome/129.0.6668.89 Mobile Safari/537.36 (compatible; Googlebot/2.1; +http://www.google.com/bot.html)"
162.213.251.195 - - [19/Oct/2024:09:17:38 -0400] "POST /wp-cron.php?doing_wp_cron=1729343858.7893350124359130859375 HTTP/1.1" 200 0 "-" "WordPress/6.4.5; https://giandon24h.com"
66.249.68.71 - - [19/Oct/2024:09:17:36 -0400] "GET /DesktopModules/TelerikWebUI/RadEditorProvider/Telerik.Web.UI.DialogHandler.aspx HTTP/1.1" 404 23083 "-" "Mozilla/5.0 (Linux; Android 6.0.1; Nexus 5X Build/MMB29P) AppleWebKit/537.36 (KHTML, like Gecko) Chrome/129.0.6668.89 Mobile Safari/537.36 (compatible; GoogleOther)"
162.213.251.195 - - [19/Oct/2024:09:23:38 -0400] "POST /wp-cron.php?doing_wp_cron=1729344218.5097239017486572265625 HTTP/1.1" 200 0 "-" "WordPress/6.4.5; https://giandon24h.com"
66.249.68.66 - - [19/Oct/2024:09:23:36 -0400] "GET /Telerik.Web.UI.DialogHandler.aspx HTTP/1.1" 404 22970 "-" "Mozilla/5.0 (Linux; Android 6.0.1; Nexus 5X Build/MMB29P) AppleWebKit/537.36 (KHTML, like Gecko) Chrome/129.0.6668.89 Mobile Safari/537.36 (compatible; GoogleOther)"
162.213.251.195 - - [19/Oct/2024:09:23:48 -0400] "POST /wp-cron.php?doing_wp_cron=1729344228.4711520671844482421875 HTTP/1.1" 200 0 "-" "WordPress/6.4.5; https://giandon24h.com"
66.249.79.205 - - [19/Oct/2024:09:23:48 -0400] "GET /wp-2019.php HTTP/1.1" 301 0 "-" "Mozilla/5.0 (Linux; Android 6.0.1; Nexus 5X Build/MMB29P) AppleWebKit/537.36 (KHTML, like Gecko) Chrome/129.0.6668.89 Mobile Safari/537.36 (compatible; Googlebot/2.1; +http://www.google.com/bot.html)"
66.249.68.67 - - [19/Oct/2024:09:23:48 -0400] "GET /wp-2019.php HTTP/1.1" 404 22988 "-" "Mozilla/5.0 (Linux; Android 6.0.1; Nexus 5X Build/MMB29P) AppleWebKit/537.36 (KHTML, like Gecko) Chrome/129.0.6668.89 Mobile Safari/537.36 (compatible; Googlebot/2.1; +http://www.google.com/bot.html)"
66.249.68.67 - - [19/Oct/2024:09:23:51 -0400] "GET / HTTP/1.1" 301 0 "-" "Mozilla/5.0 (Linux; Android 6.0.1; Nexus 5X Build/MMB29P) AppleWebKit/537.36 (KHTML, like Gecko) Chrome/129.0.6668.89 Mobile Safari/537.36 (compatible; Googlebot/2.1; +http://www.google.com/bot.html)"
52.187.228.69 - - [19/Oct/2024:09:23:56 -0400] "GET /wp-json/wp/v2/users HTTP/1.1" 200 1032 "-" "Mozilla/5.0 (Windows NT 5.1; rv:52.0) Gecko/20100101 Firefox/52.0"
52.187.228.69 - - [19/Oct/2024:09:23:59 -0400] "GET /wp-json/wp/v2/users HTTP/1.1" 200 1032 "-" "Mozilla/5.0 (Windows NT 5.1; rv:52.0) Gecko/20100101 Firefox/52.0"
162.213.251.195 - - [19/Oct/2024:09:25:53 -0400] "POST /wp-cron.php?doing_wp_cron=1729344353.0053219795227050781250 HTTP/1.1" 200 0 "-" "WordPress/6.4.5; https://giandon24h.com"
66.249.68.67 - - [19/Oct/2024:09:25:49 -0400] "GET / HTTP/1.1" 301 0 "-" "Mozilla/5.0 (Linux; Android 6.0.1; Nexus 5X Build/MMB29P) AppleWebKit/537.36 (KHTML, like Gecko) Chrome/99.0.4844.84 Mobile Safari/537.36 (compatible; Googlebot/2.1; +http://www.google.com/bot.html)"
66.249.68.66 - - [19/Oct/2024:09:25:56 -0400] "GET / HTTP/1.1" 301 0 "-" "Mozilla/5.0 (compatible; Googlebot/2.1; +http://www.google.com/bot.html)"
162.213.251.195 - - [19/Oct/2024:09:29:41 -0400] "POST /wp-cron.php?doing_wp_cron=1729344579.8439469337463378906250 HTTP/1.1" 200 0 "-" "WordPress/6.4.5; https://giandon24h.com"
66.249.68.66 - - [19/Oct/2024:09:29:36 -0400] "GET /panel/fileman/dev.html HTTP/1.1" 404 23249 "-" "Mozilla/5.0 (Linux; Android 6.0.1; Nexus 5X Build/MMB29P) AppleWebKit/537.36 (KHTML, like Gecko) Chrome/129.0.6668.89 Mobile Safari/537.36 (compatible; GoogleOther)"
198.235.24.136 - - [19/Oct/2024:09:30:30 -0400] "GET / HTTP/1.1" 301 0 "-" "-"
162.213.251.195 - - [19/Oct/2024:09:32:24 -0400] "POST /wp-cron.php?doing_wp_cron=1729344744.7063159942626953125000 HTTP/1.1" 200 0 "-" "WordPress/6.4.5; https://giandon24h.com"
66.249.79.203 - - [19/Oct/2024:09:32:22 -0400] "GET /.vscode/sftp.json HTTP/1.1" 301 0 "-" "Mozilla/5.0 (Linux; Android 6.0.1; Nexus 5X Build/MMB29P) AppleWebKit/537.36 (KHTML, like Gecko) Chrome/129.0.6668.89 Mobile Safari/537.36 (compatible; Googlebot/2.1; +http://www.google.com/bot.html)"
66.249.68.67 - - [19/Oct/2024:09:32:25 -0400] "GET /.vscode/sftp.json HTTP/1.1" 404 22989 "-" "Mozilla/5.0 (Linux; Android 6.0.1; Nexus 5X Build/MMB29P) AppleWebKit/537.36 (KHTML, like Gecko) Chrome/129.0.6668.89 Mobile Safari/537.36 (compatible; Googlebot/2.1; +http://www.google.com/bot.html)"
162.213.251.195 - - [19/Oct/2024:09:34:53 -0400] "POST /wp-cron.php?doing_wp_cron=1729344893.2825651168823242187500 HTTP/1.1" 200 0 "-" "WordPress/6.4.5; https://giandon24h.com"
43.135.182.43 - - [19/Oct/2024:09:34:50 -0400] "GET / HTTP/1.1" 301 0 "-" "Mozilla/5.0 (iPhone; CPU iPhone OS 13_2_3 like Mac OS X) AppleWebKit/605.1.15 (KHTML, like Gecko) Version/13.0.3 Mobile/15E148 Safari/604.1"
162.213.251.195 - - [19/Oct/2024:09:35:43 -0400] "POST /wp-cron.php?doing_wp_cron=1729344943.1363329887390136718750 HTTP/1.1" 200 0 "-" "WordPress/6.4.5; https://giandon24h.com"
66.249.68.64 - - [19/Oct/2024:09:35:42 -0400] "GET /Modules/CMS/Telerik.Web.UI.DialogHandler.aspx HTTP/1.1" 404 23194 "-" "Mozilla/5.0 (Linux; Android 6.0.1; Nexus 5X Build/MMB29P) AppleWebKit/537.36 (KHTML, like Gecko) Chrome/129.0.6668.89 Mobile Safari/537.36 (compatible; GoogleOther)"
162.213.251.195 - - [19/Oct/2024:09:40:59 -0400] "POST /wp-cron.php?doing_wp_cron=1729345259.4780941009521484375000 HTTP/1.1" 200 0 "-" "WordPress/6.4.5; https://giandon24h.com"
66.249.68.68 - - [19/Oct/2024:09:40:56 -0400] "GET /blgx.php HTTP/1.1" 404 23250 "-" "Mozilla/5.0 (Linux; Android 6.0.1; Nexus 5X Build/MMB29P) AppleWebKit/537.36 (KHTML, like Gecko) Chrome/129.0.6668.89 Mobile Safari/537.36 (compatible; Googlebot/2.1; +http://www.google.com/bot.html)"
66.249.68.66 - - [19/Oct/2024:09:41:36 -0400] "GET /dashboard/UserControl/CMS/Page/Telerik.Web.UI.DialogHandler.aspx HTTP/1.1" 404 23089 "-" "Mozilla/5.0 (Linux; Android 6.0.1; Nexus 5X Build/MMB29P) AppleWebKit/537.36 (KHTML, like Gecko) Chrome/129.0.6668.89 Mobile Safari/537.36 (compatible; GoogleOther)"
162.213.251.195 - - [19/Oct/2024:09:46:48 -0400] "POST /wp-cron.php?doing_wp_cron=1729345607.9364469051361083984375 HTTP/1.1" 200 0 "-" "WordPress/6.4.5; https://giandon24h.com"
159.223.226.170 - - [19/Oct/2024:09:46:45 -0400] "GET /wp-login.php HTTP/1.1" 302 0 "-" "Mozilla/5.0 (X11; Ubuntu; Linux x86_64; rv:62.0) Gecko/20100101 Firefox/62.0"
159.223.226.170 - - [19/Oct/2024:09:46:49 -0400] "GET ///?author=1 HTTP/1.1" 301 0 "-" "Mozilla/5.0 (X11; Ubuntu; Linux x86_64; rv:62.0) Gecko/20100101 Firefox/62.0"
159.223.226.170 - - [19/Oct/2024:09:46:49 -0400] "GET /?author=1 HTTP/1.1" 404 22996 "http://giandon24h.com///?author=1" "Mozilla/5.0 (X11; Ubuntu; Linux x86_64; rv:62.0) Gecko/20100101 Firefox/62.0"
159.223.226.170 - - [19/Oct/2024:09:46:50 -0400] "GET ///wp-json/wp/v2/users/ HTTP/1.1" 200 1032 "-" "Mozilla/5.0 (X11; Ubuntu; Linux x86_64; rv:62.0) Gecko/20100101 Firefox/62.0"
66.249.68.71 - - [19/Oct/2024:09:47:36 -0400] "GET /editor/fileman/dev.html HTTP/1.1" 404 22972 "-" "Mozilla/5.0 (Linux; Android 6.0.1; Nexus 5X Build/MMB29P) AppleWebKit/537.36 (KHTML, like Gecko) Chrome/129.0.6668.89 Mobile Safari/537.36 (compatible; GoogleOther)"
162.213.251.195 - - [19/Oct/2024:09:49:58 -0400] "POST /wp-cron.php?doing_wp_cron=1729345798.5072588920593261718750 HTTP/1.1" 200 0 "-" "WordPress/6.4.5; https://giandon24h.com"
66.249.79.204 - - [19/Oct/2024:09:49:56 -0400] "GET /menu.php HTTP/1.1" 301 0 "-" "Mozilla/5.0 (Linux; Android 6.0.1; Nexus 5X Build/MMB29P) AppleWebKit/537.36 (KHTML, like Gecko) Chrome/129.0.6668.89 Mobile Safari/537.36 (compatible; Googlebot/2.1; +http://www.google.com/bot.html)"
66.249.68.70 - - [19/Oct/2024:09:49:58 -0400] "GET /menu.php HTTP/1.1" 404 22975 "-" "Mozilla/5.0 (Linux; Android 6.0.1; Nexus 5X Build/MMB29P) AppleWebKit/537.36 (KHTML, like Gecko) Chrome/129.0.6668.89 Mobile Safari/537.36 (compatible; Googlebot/2.1; +http://www.google.com/bot.html)"
66.249.79.203 - - [19/Oct/2024:09:50:00 -0400] "GET /class.api.php HTTP/1.1" 301 0 "-" "Mozilla/5.0 (Linux; Android 6.0.1; Nexus 5X Build/MMB29P) AppleWebKit/537.36 (KHTML, like Gecko) Chrome/129.0.6668.89 Mobile Safari/537.36 (compatible; Googlebot/2.1; +http://www.google.com/bot.html)"
66.249.68.71 - - [19/Oct/2024:09:50:01 -0400] "GET /class.api.php HTTP/1.1" 404 23087 "-" "Mozilla/5.0 (Linux; Android 6.0.1; Nexus 5X Build/MMB29P) AppleWebKit/537.36 (KHTML, like Gecko) Chrome/129.0.6668.89 Mobile Safari/537.36 (compatible; Googlebot/2.1; +http://www.google.com/bot.html)"
162.213.251.195 - - [19/Oct/2024:09:53:30 -0400] "POST /wp-cron.php?doing_wp_cron=1729346010.5082468986511230468750 HTTP/1.1" 200 0 "-" "WordPress/6.4.5; https://giandon24h.com"
66.249.68.71 - - [19/Oct/2024:09:53:28 -0400] "GET /cms/portlets/Telerik.Web.UI.DialogHandler.aspx HTTP/1.1" 404 23064 "-" "Mozilla/5.0 (Linux; Android 6.0.1; Nexus 5X Build/MMB29P) AppleWebKit/537.36 (KHTML, like Gecko) Chrome/129.0.6668.89 Mobile Safari/537.36 (compatible; GoogleOther)"
66.249.68.70 - - [19/Oct/2024:09:53:36 -0400] "GET /lib/fileman/dev.html HTTP/1.1" 404 22960 "-" "Mozilla/5.0 (Linux; Android 6.0.1; Nexus 5X Build/MMB29P) AppleWebKit/537.36 (KHTML, like Gecko) Chrome/129.0.6668.89 Mobile Safari/537.36 (compatible; GoogleOther)"
162.213.251.195 - - [19/Oct/2024:09:59:38 -0400] "POST /wp-cron.php?doing_wp_cron=1729346378.3466429710388183593750 HTTP/1.1" 200 0 "-" "WordPress/6.4.5; https://giandon24h.com"
66.249.68.66 - - [19/Oct/2024:09:59:36 -0400] "GET /admin/fileman/dev.html HTTP/1.1" 404 23086 "-" "Mozilla/5.0 (Linux; Android 6.0.1; Nexus 5X Build/MMB29P) AppleWebKit/537.36 (KHTML, like Gecko) Chrome/129.0.6668.89 Mobile Safari/537.36 (compatible; GoogleOther)"
162.213.251.195 - - [19/Oct/2024:10:05:05 -0400] "POST /wp-cron.php?doing_wp_cron=1729346705.7171220779418945312500 HTTP/1.1" 200 0 "-" "WordPress/6.4.5; https://giandon24h.com"
66.249.79.203 - - [19/Oct/2024:10:05:02 -0400] "GET /text.php HTTP/1.1" 301 0 "-" "Mozilla/5.0 (Linux; Android 6.0.1; Nexus 5X Build/MMB29P) AppleWebKit/537.36 (KHTML, like Gecko) Chrome/129.0.6668.89 Mobile Safari/537.36 (compatible; Googlebot/2.1; +http://www.google.com/bot.html)"
66.249.68.64 - - [19/Oct/2024:10:05:06 -0400] "GET /text.php HTTP/1.1" 404 23040 "-" "Mozilla/5.0 (Linux; Android 6.0.1; Nexus 5X Build/MMB29P) AppleWebKit/537.36 (KHTML, like Gecko) Chrome/129.0.6668.89 Mobile Safari/537.36 (compatible; Googlebot/2.1; +http://www.google.com/bot.html)"
66.249.68.70 - - [19/Oct/2024:10:05:40 -0400] "GET /myadmin/fileman/dev.html HTTP/1.1" 404 23011 "-" "Mozilla/5.0 (Linux; Android 6.0.1; Nexus 5X Build/MMB29P) AppleWebKit/537.36 (KHTML, like Gecko) Chrome/129.0.6668.89 Mobile Safari/537.36 (compatible; GoogleOther)"
162.213.251.195 - - [19/Oct/2024:10:12:35 -0400] "POST /wp-cron.php?doing_wp_cron=1729347155.1608428955078125000000 HTTP/1.1" 200 0 "-" "WordPress/6.4.5; https://giandon24h.com"
66.249.68.66 - - [19/Oct/2024:10:12:31 -0400] "GET /admin/js/fileman/dev.html HTTP/1.1" 404 22995 "-" "Mozilla/5.0 (Linux; Android 6.0.1; Nexus 5X Build/MMB29P) AppleWebKit/537.36 (KHTML, like Gecko) Chrome/129.0.6668.89 Mobile Safari/537.36 (compatible; GoogleOther)"
162.213.251.195 - - [19/Oct/2024:10:19:36 -0400] "POST /wp-cron.php?doing_wp_cron=1729347576.5890429019927978515625 HTTP/1.1" 200 0 "-" "WordPress/6.4.5; https://giandon24h.com"
66.249.68.71 - - [19/Oct/2024:10:19:28 -0400] "GET /common/admin/PhotoGallery2/Telerik.Web.UI.DialogHandler.aspx HTTP/1.1" 404 23127 "-" "Mozilla/5.0 (Linux; Android 6.0.1; Nexus 5X Build/MMB29P) AppleWebKit/537.36 (KHTML, like Gecko) Chrome/129.0.6668.89 Mobile Safari/537.36 (compatible; GoogleOther)"
84.205.244.139 - - [19/Oct/2024:10:21:00 -0400] "GET /wp-login.php HTTP/1.1" 302 0 "-" "Mozilla/5.0 (X11; Ubuntu; Linux x86_64; rv:62.0) Gecko/20100101 Firefox/62.0"
162.213.251.195 - - [19/Oct/2024:10:21:07 -0400] "POST /wp-cron.php?doing_wp_cron=1729347665.4051139354705810546875 HTTP/1.1" 200 0 "-" "WordPress/6.4.5; https://giandon24h.com"
66.249.79.203 - - [19/Oct/2024:10:21:12 -0400] "GET /alfanew.php7 HTTP/1.1" 301 0 "-" "Mozilla/5.0 (Linux; Android 6.0.1; Nexus 5X Build/MMB29P) AppleWebKit/537.36 (KHTML, like Gecko) Chrome/129.0.6668.89 Mobile Safari/537.36 (compatible; Googlebot/2.1; +http://www.google.com/bot.html)"
66.249.79.201 - - [19/Oct/2024:10:21:13 -0400] "GET /.well-known/security.txt HTTP/1.1" 301 0 "-" "Mozilla/5.0 (Linux; Android 6.0.1; Nexus 5X Build/MMB29P) AppleWebKit/537.36 (KHTML, like Gecko) Chrome/129.0.6668.89 Mobile Safari/537.36 (compatible; Googlebot/2.1; +http://www.google.com/bot.html)"
66.249.68.64 - - [19/Oct/2024:10:21:16 -0400] "GET /alfanew.php7 HTTP/1.1" 404 23240 "-" "Mozilla/5.0 (Linux; Android 6.0.1; Nexus 5X Build/MMB29P) AppleWebKit/537.36 (KHTML, like Gecko) Chrome/129.0.6668.89 Mobile Safari/537.36 (compatible; Googlebot/2.1; +http://www.google.com/bot.html)"
84.205.244.139 - - [19/Oct/2024:10:21:18 -0400] "GET ///?author=1 HTTP/1.1" 301 0 "-" "Mozilla/5.0 (X11; Ubuntu; Linux x86_64; rv:62.0) Gecko/20100101 Firefox/62.0"
66.249.68.70 - - [19/Oct/2024:10:21:18 -0400] "GET /.well-known/security.txt HTTP/1.1" 404 23255 "-" "Mozilla/5.0 (Linux; Android 6.0.1; Nexus 5X Build/MMB29P) AppleWebKit/537.36 (KHTML, like Gecko) Chrome/129.0.6668.89 Mobile Safari/537.36 (compatible; Googlebot/2.1; +http://www.google.com/bot.html)"
84.205.244.139 - - [19/Oct/2024:10:21:22 -0400] "GET /?author=1 HTTP/1.1" 404 23252 "http://giandon24h.com///?author=1" "Mozilla/5.0 (X11; Ubuntu; Linux x86_64; rv:62.0) Gecko/20100101 Firefox/62.0"
84.205.244.139 - - [19/Oct/2024:10:21:26 -0400] "GET ///wp-json/wp/v2/users/ HTTP/1.1" 200 1032 "-" "Mozilla/5.0 (X11; Ubuntu; Linux x86_64; rv:62.0) Gecko/20100101 Firefox/62.0"
162.213.251.195 - - [19/Oct/2024:10:26:26 -0400] "POST /wp-cron.php?doing_wp_cron=1729347986.0705139636993408203125 HTTP/1.1" 200 0 "-" "WordPress/6.4.5; https://giandon24h.com"
66.249.68.70 - - [19/Oct/2024:10:26:22 -0400] "GET /vendor/fileman/dev.html HTTP/1.1" 404 23048 "-" "Mozilla/5.0 (Linux; Android 6.0.1; Nexus 5X Build/MMB29P) AppleWebKit/537.36 (KHTML, like Gecko) Chrome/129.0.6668.89 Mobile Safari/537.36 (compatible; GoogleOther)"
162.213.251.195 - - [19/Oct/2024:10:28:24 -0400] "POST /wp-cron.php?doing_wp_cron=1729348104.2986900806427001953125 HTTP/1.1" 200 0 "-" "WordPress/6.4.5; https://giandon24h.com"
66.249.79.203 - - [19/Oct/2024:10:28:21 -0400] "GET /repeater.php HTTP/1.1" 301 0 "-" "Mozilla/5.0 (Linux; Android 6.0.1; Nexus 5X Build/MMB29P) AppleWebKit/537.36 (KHTML, like Gecko) Chrome/129.0.6668.89 Mobile Safari/537.36 (compatible; Googlebot/2.1; +http://www.google.com/bot.html)"
66.249.68.71 - - [19/Oct/2024:10:28:24 -0400] "GET /repeater.php HTTP/1.1" 404 23126 "-" "Mozilla/5.0 (Linux; Android 6.0.1; Nexus 5X Build/MMB29P) AppleWebKit/537.36 (KHTML, like Gecko) Chrome/129.0.6668.89 Mobile Safari/537.36 (compatible; Googlebot/2.1; +http://www.google.com/bot.html)"
162.213.251.195 - - [19/Oct/2024:10:33:20 -0400] "POST /wp-cron.php?doing_wp_cron=1729348400.7256920337677001953125 HTTP/1.1" 200 0 "-" "WordPress/6.4.5; https://giandon24h.com"
66.249.68.66 - - [19/Oct/2024:10:33:17 -0400] "GET /common/admin/Calendar/Telerik.Web.UI.DialogHandler.aspx HTTP/1.1" 404 23107 "-" "Mozilla/5.0 (Linux; Android 6.0.1; Nexus 5X Build/MMB29P) AppleWebKit/537.36 (KHTML, like Gecko) Chrome/129.0.6668.89 Mobile Safari/537.36 (compatible; GoogleOther)"
162.213.251.195 - - [19/Oct/2024:10:40:19 -0400] "POST /wp-cron.php?doing_wp_cron=1729348819.4749689102172851562500 HTTP/1.1" 200 0 "-" "WordPress/6.4.5; https://giandon24h.com"
66.249.79.203 - - [19/Oct/2024:10:40:13 -0400] "GET /.vscode/sftp.json HTTP/1.1" 301 0 "-" "Mozilla/5.0 (Linux; Android 6.0.1; Nexus 5X Build/MMB29P) AppleWebKit/537.36 (KHTML, like Gecko) Chrome/129.0.6668.89 Mobile Safari/537.36 (compatible; GoogleOther)"
66.249.68.71 - - [19/Oct/2024:10:40:24 -0400] "GET /.vscode/sftp.json HTTP/1.1" 404 23022 "-" "Mozilla/5.0 (Linux; Android 6.0.1; Nexus 5X Build/MMB29P) AppleWebKit/537.36 (KHTML, like Gecko) Chrome/129.0.6668.89 Mobile Safari/537.36 (compatible; GoogleOther)"
162.213.251.195 - - [19/Oct/2024:10:47:13 -0400] "POST /wp-cron.php?doing_wp_cron=1729349233.0501990318298339843750 HTTP/1.1" 200 0 "-" "WordPress/6.4.5; https://giandon24h.com"
66.249.68.70 - - [19/Oct/2024:10:47:08 -0400] "GET /mypanel/fileman/dev.html HTTP/1.1" 404 22987 "-" "Mozilla/5.0 (Linux; Android 6.0.1; Nexus 5X Build/MMB29P) AppleWebKit/537.36 (KHTML, like Gecko) Chrome/129.0.6668.89 Mobile Safari/537.36 (compatible; GoogleOther)"
162.213.251.195 - - [19/Oct/2024:10:53:31 -0400] "POST /wp-cron.php?doing_wp_cron=1729349611.6754219532012939453125 HTTP/1.1" 200 0 "-" "WordPress/6.4.5; https://giandon24h.com"
66.249.79.201 - - [19/Oct/2024:10:53:28 -0400] "GET /wp-info.php HTTP/1.1" 301 0 "-" "Mozilla/5.0 (Linux; Android 6.0.1; Nexus 5X Build/MMB29P) AppleWebKit/537.36 (KHTML, like Gecko) Chrome/129.0.6668.89 Mobile Safari/537.36 (compatible; GoogleOther)"
66.249.68.66 - - [19/Oct/2024:10:53:34 -0400] "GET /wp-info.php HTTP/1.1" 404 22973 "-" "Mozilla/5.0 (Linux; Android 6.0.1; Nexus 5X Build/MMB29P) AppleWebKit/537.36 (KHTML, like Gecko) Chrome/129.0.6668.89 Mobile Safari/537.36 (compatible; GoogleOther)"
162.213.251.195 - - [19/Oct/2024:10:53:48 -0400] "POST /wp-cron.php?doing_wp_cron=1729349628.5353269577026367187500 HTTP/1.1" 200 0 "-" "WordPress/6.4.5; https://giandon24h.com"
66.249.79.202 - - [19/Oct/2024:10:53:47 -0400] "GET /wp-content/shell20211028.php HTTP/1.1" 301 0 "-" "Mozilla/5.0 (Linux; Android 6.0.1; Nexus 5X Build/MMB29P) AppleWebKit/537.36 (KHTML, like Gecko) Chrome/129.0.6668.89 Mobile Safari/537.36 (compatible; Googlebot/2.1; +http://www.google.com/bot.html)"
66.249.68.67 - - [19/Oct/2024:10:53:48 -0400] "GET /wp-content/shell20211028.php HTTP/1.1" 404 23003 "-" "Mozilla/5.0 (Linux; Android 6.0.1; Nexus 5X Build/MMB29P) AppleWebKit/537.36 (KHTML, like Gecko) Chrome/129.0.6668.89 Mobile Safari/537.36 (compatible; Googlebot/2.1; +http://www.google.com/bot.html)"
66.249.79.202 - - [19/Oct/2024:10:53:51 -0400] "GET /chosen.php HTTP/1.1" 301 0 "-" "Mozilla/5.0 (Linux; Android 6.0.1; Nexus 5X Build/MMB29P) AppleWebKit/537.36 (KHTML, like Gecko) Chrome/129.0.6668.89 Mobile Safari/537.36 (compatible; Googlebot/2.1; +http://www.google.com/bot.html)"
66.249.68.66 - - [19/Oct/2024:10:53:52 -0400] "GET /chosen.php HTTP/1.1" 404 22986 "-" "Mozilla/5.0 (Linux; Android 6.0.1; Nexus 5X Build/MMB29P) AppleWebKit/537.36 (KHTML, like Gecko) Chrome/129.0.6668.89 Mobile Safari/537.36 (compatible; Googlebot/2.1; +http://www.google.com/bot.html)"
66.249.68.66 - - [19/Oct/2024:10:54:03 -0400] "GET /content/fileman/dev.html HTTP/1.1" 404 22991 "-" "Mozilla/5.0 (Linux; Android 6.0.1; Nexus 5X Build/MMB29P) AppleWebKit/537.36 (KHTML, like Gecko) Chrome/129.0.6668.89 Mobile Safari/537.36 (compatible; GoogleOther)"
162.213.251.195 - - [19/Oct/2024:11:01:03 -0400] "POST /wp-cron.php?doing_wp_cron=1729350063.3457899093627929687500 HTTP/1.1" 200 0 "-" "WordPress/6.4.5; https://giandon24h.com"
66.249.68.67 - - [19/Oct/2024:11:00:59 -0400] "GET /fileman/dev.html HTTP/1.1" 404 22959 "-" "Mozilla/5.0 (Linux; Android 6.0.1; Nexus 5X Build/MMB29P) AppleWebKit/537.36 (KHTML, like Gecko) Chrome/129.0.6668.89 Mobile Safari/537.36 (compatible; GoogleOther)"
103.57.221.27 - - [19/Oct/2024:11:07:05 -0400] "GET /.well-known/acme-challenge/MZ4R3JIBS3ZUE-IF-RYQYTIY8JCBB4QG HTTP/1.1" 404 1251 "-" "Cpanel-HTTP-Client/1.0"
103.57.221.27 - - [19/Oct/2024:11:07:21 -0400] "GET /.well-known/acme-challenge/_UUE4LB8DB-_6ZSO44R5KMCU51VAFRZ- HTTP/1.1" 404 1251 "-" "Cpanel-HTTP-Client/1.0"
162.213.251.195 - - [19/Oct/2024:11:08:04 -0400] "POST /wp-cron.php?doing_wp_cron=1729350483.8534619808197021484375 HTTP/1.1" 200 0 "-" "WordPress/6.4.5; https://giandon24h.com"
66.249.68.67 - - [19/Oct/2024:11:07:54 -0400] "GET /vendors/fileman/dev.html HTTP/1.1" 404 23058 "-" "Mozilla/5.0 (Linux; Android 6.0.1; Nexus 5X Build/MMB29P) AppleWebKit/537.36 (KHTML, like Gecko) Chrome/129.0.6668.89 Mobile Safari/537.36 (compatible; GoogleOther)"
162.213.251.195 - - [19/Oct/2024:11:14:56 -0400] "POST /wp-cron.php?doing_wp_cron=1729350896.8226659297943115234375 HTTP/1.1" 200 0 "-" "WordPress/6.4.5; https://giandon24h.com"
66.249.79.203 - - [19/Oct/2024:11:14:50 -0400] "GET /class.api.php HTTP/1.1" 301 0 "-" "Mozilla/5.0 (Linux; Android 6.0.1; Nexus 5X Build/MMB29P) AppleWebKit/537.36 (KHTML, like Gecko) Chrome/129.0.6668.89 Mobile Safari/537.36 (compatible; GoogleOther)"
66.249.68.67 - - [19/Oct/2024:11:15:02 -0400] "GET /class.api.php HTTP/1.1" 404 23047 "-" "Mozilla/5.0 (Linux; Android 6.0.1; Nexus 5X Build/MMB29P) AppleWebKit/537.36 (KHTML, like Gecko) Chrome/129.0.6668.89 Mobile Safari/537.36 (compatible; GoogleOther)"
162.213.251.195 - - [19/Oct/2024:11:21:49 -0400] "POST /wp-cron.php?doing_wp_cron=1729351309.0717320442199707031250 HTTP/1.1" 200 0 "-" "WordPress/6.4.5; https://giandon24h.com"
66.249.68.66 - - [19/Oct/2024:11:21:45 -0400] "GET /plugins/fileman/dev.html HTTP/1.1" 404 23083 "-" "Mozilla/5.0 (Linux; Android 6.0.1; Nexus 5X Build/MMB29P) AppleWebKit/537.36 (KHTML, like Gecko) Chrome/129.0.6668.89 Mobile Safari/537.36 (compatible; GoogleOther)"
162.213.251.195 - - [19/Oct/2024:11:28:46 -0400] "POST /wp-cron.php?doing_wp_cron=1729351726.0156700611114501953125 HTTP/1.1" 200 0 "-" "WordPress/6.4.5; https://giandon24h.com"
66.249.79.202 - - [19/Oct/2024:11:28:41 -0400] "GET /wp-content/plugins/core/include.php HTTP/1.1" 301 0 "-" "Mozilla/5.0 (Linux; Android 6.0.1; Nexus 5X Build/MMB29P) AppleWebKit/537.36 (KHTML, like Gecko) Chrome/129.0.6668.89 Mobile Safari/537.36 (compatible; GoogleOther)"
66.249.68.71 - - [19/Oct/2024:11:28:50 -0400] "GET /wp-content/plugins/core/include.php HTTP/1.1" 404 23123 "-" "Mozilla/5.0 (Linux; Android 6.0.1; Nexus 5X Build/MMB29P) AppleWebKit/537.36 (KHTML, like Gecko) Chrome/129.0.6668.89 Mobile Safari/537.36 (compatible; GoogleOther)"
66.249.73.130 - - [19/Oct/2024:11:38:51 -0400] "GET /wp-includes/ID3/about.php HTTP/1.1" 301 0 "-" "Mozilla/5.0 (Linux; Android 6.0.1; Nexus 5X Build/MMB29P) AppleWebKit/537.36 (KHTML, like Gecko) Chrome/129.0.6668.89 Mobile Safari/537.36 (compatible; Googlebot/2.1; +http://www.google.com/bot.html)"
162.213.251.195 - - [19/Oct/2024:11:38:58 -0400] "POST /wp-cron.php?doing_wp_cron=1729352337.9904429912567138671875 HTTP/1.1" 200 0 "-" "WordPress/6.4.5; https://giandon24h.com"
66.249.79.205 - - [19/Oct/2024:11:38:48 -0400] "GET /wp-content/plugins/core/include.php HTTP/1.1" 301 0 "-" "Mozilla/5.0 (Linux; Android 6.0.1; Nexus 5X Build/MMB29P) AppleWebKit/537.36 (KHTML, like Gecko) Chrome/129.0.6668.89 Mobile Safari/537.36 (compatible; Googlebot/2.1; +http://www.google.com/bot.html)"
66.249.68.68 - - [19/Oct/2024:11:38:58 -0400] "GET /wp-includes/ID3/about.php HTTP/1.1" 404 23095 "-" "Mozilla/5.0 (Linux; Android 6.0.1; Nexus 5X Build/MMB29P) AppleWebKit/537.36 (KHTML, like Gecko) Chrome/129.0.6668.89 Mobile Safari/537.36 (compatible; Googlebot/2.1; +http://www.google.com/bot.html)"
66.249.68.67 - - [19/Oct/2024:11:38:58 -0400] "GET /wp-content/plugins/core/include.php HTTP/1.1" 404 23096 "-" "Mozilla/5.0 (Linux; Android 6.0.1; Nexus 5X Build/MMB29P) AppleWebKit/537.36 (KHTML, like Gecko) Chrome/129.0.6668.89 Mobile Safari/537.36 (compatible; Googlebot/2.1; +http://www.google.com/bot.html)"
162.213.251.195 - - [19/Oct/2024:12:23:57 -0400] "POST /wp-cron.php?doing_wp_cron=1729355036.7972519397735595703125 HTTP/1.1" 200 0 "-" "WordPress/6.4.5; https://giandon24h.com"
162.213.251.195 - - [19/Oct/2024:12:23:57 -0400] "POST /wp-cron.php?doing_wp_cron=1729355036.7985289096832275390625 HTTP/1.1" 200 0 "-" "WordPress/6.4.5; https://giandon24h.com"
66.249.79.201 - - [19/Oct/2024:12:23:51 -0400] "GET /_wel-known/pki-validation/883d551d-7523-4JUdGzvrMFDWrUUwY3toJATSeNwjn54LkCnKBPRzDuhzi5vSepHfUckJNxRL2gjkNrSqtCoRUrEDAgRwsQvVCjZbRyFTLRNyDmT1a1boZV HTTP/1.1" 301 0 "-" "Mozilla/5.0 (Linux; Android 6.0.1; Nexus 5X Build/MMB29P) AppleWebKit/537.36 (KHTML, like Gecko) Chrome/129.0.6668.89 Mobile Safari/537.36 (compatible; Googlebot/2.1; +http://www.google.com/bot.html)"
66.249.79.202 - - [19/Oct/2024:12:23:51 -0400] "GET /robots.txt HTTP/1.1" 301 0 "-" "Mozilla/5.0 (compatible; Googlebot/2.1; +http://www.google.com/bot.html)"
66.249.68.68 - - [19/Oct/2024:12:23:58 -0400] "GET /robots.txt HTTP/1.1" 200 70 "-" "Mozilla/5.0 (compatible; Googlebot/2.1; +http://www.google.com/bot.html)"
66.249.68.66 - - [19/Oct/2024:12:23:58 -0400] "GET /_wel-known/pki-validation/883d551d-7523-4JUdGzvrMFDWrUUwY3toJATSeNwjn54LkCnKBPRzDuhzi5vSepHfUckJNxRL2gjkNrSqtCoRUrEDAgRwsQvVCjZbRyFTLRNyDmT1a1boZV HTTP/1.1" 404 23118 "-" "Mozilla/5.0 (Linux; Android 6.0.1; Nexus 5X Build/MMB29P) AppleWebKit/537.36 (KHTML, like Gecko) Chrome/129.0.6668.89 Mobile Safari/537.36 (compatible; Googlebot/2.1; +http://www.google.com/bot.html)"
66.249.79.205 - - [19/Oct/2024:13:09:02 -0400] "GET /wp-content/plugins/core-plugin/.nxd.php HTTP/1.1" 301 0 "-" "Mozilla/5.0 (Linux; Android 6.0.1; Nexus 5X Build/MMB29P) AppleWebKit/537.36 (KHTML, like Gecko) Chrome/129.0.6668.89 Mobile Safari/537.36 (compatible; Googlebot/2.1; +http://www.google.com/bot.html)"
162.213.251.195 - - [19/Oct/2024:13:09:06 -0400] "POST /wp-cron.php?doing_wp_cron=1729357746.5857329368591308593750 HTTP/1.1" 200 0 "-" "WordPress/6.4.5; https://giandon24h.com"
66.249.79.203 - - [19/Oct/2024:13:09:02 -0400] "GET /wp-content/plugins/press/wp-class.php HTTP/1.1" 301 0 "-" "Mozilla/5.0 (Linux; Android 6.0.1; Nexus 5X Build/MMB29P) AppleWebKit/537.36 (KHTML, like Gecko) Chrome/129.0.6668.89 Mobile Safari/537.36 (compatible; Googlebot/2.1; +http://www.google.com/bot.html)"
66.249.68.64 - - [19/Oct/2024:13:09:02 -0400] "GET /fileman/dev.html HTTP/1.1" 404 23042 "-" "Mozilla/5.0 (Linux; Android 6.0.1; Nexus 5X Build/MMB29P) AppleWebKit/537.36 (KHTML, like Gecko) Chrome/129.0.6668.89 Mobile Safari/537.36 (compatible; Googlebot/2.1; +http://www.google.com/bot.html)"
66.249.68.64 - - [19/Oct/2024:13:09:07 -0400] "GET /wp-content/plugins/press/wp-class.php HTTP/1.1" 404 23036 "-" "Mozilla/5.0 (Linux; Android 6.0.1; Nexus 5X Build/MMB29P) AppleWebKit/537.36 (KHTML, like Gecko) Chrome/129.0.6668.89 Mobile Safari/537.36 (compatible; Googlebot/2.1; +http://www.google.com/bot.html)"
66.249.68.64 - - [19/Oct/2024:13:09:06 -0400] "GET /wp-content/plugins/core-plugin/.nxd.php HTTP/1.1" 404 23002 "-" "Mozilla/5.0 (Linux; Android 6.0.1; Nexus 5X Build/MMB29P) AppleWebKit/537.36 (KHTML, like Gecko) Chrome/129.0.6668.89 Mobile Safari/537.36 (compatible; Googlebot/2.1; +http://www.google.com/bot.html)"
103.57.221.27 - - [19/Oct/2024:14:08:16 -0400] "GET /.well-known/acme-challenge/MJ76AZFZ-5PCKJZDC667CZ48UDJXB3FC HTTP/1.1" 404 1251 "-" "Cpanel-HTTP-Client/1.0"
103.57.221.27 - - [19/Oct/2024:14:08:32 -0400] "GET /.well-known/acme-challenge/KHE-6_U26LD3ZLK83X191N68623XLD2D HTTP/1.1" 404 1251 "-" "Cpanel-HTTP-Client/1.0"
162.213.251.195 - - [19/Oct/2024:14:41:02 -0400] "POST /wp-cron.php?doing_wp_cron=1729363262.3951609134674072265625 HTTP/1.1" 200 0 "-" "WordPress/6.4.5; https://giandon24h.com"
194.38.20.13 - - [19/Oct/2024:14:40:57 -0400] "GET /jqueryfileupload/server/php/index.php?file=tf2rghf.jpg HTTP/1.1" 301 0 "-" "ALittle Client"
162.213.251.195 - - [19/Oct/2024:14:41:48 -0400] "POST /wp-cron.php?doing_wp_cron=1729363308.5855319499969482421875 HTTP/1.1" 200 0 "-" "WordPress/6.4.5; https://giandon24h.com"
194.38.20.13 - - [19/Oct/2024:14:41:48 -0400] "GET /jqueryfileupload/server/php/?file=tf2rghf.jpg HTTP/1.1" 404 23009 "-" "ALittle Client"
162.213.251.195 - - [19/Oct/2024:15:59:37 -0400] "POST /wp-cron.php?doing_wp_cron=1729367976.6814029216766357421875 HTTP/1.1" 200 0 "-" "WordPress/6.4.5; https://giandon24h.com"
139.59.67.192 - - [19/Oct/2024:15:59:30 -0400] "GET / HTTP/1.1" 301 0 "-" "Mozilla/5.0 (Windows NT 10.0; Win64; x64; rv:59.0) Gecko/20100101 Firefox/59.0"
66.249.68.64 - - [19/Oct/2024:16:08:51 -0400] "GET /vendor/fileman/dev.html HTTP/1.1" 200 0 "-" "Mozilla/5.0 (Linux; Android 6.0.1; Nexus 5X Build/MMB29P) AppleWebKit/537.36 (KHTML, like Gecko) Chrome/129.0.6668.89 Mobile Safari/537.36 (compatible; Googlebot/2.1; +http://www.google.com/bot.html)"
163.5.233.77 - - [19/Oct/2024:16:21:30 -0400] "GET /uncategorized/h HTTP/1.1" 301 0 "-" "python-requests/2.32.3"
163.5.233.77 - - [19/Oct/2024:16:21:34 -0400] "POST /hinh-thuc-thanh-toan/ HTTP/1.1" 200 23400 "-" "python-requests/2.32.3"
162.213.251.195 - - [19/Oct/2024:16:22:24 -0400] "POST /wp-cron.php?doing_wp_cron=1729369344.3928749561309814453125 HTTP/1.1" 200 0 "-" "WordPress/6.4.5; https://giandon24h.com"
163.5.233.77 - - [19/Oct/2024:16:22:23 -0400] "GET /uncategorized/a HTTP/1.1" 301 0 "-" "python-requests/2.32.3"
163.5.233.77 - - [19/Oct/2024:16:23:32 -0400] "GET /uncategorized/c HTTP/1.1" 301 0 "-" "python-requests/2.32.3"
163.5.233.77 - - [19/Oct/2024:16:23:34 -0400] "POST /chinh-sach-bao-mat-2/ HTTP/1.1" 200 23393 "-" "python-requests/2.32.3"
162.213.251.195 - - [19/Oct/2024:16:26:03 -0400] "POST /wp-cron.php?doing_wp_cron=1729369562.9662930965423583984375 HTTP/1.1" 200 0 "-" "WordPress/6.4.5; https://giandon24h.com"
163.5.233.77 - - [19/Oct/2024:16:26:00 -0400] "GET /uncategorized/d HTTP/1.1" 404 23128 "-" "python-requests/2.32.3"
162.213.251.195 - - [19/Oct/2024:16:32:24 -0400] "POST /wp-cron.php?doing_wp_cron=1729369944.4949719905853271484375 HTTP/1.1" 200 0 "-" "WordPress/6.4.5; https://giandon24h.com"
163.5.233.77 - - [19/Oct/2024:16:32:18 -0400] "GET /uncategorized/h HTTP/1.1" 301 0 "-" "python-requests/2.32.3"
163.5.233.77 - - [19/Oct/2024:16:32:29 -0400] "POST /hinh-thuc-thanh-toan/ HTTP/1.1" 200 23447 "-" "python-requests/2.32.3"
103.57.221.27 - - [19/Oct/2024:17:07:39 -0400] "GET /.well-known/acme-challenge/6XCDC3BZJGYL80HJKLKWX_6PFMKGV-O- HTTP/1.1" 404 1251 "-" "Cpanel-HTTP-Client/1.0"
103.57.221.27 - - [19/Oct/2024:17:07:54 -0400] "GET /.well-known/acme-challenge/O7R92YFWHCH7UPZG_G1E3SRP0QC55MT8 HTTP/1.1" 404 1251 "-" "Cpanel-HTTP-Client/1.0"
162.213.251.195 - - [19/Oct/2024:17:45:47 -0400] "POST /wp-cron.php?doing_wp_cron=1729374347.2273700237274169921875 HTTP/1.1" 200 0 "-" "WordPress/6.4.5; https://giandon24h.com"
163.5.233.77 - - [19/Oct/2024:17:45:41 -0400] "GET /uncategorized/h HTTP/1.1" 301 0 "-" "python-requests/2.32.3"
163.5.233.77 - - [19/Oct/2024:17:45:51 -0400] "POST /hinh-thuc-thanh-toan/ HTTP/1.1" 200 25155 "-" "python-requests/2.32.3"
162.213.251.195 - - [19/Oct/2024:18:51:48 -0400] "POST /wp-cron.php?doing_wp_cron=1729378308.1191170215606689453125 HTTP/1.1" 200 0 "-" "WordPress/6.4.5; https://giandon24h.com"
43.155.169.133 - - [19/Oct/2024:18:51:40 -0400] "GET / HTTP/1.1" 301 0 "-" "Mozilla/5.0 (iPhone; CPU iPhone OS 13_2_3 like Mac OS X) AppleWebKit/605.1.15 (KHTML, like Gecko) Version/13.0.3 Mobile/15E148 Safari/604.1"
103.57.221.27 - - [19/Oct/2024:20:08:01 -0400] "GET /.well-known/acme-challenge/Y7OOXDVKNHYTUBWX813UW0ZVWILZIW8J HTTP/1.1" 404 1251 "-" "Cpanel-HTTP-Client/1.0"
103.57.221.27 - - [19/Oct/2024:20:08:07 -0400] "GET /.well-known/acme-challenge/-KQRPHE4UW7BD1-FU8JZ-VSJYWM-8OX6 HTTP/1.1" 404 1251 "-" "Cpanel-HTTP-Client/1.0"

Youez - 2016 - github.com/yon3zu
LinuXploit