18.227.52.84 - - [18/Oct/2024:13:17:18 -0400] "GET /san-pham/theme-ban-xe-dien?lokasie=%2Fusr%2Fshare%2Ftcl8.6%2Fencoding%2Fbig5.enc&loknya=%2Fusr%2Fshare%2Ftcl8.6%2Fencoding HTTP/1.1" 200 31918 "-" "Mozilla/5.0 AppleWebKit/537.36 (KHTML, like Gecko; compatible; ClaudeBot/1.0; [email protected])"
18.227.52.84 - - [18/Oct/2024:13:17:18 -0400] "GET /san-pham/theme-ban-xe-dien?lokasie=%2Fusr%2Fshare%2Ftcl8.6%2Fencoding%2Fcp1251.enc&loknya=%2Fusr%2Fshare%2Ftcl8.6%2Fencoding HTTP/1.1" 200 1992 "-" "Mozilla/5.0 AppleWebKit/537.36 (KHTML, like Gecko; compatible; ClaudeBot/1.0; [email protected])"
18.227.52.84 - - [18/Oct/2024:13:17:18 -0400] "GET /san-pham/theme-ban-xe-dien?lokasie=%2Fusr%2Fshare%2Ftcl8.6%2Fencoding%2Fiso2022-kr.enc&loknya=%2Fusr%2Fshare%2Ftcl8.6%2Fencoding HTTP/1.1" 200 1563 "-" "Mozilla/5.0 AppleWebKit/537.36 (KHTML, like Gecko; compatible; ClaudeBot/1.0; [email protected])"
3.135.200.4 - - [18/Oct/2024:13:17:19 -0400] "GET /san-pham/theme-ban-may-tinh-07?lokasie=%2Fusr%2Flib64%2Fpython2.7%2Fdistutils%2Funixccompiler.pyo&loknya=%2Fusr%2Flib64%2Fpython2.7%2Fdistutils HTTP/1.1" 200 1489 "-" "Mozilla/5.0 AppleWebKit/537.36 (KHTML, like Gecko; compatible; ClaudeBot/1.0; [email protected])"
18.116.14.111 - - [18/Oct/2024:13:17:19 -0400] "GET /san-pham/theme-wordpress-bat-dong-san-52024?lokasie=%2Flib64%2F%2Flibatomic.so.1&loknya=%2Flib64%2F HTTP/1.1" 200 1451 "-" "Mozilla/5.0 AppleWebKit/537.36 (KHTML, like Gecko; compatible; ClaudeBot/1.0; [email protected])"
18.116.14.111 - - [18/Oct/2024:13:17:19 -0400] "GET /san-pham/theme-wordpress-bat-dong-san-52024?lokasie=%2Flib64%2F%2Flibdvdnav.so.4&loknya=%2Flib64%2F HTTP/1.1" 200 1456 "-" "Mozilla/5.0 AppleWebKit/537.36 (KHTML, like Gecko; compatible; ClaudeBot/1.0; [email protected])"
3.135.200.4 - - [18/Oct/2024:13:17:19 -0400] "GET /san-pham/theme-wordpress-xay-dung/?lokasie=%2Fhome%2Fgiankuin%2Fsieuthiweb.com.vn%2Fwp-content%2Fuploads%2F2021%2F11%2Fthoitrang7-150x150.jpg&loknya=%2Fhome%2Fgiankuin%2Fsieuthiweb.com.vn%2Fwp-content%2Fuploads%2F2021%2F11 HTTP/1.1" 200 1530 "-" "Mozilla/5.0 AppleWebKit/537.36 (KHTML, like Gecko; compatible; ClaudeBot/1.0; [email protected])"
18.223.239.249 - - [18/Oct/2024:13:17:19 -0400] "GET /san-pham/theme-ban-xe-dien?lokasie=%2Fusr%2Flib64%2F%2Flibtiffxx.so.5&loknya=%2Fusr%2Flib64%2F HTTP/1.1" 200 1464 "-" "Mozilla/5.0 AppleWebKit/537.36 (KHTML, like Gecko; compatible; ClaudeBot/1.0; [email protected])"
18.116.14.111 - - [18/Oct/2024:13:17:19 -0400] "GET /san-pham/theme-wordpress-bat-dong-san-52024?lokasie=%2Flib64%2F%2Flibxcb-xv.so.0&loknya=%2Flib64%2F HTTP/1.1" 200 1458 "-" "Mozilla/5.0 AppleWebKit/537.36 (KHTML, like Gecko; compatible; ClaudeBot/1.0; [email protected])"
18.223.239.249 - - [18/Oct/2024:13:17:19 -0400] "GET /san-pham/theme-ban-xe-dien?lokasie=%2Fusr%2Flib64%2F%2Flibndp.so.0.1.1&loknya=%2Fusr%2Flib64%2F HTTP/1.1" 200 1465 "-" "Mozilla/5.0 AppleWebKit/537.36 (KHTML, like Gecko; compatible; ClaudeBot/1.0; [email protected])"
3.137.222.30 - - [18/Oct/2024:13:17:20 -0400] "GET /san-pham/theme-wordpress-bat-dong-san-52024?lokasie=%2Flib64%2F%2Flibfontconfig.so&loknya=%2Flib64%2F HTTP/1.1" 200 1455 "-" "Mozilla/5.0 AppleWebKit/537.36 (KHTML, like Gecko; compatible; ClaudeBot/1.0; [email protected])"
18.116.14.111 - - [18/Oct/2024:13:17:20 -0400] "GET /san-pham/theme-wordpress-bat-dong-san-52024?lokasie=%2Flib64%2F%2Flibgnutls.so.30&loknya=%2Flib64%2F HTTP/1.1" 200 1456 "-" "Mozilla/5.0 AppleWebKit/537.36 (KHTML, like Gecko; compatible; ClaudeBot/1.0; [email protected])"
3.137.222.30 - - [18/Oct/2024:13:17:20 -0400] "GET /san-pham/theme-wordpress-bat-dong-san-52024?lokasie=%2Flib64%2F%2Flibnss_files.so.2&loknya=%2Flib64%2F HTTP/1.1" 200 1455 "-" "Mozilla/5.0 AppleWebKit/537.36 (KHTML, like Gecko; compatible; ClaudeBot/1.0; [email protected])"
3.137.222.30 - - [18/Oct/2024:13:17:20 -0400] "GET /san-pham/theme-wordpress-bat-dong-san-52024?lokasie=%2Flib64%2F%2Flibxcb-xselinux.so&loknya=%2Flib64%2F HTTP/1.1" 200 1456 "-" "Mozilla/5.0 AppleWebKit/537.36 (KHTML, like Gecko; compatible; ClaudeBot/1.0; [email protected])"
18.116.14.111 - - [18/Oct/2024:13:17:20 -0400] "GET /san-pham/theme-wordpress-bat-dong-san-52024?lokasie=%2Flib64%2F%2Flibgstfft-1.0.so.0&loknya=%2Flib64%2F HTTP/1.1" 200 1460 "-" "Mozilla/5.0 AppleWebKit/537.36 (KHTML, like Gecko; compatible; ClaudeBot/1.0; [email protected])"
52.15.91.44 - - [18/Oct/2024:13:17:20 -0400] "GET /tu-khoa/vat-lieu?loknya=%2Fvar%2Fsoftaculous%2Ftwg%2Fphp53 HTTP/1.1" 200 2040 "-" "Mozilla/5.0 AppleWebKit/537.36 (KHTML, like Gecko; compatible; ClaudeBot/1.0; [email protected])"
52.14.77.134 - - [18/Oct/2024:13:17:12 -0400] "GET /tu-khoa/vat-lieu?lokasie=%2Fvar%2Fsoftaculous%2Foscom%2Foscom.sql&loknya=%2Fvar%2Fsoftaculous%2Foscom HTTP/1.1" 200 1465663 "-" "Mozilla/5.0 AppleWebKit/537.36 (KHTML, like Gecko; compatible; ClaudeBot/1.0; [email protected])"
3.137.222.30 - - [18/Oct/2024:13:17:20 -0400] "GET /san-pham/theme-wordpress-bat-dong-san-52024?lokasie=%2Flib64%2F%2Flibnl-idiag-3.so.200&loknya=%2Flib64%2F HTTP/1.1" 200 1458 "-" "Mozilla/5.0 AppleWebKit/537.36 (KHTML, like Gecko; compatible; ClaudeBot/1.0; [email protected])"
52.15.91.44 - - [18/Oct/2024:13:17:21 -0400] "GET /tu-khoa/vat-lieu?loknya=%2Fvar%2Fsoftaculous%2Fflat%2Fphp81 HTTP/1.1" 200 2011 "-" "Mozilla/5.0 AppleWebKit/537.36 (KHTML, like Gecko; compatible; ClaudeBot/1.0; [email protected])"
3.137.222.30 - - [18/Oct/2024:13:17:21 -0400] "GET /san-pham/theme-wordpress-bat-dong-san-52024?lokasie=%2Flib64%2F%2Flibwayland-egl.so.1.21.0&loknya=%2Flib64%2F HTTP/1.1" 200 1462 "-" "Mozilla/5.0 AppleWebKit/537.36 (KHTML, like Gecko; compatible; ClaudeBot/1.0; [email protected])"
52.15.91.44 - - [18/Oct/2024:13:17:21 -0400] "GET /tu-khoa/vat-lieu?lokasie=%2Fvar%2Fsoftaculous%2Fwonder%2Finstall.js&loknya=%2Fvar%2Fsoftaculous%2Fwonder HTTP/1.1" 200 1858 "-" "Mozilla/5.0 AppleWebKit/537.36 (KHTML, like Gecko; compatible; ClaudeBot/1.0; [email protected])"
52.15.91.44 - - [18/Oct/2024:13:17:21 -0400] "GET /san-pham/theme-batdongsan60//?lokasie=%2Flib64%2Fpython3.8%2Fmultiprocessing%2Fpopen_forkserver.py&loknya=%2Flib64%2Fpython3.8%2Fmultiprocessing HTTP/1.1" 200 2329 "-" "Mozilla/5.0 AppleWebKit/537.36 (KHTML, like Gecko; compatible; ClaudeBot/1.0; [email protected])"
18.117.106.69 - - [18/Oct/2024:13:17:21 -0400] "GET /san-pham/theme-wordpress-xay-dung/?loknya=%2Fvar%2Fsoftaculous%2Fowa%2Fimages HTTP/1.1" 200 1957 "-" "Mozilla/5.0 AppleWebKit/537.36 (KHTML, like Gecko; compatible; ClaudeBot/1.0; [email protected])"
18.117.106.69 - - [18/Oct/2024:13:17:21 -0400] "GET /wp-json/wp/v2/product/9448?lokasie=%2Flib64%2F%2Flibdaemon.so.0&loknya=%2Flib64%2F HTTP/1.1" 200 1457 "-" "Mozilla/5.0 AppleWebKit/537.36 (KHTML, like Gecko; compatible; ClaudeBot/1.0; [email protected])"
18.116.14.111 - - [18/Oct/2024:13:17:21 -0400] "GET /san-pham/theme-wordpress-bat-dong-san-52024?lokasie=%2Flib64%2F%2Flibverto-libev.so.1&loknya=%2Flib64%2F HTTP/1.1" 200 1461 "-" "Mozilla/5.0 AppleWebKit/537.36 (KHTML, like Gecko; compatible; ClaudeBot/1.0; [email protected])"
18.117.106.69 - - [18/Oct/2024:13:17:21 -0400] "GET /wp-json/wp/v2/product/9448?lokasie=%2Flib64%2F%2FlibSvtAv1Dec.so.0&loknya=%2Flib64%2F HTTP/1.1" 200 1459 "-" "Mozilla/5.0 AppleWebKit/537.36 (KHTML, like Gecko; compatible; ClaudeBot/1.0; [email protected])"
18.117.106.69 - - [18/Oct/2024:13:17:22 -0400] "GET /wp-json/wp/v2/product/9448?lokasie=%2Flib64%2F%2FlibQt5DBus.so.5.15&loknya=%2Flib64%2F HTTP/1.1" 200 1462 "-" "Mozilla/5.0 AppleWebKit/537.36 (KHTML, like Gecko; compatible; ClaudeBot/1.0; [email protected])"
18.116.14.111 - - [18/Oct/2024:13:17:22 -0400] "GET /san-pham/theme-wordpress-bat-dong-san-52024?lokasie=%2Flib64%2F%2FlibQt5QuickParticles.so.5&loknya=%2Flib64%2F HTTP/1.1" 200 1462 "-" "Mozilla/5.0 AppleWebKit/537.36 (KHTML, like Gecko; compatible; ClaudeBot/1.0; [email protected])"
3.137.222.30 - - [18/Oct/2024:13:17:22 -0400] "GET /san-pham/theme-wordpress-bat-dong-san-52024?lokasie=%2Fusr%2Finclude%2Fmysql%2Fma_tls.h&loknya=%2Fusr%2Finclude%2Fmysql HTTP/1.1" 200 2679 "-" "Mozilla/5.0 AppleWebKit/537.36 (KHTML, like Gecko; compatible; ClaudeBot/1.0; [email protected])"
18.117.106.69 - - [18/Oct/2024:13:17:22 -0400] "GET /san-pham/theme-batdongsan60?lokasie=%2Flib64%2F%2Flibxcb-dpms.so.0.0.0&loknya=%2Flib64%2F HTTP/1.1" 200 1462 "-" "Mozilla/5.0 AppleWebKit/537.36 (KHTML, like Gecko; compatible; ClaudeBot/1.0; [email protected])"
18.116.14.111 - - [18/Oct/2024:13:17:22 -0400] "GET /san-pham/theme-wordpress-bat-dong-san-52024?lokasie=%2Flib64%2F%2FlibQt5Concurrent.so.5.15.3&loknya=%2Flib64%2F HTTP/1.1" 200 1463 "-" "Mozilla/5.0 AppleWebKit/537.36 (KHTML, like Gecko; compatible; ClaudeBot/1.0; [email protected])"
18.116.14.111 - - [18/Oct/2024:13:17:22 -0400] "GET /san-pham/theme-wordpress-bat-dong-san-52024?lokasie=%2Flib64%2F%2Flibgstisoff-1.0.so.0.1601.0&loknya=%2Flib64%2F HTTP/1.1" 200 1462 "-" "Mozilla/5.0 AppleWebKit/537.36 (KHTML, like Gecko; compatible; ClaudeBot/1.0; [email protected])"
3.137.222.30 - - [18/Oct/2024:13:17:22 -0400] "GET /san-pham/theme-wordpress-bat-dong-san-52024?lokasie=%2Fusr%2Finclude%2Flinux%2Fcoresight-stm.h&loknya=%2Fusr%2Finclude%2Flinux HTTP/1.1" 200 1843 "-" "Mozilla/5.0 AppleWebKit/537.36 (KHTML, like Gecko; compatible; ClaudeBot/1.0; [email protected])"
3.137.222.30 - - [18/Oct/2024:13:17:22 -0400] "GET /tu-khoa/noi-that?lokasie=%2Fhome%2Fgiankuin%2Fwww%2Fwp-includes%2Fblocks%2Fdetails%2Fstyle-rtl.css&loknya=%2Fhome%2Fgiankuin%2Fwww%2Fwp-includes%2Fblocks%2Fdetails HTTP/1.1" 200 1548 "-" "Mozilla/5.0 AppleWebKit/537.36 (KHTML, like Gecko; compatible; ClaudeBot/1.0; [email protected])"
18.116.14.111 - - [18/Oct/2024:13:17:22 -0400] "GET /san-pham/theme-wordpress-bat-dong-san-52024?lokasie=%2Flib64%2F%2FlibQt5MultimediaWidgets.so.5.15&loknya=%2Flib64%2F HTTP/1.1" 200 1465 "-" "Mozilla/5.0 AppleWebKit/537.36 (KHTML, like Gecko; compatible; ClaudeBot/1.0; [email protected])"
18.224.38.251 - - [18/Oct/2024:13:17:22 -0400] "GET /san-pham/theme-ban-ca-phe-03//?loknya=%2Fproc%2F2962714 HTTP/1.1" 200 1715 "-" "Mozilla/5.0 AppleWebKit/537.36 (KHTML, like Gecko; compatible; ClaudeBot/1.0; [email protected])"
18.224.38.251 - - [18/Oct/2024:13:17:23 -0400] "GET /san-pham/theme-ban-ca-phe-03//?lokasie=%2Fproc%2F%2Fstat&loknya=%2Fproc%2F HTTP/1.1" 200 2540 "-" "Mozilla/5.0 AppleWebKit/537.36 (KHTML, like Gecko; compatible; ClaudeBot/1.0; [email protected])"
18.224.38.251 - - [18/Oct/2024:13:17:23 -0400] "GET /tu-khoa/vat-lieu?lokasie=%2Fvar%2Fsoftaculous%2Fshopware%2F.env&loknya=%2Fvar%2Fsoftaculous%2Fshopware HTTP/1.1" 200 2071 "-" "Mozilla/5.0 AppleWebKit/537.36 (KHTML, like Gecko; compatible; ClaudeBot/1.0; [email protected])"
18.117.106.69 - - [18/Oct/2024:13:17:23 -0400] "GET /wp-json/wp/v2/product/9448?lokasie=%2Flib64%2F%2Flibbabeltrace-dummy.so.1&loknya=%2Flib64%2F HTTP/1.1" 200 1465 "-" "Mozilla/5.0 AppleWebKit/537.36 (KHTML, like Gecko; compatible; ClaudeBot/1.0; [email protected])"
18.190.253.88 - - [18/Oct/2024:13:17:23 -0400] "GET /san-pham/theme-wordpress-bat-dong-san-52024?loknya=%2Fusr%2Fshare%2Flocale%2Ffr HTTP/1.1" 200 1917 "-" "Mozilla/5.0 AppleWebKit/537.36 (KHTML, like Gecko; compatible; ClaudeBot/1.0; [email protected])"
18.116.14.111 - - [18/Oct/2024:13:17:23 -0400] "GET /san-pham/theme-wordpress-bat-dong-san-52024?lokasie=%2Fusr%2Finclude%2Flinux%2Fbaycom.h&loknya=%2Fusr%2Finclude%2Flinux HTTP/1.1" 200 1810 "-" "Mozilla/5.0 AppleWebKit/537.36 (KHTML, like Gecko; compatible; ClaudeBot/1.0; [email protected])"
18.190.253.88 - - [18/Oct/2024:13:17:23 -0400] "GET /san-pham/theme-wordpress-bat-dong-san-52024?loknya=%2Fusr%2Fshare%2Flocale%2Fwar HTTP/1.1" 200 1874 "-" "Mozilla/5.0 AppleWebKit/537.36 (KHTML, like Gecko; compatible; ClaudeBot/1.0; [email protected])"
18.224.38.251 - - [18/Oct/2024:13:17:23 -0400] "GET /tu-khoa/vat-lieu?lokasie=%2Fvar%2Fsoftaculous%2Fanchor%2Ffileindex.php&loknya=%2Fvar%2Fsoftaculous%2Fanchor HTTP/1.1" 200 1618 "-" "Mozilla/5.0 AppleWebKit/537.36 (KHTML, like Gecko; compatible; ClaudeBot/1.0; [email protected])"
18.224.38.251 - - [18/Oct/2024:13:17:23 -0400] "GET /tu-khoa/vat-lieu?lokasie=%2Fvar%2Fsoftaculous%2Fmoodle44%2Fupgrade.php&loknya=%2Fvar%2Fsoftaculous%2Fmoodle44 HTTP/1.1" 200 7802 "-" "Mozilla/5.0 AppleWebKit/537.36 (KHTML, like Gecko; compatible; ClaudeBot/1.0; [email protected])"
18.116.14.111 - - [18/Oct/2024:13:17:23 -0400] "GET /san-pham/theme-wordpress-bat-dong-san-52024?lokasie=%2Fusr%2Finclude%2Flinux%2Ferrqueue.h&loknya=%2Fusr%2Finclude%2Flinux HTTP/1.1" 200 2175 "-" "Mozilla/5.0 AppleWebKit/537.36 (KHTML, like Gecko; compatible; ClaudeBot/1.0; [email protected])"
18.190.253.88 - - [18/Oct/2024:13:17:23 -0400] "GET /san-pham/theme-wordpress-bat-dong-san-52024?loknya=%2Fusr%2Fshare%2Flocale%2Ftzo HTTP/1.1" 200 1875 "-" "Mozilla/5.0 AppleWebKit/537.36 (KHTML, like Gecko; compatible; ClaudeBot/1.0; [email protected])"
18.190.253.88 - - [18/Oct/2024:13:17:23 -0400] "GET /san-pham/theme-wordpress-bat-dong-san-52024?loknya=%2Fusr%2Fshare%2Flocale%2Fes.us-ascii HTTP/1.1" 200 1875 "-" "Mozilla/5.0 AppleWebKit/537.36 (KHTML, like Gecko; compatible; ClaudeBot/1.0; [email protected])"
18.118.193.73 - - [18/Oct/2024:13:17:24 -0400] "GET /san-pham/theme-wordpress-bat-dong-san-52024?loknya=%2Fusr%2Fshare%2Flocale%2Fsai HTTP/1.1" 200 1873 "-" "Mozilla/5.0 AppleWebKit/537.36 (KHTML, like Gecko; compatible; ClaudeBot/1.0; [email protected])"
18.190.253.88 - - [18/Oct/2024:13:17:24 -0400] "GET /?lokasie=%2Fhome%2Fgiankuin%2Flscache%2F6%2F7%2Ff%2F67f976c4c57ffa6f&loknya=%2Fhome%2Fgiankuin%2Flscache%2F6%2F7%2Ff HTTP/1.1" 200 1500 "-" "Mozilla/5.0 AppleWebKit/537.36 (KHTML, like Gecko; compatible; ClaudeBot/1.0; [email protected])"
18.118.193.73 - - [18/Oct/2024:13:17:24 -0400] "GET /san-pham/theme-wordpress-bat-dong-san-52024?loknya=%2Fusr%2Fshare%2Flocale%2Fda_DK HTTP/1.1" 200 1872 "-" "Mozilla/5.0 AppleWebKit/537.36 (KHTML, like Gecko; compatible; ClaudeBot/1.0; [email protected])"
18.222.95.56 - - [18/Oct/2024:13:17:24 -0400] "GET /san-pham/theme-wordpress-bat-dong-san-52024?lokasie=%2Flib64%2F%2Flibjq.so.1&loknya=%2Flib64%2F HTTP/1.1" 200 1452 "-" "Mozilla/5.0 AppleWebKit/537.36 (KHTML, like Gecko; compatible; ClaudeBot/1.0; [email protected])"
18.222.95.56 - - [18/Oct/2024:13:17:24 -0400] "GET /san-pham/theme-wordpress-bat-dong-san-52024?lokasie=%2Flib64%2F%2Flibpsx.so.2.48&loknya=%2Flib64%2F HTTP/1.1" 200 1455 "-" "Mozilla/5.0 AppleWebKit/537.36 (KHTML, like Gecko; compatible; ClaudeBot/1.0; [email protected])"
18.222.95.56 - - [18/Oct/2024:13:17:24 -0400] "GET /san-pham/theme-wordpress-bat-dong-san-52024?lokasie=%2Flib64%2F%2Flibnftnl.so.11.6.0&loknya=%2Flib64%2F HTTP/1.1" 200 1456 "-" "Mozilla/5.0 AppleWebKit/537.36 (KHTML, like Gecko; compatible; ClaudeBot/1.0; [email protected])"
3.144.123.89 - - [18/Oct/2024:13:17:24 -0400] "GET /san-pham/theme-ban-ca-phe-03//?loknya=%2Fproc%2Ffs%2Fext4%2Fsda2 HTTP/1.1" 200 1960 "-" "Mozilla/5.0 AppleWebKit/537.36 (KHTML, like Gecko; compatible; ClaudeBot/1.0; [email protected])"
18.222.95.56 - - [18/Oct/2024:13:17:24 -0400] "GET /tu-khoa/vat-lieu?lokasie=%2Fvar%2Fsoftaculous%2Fprocwire%2Fedit.php&loknya=%2Fvar%2Fsoftaculous%2Fprocwire HTTP/1.1" 200 6037 "-" "Mozilla/5.0 AppleWebKit/537.36 (KHTML, like Gecko; compatible; ClaudeBot/1.0; [email protected])"
18.190.253.88 - - [18/Oct/2024:13:17:25 -0400] "GET /san-pham/theme-wordpress-xay-dung/?lokasie=%2Fvar%2Fsoftaculous%2Fjoomla310%2Fupgrade.php&loknya=%2Fvar%2Fsoftaculous%2Fjoomla310 HTTP/1.1" 200 25156 "-" "Mozilla/5.0 AppleWebKit/537.36 (KHTML, like Gecko; compatible; ClaudeBot/1.0; [email protected])"
3.144.123.89 - - [18/Oct/2024:13:17:25 -0400] "GET /san-pham/theme-wordpress-xay-dung/?loknya=%2Fusr%2Flib%2Ffirmware%2F3com HTTP/1.1" 200 1912 "-" "Mozilla/5.0 AppleWebKit/537.36 (KHTML, like Gecko; compatible; ClaudeBot/1.0; [email protected])"
18.222.95.56 - - [18/Oct/2024:13:17:25 -0400] "GET /tu-khoa/vat-lieu?lokasie=%2Fvar%2Fsoftaculous%2Fwallabag%2Fchangelog.txt&loknya=%2Fvar%2Fsoftaculous%2Fwallabag HTTP/1.1" 200 2077 "-" "Mozilla/5.0 AppleWebKit/537.36 (KHTML, like Gecko; compatible; ClaudeBot/1.0; [email protected])"
3.144.123.89 - - [18/Oct/2024:13:17:25 -0400] "GET /san-pham/theme-ban-may-tinh-07?lokasie=%2Fusr%2Flib64%2Fpython2.7%2Fbsddb%2Fdbobj.py&loknya=%2Fusr%2Flib64%2Fpython2.7%2Fbsddb HTTP/1.1" 200 3267 "-" "Mozilla/5.0 AppleWebKit/537.36 (KHTML, like Gecko; compatible; ClaudeBot/1.0; [email protected])"
3.22.81.80 - - [18/Oct/2024:13:17:25 -0400] "GET /san-pham/theme-wordpress-xay-dung/?loknya=%2Fvar%2Fsoftaculous%2Ftine%2Fphp81 HTTP/1.1" 200 2003 "-" "Mozilla/5.0 AppleWebKit/537.36 (KHTML, like Gecko; compatible; ClaudeBot/1.0; [email protected])"
18.119.158.224 - - [18/Oct/2024:13:17:25 -0400] "GET /san-pham/theme-wordpress-xay-dung/?lokasie=%2Fvar%2Fsoftaculous%2Fjszip%2Fchangelog.txt&loknya=%2Fvar%2Fsoftaculous%2Fjszip HTTP/1.1" 200 2253 "-" "Mozilla/5.0 AppleWebKit/537.36 (KHTML, like Gecko; compatible; ClaudeBot/1.0; [email protected])"
3.22.81.80 - - [18/Oct/2024:13:17:25 -0400] "GET /san-pham/theme-wordpress-xay-dung/?loknya=%2Fvar%2Fsoftaculous%2Finvoice%2Fphp71 HTTP/1.1" 200 2033 "-" "Mozilla/5.0 AppleWebKit/537.36 (KHTML, like Gecko; compatible; ClaudeBot/1.0; [email protected])"
13.58.21.119 - - [18/Oct/2024:13:17:25 -0400] "GET /san-pham/theme-wordpress-ban-hai-san//?loknya=%2Fhome%2Fgiankuin%2Flsahe HTTP/1.1" 200 1725 "-" "Mozilla/5.0 AppleWebKit/537.36 (KHTML, like Gecko; compatible; ClaudeBot/1.0; [email protected])"
3.22.81.80 - - [18/Oct/2024:13:17:25 -0400] "GET /tu-khoa/noi-that?loknya=%2Fhome%2Fgiankuin%2Fdietcontrungnhanh.com%2Fwp-content%2Fuploads%2F2024%2F09 HTTP/1.1" 200 1791 "-" "Mozilla/5.0 AppleWebKit/537.36 (KHTML, like Gecko; compatible; ClaudeBot/1.0; [email protected])"
18.119.158.224 - - [18/Oct/2024:13:17:25 -0400] "GET /san-pham/theme-wordpress-xay-dung/?lokasie=%2Fusr%2Flib%2Ffirmware%2Fiwlwifi-gl-c0-fm-c0-83.ucode&loknya=%2Fusr%2Flib%2Ffirmware HTTP/1.1" 200 1481 "-" "Mozilla/5.0 AppleWebKit/537.36 (KHTML, like Gecko; compatible; ClaudeBot/1.0; [email protected])"
18.117.137.117 - - [18/Oct/2024:13:17:25 -0400] "GET /?lokasie=%2Fhome%2Fgiankuin%2Fwww%2Fwp-includes%2F%2Frevision.php&loknya=%2Fhome%2Fgiankuin%2Fwww%2Fwp-includes%2F HTTP/1.1" 200 9839 "-" "Mozilla/5.0 AppleWebKit/537.36 (KHTML, like Gecko; compatible; ClaudeBot/1.0; [email protected])"
18.222.95.56 - - [18/Oct/2024:13:17:25 -0400] "GET /san-pham/theme-wordpress-bat-dong-san-52024?lokasie=%2Fusr%2Finclude%2Flinux%2Fauto_dev-ioctl.h&loknya=%2Fusr%2Finclude%2Flinux HTTP/1.1" 200 2900 "-" "Mozilla/5.0 AppleWebKit/537.36 (KHTML, like Gecko; compatible; ClaudeBot/1.0; [email protected])"
18.117.137.117 - - [18/Oct/2024:13:17:25 -0400] "GET /san-pham/theme-wordpress-xay-dung/?lokasie=%2Fvar%2Fsoftaculous%2Fdotcl%2Finfo.xml&loknya=%2Fvar%2Fsoftaculous%2Fdotcl HTTP/1.1" 200 2899 "-" "Mozilla/5.0 AppleWebKit/537.36 (KHTML, like Gecko; compatible; ClaudeBot/1.0; [email protected])"
3.22.81.80 - - [18/Oct/2024:13:17:25 -0400] "GET /tu-khoa/vat-lieu?lokasie=%2Fvar%2Fsoftaculous%2Fgallery2%2Fedit.xml&loknya=%2Fvar%2Fsoftaculous%2Fgallery2 HTTP/1.1" 200 1673 "-" "Mozilla/5.0 AppleWebKit/537.36 (KHTML, like Gecko; compatible; ClaudeBot/1.0; [email protected])"
3.22.81.80 - - [18/Oct/2024:13:17:25 -0400] "GET /san-pham/theme-wordpress-xay-dung/?lokasie=%2Fvar%2Fsoftaculous%2Fdotproj%2Fupgrade.xml&loknya=%2Fvar%2Fsoftaculous%2Fdotproj HTTP/1.1" 200 1653 "-" "Mozilla/5.0 AppleWebKit/537.36 (KHTML, like Gecko; compatible; ClaudeBot/1.0; [email protected])"
18.117.137.117 - - [18/Oct/2024:13:17:25 -0400] "GET /?lokasie=%2Fhome%2Fgiankuin%2Fwww%2Fwp-includes%2F%2Fclass-wp-object-cache.php&loknya=%2Fhome%2Fgiankuin%2Fwww%2Fwp-includes%2F HTTP/1.1" 200 5406 "-" "Mozilla/5.0 AppleWebKit/537.36 (KHTML, like Gecko; compatible; ClaudeBot/1.0; [email protected])"
3.15.219.174 - - [18/Oct/2024:13:17:26 -0400] "GET /tu-khoa/vat-lieu?loknya=%2Fvar%2Fsoftaculous%2Fcollab%2Fphp81 HTTP/1.1" 200 2027 "-" "Mozilla/5.0 AppleWebKit/537.36 (KHTML, like Gecko; compatible; ClaudeBot/1.0; [email protected])"
3.15.219.174 - - [18/Oct/2024:13:17:26 -0400] "GET /wp-json/wp/v2/product/9448?lokasie=%2Flib64%2F%2Flibpopt.so.0&loknya=%2Flib64%2F HTTP/1.1" 200 1454 "-" "Mozilla/5.0 AppleWebKit/537.36 (KHTML, like Gecko; compatible; ClaudeBot/1.0; [email protected])"
18.222.21.139 - - [18/Oct/2024:13:17:26 -0400] "GET /san-pham/theme-wordpress-bat-dong-san-52024?lokasie=%2Flib64%2F%2Flibpanelw.so&loknya=%2Flib64%2F HTTP/1.1" 200 1456 "-" "Mozilla/5.0 AppleWebKit/537.36 (KHTML, like Gecko; compatible; ClaudeBot/1.0; [email protected])"
3.15.219.174 - - [18/Oct/2024:13:17:26 -0400] "GET /wp-json/wp/v2/product/9448?lokasie=%2Flib64%2F%2Flibjasper.so.4&loknya=%2Flib64%2F HTTP/1.1" 200 1454 "-" "Mozilla/5.0 AppleWebKit/537.36 (KHTML, like Gecko; compatible; ClaudeBot/1.0; [email protected])"
18.222.21.139 - - [18/Oct/2024:13:17:26 -0400] "GET /san-pham/theme-wordpress-bat-dong-san-52024?lokasie=%2Flib64%2F%2FlibXtst.so.6&loknya=%2Flib64%2F HTTP/1.1" 200 1450 "-" "Mozilla/5.0 AppleWebKit/537.36 (KHTML, like Gecko; compatible; ClaudeBot/1.0; [email protected])"
18.222.21.139 - - [18/Oct/2024:13:17:26 -0400] "GET /san-pham/theme-wordpress-bat-dong-san-52024?lokasie=%2Flib64%2F%2Flibsss_sudo.so&loknya=%2Flib64%2F HTTP/1.1" 200 1457 "-" "Mozilla/5.0 AppleWebKit/537.36 (KHTML, like Gecko; compatible; ClaudeBot/1.0; [email protected])"
3.15.219.174 - - [18/Oct/2024:13:17:26 -0400] "GET /san-pham/theme-batdongsan60?lokasie=%2Flib64%2F%2Flibxcb-shape.so&loknya=%2Flib64%2F HTTP/1.1" 200 1455 "-" "Mozilla/5.0 AppleWebKit/537.36 (KHTML, like Gecko; compatible; ClaudeBot/1.0; [email protected])"
3.15.219.174 - - [18/Oct/2024:13:17:27 -0400] "GET /san-pham/theme-batdongsan60?lokasie=%2Flib64%2F%2FlibX11-xcb.so.1&loknya=%2Flib64%2F HTTP/1.1" 200 1456 "-" "Mozilla/5.0 AppleWebKit/537.36 (KHTML, like Gecko; compatible; ClaudeBot/1.0; [email protected])"
3.22.81.80 - - [18/Oct/2024:13:17:27 -0400] "GET /san-pham/theme-ban-may-tinh-07?lokasie=%2Fusr%2Flib64%2Fpython2.7%2Fwsgiref%2Fvalidate.py&loknya=%2Fusr%2Flib64%2Fpython2.7%2Fwsgiref HTTP/1.1" 200 6258 "-" "Mozilla/5.0 AppleWebKit/537.36 (KHTML, like Gecko; compatible; ClaudeBot/1.0; [email protected])"
18.222.21.139 - - [18/Oct/2024:13:17:27 -0400] "GET /san-pham/theme-wordpress-bat-dong-san-52024?lokasie=%2Flib64%2F%2Flibtommath.so.1&loknya=%2Flib64%2F HTTP/1.1" 200 1458 "-" "Mozilla/5.0 AppleWebKit/537.36 (KHTML, like Gecko; compatible; ClaudeBot/1.0; [email protected])"
3.22.81.80 - - [18/Oct/2024:13:17:27 -0400] "GET /san-pham/theme-ban-may-tinh-07?lokasie=%2Fusr%2Flib64%2Fpython2.7%2Fwsgiref%2F__init__.pyo&loknya=%2Fusr%2Flib64%2Fpython2.7%2Fwsgiref HTTP/1.1" 200 1484 "-" "Mozilla/5.0 AppleWebKit/537.36 (KHTML, like Gecko; compatible; ClaudeBot/1.0; [email protected])"
18.222.21.139 - - [18/Oct/2024:13:17:27 -0400] "GET /san-pham/theme-wordpress-bat-dong-san-52024?lokasie=%2Flib64%2F%2FlibQt5QuickShapes.so.5.15.3&loknya=%2Flib64%2F HTTP/1.1" 200 1466 "-" "Mozilla/5.0 AppleWebKit/537.36 (KHTML, like Gecko; compatible; ClaudeBot/1.0; [email protected])"
3.12.147.137 - - [18/Oct/2024:13:17:27 -0400] "GET /san-pham/theme-wordpress-xay-dung/?lokasie=%2Fvar%2Fsoftaculous%2Finvoice%2Fedit.php&loknya=%2Fvar%2Fsoftaculous%2Finvoice HTTP/1.1" 200 4550 "-" "Mozilla/5.0 AppleWebKit/537.36 (KHTML, like Gecko; compatible; ClaudeBot/1.0; [email protected])"
3.15.219.174 - - [18/Oct/2024:13:17:27 -0400] "GET /wp-json/wp/v2/product/9448?lokasie=%2Flib64%2F%2FlibQt5Gui.so.5.15&loknya=%2Flib64%2F HTTP/1.1" 200 1457 "-" "Mozilla/5.0 AppleWebKit/537.36 (KHTML, like Gecko; compatible; ClaudeBot/1.0; [email protected])"
3.12.147.137 - - [18/Oct/2024:13:17:27 -0400] "GET /tu-khoa/noi-that?lokasie=%2Fhome%2Fgiankuin%2Fwww%2Fwp-includes%2Fblocks%2Ftext-columns%2Fstyle.css&loknya=%2Fhome%2Fgiankuin%2Fwww%2Fwp-includes%2Fblocks%2Ftext-columns HTTP/1.1" 200 1615 "-" "Mozilla/5.0 AppleWebKit/537.36 (KHTML, like Gecko; compatible; ClaudeBot/1.0; [email protected])"
18.118.142.245 - - [18/Oct/2024:13:17:27 -0400] "GET /san-pham/theme-batdongsan60?lokasie=%2Flib64%2Fpython2.7%2Fconfig%2Fmakesetup&loknya=%2Flib64%2Fpython2.7%2Fconfig HTTP/1.1" 200 4335 "-" "Mozilla/5.0 AppleWebKit/537.36 (KHTML, like Gecko; compatible; ClaudeBot/1.0; [email protected])"
3.15.219.174 - - [18/Oct/2024:13:17:27 -0400] "GET /wp-json/wp/v2/product/9448?lokasie=%2Flib64%2F%2Flibhistory.so.7.0&loknya=%2Flib64%2F HTTP/1.1" 200 1455 "-" "Mozilla/5.0 AppleWebKit/537.36 (KHTML, like Gecko; compatible; ClaudeBot/1.0; [email protected])"
3.145.152.51 - - [18/Oct/2024:13:17:28 -0400] "GET /san-pham/theme-wordpress-bat-dong-san-52024?loknya=%2Fusr%2Fshare%2Fperl5%2FSearch HTTP/1.1" 200 1912 "-" "Mozilla/5.0 AppleWebKit/537.36 (KHTML, like Gecko; compatible; ClaudeBot/1.0; [email protected])"
3.145.152.51 - - [18/Oct/2024:13:17:27 -0400] "GET /san-pham/theme-ban-may-tinh-07?loknya=%2Fusr%2Fshare%2Flocale%2Fsl%2FLC_MESSAGES HTTP/1.1" 200 3995 "-" "Mozilla/5.0 AppleWebKit/537.36 (KHTML, like Gecko; compatible; ClaudeBot/1.0; [email protected])"
18.222.21.139 - - [18/Oct/2024:13:17:28 -0400] "GET /san-pham/theme-wordpress-bat-dong-san-52024?lokasie=%2Fusr%2Finclude%2Flinux%2Fbtrfs.h&loknya=%2Fusr%2Finclude%2Flinux HTTP/1.1" 200 9856 "-" "Mozilla/5.0 AppleWebKit/537.36 (KHTML, like Gecko; compatible; ClaudeBot/1.0; [email protected])"
18.188.143.21 - - [18/Oct/2024:13:17:28 -0400] "GET /tu-khoa/vat-lieu?loknya=%2Fvar%2Fsoftaculous%2Fattendize%2Fphp71 HTTP/1.1" 200 2039 "-" "Mozilla/5.0 AppleWebKit/537.36 (KHTML, like Gecko; compatible; ClaudeBot/1.0; [email protected])"
18.188.143.21 - - [18/Oct/2024:13:17:28 -0400] "GET /san-pham/theme-wordpress-xay-dung/?lokasie=%2Fvar%2Fsoftaculous%2Fzurmo%2Fextend.php&loknya=%2Fvar%2Fsoftaculous%2Fzurmo HTTP/1.1" 200 2707 "-" "Mozilla/5.0 AppleWebKit/537.36 (KHTML, like Gecko; compatible; ClaudeBot/1.0; [email protected])"
3.15.219.174 - - [18/Oct/2024:13:17:28 -0400] "GET /wp-json/wp/v2/product/9448?lokasie=%2Flib64%2F%2Flibtheoraenc.so.1&loknya=%2Flib64%2F HTTP/1.1" 200 1456 "-" "Mozilla/5.0 AppleWebKit/537.36 (KHTML, like Gecko; compatible; ClaudeBot/1.0; [email protected])"
3.145.152.51 - - [18/Oct/2024:13:17:28 -0400] "GET /san-pham/theme-wordpress-bat-dong-san-52024?lokasie=%2Fusr%2Finclude%2FX11%2FXdefs.h&loknya=%2Fusr%2Finclude%2FX11 HTTP/1.1" 200 2504 "-" "Mozilla/5.0 AppleWebKit/537.36 (KHTML, like Gecko; compatible; ClaudeBot/1.0; [email protected])"
18.222.21.139 - - [18/Oct/2024:13:17:28 -0400] "GET /san-pham/theme-wordpress-bat-dong-san-52024?lokasie=%2Fusr%2Finclude%2Flinux%2Ffiemap.h&loknya=%2Fusr%2Finclude%2Flinux HTTP/1.1" 200 2562 "-" "Mozilla/5.0 AppleWebKit/537.36 (KHTML, like Gecko; compatible; ClaudeBot/1.0; [email protected])"
18.188.143.21 - - [18/Oct/2024:13:17:28 -0400] "GET /san-pham/theme-ban-ca-phe-03//?lokasie=%2Flib64%2Fpython3.8%2Fwsgiref%2Fheaders.py&loknya=%2Flib64%2Fpython3.8%2Fwsgiref HTTP/1.1" 200 3597 "-" "Mozilla/5.0 AppleWebKit/537.36 (KHTML, like Gecko; compatible; ClaudeBot/1.0; [email protected])"
3.15.219.174 - - [18/Oct/2024:13:17:28 -0400] "GET /san-pham/theme-batdongsan60?lokasie=%2Flib64%2F%2Flibblkid.so.1.1.0&loknya=%2Flib64%2F HTTP/1.1" 200 1457 "-" "Mozilla/5.0 AppleWebKit/537.36 (KHTML, like Gecko; compatible; ClaudeBot/1.0; [email protected])"
18.188.143.21 - - [18/Oct/2024:13:17:28 -0400] "GET /san-pham/theme-wordpress-xay-dung/?lokasie=%2Fvar%2Fsoftaculous%2Fzurmo%2Ffileindex.php&loknya=%2Fvar%2Fsoftaculous%2Fzurmo HTTP/1.1" 200 1508 "-" "Mozilla/5.0 AppleWebKit/537.36 (KHTML, like Gecko; compatible; ClaudeBot/1.0; [email protected])"
18.222.21.139 - - [18/Oct/2024:13:17:28 -0400] "GET /san-pham/theme-wordpress-bat-dong-san-52024?lokasie=%2Fusr%2Finclude%2Flinux%2Fradeonfb.h&loknya=%2Fusr%2Finclude%2Flinux HTTP/1.1" 200 1669 "-" "Mozilla/5.0 AppleWebKit/537.36 (KHTML, like Gecko; compatible; ClaudeBot/1.0; [email protected])"
3.15.219.174 - - [18/Oct/2024:13:17:28 -0400] "GET /san-pham/theme-batdongsan60?lokasie=%2Flib64%2F%2Flibprocps.so.7.1.0&loknya=%2Flib64%2F HTTP/1.1" 200 1458 "-" "Mozilla/5.0 AppleWebKit/537.36 (KHTML, like Gecko; compatible; ClaudeBot/1.0; [email protected])"
18.188.143.21 - - [18/Oct/2024:13:17:28 -0400] "GET /san-pham/theme-wordpress-ban-laptop-02//?lokasie=%2Flib%2Ffirmware%2Fath6k%2FAR6002%2Fathwlan.bin.z77&loknya=%2Flib%2Ffirmware%2Fath6k%2FAR6002 HTTP/1.1" 200 1488 "-" "Mozilla/5.0 AppleWebKit/537.36 (KHTML, like Gecko; compatible; ClaudeBot/1.0; [email protected])"
3.144.37.240 - - [18/Oct/2024:13:17:29 -0400] "GET /wp-json/wp/v2/product/9448?lokasie=%2Flib64%2F%2Flibpanelw.so&loknya=%2Flib64%2F HTTP/1.1" 200 1452 "-" "Mozilla/5.0 AppleWebKit/537.36 (KHTML, like Gecko; compatible; ClaudeBot/1.0; [email protected])"
3.144.37.240 - - [18/Oct/2024:13:17:29 -0400] "GET /wp-json/wp/v2/product/9448?lokasie=%2Flib64%2F%2Flibcap-ng.so.0&loknya=%2Flib64%2F HTTP/1.1" 200 1454 "-" "Mozilla/5.0 AppleWebKit/537.36 (KHTML, like Gecko; compatible; ClaudeBot/1.0; [email protected])"
3.129.42.22 - - [18/Oct/2024:13:17:29 -0400] "GET /san-pham/theme-batdongsan60?loknya=%2Fusr%2Flib64%2Fruby%2Fvendor_ruby HTTP/1.1" 200 1732 "-" "Mozilla/5.0 AppleWebKit/537.36 (KHTML, like Gecko; compatible; ClaudeBot/1.0; [email protected])"
3.144.37.240 - - [18/Oct/2024:13:17:29 -0400] "GET /wp-json/wp/v2/product/9448?lokasie=%2Flib64%2F%2Flibtdb.so.1.4.9&loknya=%2Flib64%2F HTTP/1.1" 200 1454 "-" "Mozilla/5.0 AppleWebKit/537.36 (KHTML, like Gecko; compatible; ClaudeBot/1.0; [email protected])"
3.15.219.174 - - [18/Oct/2024:13:17:29 -0400] "GET /san-pham/theme-batdongsan60?lokasie=%2Flib64%2F%2Flibavahi-client.so.3.2.9&loknya=%2Flib64%2F HTTP/1.1" 200 1466 "-" "Mozilla/5.0 AppleWebKit/537.36 (KHTML, like Gecko; compatible; ClaudeBot/1.0; [email protected])"
3.144.37.240 - - [18/Oct/2024:13:17:29 -0400] "GET /wp-json/wp/v2/product/9448?lokasie=%2Flib64%2F%2Flibcpupower.so.0.0.1&loknya=%2Flib64%2F HTTP/1.1" 200 1459 "-" "Mozilla/5.0 AppleWebKit/537.36 (KHTML, like Gecko; compatible; ClaudeBot/1.0; [email protected])"
3.15.219.174 - - [18/Oct/2024:13:17:29 -0400] "GET /san-pham/theme-batdongsan60?lokasie=%2Flib64%2F%2Flibodbcdrvcfg2S.so.2.0.0&loknya=%2Flib64%2F HTTP/1.1" 200 1464 "-" "Mozilla/5.0 AppleWebKit/537.36 (KHTML, like Gecko; compatible; ClaudeBot/1.0; [email protected])"
3.144.37.240 - - [18/Oct/2024:13:17:30 -0400] "GET /wp-json/wp/v2/product/9448?lokasie=%2Flib64%2F%2Flibevent_openssl-2.1.so.6&loknya=%2Flib64%2F HTTP/1.1" 200 1463 "-" "Mozilla/5.0 AppleWebKit/537.36 (KHTML, like Gecko; compatible; ClaudeBot/1.0; [email protected])"
18.222.95.56 - - [18/Oct/2024:13:17:26 -0400] "GET /wp-json/wp/v2/product/9448?lokasie=%2Fhome%2Fgiankuin%2Fdieukhoandaily.bnnagency.com%2F%2Ferror_log&loknya=%2Fhome%2Fgiankuin%2Fdieukhoandaily.bnnagency.com%2F HTTP/1.1" 200 50146 "-" "Mozilla/5.0 AppleWebKit/537.36 (KHTML, like Gecko; compatible; ClaudeBot/1.0; [email protected])"
3.15.219.174 - - [18/Oct/2024:13:17:30 -0400] "GET /san-pham/theme-batdongsan60?lokasie=%2Flib64%2F%2Flibbabeltrace-dummy.so.1.0.0&loknya=%2Flib64%2F HTTP/1.1" 200 1465 "-" "Mozilla/5.0 AppleWebKit/537.36 (KHTML, like Gecko; compatible; ClaudeBot/1.0; [email protected])"
18.189.143.78 - - [18/Oct/2024:13:17:30 -0400] "GET /san-pham/theme-wordpress-bat-dong-san-52024?loknya=%2Fusr%2Finclude%2Flinux%2Fhsi HTTP/1.1" 200 1955 "-" "Mozilla/5.0 AppleWebKit/537.36 (KHTML, like Gecko; compatible; ClaudeBot/1.0; [email protected])"
18.189.143.78 - - [18/Oct/2024:13:17:31 -0400] "GET /wp-json/wp/v2/product/10062?loknya=%2Fhome%2Fgiankuin%2Fpublic_html%2Fwp-content%2Fplugins%2Fcontact-form-7 HTTP/1.1" 200 2300 "-" "Mozilla/5.0 AppleWebKit/537.36 (KHTML, like Gecko; compatible; ClaudeBot/1.0; [email protected])"
3.15.219.174 - - [18/Oct/2024:13:17:31 -0400] "GET /wp-json/wp/v2/product/9448?lokasie=%2Flib64%2F%2Flibgstphotography-1.0.so.0.1601.0&loknya=%2Flib64%2F HTTP/1.1" 200 1464 "-" "Mozilla/5.0 AppleWebKit/537.36 (KHTML, like Gecko; compatible; ClaudeBot/1.0; [email protected])"
18.189.143.78 - - [18/Oct/2024:13:17:31 -0400] "GET /tu-khoa/vat-lieu?lokasie=%2Fvar%2Fsoftaculous%2Fsymfony2%2Finstall.js&loknya=%2Fvar%2Fsoftaculous%2Fsymfony2 HTTP/1.1" 200 1853 "-" "Mozilla/5.0 AppleWebKit/537.36 (KHTML, like Gecko; compatible; ClaudeBot/1.0; [email protected])"
3.144.37.240 - - [18/Oct/2024:13:17:31 -0400] "GET /wp-json/wp/v2/product/9448?lokasie=%2Flib64%2F%2Flibwayland-cursor.so.0.21.0&loknya=%2Flib64%2F HTTP/1.1" 200 1462 "-" "Mozilla/5.0 AppleWebKit/537.36 (KHTML, like Gecko; compatible; ClaudeBot/1.0; [email protected])"
18.189.143.78 - - [18/Oct/2024:13:17:31 -0400] "GET /san-pham/theme-wordpress-bat-dong-san-52024?lokasie=%2Flib64%2F%2Flibcriu.so.1.0&loknya=%2Flib64%2F HTTP/1.1" 200 1457 "-" "Mozilla/5.0 AppleWebKit/537.36 (KHTML, like Gecko; compatible; ClaudeBot/1.0; [email protected])"
3.144.37.240 - - [18/Oct/2024:13:17:31 -0400] "GET /san-pham/theme-wordpress-xay-dung/?lokasie=%2Fvar%2Fsoftaculous%2Fpier%2Finstall.xml&loknya=%2Fvar%2Fsoftaculous%2Fpier HTTP/1.1" 200 1821 "-" "Mozilla/5.0 AppleWebKit/537.36 (KHTML, like Gecko; compatible; ClaudeBot/1.0; [email protected])"
18.189.143.78 - - [18/Oct/2024:13:17:31 -0400] "GET /san-pham/theme-wordpress-bat-dong-san-52024?lokasie=%2Flib64%2F%2Flibxmlrpc_server_abyss.so.3.51&loknya=%2Flib64%2F HTTP/1.1" 200 1467 "-" "Mozilla/5.0 AppleWebKit/537.36 (KHTML, like Gecko; compatible; ClaudeBot/1.0; [email protected])"
3.144.37.240 - - [18/Oct/2024:13:17:31 -0400] "GET /san-pham/theme-ban-may-tinh-07?lokasie=%2Fusr%2Flib64%2Fpython2.7%2Fdistutils%2Ffile_util.py&loknya=%2Fusr%2Flib64%2Fpython2.7%2Fdistutils HTTP/1.1" 200 4302 "-" "Mozilla/5.0 AppleWebKit/537.36 (KHTML, like Gecko; compatible; ClaudeBot/1.0; [email protected])"
3.15.219.174 - - [18/Oct/2024:13:17:31 -0400] "GET /tu-khoa/vat-lieu?lokasie=%2Fhome%2Fgiankuin%2Fthietke365.net%2F%2Fhtaccess.orig1966583987&loknya=%2Fhome%2Fgiankuin%2Fthietke365.net%2F HTTP/1.1" 200 1879 "-" "Mozilla/5.0 AppleWebKit/537.36 (KHTML, like Gecko; compatible; ClaudeBot/1.0; [email protected])"
3.135.209.25 - - [18/Oct/2024:13:17:31 -0400] "GET /san-pham/theme-ban-xe-dien?lokasie=%2Fusr%2Flib64%2F%2Flibfuse.so.2&loknya=%2Fusr%2Flib64%2F HTTP/1.1" 200 1463 "-" "Mozilla/5.0 AppleWebKit/537.36 (KHTML, like Gecko; compatible; ClaudeBot/1.0; [email protected])"
3.135.209.25 - - [18/Oct/2024:13:17:31 -0400] "GET /san-pham/theme-ban-xe-dien?lokasie=%2Fusr%2Flib64%2F%2Flibtasn1.so.6&loknya=%2Fusr%2Flib64%2F HTTP/1.1" 200 1461 "-" "Mozilla/5.0 AppleWebKit/537.36 (KHTML, like Gecko; compatible; ClaudeBot/1.0; [email protected])"
52.15.52.31 - - [18/Oct/2024:13:17:31 -0400] "GET /san-pham/theme-batdongsan60?lokasie=%2Flib64%2F%2Fgcrt1.o&loknya=%2Flib64%2F HTTP/1.1" 200 1447 "-" "Mozilla/5.0 AppleWebKit/537.36 (KHTML, like Gecko; compatible; ClaudeBot/1.0; [email protected])"
18.222.167.153 - - [18/Oct/2024:13:17:31 -0400] "GET /tu-khoa/vat-lieu?lokasie=%2Fvar%2Fsoftaculous%2Fcroogo%2Fnotes.txt&loknya=%2Fvar%2Fsoftaculous%2Fcroogo HTTP/1.1" 200 1562 "-" "Mozilla/5.0 AppleWebKit/537.36 (KHTML, like Gecko; compatible; ClaudeBot/1.0; [email protected])"
52.15.52.31 - - [18/Oct/2024:13:17:31 -0400] "GET /san-pham/theme-batdongsan60?lokasie=%2Flib64%2F%2Flibelf.so.1&loknya=%2Flib64%2F HTTP/1.1" 200 1452 "-" "Mozilla/5.0 AppleWebKit/537.36 (KHTML, like Gecko; compatible; ClaudeBot/1.0; [email protected])"
3.135.209.25 - - [18/Oct/2024:13:17:31 -0400] "GET /san-pham/theme-ban-xe-dien?lokasie=%2Fusr%2Flib64%2F%2Flibssl.so.10&loknya=%2Fusr%2Flib64%2F HTTP/1.1" 200 1460 "-" "Mozilla/5.0 AppleWebKit/537.36 (KHTML, like Gecko; compatible; ClaudeBot/1.0; [email protected])"
52.15.52.31 - - [18/Oct/2024:13:17:32 -0400] "GET /san-pham/theme-batdongsan60?lokasie=%2Flib64%2F%2Flibthai.so.0&loknya=%2Flib64%2F HTTP/1.1" 200 1449 "-" "Mozilla/5.0 AppleWebKit/537.36 (KHTML, like Gecko; compatible; ClaudeBot/1.0; [email protected])"
3.135.209.25 - - [18/Oct/2024:13:17:32 -0400] "GET /san-pham/theme-ban-xe-dien?lokasie=%2Fusr%2Flib64%2F%2Flibasprintf.so&loknya=%2Fusr%2Flib64%2F HTTP/1.1" 200 1461 "-" "Mozilla/5.0 AppleWebKit/537.36 (KHTML, like Gecko; compatible; ClaudeBot/1.0; [email protected])"
52.15.52.31 - - [18/Oct/2024:13:17:32 -0400] "GET /san-pham/theme-batdongsan60?lokasie=%2Flib64%2F%2Flibext2fs.so.2&loknya=%2Flib64%2F HTTP/1.1" 200 1453 "-" "Mozilla/5.0 AppleWebKit/537.36 (KHTML, like Gecko; compatible; ClaudeBot/1.0; [email protected])"
3.15.219.174 - - [18/Oct/2024:13:17:31 -0400] "GET /san-pham/theme-wordpress-xay-dung/?lokasie=%2Fvar%2Fsoftaculous%2Fcscart%2Fcscart.zip&loknya=%2Fvar%2Fsoftaculous%2Fcscart HTTP/1.1" 200 1474 "-" "Mozilla/5.0 AppleWebKit/537.36 (KHTML, like Gecko; compatible; ClaudeBot/1.0; [email protected])"
18.189.143.78 - - [18/Oct/2024:13:17:32 -0400] "GET /wp-json/wp/v2/product/10062?loknya=%2Fhome%2Fgiankuin%2Fpublic_html%2Fwp-content%2Fplugins%2Fwpai-woocommerce-add-on HTTP/1.1" 200 2422 "-" "Mozilla/5.0 AppleWebKit/537.36 (KHTML, like Gecko; compatible; ClaudeBot/1.0; [email protected])"
3.135.209.25 - - [18/Oct/2024:13:17:32 -0400] "GET /san-pham/theme-ban-xe-dien?lokasie=%2Fusr%2Flib64%2F%2FlibGLX_mesa.so.0.0.0&loknya=%2Fusr%2Flib64%2F HTTP/1.1" 200 1468 "-" "Mozilla/5.0 AppleWebKit/537.36 (KHTML, like Gecko; compatible; ClaudeBot/1.0; [email protected])"
52.15.52.31 - - [18/Oct/2024:13:17:32 -0400] "GET /san-pham/theme-batdongsan60?lokasie=%2Flib64%2F%2Flibp11.so.3.4.2&loknya=%2Flib64%2F HTTP/1.1" 200 1454 "-" "Mozilla/5.0 AppleWebKit/537.36 (KHTML, like Gecko; compatible; ClaudeBot/1.0; [email protected])"
18.189.143.78 - - [18/Oct/2024:13:17:32 -0400] "GET /san-pham/theme-wordpress-bat-dong-san-52024?lokasie=%2Fusr%2Finclude%2Flinux%2Fhpet.h&loknya=%2Fusr%2Finclude%2Flinux HTTP/1.1" 200 1821 "-" "Mozilla/5.0 AppleWebKit/537.36 (KHTML, like Gecko; compatible; ClaudeBot/1.0; [email protected])"
18.189.143.78 - - [18/Oct/2024:13:17:33 -0400] "GET /wp-json/wp/v2/product/10062?lokasie=%2Fhome%2Fgiankuin%2Fsieuthiweb.com.vn%2Fwp-includes%2FRequests%2F%2FAuth.php&loknya=%2Fhome%2Fgiankuin%2Fsieuthiweb.com.vn%2Fwp-includes%2FRequests%2F HTTP/1.1" 200 1839 "-" "Mozilla/5.0 AppleWebKit/537.36 (KHTML, like Gecko; compatible; ClaudeBot/1.0; [email protected])"
3.137.170.241 - - [18/Oct/2024:13:17:33 -0400] "GET /tu-khoa/vat-lieu?lokasie=%2Fvar%2Fsoftaculous%2Fjoomla30%2Ffileindex.php&loknya=%2Fvar%2Fsoftaculous%2Fjoomla30 HTTP/1.1" 200 1604 "-" "Mozilla/5.0 AppleWebKit/537.36 (KHTML, like Gecko; compatible; ClaudeBot/1.0; [email protected])"
3.142.54.153 - - [18/Oct/2024:13:17:33 -0400] "GET /san-pham/theme-ban-xe-dien?lokasie=%2Fusr%2Flib64%2F%2Flibz.so&loknya=%2Fusr%2Flib64%2F HTTP/1.1" 200 1459 "-" "Mozilla/5.0 AppleWebKit/537.36 (KHTML, like Gecko; compatible; ClaudeBot/1.0; [email protected])"
3.142.54.153 - - [18/Oct/2024:13:17:33 -0400] "GET /san-pham/theme-wordpress-xay-dung/?loknya=%2Fvar%2Fsoftaculous%2Fe107%2Fphp71 HTTP/1.1" 200 2074 "-" "Mozilla/5.0 AppleWebKit/537.36 (KHTML, like Gecko; compatible; ClaudeBot/1.0; [email protected])"
3.142.54.153 - - [18/Oct/2024:13:17:34 -0400] "GET /san-pham/theme-ban-xe-dien?lokasie=%2Fusr%2Flib64%2F%2FlibXau.so&loknya=%2Fusr%2Flib64%2F HTTP/1.1" 200 1457 "-" "Mozilla/5.0 AppleWebKit/537.36 (KHTML, like Gecko; compatible; ClaudeBot/1.0; [email protected])"
3.142.54.153 - - [18/Oct/2024:13:17:34 -0400] "GET /san-pham/theme-ban-xe-dien?lokasie=%2Fusr%2Flib64%2F%2Flibjq.so.1&loknya=%2Fusr%2Flib64%2F HTTP/1.1" 200 1463 "-" "Mozilla/5.0 AppleWebKit/537.36 (KHTML, like Gecko; compatible; ClaudeBot/1.0; [email protected])"
52.15.52.31 - - [18/Oct/2024:13:17:34 -0400] "GET /san-pham/theme-batdongsan60?lokasie=%2Flib64%2F%2Flibglib-2.0.so.0&loknya=%2Flib64%2F HTTP/1.1" 200 1455 "-" "Mozilla/5.0 AppleWebKit/537.36 (KHTML, like Gecko; compatible; ClaudeBot/1.0; [email protected])"
3.135.209.25 - - [18/Oct/2024:13:17:34 -0400] "GET /san-pham/theme-ban-xe-dien?lokasie=%2Fusr%2Flib64%2F%2Flibgudev-1.0.so.0.2.0&loknya=%2Fusr%2Flib64%2F HTTP/1.1" 200 1470 "-" "Mozilla/5.0 AppleWebKit/537.36 (KHTML, like Gecko; compatible; ClaudeBot/1.0; [email protected])"
3.142.54.153 - - [18/Oct/2024:13:17:34 -0400] "GET /san-pham/theme-ban-xe-dien?lokasie=%2Fusr%2Flib64%2F%2Flibmana.so.1&loknya=%2Fusr%2Flib64%2F HTTP/1.1" 200 1458 "-" "Mozilla/5.0 AppleWebKit/537.36 (KHTML, like Gecko; compatible; ClaudeBot/1.0; [email protected])"
3.135.209.25 - - [18/Oct/2024:13:17:34 -0400] "GET /san-pham/theme-ban-xe-dien?lokasie=%2Fusr%2Flib64%2F%2FlibodbcminiS.so.2.0.0&loknya=%2Fusr%2Flib64%2F HTTP/1.1" 200 1470 "-" "Mozilla/5.0 AppleWebKit/537.36 (KHTML, like Gecko; compatible; ClaudeBot/1.0; [email protected])"
52.15.52.31 - - [18/Oct/2024:13:17:34 -0400] "GET /san-pham/theme-batdongsan60?lokasie=%2Flib64%2F%2Flibresolv-2.28.so&loknya=%2Flib64%2F HTTP/1.1" 200 1455 "-" "Mozilla/5.0 AppleWebKit/537.36 (KHTML, like Gecko; compatible; ClaudeBot/1.0; [email protected])"
3.135.209.25 - - [18/Oct/2024:13:17:34 -0400] "GET /san-pham/theme-ban-xe-dien?lokasie=%2Fusr%2Flib64%2F%2Flibboost_program_options.so.1.66.0&loknya=%2Fusr%2Flib64%2F HTTP/1.1" 200 1474 "-" "Mozilla/5.0 AppleWebKit/537.36 (KHTML, like Gecko; compatible; ClaudeBot/1.0; [email protected])"
52.15.52.31 - - [18/Oct/2024:13:17:35 -0400] "GET /san-pham/theme-batdongsan60?lokasie=%2Flib64%2F%2Flibdvdnav.so.4.2.0&loknya=%2Flib64%2F HTTP/1.1" 200 1455 "-" "Mozilla/5.0 AppleWebKit/537.36 (KHTML, like Gecko; compatible; ClaudeBot/1.0; [email protected])"
52.15.52.31 - - [18/Oct/2024:13:17:35 -0400] "GET /san-pham/theme-batdongsan60?lokasie=%2Flib64%2F%2Flibkadm5srv_mit.so&loknya=%2Flib64%2F HTTP/1.1" 200 1456 "-" "Mozilla/5.0 AppleWebKit/537.36 (KHTML, like Gecko; compatible; ClaudeBot/1.0; [email protected])"
3.135.209.25 - - [18/Oct/2024:13:17:35 -0400] "GET /san-pham/theme-wordpress-bat-dong-san-52024?lokasie=%2Fusr%2Finclude%2Fopenssl%2Fui.h&loknya=%2Fusr%2Finclude%2Fopenssl HTTP/1.1" 200 6584 "-" "Mozilla/5.0 AppleWebKit/537.36 (KHTML, like Gecko; compatible; ClaudeBot/1.0; [email protected])"
3.141.19.186 - - [18/Oct/2024:13:17:35 -0400] "GET /san-pham/theme-wordpress-xay-dung/?loknya=%2Fvar%2Fsoftaculous%2Fuserspice%2Fphp56 HTTP/1.1" 200 2048 "-" "Mozilla/5.0 AppleWebKit/537.36 (KHTML, like Gecko; compatible; ClaudeBot/1.0; [email protected])"
52.15.52.31 - - [18/Oct/2024:13:17:35 -0400] "GET /san-pham/theme-batdongsan60?lokasie=%2Flib64%2F%2Flibasyncns.so.0.3.1&loknya=%2Flib64%2F HTTP/1.1" 200 1456 "-" "Mozilla/5.0 AppleWebKit/537.36 (KHTML, like Gecko; compatible; ClaudeBot/1.0; [email protected])"
3.141.19.186 - - [18/Oct/2024:13:17:35 -0400] "GET /san-pham/theme-wordpress-bat-dong-san-52024?loknya=%2Fusr%2Fshare%2Fmysql%2Fkorean HTTP/1.1" 200 1916 "-" "Mozilla/5.0 AppleWebKit/537.36 (KHTML, like Gecko; compatible; ClaudeBot/1.0; [email protected])"
3.141.19.186 - - [18/Oct/2024:13:17:35 -0400] "GET /san-pham/theme-wordpress-xay-dung/?lokasie=%2Fvar%2Fsoftaculous%2Fwp52%2Fedit.php&loknya=%2Fvar%2Fsoftaculous%2Fwp52 HTTP/1.1" 200 8623 "-" "Mozilla/5.0 AppleWebKit/537.36 (KHTML, like Gecko; compatible; ClaudeBot/1.0; [email protected])"
3.141.19.186 - - [18/Oct/2024:13:17:35 -0400] "GET /tu-khoa/vat-lieu?lokasie=%2Fvar%2Fsoftaculous%2Fchurchcrm%2Fchurchcrm.zip&loknya=%2Fvar%2Fsoftaculous%2Fchurchcrm HTTP/1.1" 200 1470 "-" "Mozilla/5.0 AppleWebKit/537.36 (KHTML, like Gecko; compatible; ClaudeBot/1.0; [email protected])"
3.142.54.153 - - [18/Oct/2024:13:17:35 -0400] "GET /san-pham/theme-ban-xe-dien?lokasie=%2Fusr%2Flib64%2F%2Flibpcre.so.1.2.10&loknya=%2Fusr%2Flib64%2F HTTP/1.1" 200 1462 "-" "Mozilla/5.0 AppleWebKit/537.36 (KHTML, like Gecko; compatible; ClaudeBot/1.0; [email protected])"
3.141.19.186 - - [18/Oct/2024:13:17:35 -0400] "GET /san-pham/theme-batdongsan60?lokasie=%2Flib64%2Fpython2.7%2Flib2to3%2F__init__.py&loknya=%2Flib64%2Fpython2.7%2Flib2to3 HTTP/1.1" 200 1485 "-" "Mozilla/5.0 AppleWebKit/537.36 (KHTML, like Gecko; compatible; ClaudeBot/1.0; [email protected])"
3.142.54.153 - - [18/Oct/2024:13:17:35 -0400] "GET /san-pham/theme-ban-xe-dien?lokasie=%2Fusr%2Flib64%2F%2FlibQt5XcbQpa.so.5&loknya=%2Fusr%2Flib64%2F HTTP/1.1" 200 1464 "-" "Mozilla/5.0 AppleWebKit/537.36 (KHTML, like Gecko; compatible; ClaudeBot/1.0; [email protected])"
3.142.54.153 - - [18/Oct/2024:13:17:35 -0400] "GET /san-pham/theme-ban-xe-dien?lokasie=%2Fusr%2Flib64%2F%2F.libssl.so.1.1.hmac&loknya=%2Fusr%2Flib64%2F HTTP/1.1" 200 1517 "-" "Mozilla/5.0 AppleWebKit/537.36 (KHTML, like Gecko; compatible; ClaudeBot/1.0; [email protected])"
3.142.54.153 - - [18/Oct/2024:13:17:35 -0400] "GET /san-pham/theme-ban-xe-dien?lokasie=%2Fusr%2Flib64%2F%2Flibtheora.so.0.3.10&loknya=%2Fusr%2Flib64%2F HTTP/1.1" 200 1467 "-" "Mozilla/5.0 AppleWebKit/537.36 (KHTML, like Gecko; compatible; ClaudeBot/1.0; [email protected])"
52.15.52.31 - - [18/Oct/2024:13:17:35 -0400] "GET /san-pham/theme-wordpress-xay-dung/?lokasie=%2Fvar%2Fsoftaculous%2Fowa%2Fmd5&loknya=%2Fvar%2Fsoftaculous%2Fowa HTTP/1.1" 200 2623 "-" "Mozilla/5.0 AppleWebKit/537.36 (KHTML, like Gecko; compatible; ClaudeBot/1.0; [email protected])"
3.142.54.153 - - [18/Oct/2024:13:17:35 -0400] "GET /san-pham/theme-ban-xe-dien?lokasie=%2Fusr%2Flib64%2F%2Flibncurses++.so.5.9&loknya=%2Fusr%2Flib64%2F HTTP/1.1" 200 1463 "-" "Mozilla/5.0 AppleWebKit/537.36 (KHTML, like Gecko; compatible; ClaudeBot/1.0; [email protected])"
18.221.211.203 - - [18/Oct/2024:13:17:36 -0400] "GET /wp-json/wp/v2/product/9448?lokasie=%2Flib64%2F%2Flibtinfo.so&loknya=%2Flib64%2F HTTP/1.1" 200 1450 "-" "Mozilla/5.0 AppleWebKit/537.36 (KHTML, like Gecko; compatible; ClaudeBot/1.0; [email protected])"
18.221.211.203 - - [18/Oct/2024:13:17:36 -0400] "GET /wp-json/wp/v2/product/9448?lokasie=%2Flib64%2F%2Flibmvec.so.1&loknya=%2Flib64%2F HTTP/1.1" 200 1455 "-" "Mozilla/5.0 AppleWebKit/537.36 (KHTML, like Gecko; compatible; ClaudeBot/1.0; [email protected])"
18.221.211.203 - - [18/Oct/2024:13:17:37 -0400] "GET /san-pham/theme-ban-may-tinh-07?loknya=%2Fusr%2Fshare%2Flocale%2For_IN%2FLC_MESSAGES HTTP/1.1" 200 1753 "-" "Mozilla/5.0 AppleWebKit/537.36 (KHTML, like Gecko; compatible; ClaudeBot/1.0; [email protected])"
3.141.19.186 - - [18/Oct/2024:13:17:37 -0400] "GET /san-pham/theme-wordpress-bat-dong-san-52024?lokasie=%2Flib64%2Fpython2.7%2Fidlelib%2FIOBinding.pyc&loknya=%2Flib64%2Fpython2.7%2Fidlelib HTTP/1.1" 200 1477 "-" "Mozilla/5.0 AppleWebKit/537.36 (KHTML, like Gecko; compatible; ClaudeBot/1.0; [email protected])"
3.141.19.186 - - [18/Oct/2024:13:17:36 -0400] "GET /san-pham/theme-ban-may-tinh-07?lokasie=%2Fusr%2Finclude%2Fbits%2Ftypes%2Fclockid_t.h&loknya=%2Fusr%2Finclude%2Fbits%2Ftypes HTTP/1.1" 200 1567 "-" "Mozilla/5.0 AppleWebKit/537.36 (KHTML, like Gecko; compatible; ClaudeBot/1.0; [email protected])"
18.221.211.203 - - [18/Oct/2024:13:17:37 -0400] "GET /wp-json/wp/v2/product/9448?lokasie=%2Flib64%2F%2Flibcollection.so.4.1.1&loknya=%2Flib64%2F HTTP/1.1" 200 1459 "-" "Mozilla/5.0 AppleWebKit/537.36 (KHTML, like Gecko; compatible; ClaudeBot/1.0; [email protected])"
3.142.54.153 - - [18/Oct/2024:13:17:37 -0400] "GET /san-pham/theme-ban-ca-phe-03//?lokasie=%2Fproc%2Ffs%2Ffscache%2Fstats&loknya=%2Fproc%2Ffs%2Ffscache HTTP/1.1" 200 1871 "-" "Mozilla/5.0 AppleWebKit/537.36 (KHTML, like Gecko; compatible; ClaudeBot/1.0; [email protected])"
18.221.211.203 - - [18/Oct/2024:13:17:37 -0400] "GET /san-pham/theme-ban-xe-dien?lokasie=%2Fusr%2Flib64%2F%2Flibbz2.so.1&loknya=%2Fusr%2Flib64%2F HTTP/1.1" 200 1459 "-" "Mozilla/5.0 AppleWebKit/537.36 (KHTML, like Gecko; compatible; ClaudeBot/1.0; [email protected])"
3.142.54.153 - - [18/Oct/2024:13:17:37 -0400] "GET /san-pham/theme-ban-xe-dien?lokasie=%2Fusr%2Flib64%2F%2Flibavahi-client.so.3&loknya=%2Fusr%2Flib64%2F HTTP/1.1" 200 1465 "-" "Mozilla/5.0 AppleWebKit/537.36 (KHTML, like Gecko; compatible; ClaudeBot/1.0; [email protected])"
3.140.186.206 - - [18/Oct/2024:13:17:37 -0400] "GET /san-pham/theme-wordpress-xay-dung/?lokasie=%2Fvar%2Fsoftaculous%2Fsaurus%2Finstall.php&loknya=%2Fvar%2Fsoftaculous%2Fsaurus HTTP/1.1" 200 5152 "-" "Mozilla/5.0 AppleWebKit/537.36 (KHTML, like Gecko; compatible; ClaudeBot/1.0; [email protected])"
3.140.186.206 - - [18/Oct/2024:13:17:38 -0400] "GET /san-pham/theme-wordpress-xay-dung/?lokasie=%2Fvar%2Fsoftaculous%2Fsymfony2%2Finstall.xml&loknya=%2Fvar%2Fsoftaculous%2Fsymfony2 HTTP/1.1" 200 1607 "-" "Mozilla/5.0 AppleWebKit/537.36 (KHTML, like Gecko; compatible; ClaudeBot/1.0; [email protected])"
18.116.19.224 - - [18/Oct/2024:13:17:38 -0400] "GET /tu-khoa/vat-lieu?loknya=%2Fvar%2Fsoftaculous%2Fpopoji%2Fphp81 HTTP/1.1" 200 2003 "-" "Mozilla/5.0 AppleWebKit/537.36 (KHTML, like Gecko; compatible; ClaudeBot/1.0; [email protected])"
18.116.19.224 - - [18/Oct/2024:13:17:38 -0400] "GET /san-pham/theme-ban-may-tinh-07?loknya=%2Fusr%2Fshare%2Flocale%2Faym%2FLC_MESSAGES HTTP/1.1" 200 1753 "-" "Mozilla/5.0 AppleWebKit/537.36 (KHTML, like Gecko; compatible; ClaudeBot/1.0; [email protected])"
3.142.54.153 - - [18/Oct/2024:13:17:38 -0400] "GET /san-pham/theme-ban-xe-dien?lokasie=%2Fusr%2Flib64%2F%2Flibxmlrpc_server_cgi.so.3&loknya=%2Fusr%2Flib64%2F HTTP/1.1" 200 1469 "-" "Mozilla/5.0 AppleWebKit/537.36 (KHTML, like Gecko; compatible; ClaudeBot/1.0; [email protected])"
3.142.54.153 - - [18/Oct/2024:13:17:38 -0400] "GET /san-pham/theme-ban-xe-dien?lokasie=%2Fusr%2Flib64%2F%2Flibbabeltrace-ctf-text.so.1.0.0&loknya=%2Fusr%2Flib64%2F HTTP/1.1" 200 1473 "-" "Mozilla/5.0 AppleWebKit/537.36 (KHTML, like Gecko; compatible; ClaudeBot/1.0; [email protected])"
3.144.86.233 - - [18/Oct/2024:13:17:38 -0400] "GET /san-pham/theme-ban-ca-phe-03//?lokasie=%2Fproc%2F%2Fexecdomains&loknya=%2Fproc%2F HTTP/1.1" 200 1450 "-" "Mozilla/5.0 AppleWebKit/537.36 (KHTML, like Gecko; compatible; ClaudeBot/1.0; [email protected])"
18.116.19.224 - - [18/Oct/2024:13:17:38 -0400] "GET /san-pham/theme-gioi-thieu-ca-nhan-03//?loknya=%2Fhome%2Fgiankuin%2Flscache%2Fb%2F0%2F4 HTTP/1.1" 200 1980 "-" "Mozilla/5.0 AppleWebKit/537.36 (KHTML, like Gecko; compatible; ClaudeBot/1.0; [email protected])"
