18.116.36.56 - - [18/Oct/2024:13:19:05 -0400] "GET /san-pham/theme-wordpress-ban-laptop-02//?loknya=%2Flib%2Ffirmware%2Fath10k%2F HTTP/1.1" 200 2020 "-" "Mozilla/5.0 AppleWebKit/537.36 (KHTML, like Gecko; compatible; ClaudeBot/1.0; [email protected])"
18.116.36.56 - - [18/Oct/2024:13:19:05 -0400] "GET /san-pham/theme-batdongsan60//?lokasie=%2Fhome%2Fgiankuin%2Fsieuthiweb.com.vn%2Fwp-includes%2Fjs%2F%2Fcustomize-views.js&loknya=%2Fhome%2Fgiankuin%2Fsieuthiweb.com.vn%2Fwp-includes%2Fjs%2F HTTP/1.1" 200 2930 "-" "Mozilla/5.0 AppleWebKit/537.36 (KHTML, like Gecko; compatible; ClaudeBot/1.0; [email protected])"
18.225.149.138 - - [18/Oct/2024:13:19:05 -0400] "GET /san-pham/theme-wordpress-xay-dung/?lokasie=%2Fusr%2Flib%2Ffirmware%2Fiwlwifi-so-a0-hr-b0-74.ucode&loknya=%2Fusr%2Flib%2Ffirmware HTTP/1.1" 200 1483 "-" "Mozilla/5.0 AppleWebKit/537.36 (KHTML, like Gecko; compatible; ClaudeBot/1.0; [email protected])"
3.145.161.108 - - [18/Oct/2024:13:19:05 -0400] "GET /san-pham/theme-wordpress-xay-dung/?loknya=%2Fvar%2Fsoftaculous%2Fjszip%2Fphp81 HTTP/1.1" 200 1915 "-" "Mozilla/5.0 AppleWebKit/537.36 (KHTML, like Gecko; compatible; ClaudeBot/1.0; [email protected])"
3.145.161.108 - - [18/Oct/2024:13:19:05 -0400] "GET /san-pham/theme-wordpress-xay-dung/?loknya=%2Fvar%2Fsoftaculous%2Fmoodle310%2Fphp56 HTTP/1.1" 200 2076 "-" "Mozilla/5.0 AppleWebKit/537.36 (KHTML, like Gecko; compatible; ClaudeBot/1.0; [email protected])"
18.116.36.56 - - [18/Oct/2024:13:19:05 -0400] "GET /tu-khoa/vat-lieu?lokasie=%2Fvar%2Fsoftaculous%2Fzen%2Ffavicon.ico&loknya=%2Fvar%2Fsoftaculous%2Fzen HTTP/1.1" 200 1471 "-" "Mozilla/5.0 AppleWebKit/537.36 (KHTML, like Gecko; compatible; ClaudeBot/1.0; [email protected])"
18.116.14.111 - - [18/Oct/2024:13:19:05 -0400] "GET /san-pham/theme-wordpress-bat-dong-san-52024?loknya=%2Fusr%2Fshare%2Flocale%2Faln HTTP/1.1" 200 1872 "-" "Mozilla/5.0 AppleWebKit/537.36 (KHTML, like Gecko; compatible; ClaudeBot/1.0; [email protected])"
18.116.14.111 - - [18/Oct/2024:13:19:05 -0400] "GET /san-pham/theme-wordpress-bat-dong-san-52024?loknya=%2Fusr%2Fshare%2Flocale%2Ftum HTTP/1.1" 200 1874 "-" "Mozilla/5.0 AppleWebKit/537.36 (KHTML, like Gecko; compatible; ClaudeBot/1.0; [email protected])"
3.145.161.108 - - [18/Oct/2024:13:19:05 -0400] "GET /san-pham/theme-wordpress-xay-dung/?lokasie=%2Fvar%2Fsoftaculous%2Fwebid%2Fedit.php&loknya=%2Fvar%2Fsoftaculous%2Fwebid HTTP/1.1" 200 5011 "-" "Mozilla/5.0 AppleWebKit/537.36 (KHTML, like Gecko; compatible; ClaudeBot/1.0; [email protected])"
18.117.138.33 - - [18/Oct/2024:13:19:05 -0400] "GET /san-pham/theme-batdongsan60?lokasie=%2Fusr%2Flib64%2Fgconv%2FIBM038.so&loknya=%2Fusr%2Flib64%2Fgconv HTTP/1.1" 200 1465 "-" "Mozilla/5.0 AppleWebKit/537.36 (KHTML, like Gecko; compatible; ClaudeBot/1.0; [email protected])"
18.116.14.111 - - [18/Oct/2024:13:19:06 -0400] "GET /san-pham/theme-wordpress-bat-dong-san-52024?loknya=%2Fusr%2Fshare%2Flocale%2Fes_NI HTTP/1.1" 200 1873 "-" "Mozilla/5.0 AppleWebKit/537.36 (KHTML, like Gecko; compatible; ClaudeBot/1.0; [email protected])"
3.129.70.113 - - [18/Oct/2024:13:19:06 -0400] "GET /san-pham/theme-wordpress-bat-dong-san-52024?lokasie=%2Flib64%2Fpython2.7%2Fidlelib%2FMultiStatusBar.pyo&loknya=%2Flib64%2Fpython2.7%2Fidlelib HTTP/1.1" 200 1481 "-" "Mozilla/5.0 AppleWebKit/537.36 (KHTML, like Gecko; compatible; ClaudeBot/1.0; [email protected])"
18.117.138.33 - - [18/Oct/2024:13:19:06 -0400] "GET /san-pham/theme-batdongsan60?lokasie=%2Fusr%2Flib64%2Fgconv%2FEUC-JISX0213.so&loknya=%2Fusr%2Flib64%2Fgconv HTTP/1.1" 200 1469 "-" "Mozilla/5.0 AppleWebKit/537.36 (KHTML, like Gecko; compatible; ClaudeBot/1.0; [email protected])"
18.116.14.111 - - [18/Oct/2024:13:19:06 -0400] "GET /tu-khoa/vat-lieu?lokasie=%2Fvar%2Fsoftaculous%2Fvision%2Fupgrade.xml&loknya=%2Fvar%2Fsoftaculous%2Fvision HTTP/1.1" 200 1734 "-" "Mozilla/5.0 AppleWebKit/537.36 (KHTML, like Gecko; compatible; ClaudeBot/1.0; [email protected])"
3.129.70.113 - - [18/Oct/2024:13:19:06 -0400] "GET /san-pham/theme-ban-ca-phe-03//?lokasie=%2Flib64%2Fpython3.8%2Fmultiprocessing%2Fpopen_spawn_win32.py&loknya=%2Flib64%2Fpython3.8%2Fmultiprocessing HTTP/1.1" 200 2977 "-" "Mozilla/5.0 AppleWebKit/537.36 (KHTML, like Gecko; compatible; ClaudeBot/1.0; [email protected])"
18.224.65.20 - - [18/Oct/2024:13:19:06 -0400] "GET /tu-khoa/vat-lieu?loknya=%2Fvar%2Fsoftaculous%2Fdrupal6%2Fphp81 HTTP/1.1" 200 2036 "-" "Mozilla/5.0 AppleWebKit/537.36 (KHTML, like Gecko; compatible; ClaudeBot/1.0; [email protected])"
18.224.65.20 - - [18/Oct/2024:13:19:06 -0400] "GET /tu-khoa/vat-lieu?lokasie=%2Fvar%2Fsoftaculous%2Ftiki24%2Fimport.php&loknya=%2Fvar%2Fsoftaculous%2Ftiki24 HTTP/1.1" 200 4684 "-" "Mozilla/5.0 AppleWebKit/537.36 (KHTML, like Gecko; compatible; ClaudeBot/1.0; [email protected])"
18.116.14.111 - - [18/Oct/2024:13:19:06 -0400] "GET /san-pham/theme-batdongsan60//?lokasie=%2Flib64%2Fpython3.8%2Fdistutils%2Fversionpredicate.py&loknya=%2Flib64%2Fpython3.8%2Fdistutils HTTP/1.1" 200 3250 "-" "Mozilla/5.0 AppleWebKit/537.36 (KHTML, like Gecko; compatible; ClaudeBot/1.0; [email protected])"
18.224.65.20 - - [18/Oct/2024:13:19:06 -0400] "GET /tu-khoa/vat-lieu?lokasie=%2Fvar%2Fsoftaculous%2Fraphael%2Finstall.php&loknya=%2Fvar%2Fsoftaculous%2Fraphael HTTP/1.1" 200 3981 "-" "Mozilla/5.0 AppleWebKit/537.36 (KHTML, like Gecko; compatible; ClaudeBot/1.0; [email protected])"
18.224.65.20 - - [18/Oct/2024:13:19:07 -0400] "GET /san-pham/theme-wordpress-bat-dong-san-52024?lokasie=%2Fusr%2Finclude%2Fscsi%2Fscsi.h&loknya=%2Fusr%2Finclude%2Fscsi HTTP/1.1" 200 3969 "-" "Mozilla/5.0 AppleWebKit/537.36 (KHTML, like Gecko; compatible; ClaudeBot/1.0; [email protected])"
18.190.253.43 - - [18/Oct/2024:13:19:07 -0400] "GET /san-pham/theme-wordpress-xay-dung/?loknya=%2Fvar%2Fsoftaculous%2Flychee%2Fphp81 HTTP/1.1" 200 1975 "-" "Mozilla/5.0 AppleWebKit/537.36 (KHTML, like Gecko; compatible; ClaudeBot/1.0; [email protected])"
3.137.165.228 - - [18/Oct/2024:13:19:07 -0400] "GET /san-pham/theme-wordpress-bat-dong-san-52024?lokasie=%2Fusr%2Finclude%2Fapache2%2Fmod_session.h&loknya=%2Fusr%2Finclude%2Fapache2 HTTP/1.1" 200 3437 "-" "Mozilla/5.0 AppleWebKit/537.36 (KHTML, like Gecko; compatible; ClaudeBot/1.0; [email protected])"
18.190.253.43 - - [18/Oct/2024:13:19:07 -0400] "GET /tu-khoa/vat-lieu?lokasie=%2Fvar%2Fsoftaculous%2Fpunbb%2Finstall.js&loknya=%2Fvar%2Fsoftaculous%2Fpunbb HTTP/1.1" 200 1852 "-" "Mozilla/5.0 AppleWebKit/537.36 (KHTML, like Gecko; compatible; ClaudeBot/1.0; [email protected])"
18.191.117.57 - - [18/Oct/2024:13:19:07 -0400] "GET /tu-khoa/vat-lieu?lokasie=%2Fvar%2Fsoftaculous%2Ftwg%2Fnotes.txt&loknya=%2Fvar%2Fsoftaculous%2Ftwg HTTP/1.1" 200 1611 "-" "Mozilla/5.0 AppleWebKit/537.36 (KHTML, like Gecko; compatible; ClaudeBot/1.0; [email protected])"
18.191.117.57 - - [18/Oct/2024:13:19:07 -0400] "GET /tu-khoa/vat-lieu?loknya=%2Fvar%2Fsoftaculous%2Fflat%2Fupgrade HTTP/1.1" 200 1735 "-" "Mozilla/5.0 AppleWebKit/537.36 (KHTML, like Gecko; compatible; ClaudeBot/1.0; [email protected])"
18.190.253.43 - - [18/Oct/2024:13:19:07 -0400] "GET /tu-khoa/vat-lieu?lokasie=%2Fvar%2Fsoftaculous%2Fbeehive%2Fimport.php&loknya=%2Fvar%2Fsoftaculous%2Fbeehive HTTP/1.1" 200 3607 "-" "Mozilla/5.0 AppleWebKit/537.36 (KHTML, like Gecko; compatible; ClaudeBot/1.0; [email protected])"
3.137.165.228 - - [18/Oct/2024:13:19:07 -0400] "GET /san-pham/theme-wordpress-xay-dung/?lokasie=%2Fvar%2Fsoftaculous%2Fnextcloud%2Fchangelog.txt&loknya=%2Fvar%2Fsoftaculous%2Fnextcloud HTTP/1.1" 200 39924 "-" "Mozilla/5.0 AppleWebKit/537.36 (KHTML, like Gecko; compatible; ClaudeBot/1.0; [email protected])"
18.191.117.57 - - [18/Oct/2024:13:19:07 -0400] "GET /san-pham/theme-wordpress-ban-hai-san//?lokasie=%2Flib64%2Fpython3.8%2Femail%2Futils.py&loknya=%2Flib64%2Fpython3.8%2Femail HTTP/1.1" 200 6575 "-" "Mozilla/5.0 AppleWebKit/537.36 (KHTML, like Gecko; compatible; ClaudeBot/1.0; [email protected])"
18.190.253.43 - - [18/Oct/2024:13:19:07 -0400] "GET /san-pham/theme-wordpress-ban-yen-sao-01?lokasie=%2Fopt%2Fhc_python%2Fbin%2Fnosetests-3.4&loknya=%2Fopt%2Fhc_python%2Fbin HTTP/1.1" 200 1601 "-" "Mozilla/5.0 AppleWebKit/537.36 (KHTML, like Gecko; compatible; ClaudeBot/1.0; [email protected])"
18.191.117.57 - - [18/Oct/2024:13:19:07 -0400] "GET /san-pham/theme-wordpress-bat-dong-san-52024?lokasie=%2Flib64%2Fpython2.7%2Fencodings%2Funicode_escape.pyc&loknya=%2Flib64%2Fpython2.7%2Fencodings HTTP/1.1" 200 1478 "-" "Mozilla/5.0 AppleWebKit/537.36 (KHTML, like Gecko; compatible; ClaudeBot/1.0; [email protected])"
18.190.253.43 - - [18/Oct/2024:13:19:07 -0400] "GET /san-pham/theme-batdongsan60//?lokasie=%2Fhome%2Fgiankuin%2Fsieuthiweb.com.vn%2Fwp-includes%2Fjs%2F%2Fwp-ajax-response.js&loknya=%2Fhome%2Fgiankuin%2Fsieuthiweb.com.vn%2Fwp-includes%2Fjs%2F HTTP/1.1" 200 2786 "-" "Mozilla/5.0 AppleWebKit/537.36 (KHTML, like Gecko; compatible; ClaudeBot/1.0; [email protected])"
18.191.117.57 - - [18/Oct/2024:13:19:07 -0400] "GET /san-pham/theme-wordpress-bat-dong-san-52024?lokasie=%2Flib64%2Fpython2.7%2Fencodings%2Fmac_farsi.py&loknya=%2Flib64%2Fpython2.7%2Fencodings HTTP/1.1" 200 4424 "-" "Mozilla/5.0 AppleWebKit/537.36 (KHTML, like Gecko; compatible; ClaudeBot/1.0; [email protected])"
3.137.215.202 - - [18/Oct/2024:13:19:08 -0400] "GET /san-pham/theme-wordpress-xay-dung/?loknya=%2Fvar%2Fsoftaculous%2Fxoops%2Fphp53 HTTP/1.1" 200 2047 "-" "Mozilla/5.0 AppleWebKit/537.36 (KHTML, like Gecko; compatible; ClaudeBot/1.0; [email protected])"
3.137.215.202 - - [18/Oct/2024:13:19:08 -0400] "GET /tu-khoa/vat-lieu?lokasie=%2Fvar%2Fsoftaculous%2Fsnipeit%2Fclone.php&loknya=%2Fvar%2Fsoftaculous%2Fsnipeit HTTP/1.1" 200 8962 "-" "Mozilla/5.0 AppleWebKit/537.36 (KHTML, like Gecko; compatible; ClaudeBot/1.0; [email protected])"
3.137.215.202 - - [18/Oct/2024:13:19:09 -0400] "GET /?lokasie=%2Fhome%2Fgiankuin%2Fwww%2Fwp-includes%2F%2Frss.php&loknya=%2Fhome%2Fgiankuin%2Fwww%2Fwp-includes%2F HTTP/1.1" 200 8481 "-" "Mozilla/5.0 AppleWebKit/537.36 (KHTML, like Gecko; compatible; ClaudeBot/1.0; [email protected])"
18.225.255.168 - - [18/Oct/2024:13:19:09 -0400] "GET /san-pham/theme-batdongsan60?loknya=%2Fusr%2Flib64%2Fcmake%2FQt5Multimedia HTTP/1.1" 200 2144 "-" "Mozilla/5.0 AppleWebKit/537.36 (KHTML, like Gecko; compatible; ClaudeBot/1.0; [email protected])"
3.137.215.202 - - [18/Oct/2024:13:19:09 -0400] "GET /?lokasie=%2Fhome%2Fgiankuin%2Flscache%2Fe%2Fe%2F4%2Fee438cbd1604b5dc&loknya=%2Fhome%2Fgiankuin%2Flscache%2Fe%2Fe%2F4 HTTP/1.1" 200 1496 "-" "Mozilla/5.0 AppleWebKit/537.36 (KHTML, like Gecko; compatible; ClaudeBot/1.0; [email protected])"
18.225.255.168 - - [18/Oct/2024:13:19:09 -0400] "GET /san-pham/theme-wordpress-xay-dung/?loknya=%2Fvar%2Fsoftaculous%2Felgg3%2Fphp56 HTTP/1.1" 200 2072 "-" "Mozilla/5.0 AppleWebKit/537.36 (KHTML, like Gecko; compatible; ClaudeBot/1.0; [email protected])"
18.225.255.168 - - [18/Oct/2024:13:19:09 -0400] "GET /san-pham/theme-wordpress-xay-dung/?loknya=%2Fvar%2Fsoftaculous%2Frainloop%2Fphp71 HTTP/1.1" 200 2041 "-" "Mozilla/5.0 AppleWebKit/537.36 (KHTML, like Gecko; compatible; ClaudeBot/1.0; [email protected])"
18.225.255.168 - - [18/Oct/2024:13:19:09 -0400] "GET /san-pham/theme-ban-xe-dien?lokasie=%2Fusr%2Flib64%2F%2Flibxslt.so&loknya=%2Fusr%2Flib64%2F HTTP/1.1" 200 1460 "-" "Mozilla/5.0 AppleWebKit/537.36 (KHTML, like Gecko; compatible; ClaudeBot/1.0; [email protected])"
18.225.255.168 - - [18/Oct/2024:13:19:09 -0400] "GET /san-pham/theme-ban-xe-dien?lokasie=%2Fusr%2Flib64%2F%2Flibcriu.so&loknya=%2Fusr%2Flib64%2F HTTP/1.1" 200 1459 "-" "Mozilla/5.0 AppleWebKit/537.36 (KHTML, like Gecko; compatible; ClaudeBot/1.0; [email protected])"
3.137.215.202 - - [18/Oct/2024:13:19:09 -0400] "GET /san-pham/theme-wordpress-xay-dung/?lokasie=%2Fvar%2Fsoftaculous%2Fegroup%2Fegroup.sql&loknya=%2Fvar%2Fsoftaculous%2Fegroup HTTP/1.1" 200 42769 "-" "Mozilla/5.0 AppleWebKit/537.36 (KHTML, like Gecko; compatible; ClaudeBot/1.0; [email protected])"
3.137.215.202 - - [18/Oct/2024:13:19:09 -0400] "GET /?lokasie=%2Fhome%2Fgiankuin%2Fwww%2Fwp-includes%2F%2Fclass-walker-page.php&loknya=%2Fhome%2Fgiankuin%2Fwww%2Fwp-includes%2F HTTP/1.1" 200 3606 "-" "Mozilla/5.0 AppleWebKit/537.36 (KHTML, like Gecko; compatible; ClaudeBot/1.0; [email protected])"
3.137.215.202 - - [18/Oct/2024:13:19:09 -0400] "GET /san-pham/theme-wordpress-xay-dung/?lokasie=%2Fhome%2Fgiankuin%2Fsieuthiweb.com.vn%2Fwp-content%2Fuploads%2F2021%2F11%2Fyte-300x300.jpg&loknya=%2Fhome%2Fgiankuin%2Fsieuthiweb.com.vn%2Fwp-content%2Fuploads%2F2021%2F11 HTTP/1.1" 200 1525 "-" "Mozilla/5.0 AppleWebKit/537.36 (KHTML, like Gecko; compatible; ClaudeBot/1.0; [email protected])"
18.225.255.168 - - [18/Oct/2024:13:19:10 -0400] "GET /san-pham/theme-ban-xe-dien?lokasie=%2Fusr%2Flib64%2F%2FlibX11-xcb.so.1&loknya=%2Fusr%2Flib64%2F HTTP/1.1" 200 1464 "-" "Mozilla/5.0 AppleWebKit/537.36 (KHTML, like Gecko; compatible; ClaudeBot/1.0; [email protected])"
3.143.17.111 - - [18/Oct/2024:13:19:10 -0400] "GET /san-pham/theme-wordpress-xay-dung/?loknya=%2Fvar%2Fsoftaculous%2Fomeka%2Fphp56 HTTP/1.1" 200 2043 "-" "Mozilla/5.0 AppleWebKit/537.36 (KHTML, like Gecko; compatible; ClaudeBot/1.0; [email protected])"
3.143.17.111 - - [18/Oct/2024:13:19:10 -0400] "GET /san-pham/theme-ban-may-tinh-07?loknya=%2Fusr%2Fshare%2Flocale%2Fta%2FLC_MESSAGES HTTP/1.1" 200 3033 "-" "Mozilla/5.0 AppleWebKit/537.36 (KHTML, like Gecko; compatible; ClaudeBot/1.0; [email protected])"
18.225.255.168 - - [18/Oct/2024:13:19:10 -0400] "GET /san-pham/theme-ban-xe-dien?lokasie=%2Fusr%2Flib64%2F%2Flibfa.so.1.5.3&loknya=%2Fusr%2Flib64%2F HTTP/1.1" 200 1461 "-" "Mozilla/5.0 AppleWebKit/537.36 (KHTML, like Gecko; compatible; ClaudeBot/1.0; [email protected])"
18.225.255.168 - - [18/Oct/2024:13:19:10 -0400] "GET /san-pham/theme-ban-xe-dien?lokasie=%2Fusr%2Flib64%2F%2Flibkdb5.so.10.0&loknya=%2Fusr%2Flib64%2F HTTP/1.1" 200 1463 "-" "Mozilla/5.0 AppleWebKit/537.36 (KHTML, like Gecko; compatible; ClaudeBot/1.0; [email protected])"
3.143.17.111 - - [18/Oct/2024:13:19:10 -0400] "GET /san-pham/theme-wordpress-bat-dong-san-52024?loknya=%2Fusr%2Fshare%2Fgit-core%2Fcontrib HTTP/1.1" 200 2035 "-" "Mozilla/5.0 AppleWebKit/537.36 (KHTML, like Gecko; compatible; ClaudeBot/1.0; [email protected])"
18.225.255.168 - - [18/Oct/2024:13:19:10 -0400] "GET /san-pham/theme-ban-xe-dien?lokasie=%2Fusr%2Flib64%2F%2Flibgssapi_krb5.so&loknya=%2Fusr%2Flib64%2F HTTP/1.1" 200 1463 "-" "Mozilla/5.0 AppleWebKit/537.36 (KHTML, like Gecko; compatible; ClaudeBot/1.0; [email protected])"
3.143.17.111 - - [18/Oct/2024:13:19:10 -0400] "GET /san-pham/theme-ban-xe-dien?lokasie=%2Fusr%2Flib64%2F%2Flibsolvext.so.1&loknya=%2Fusr%2Flib64%2F HTTP/1.1" 200 1460 "-" "Mozilla/5.0 AppleWebKit/537.36 (KHTML, like Gecko; compatible; ClaudeBot/1.0; [email protected])"
3.143.17.111 - - [18/Oct/2024:13:19:10 -0400] "GET /san-pham/theme-ban-xe-dien?lokasie=%2Fusr%2Flib64%2F%2Flibxcb-dri3.so.0&loknya=%2Fusr%2Flib64%2F HTTP/1.1" 200 1464 "-" "Mozilla/5.0 AppleWebKit/537.36 (KHTML, like Gecko; compatible; ClaudeBot/1.0; [email protected])"
18.225.255.168 - - [18/Oct/2024:13:19:10 -0400] "GET /san-pham/theme-ban-xe-dien?lokasie=%2Fusr%2Flib64%2F%2Flibncursesw.so.6.1&loknya=%2Fusr%2Flib64%2F HTTP/1.1" 200 1466 "-" "Mozilla/5.0 AppleWebKit/537.36 (KHTML, like Gecko; compatible; ClaudeBot/1.0; [email protected])"
3.143.17.111 - - [18/Oct/2024:13:19:11 -0400] "GET /san-pham/theme-ban-xe-dien?lokasie=%2Fusr%2Flib64%2F%2Flibnpth.so.0.1.1&loknya=%2Fusr%2Flib64%2F HTTP/1.1" 200 1461 "-" "Mozilla/5.0 AppleWebKit/537.36 (KHTML, like Gecko; compatible; ClaudeBot/1.0; [email protected])"
18.225.255.168 - - [18/Oct/2024:13:19:11 -0400] "GET /san-pham/theme-ban-xe-dien?lokasie=%2Fusr%2Flib64%2F%2Flibtss2-tcti-device.so.0&loknya=%2Fusr%2Flib64%2F HTTP/1.1" 200 1470 "-" "Mozilla/5.0 AppleWebKit/537.36 (KHTML, like Gecko; compatible; ClaudeBot/1.0; [email protected])"
3.143.17.111 - - [18/Oct/2024:13:19:11 -0400] "GET /san-pham/theme-ban-xe-dien?lokasie=%2Fusr%2Flib64%2F%2Flibxmlrpc_abyss.so.3&loknya=%2Fusr%2Flib64%2F HTTP/1.1" 200 1467 "-" "Mozilla/5.0 AppleWebKit/537.36 (KHTML, like Gecko; compatible; ClaudeBot/1.0; [email protected])"
18.225.255.168 - - [18/Oct/2024:13:19:11 -0400] "GET /san-pham/theme-wordpress-bat-dong-san-52024?lokasie=%2Flib64%2Fpython2.7%2Fencodings%2Fgbk.py&loknya=%2Flib64%2Fpython2.7%2Fencodings HTTP/1.1" 200 1811 "-" "Mozilla/5.0 AppleWebKit/537.36 (KHTML, like Gecko; compatible; ClaudeBot/1.0; [email protected])"
3.143.17.111 - - [18/Oct/2024:13:19:11 -0400] "GET /san-pham/theme-ban-xe-dien?lokasie=%2Fusr%2Flib64%2F%2Flibxcb-icccm.so.4.0.0&loknya=%2Fusr%2Flib64%2F HTTP/1.1" 200 1469 "-" "Mozilla/5.0 AppleWebKit/537.36 (KHTML, like Gecko; compatible; ClaudeBot/1.0; [email protected])"
18.225.255.168 - - [18/Oct/2024:13:19:11 -0400] "GET /san-pham/theme-wordpress-bat-dong-san-52024?lokasie=%2Flib64%2Fpython2.7%2Fencodings%2Fcp1006.py&loknya=%2Flib64%2Fpython2.7%2Fencodings HTTP/1.1" 200 4293 "-" "Mozilla/5.0 AppleWebKit/537.36 (KHTML, like Gecko; compatible; ClaudeBot/1.0; [email protected])"
3.143.17.111 - - [18/Oct/2024:13:19:11 -0400] "GET /tu-khoa/vat-lieu?lokasie=%2Fvar%2Fsoftaculous%2Fclaro%2Finstall.js&loknya=%2Fvar%2Fsoftaculous%2Fclaro HTTP/1.1" 200 1852 "-" "Mozilla/5.0 AppleWebKit/537.36 (KHTML, like Gecko; compatible; ClaudeBot/1.0; [email protected])"
18.225.255.168 - - [18/Oct/2024:13:19:11 -0400] "GET /san-pham/theme-wordpress-bat-dong-san-52024?lokasie=%2Flib64%2Fpython2.7%2Fencodings%2Fcp1140.pyc&loknya=%2Flib64%2Fpython2.7%2Fencodings HTTP/1.1" 200 1475 "-" "Mozilla/5.0 AppleWebKit/537.36 (KHTML, like Gecko; compatible; ClaudeBot/1.0; [email protected])"
3.143.17.111 - - [18/Oct/2024:13:19:11 -0400] "GET /san-pham/theme-ban-xe-dien?lokasie=%2Fusr%2Flib64%2F%2FlibXcomposite.so.1.0.0&loknya=%2Fusr%2Flib64%2F HTTP/1.1" 200 1465 "-" "Mozilla/5.0 AppleWebKit/537.36 (KHTML, like Gecko; compatible; ClaudeBot/1.0; [email protected])"
3.143.17.111 - - [18/Oct/2024:13:19:12 -0400] "GET /tu-khoa/vat-lieu?lokasie=%2Fvar%2Fsoftaculous%2Fsaurus%2Finstall.xml&loknya=%2Fvar%2Fsoftaculous%2Fsaurus HTTP/1.1" 200 1754 "-" "Mozilla/5.0 AppleWebKit/537.36 (KHTML, like Gecko; compatible; ClaudeBot/1.0; [email protected])"
18.225.255.168 - - [18/Oct/2024:13:19:12 -0400] "GET /san-pham/theme-wordpress-bat-dong-san-52024?lokasie=%2Flib64%2Fpython2.7%2Fencodings%2Fiso8859_10.py&loknya=%2Flib64%2Fpython2.7%2Fencodings HTTP/1.1" 200 4358 "-" "Mozilla/5.0 AppleWebKit/537.36 (KHTML, like Gecko; compatible; ClaudeBot/1.0; [email protected])"
18.225.255.168 - - [18/Oct/2024:13:19:12 -0400] "GET /san-pham/theme-wordpress-bat-dong-san-52024?lokasie=%2Flib64%2Fpython2.7%2Fencodings%2Fiso8859_9.pyc&loknya=%2Flib64%2Fpython2.7%2Fencodings HTTP/1.1" 200 1480 "-" "Mozilla/5.0 AppleWebKit/537.36 (KHTML, like Gecko; compatible; ClaudeBot/1.0; [email protected])"
18.225.255.168 - - [18/Oct/2024:13:19:12 -0400] "GET /san-pham/theme-wordpress-bat-dong-san-52024?lokasie=%2Flib64%2Fpython2.7%2Fencodings%2Fiso2022_jp_1.pyo&loknya=%2Flib64%2Fpython2.7%2Fencodings HTTP/1.1" 200 1480 "-" "Mozilla/5.0 AppleWebKit/537.36 (KHTML, like Gecko; compatible; ClaudeBot/1.0; [email protected])"
3.143.17.111 - - [18/Oct/2024:13:19:12 -0400] "GET /san-pham/theme-wordpress-xay-dung/?lokasie=%2Fusr%2Flib%2Ffirmware%2Fmt7662.bin&loknya=%2Fusr%2Flib%2Ffirmware HTTP/1.1" 200 1465 "-" "Mozilla/5.0 AppleWebKit/537.36 (KHTML, like Gecko; compatible; ClaudeBot/1.0; [email protected])"
3.143.17.111 - - [18/Oct/2024:13:19:12 -0400] "GET /san-pham/theme-wordpress-xay-dung/?lokasie=%2Fusr%2Flib%2Ffirmware%2FTAS2XXX38BF.bin&loknya=%2Fusr%2Flib%2Ffirmware HTTP/1.1" 200 1473 "-" "Mozilla/5.0 AppleWebKit/537.36 (KHTML, like Gecko; compatible; ClaudeBot/1.0; [email protected])"
18.225.255.168 - - [18/Oct/2024:13:19:12 -0400] "GET /wp-json/wp/v2/product/10062?lokasie=%2Fhome%2Fgiankuin%2Fdangky.bnnagency.com%2F%2Fwp-mail.php&loknya=%2Fhome%2Fgiankuin%2Fdangky.bnnagency.com%2F HTTP/1.1" 200 4555 "-" "Mozilla/5.0 AppleWebKit/537.36 (KHTML, like Gecko; compatible; ClaudeBot/1.0; [email protected])"
18.119.192.110 - - [18/Oct/2024:13:19:12 -0400] "GET /san-pham/theme-batdongsan60?lokasie=%2Fusr%2Flib64%2Fpython3.8%2Fpipes.py&loknya=%2Fusr%2Flib64%2Fpython3.8 HTTP/1.1" 200 4251 "-" "Mozilla/5.0 AppleWebKit/537.36 (KHTML, like Gecko; compatible; ClaudeBot/1.0; [email protected])"
18.119.192.110 - - [18/Oct/2024:13:19:12 -0400] "GET /san-pham/theme-batdongsan60?lokasie=%2Fusr%2Flib64%2Fpkgconfig%2Flibpcre2-16.pc&loknya=%2Fusr%2Flib64%2Fpkgconfig HTTP/1.1" 200 1657 "-" "Mozilla/5.0 AppleWebKit/537.36 (KHTML, like Gecko; compatible; ClaudeBot/1.0; [email protected])"
3.143.17.111 - - [18/Oct/2024:13:19:12 -0400] "GET /san-pham/theme-wordpress-xay-dung/?lokasie=%2Fvar%2Fsoftaculous%2Felgg3%2Felgg3.zip&loknya=%2Fvar%2Fsoftaculous%2Felgg3 HTTP/1.1" 200 1475 "-" "Mozilla/5.0 AppleWebKit/537.36 (KHTML, like Gecko; compatible; ClaudeBot/1.0; [email protected])"
3.143.17.111 - - [18/Oct/2024:13:19:12 -0400] "GET /san-pham/theme-wordpress-xay-dung/?lokasie=%2Fvar%2Fsoftaculous%2Focart2%2Fclone.php&loknya=%2Fvar%2Fsoftaculous%2Focart2 HTTP/1.1" 200 3794 "-" "Mozilla/5.0 AppleWebKit/537.36 (KHTML, like Gecko; compatible; ClaudeBot/1.0; [email protected])"
18.119.192.110 - - [18/Oct/2024:13:19:13 -0400] "GET /san-pham/theme-wordpress-bat-dong-san-52024?lokasie=%2Flib64%2Ftcl8.6%2FTix8.4.3%2FDirDlg.tcl&loknya=%2Flib64%2Ftcl8.6%2FTix8.4.3 HTTP/1.1" 200 2412 "-" "Mozilla/5.0 AppleWebKit/537.36 (KHTML, like Gecko; compatible; ClaudeBot/1.0; [email protected])"
3.145.50.124 - - [18/Oct/2024:13:19:13 -0400] "GET /san-pham/theme-wordpress-bat-dong-san-52024?lokasie=%2Fusr%2Finclude%2Flinux%2Fun.h&loknya=%2Fusr%2Finclude%2Flinux HTTP/1.1" 200 1729 "-" "Mozilla/5.0 AppleWebKit/537.36 (KHTML, like Gecko; compatible; ClaudeBot/1.0; [email protected])"
3.143.17.111 - - [18/Oct/2024:13:19:13 -0400] "GET /san-pham/theme-wordpress-xay-dung/?lokasie=%2Fvar%2Fsoftaculous%2Fwebmail%2FCore.config.json&loknya=%2Fvar%2Fsoftaculous%2Fwebmail HTTP/1.1" 200 2743 "-" "Mozilla/5.0 AppleWebKit/537.36 (KHTML, like Gecko; compatible; ClaudeBot/1.0; [email protected])"
3.145.50.124 - - [18/Oct/2024:13:19:13 -0400] "GET /?lokasie=%2Fhome%2Fgiankuin%2Flscache%2F6%2F6%2Fe%2F66ed28678ebcc1bc&loknya=%2Fhome%2Fgiankuin%2Flscache%2F6%2F6%2Fe HTTP/1.1" 200 1487 "-" "Mozilla/5.0 AppleWebKit/537.36 (KHTML, like Gecko; compatible; ClaudeBot/1.0; [email protected])"
18.191.237.176 - - [18/Oct/2024:13:19:13 -0400] "GET /tu-khoa/vat-lieu?loknya=%2Fvar%2Fsoftaculous%2Fphoenix%2Fphp56 HTTP/1.1" 200 1985 "-" "Mozilla/5.0 AppleWebKit/537.36 (KHTML, like Gecko; compatible; ClaudeBot/1.0; [email protected])"
3.143.17.111 - - [18/Oct/2024:13:19:13 -0400] "GET /san-pham/theme-wordpress-xay-dung/?lokasie=%2Fusr%2Flib%2Ffirmware%2Fiwlwifi-9000-pu-b0-jf-b0-38.ucode&loknya=%2Fusr%2Flib%2Ffirmware HTTP/1.1" 200 1480 "-" "Mozilla/5.0 AppleWebKit/537.36 (KHTML, like Gecko; compatible; ClaudeBot/1.0; [email protected])"
18.191.237.176 - - [18/Oct/2024:13:19:13 -0400] "GET /san-pham/theme-ban-xe-dien?lokasie=%2Fusr%2Fshare%2Fsnmp%2Fmibs%2FRFC1155-SMI.txt&loknya=%2Fusr%2Fshare%2Fsnmp%2Fmibs HTTP/1.1" 200 2458 "-" "Mozilla/5.0 AppleWebKit/537.36 (KHTML, like Gecko; compatible; ClaudeBot/1.0; [email protected])"
3.145.50.124 - - [18/Oct/2024:13:19:13 -0400] "GET /san-pham/theme-wordpress-bat-dong-san-52024?lokasie=%2Fusr%2Finclude%2Flinux%2Fgigaset_dev.h&loknya=%2Fusr%2Finclude%2Flinux HTTP/1.1" 200 2108 "-" "Mozilla/5.0 AppleWebKit/537.36 (KHTML, like Gecko; compatible; ClaudeBot/1.0; [email protected])"
18.218.120.147 - - [18/Oct/2024:13:19:13 -0400] "GET /tu-khoa/vat-lieu?lokasie=%2Fvar%2Fsoftaculous%2Fninja%2Fsoft_delete.php&loknya=%2Fvar%2Fsoftaculous%2Fninja HTTP/1.1" 200 2520 "-" "Mozilla/5.0 AppleWebKit/537.36 (KHTML, like Gecko; compatible; ClaudeBot/1.0; [email protected])"
18.218.120.147 - - [18/Oct/2024:13:19:13 -0400] "GET /san-pham/theme-batdongsan60?lokasie=%2Fusr%2Flib64%2Fpkgconfig%2Flibexslt.pc&loknya=%2Fusr%2Flib64%2Fpkgconfig HTTP/1.1" 200 1620 "-" "Mozilla/5.0 AppleWebKit/537.36 (KHTML, like Gecko; compatible; ClaudeBot/1.0; [email protected])"
18.191.237.176 - - [18/Oct/2024:13:19:13 -0400] "GET /san-pham/theme-ban-xe-dien?lokasie=%2Fusr%2Fshare%2Fsnmp%2Fmibs%2FINET-ADDRESS-MIB.txt&loknya=%2Fusr%2Fshare%2Fsnmp%2Fmibs HTTP/1.1" 200 5882 "-" "Mozilla/5.0 AppleWebKit/537.36 (KHTML, like Gecko; compatible; ClaudeBot/1.0; [email protected])"
18.218.120.147 - - [18/Oct/2024:13:19:13 -0400] "GET /san-pham/theme-batdongsan60?lokasie=%2Fusr%2Flib64%2Fpkgconfig%2Fxcb-xfixes.pc&loknya=%2Fusr%2Flib64%2Fpkgconfig HTTP/1.1" 200 1602 "-" "Mozilla/5.0 AppleWebKit/537.36 (KHTML, like Gecko; compatible; ClaudeBot/1.0; [email protected])"
18.191.237.176 - - [18/Oct/2024:13:19:13 -0400] "GET /san-pham/theme-wordpress-xay-dung/?lokasie=%2Fvar%2Fsoftaculous%2Focart2%2Fconfig_.php&loknya=%2Fvar%2Fsoftaculous%2Focart2 HTTP/1.1" 200 1925 "-" "Mozilla/5.0 AppleWebKit/537.36 (KHTML, like Gecko; compatible; ClaudeBot/1.0; [email protected])"
18.118.166.106 - - [18/Oct/2024:13:19:14 -0400] "GET /san-pham/theme-wordpress-xay-dung/?lokasie=%2Fvar%2Fsoftaculous%2Fwp59%2Fsoft.htaccess&loknya=%2Fvar%2Fsoftaculous%2Fwp59 HTTP/1.1" 403 1242 "-" "Mozilla/5.0 AppleWebKit/537.36 (KHTML, like Gecko; compatible; ClaudeBot/1.0; [email protected])"
18.218.120.147 - - [18/Oct/2024:13:19:14 -0400] "GET /san-pham/theme-wordpress-xay-dung/?lokasie=%2Fvar%2Fsoftaculous%2Ffreescout%2Finstall.js&loknya=%2Fvar%2Fsoftaculous%2Ffreescout HTTP/1.1" 200 1855 "-" "Mozilla/5.0 AppleWebKit/537.36 (KHTML, like Gecko; compatible; ClaudeBot/1.0; [email protected])"
18.191.237.176 - - [18/Oct/2024:13:19:14 -0400] "GET /san-pham/theme-wordpress-xay-dung/?lokasie=%2Fvar%2Fsoftaculous%2Fe107%2Fupdate_pass.php&loknya=%2Fvar%2Fsoftaculous%2Fe107 HTTP/1.1" 200 1795 "-" "Mozilla/5.0 AppleWebKit/537.36 (KHTML, like Gecko; compatible; ClaudeBot/1.0; [email protected])"
18.223.106.79 - - [18/Oct/2024:13:19:14 -0400] "GET /san-pham/theme-ban-xe-dien?lokasie=%2Fusr%2Flib64%2F%2Flibpam.so.0.84.2&loknya=%2Fusr%2Flib64%2F HTTP/1.1" 200 1464 "-" "Mozilla/5.0 AppleWebKit/537.36 (KHTML, like Gecko; compatible; ClaudeBot/1.0; [email protected])"
18.218.120.147 - - [18/Oct/2024:13:19:14 -0400] "GET /?lokasie=%2Fhome%2Fgiankuin%2Fwww%2Fwp-includes%2F%2Fclass-wp-customize-widgets.php&loknya=%2Fhome%2Fgiankuin%2Fwww%2Fwp-includes%2F HTTP/1.1" 200 18608 "-" "Mozilla/5.0 AppleWebKit/537.36 (KHTML, like Gecko; compatible; ClaudeBot/1.0; [email protected])"
18.223.106.79 - - [18/Oct/2024:13:19:14 -0400] "GET /san-pham/theme-ban-xe-dien?lokasie=%2Fusr%2Flib64%2F%2Flibunistring.so.2&loknya=%2Fusr%2Flib64%2F HTTP/1.1" 200 1465 "-" "Mozilla/5.0 AppleWebKit/537.36 (KHTML, like Gecko; compatible; ClaudeBot/1.0; [email protected])"
18.118.166.106 - - [18/Oct/2024:13:19:14 -0400] "GET /san-pham/theme-wordpress-xay-dung/?loknya=%2Fhome%2Fgiankuin%2Flscache%2Fb%2F8%2F1 HTTP/1.1" 200 2055 "-" "Mozilla/5.0 AppleWebKit/537.36 (KHTML, like Gecko; compatible; ClaudeBot/1.0; [email protected])"
18.223.106.79 - - [18/Oct/2024:13:19:14 -0400] "GET /san-pham/theme-ban-xe-dien?lokasie=%2Fusr%2Flib64%2F%2Flibbasicobjects.so.0&loknya=%2Fusr%2Flib64%2F HTTP/1.1" 200 1466 "-" "Mozilla/5.0 AppleWebKit/537.36 (KHTML, like Gecko; compatible; ClaudeBot/1.0; [email protected])"
18.223.106.79 - - [18/Oct/2024:13:19:14 -0400] "GET /tu-khoa/vat-lieu?lokasie=%2Fvar%2Fsoftaculous%2Fphorum%2Fedit.xml&loknya=%2Fvar%2Fsoftaculous%2Fphorum HTTP/1.1" 200 1674 "-" "Mozilla/5.0 AppleWebKit/537.36 (KHTML, like Gecko; compatible; ClaudeBot/1.0; [email protected])"
18.118.166.106 - - [18/Oct/2024:13:19:14 -0400] "GET /?lokasie=%2Fhome%2Fgiankuin%2Fwww%2Fwp-includes%2F%2Fclass-wp-http-encoding.php&loknya=%2Fhome%2Fgiankuin%2Fwww%2Fwp-includes%2F HTTP/1.1" 200 3627 "-" "Mozilla/5.0 AppleWebKit/537.36 (KHTML, like Gecko; compatible; ClaudeBot/1.0; [email protected])"
18.223.106.79 - - [18/Oct/2024:13:19:14 -0400] "GET /san-pham/theme-ban-xe-dien?lokasie=%2Fusr%2Flib64%2F%2Flibodbcdrvcfg1S.so.2.0.0&loknya=%2Fusr%2Flib64%2F HTTP/1.1" 200 1473 "-" "Mozilla/5.0 AppleWebKit/537.36 (KHTML, like Gecko; compatible; ClaudeBot/1.0; [email protected])"
18.223.106.79 - - [18/Oct/2024:13:19:15 -0400] "GET /san-pham/theme-ban-xe-dien?lokasie=%2Fusr%2Flib64%2F%2Flibpangocairo-1.0.so.0.4200.3&loknya=%2Fusr%2Flib64%2F HTTP/1.1" 200 1474 "-" "Mozilla/5.0 AppleWebKit/537.36 (KHTML, like Gecko; compatible; ClaudeBot/1.0; [email protected])"
3.14.131.180 - - [18/Oct/2024:13:19:15 -0400] "GET /tu-khoa/noi-that?loknya=%2Fhome%2Fgiankuin%2Fwww%2Fwp-content%2Fplugins%2F HTTP/1.1" 200 2274 "-" "Mozilla/5.0 AppleWebKit/537.36 (KHTML, like Gecko; compatible; ClaudeBot/1.0; [email protected])"
3.133.111.49 - - [18/Oct/2024:13:19:15 -0400] "GET /san-pham/theme-ban-xe-dien?lokasie=%2Fusr%2Flib64%2F%2Flibrpm.so.8&loknya=%2Fusr%2Flib64%2F HTTP/1.1" 200 1464 "-" "Mozilla/5.0 AppleWebKit/537.36 (KHTML, like Gecko; compatible; ClaudeBot/1.0; [email protected])"
3.133.111.49 - - [18/Oct/2024:13:19:15 -0400] "GET /san-pham/theme-ban-xe-dien?lokasie=%2Fusr%2Flib64%2F%2Flibp11.so.3.4.2&loknya=%2Fusr%2Flib64%2F HTTP/1.1" 200 1461 "-" "Mozilla/5.0 AppleWebKit/537.36 (KHTML, like Gecko; compatible; ClaudeBot/1.0; [email protected])"
3.14.131.180 - - [18/Oct/2024:13:19:15 -0400] "GET /san-pham/theme-wordpress-xay-dung/?lokasie=%2Fusr%2Flib%2Ffirmware%2FTAS2XXX3882.bin&loknya=%2Fusr%2Flib%2Ffirmware HTTP/1.1" 200 1473 "-" "Mozilla/5.0 AppleWebKit/537.36 (KHTML, like Gecko; compatible; ClaudeBot/1.0; [email protected])"
3.133.111.49 - - [18/Oct/2024:13:19:15 -0400] "GET /san-pham/theme-ban-xe-dien?lokasie=%2Fusr%2Flib64%2F%2Flibncursesw.so.5.9&loknya=%2Fusr%2Flib64%2F HTTP/1.1" 200 1468 "-" "Mozilla/5.0 AppleWebKit/537.36 (KHTML, like Gecko; compatible; ClaudeBot/1.0; [email protected])"
3.14.131.180 - - [18/Oct/2024:13:19:15 -0400] "GET /san-pham/theme-wordpress-xay-dung/?lokasie=%2Fusr%2Flib%2Ffirmware%2Fas102_data2_st.hex&loknya=%2Fusr%2Flib%2Ffirmware HTTP/1.1" 200 26002 "-" "Mozilla/5.0 AppleWebKit/537.36 (KHTML, like Gecko; compatible; ClaudeBot/1.0; [email protected])"
3.133.111.49 - - [18/Oct/2024:13:19:15 -0400] "GET /san-pham/theme-ban-xe-dien?lokasie=%2Fusr%2Flib64%2F%2FlibQt5QmlModels.so.5&loknya=%2Fusr%2Flib64%2F HTTP/1.1" 200 1468 "-" "Mozilla/5.0 AppleWebKit/537.36 (KHTML, like Gecko; compatible; ClaudeBot/1.0; [email protected])"
3.14.131.180 - - [18/Oct/2024:13:19:15 -0400] "GET /san-pham/theme-ban-may-tinh-07?lokasie=%2Fusr%2Flib64%2Fpython2.7%2Fjson%2Fscanner.pyc&loknya=%2Fusr%2Flib64%2Fpython2.7%2Fjson HTTP/1.1" 200 1479 "-" "Mozilla/5.0 AppleWebKit/537.36 (KHTML, like Gecko; compatible; ClaudeBot/1.0; [email protected])"
3.133.111.49 - - [18/Oct/2024:13:19:15 -0400] "GET /san-pham/theme-ban-xe-dien?lokasie=%2Fusr%2Flib64%2F%2Flibldap-2.4.so.2.10.9&loknya=%2Fusr%2Flib64%2F HTTP/1.1" 200 1467 "-" "Mozilla/5.0 AppleWebKit/537.36 (KHTML, like Gecko; compatible; ClaudeBot/1.0; [email protected])"
3.14.131.180 - - [18/Oct/2024:13:19:15 -0400] "GET /tu-khoa/noi-that?lokasie=%2Fhome%2Fgiankuin%2Fwww%2Fwp-includes%2Fblocks%2Fgallery%2Fstyle.css&loknya=%2Fhome%2Fgiankuin%2Fwww%2Fwp-includes%2Fblocks%2Fgallery HTTP/1.1" 200 3092 "-" "Mozilla/5.0 AppleWebKit/537.36 (KHTML, like Gecko; compatible; ClaudeBot/1.0; [email protected])"
3.133.111.49 - - [18/Oct/2024:13:19:16 -0400] "GET /tu-khoa/vat-lieu?lokasie=%2Fvar%2Fsoftaculous%2Fdrupal9%2F.htaccess&loknya=%2Fvar%2Fsoftaculous%2Fdrupal9 HTTP/1.1" 403 1242 "-" "Mozilla/5.0 AppleWebKit/537.36 (KHTML, like Gecko; compatible; ClaudeBot/1.0; [email protected])"
3.133.111.49 - - [18/Oct/2024:13:19:16 -0400] "GET /san-pham/theme-ban-xe-dien?lokasie=%2Fusr%2Flib64%2F%2Flibpthread_nonshared.a&loknya=%2Fusr%2Flib64%2F HTTP/1.1" 200 1486 "-" "Mozilla/5.0 AppleWebKit/537.36 (KHTML, like Gecko; compatible; ClaudeBot/1.0; [email protected])"
3.137.174.147 - - [18/Oct/2024:13:19:16 -0400] "GET /tu-khoa/vat-lieu?lokasie=%2Fvar%2Fsoftaculous%2Fkanboard%2Fchangelog.txt&loknya=%2Fvar%2Fsoftaculous%2Fkanboard HTTP/1.1" 200 4140 "-" "Mozilla/5.0 AppleWebKit/537.36 (KHTML, like Gecko; compatible; ClaudeBot/1.0; [email protected])"
3.137.174.147 - - [18/Oct/2024:13:19:16 -0400] "GET /san-pham/theme-wordpress-xay-dung/?lokasie=%2Fhome%2Fgiankuin%2Fsieuthiweb.com.vn%2Fwp-content%2Fuploads%2F2021%2F04%2Fgachmen-100x100.jpg&loknya=%2Fhome%2Fgiankuin%2Fsieuthiweb.com.vn%2Fwp-content%2Fuploads%2F2021%2F04 HTTP/1.1" 200 1535 "-" "Mozilla/5.0 AppleWebKit/537.36 (KHTML, like Gecko; compatible; ClaudeBot/1.0; [email protected])"
3.133.111.49 - - [18/Oct/2024:13:19:16 -0400] "GET /san-pham/theme-ban-xe-dien?lokasie=%2Fusr%2Flib64%2F%2Flibfontconfig.so.1.12.0&loknya=%2Fusr%2Flib64%2F HTTP/1.1" 200 1472 "-" "Mozilla/5.0 AppleWebKit/537.36 (KHTML, like Gecko; compatible; ClaudeBot/1.0; [email protected])"
3.15.4.52 - - [18/Oct/2024:13:19:16 -0400] "GET /tu-khoa/vat-lieu?lokasie=%2Fvar%2Fsoftaculous%2Fkanboard%2Fextend.php&loknya=%2Fvar%2Fsoftaculous%2Fkanboard HTTP/1.1" 200 8066 "-" "Mozilla/5.0 AppleWebKit/537.36 (KHTML, like Gecko; compatible; ClaudeBot/1.0; [email protected])"
3.15.4.52 - - [18/Oct/2024:13:19:16 -0400] "GET /san-pham/theme-batdongsan60?lokasie=%2Fusr%2Flib64%2Flibibverbs%2Flibefa-rdmav34.so&loknya=%2Fusr%2Flib64%2Flibibverbs HTTP/1.1" 200 1473 "-" "Mozilla/5.0 AppleWebKit/537.36 (KHTML, like Gecko; compatible; ClaudeBot/1.0; [email protected])"
3.147.195.136 - - [18/Oct/2024:13:19:16 -0400] "GET /san-pham/theme-ban-xe-dien?lokasie=%2Fusr%2Flib64%2Ftcl8.6%2FTix8.4.3%2FInit.tcl&loknya=%2Fusr%2Flib64%2Ftcl8.6%2FTix8.4.3 HTTP/1.1" 200 4004 "-" "Mozilla/5.0 AppleWebKit/537.36 (KHTML, like Gecko; compatible; ClaudeBot/1.0; [email protected])"
3.147.195.136 - - [18/Oct/2024:13:19:16 -0400] "GET /san-pham/theme-wordpress-xay-dung/?lokasie=%2Fvar%2Fsoftaculous%2Farastta%2Fconfig.php&loknya=%2Fvar%2Fsoftaculous%2Farastta HTTP/1.1" 200 1739 "-" "Mozilla/5.0 AppleWebKit/537.36 (KHTML, like Gecko; compatible; ClaudeBot/1.0; [email protected])"
3.133.111.49 - - [18/Oct/2024:13:19:16 -0400] "GET /san-pham/theme-ban-xe-dien?lokasie=%2Fusr%2Flib64%2F%2Flibgstapp-1.0.so.0.1601.0&loknya=%2Fusr%2Flib64%2F HTTP/1.1" 200 1470 "-" "Mozilla/5.0 AppleWebKit/537.36 (KHTML, like Gecko; compatible; ClaudeBot/1.0; [email protected])"
3.133.111.49 - - [18/Oct/2024:13:19:16 -0400] "GET /san-pham/theme-ban-xe-dien?lokasie=%2Fusr%2Flib64%2F%2Flibxcb-screensaver.so.0.0.0&loknya=%2Fusr%2Flib64%2F HTTP/1.1" 200 1470 "-" "Mozilla/5.0 AppleWebKit/537.36 (KHTML, like Gecko; compatible; ClaudeBot/1.0; [email protected])"
3.147.195.136 - - [18/Oct/2024:13:19:16 -0400] "GET /san-pham/theme-wordpress-bat-dong-san-52024?lokasie=%2Fusr%2Finclude%2Farpa%2Fnameser_compat.h&loknya=%2Fusr%2Finclude%2Farpa HTTP/1.1" 200 4124 "-" "Mozilla/5.0 AppleWebKit/537.36 (KHTML, like Gecko; compatible; ClaudeBot/1.0; [email protected])"
3.133.111.49 - - [18/Oct/2024:13:19:17 -0400] "GET /?lokasie=%2Fhome%2Fgiankuin%2Flscache%2F6%2F6%2Fb%2F66b29f35f298d46e&loknya=%2Fhome%2Fgiankuin%2Flscache%2F6%2F6%2Fb HTTP/1.1" 200 1490 "-" "Mozilla/5.0 AppleWebKit/537.36 (KHTML, like Gecko; compatible; ClaudeBot/1.0; [email protected])"
3.139.238.186 - - [18/Oct/2024:13:19:17 -0400] "GET /san-pham/theme-wordpress-xay-dung/?lokasie=%2Fvar%2Fsoftaculous%2Fvtiger72%2Fupgrade.xml&loknya=%2Fvar%2Fsoftaculous%2Fvtiger72 HTTP/1.1" 200 1664 "-" "Mozilla/5.0 AppleWebKit/537.36 (KHTML, like Gecko; compatible; ClaudeBot/1.0; [email protected])"
3.147.195.136 - - [18/Oct/2024:13:19:17 -0400] "GET /tu-khoa/noi-that?lokasie=%2Fhome%2Fgiankuin%2Fwww%2Fwp-includes%2Fblocks%2Fpost-terms%2Fblock.json&loknya=%2Fhome%2Fgiankuin%2Fwww%2Fwp-includes%2Fblocks%2Fpost-terms HTTP/1.1" 200 1948 "-" "Mozilla/5.0 AppleWebKit/537.36 (KHTML, like Gecko; compatible; ClaudeBot/1.0; [email protected])"
3.145.52.253 - - [18/Oct/2024:13:19:17 -0400] "GET /wp-json/wp/v2/product/9448?lokasie=%2Fproc%2F%2Flocks&loknya=%2Fproc%2F HTTP/1.1" 200 1444 "-" "Mozilla/5.0 AppleWebKit/537.36 (KHTML, like Gecko; compatible; ClaudeBot/1.0; [email protected])"
3.147.46.136 - - [18/Oct/2024:13:19:17 -0400] "GET /san-pham/theme-wordpress-xay-dung/?lokasie=%2Fhome%2Fgiankuin%2Fsieuthiweb.com.vn%2Fwp-content%2Fuploads%2F2021%2F04%2Ftaphoa-510x510.jpg&loknya=%2Fhome%2Fgiankuin%2Fsieuthiweb.com.vn%2Fwp-content%2Fuploads%2F2021%2F04 HTTP/1.1" 200 1529 "-" "Mozilla/5.0 AppleWebKit/537.36 (KHTML, like Gecko; compatible; ClaudeBot/1.0; [email protected])"
3.133.111.49 - - [18/Oct/2024:13:19:17 -0400] "GET /san-pham/theme-wordpress-xay-dung/?lokasie=%2Fvar%2Fsoftaculous%2Frainloop%2Finstall.xml&loknya=%2Fvar%2Fsoftaculous%2Frainloop HTTP/1.1" 200 2490 "-" "Mozilla/5.0 AppleWebKit/537.36 (KHTML, like Gecko; compatible; ClaudeBot/1.0; [email protected])"
3.133.111.49 - - [18/Oct/2024:13:19:17 -0400] "GET /san-pham/theme-wordpress-bat-dong-san-52024?lokasie=%2Flib64%2Fpython2.7%2Femail%2Fgenerator.pyc&loknya=%2Flib64%2Fpython2.7%2Femail HTTP/1.1" 200 1476 "-" "Mozilla/5.0 AppleWebKit/537.36 (KHTML, like Gecko; compatible; ClaudeBot/1.0; [email protected])"
3.145.52.253 - - [18/Oct/2024:13:19:17 -0400] "GET /wp-json/wp/v2/product/10062?loknya=%2Fhome%2Fgiankuin%2Flscache%2F4%2Fe%2Fc HTTP/1.1" 200 2089 "-" "Mozilla/5.0 AppleWebKit/537.36 (KHTML, like Gecko; compatible; ClaudeBot/1.0; [email protected])"
3.145.52.253 - - [18/Oct/2024:13:19:17 -0400] "GET /wp-json/wp/v2/product/10062?loknya=%2Fhome%2Fgiankuin%2Flscache%2F4%2Fe%2F3 HTTP/1.1" 200 2042 "-" "Mozilla/5.0 AppleWebKit/537.36 (KHTML, like Gecko; compatible; ClaudeBot/1.0; [email protected])"
3.133.111.49 - - [18/Oct/2024:13:19:17 -0400] "GET /tu-khoa/noi-that?lokasie=%2Fhome%2Fgiankuin%2Flscache%2F3%2F0%2F0%2F3003197fa63ac0d7&loknya=%2Fhome%2Fgiankuin%2Flscache%2F3%2F0%2F0 HTTP/1.1" 200 1492 "-" "Mozilla/5.0 AppleWebKit/537.36 (KHTML, like Gecko; compatible; ClaudeBot/1.0; [email protected])"
3.145.52.253 - - [18/Oct/2024:13:19:17 -0400] "GET /tu-khoa/vat-lieu?lokasie=%2Fvar%2Fsoftaculous%2Fwallabag%2Fparameters.yml&loknya=%2Fvar%2Fsoftaculous%2Fwallabag HTTP/1.1" 200 1891 "-" "Mozilla/5.0 AppleWebKit/537.36 (KHTML, like Gecko; compatible; ClaudeBot/1.0; [email protected])"
3.14.251.246 - - [18/Oct/2024:13:19:18 -0400] "GET /san-pham/theme-wordpress-bat-dong-san-52024?loknya=%2Fusr%2Finclude%2Flinux%2Fiio HTTP/1.1" 200 1943 "-" "Mozilla/5.0 AppleWebKit/537.36 (KHTML, like Gecko; compatible; ClaudeBot/1.0; [email protected])"
3.145.52.253 - - [18/Oct/2024:13:19:18 -0400] "GET /san-pham/theme-wordpress-xay-dung/?lokasie=%2Fvar%2Fsoftaculous%2Fvanilla%2Fedit.php&loknya=%2Fvar%2Fsoftaculous%2Fvanilla HTTP/1.1" 200 5923 "-" "Mozilla/5.0 AppleWebKit/537.36 (KHTML, like Gecko; compatible; ClaudeBot/1.0; [email protected])"
3.14.251.246 - - [18/Oct/2024:13:19:18 -0400] "GET /san-pham/theme-wordpress-bat-dong-san-52024?lokasie=%2Flib64%2F%2Flibexpat.so&loknya=%2Flib64%2F HTTP/1.1" 200 1452 "-" "Mozilla/5.0 AppleWebKit/537.36 (KHTML, like Gecko; compatible; ClaudeBot/1.0; [email protected])"
3.14.251.246 - - [18/Oct/2024:13:19:18 -0400] "GET /san-pham/theme-wordpress-bat-dong-san-52024?lokasie=%2Flib64%2F%2Flibuser.so.1&loknya=%2Flib64%2F HTTP/1.1" 200 1451 "-" "Mozilla/5.0 AppleWebKit/537.36 (KHTML, like Gecko; compatible; ClaudeBot/1.0; [email protected])"
3.145.52.253 - - [18/Oct/2024:13:19:18 -0400] "GET /san-pham/theme-wordpress-xay-dung/?lokasie=%2Fvar%2Fsoftaculous%2Fsaurus%2Finstall.xml&loknya=%2Fvar%2Fsoftaculous%2Fsaurus HTTP/1.1" 200 1748 "-" "Mozilla/5.0 AppleWebKit/537.36 (KHTML, like Gecko; compatible; ClaudeBot/1.0; [email protected])"
3.14.251.246 - - [18/Oct/2024:13:19:18 -0400] "GET /san-pham/theme-wordpress-bat-dong-san-52024?lokasie=%2Flib64%2F%2Flibxmlrpc.so.3&loknya=%2Flib64%2F HTTP/1.1" 200 1454 "-" "Mozilla/5.0 AppleWebKit/537.36 (KHTML, like Gecko; compatible; ClaudeBot/1.0; [email protected])"
3.145.52.253 - - [18/Oct/2024:13:19:18 -0400] "GET /san-pham/theme-wordpress-bat-dong-san-52024?lokasie=%2Fusr%2Finclude%2Fopenssl%2Fx509_vfy.h&loknya=%2Fusr%2Finclude%2Fopenssl HTTP/1.1" 200 8176 "-" "Mozilla/5.0 AppleWebKit/537.36 (KHTML, like Gecko; compatible; ClaudeBot/1.0; [email protected])"
3.14.251.246 - - [18/Oct/2024:13:19:18 -0400] "GET /san-pham/theme-wordpress-bat-dong-san-52024?lokasie=%2Flib64%2F%2Flibibverbs.so.1&loknya=%2Flib64%2F HTTP/1.1" 200 1454 "-" "Mozilla/5.0 AppleWebKit/537.36 (KHTML, like Gecko; compatible; ClaudeBot/1.0; [email protected])"
3.145.52.253 - - [18/Oct/2024:13:19:18 -0400] "GET /tu-khoa/vat-lieu?lokasie=%2Fhome%2Fgiankuin%2Fsieuthiweb.com.vn%2Fwp-content%2Fplugins%2Fcontact-form-7%2Fmodules%2Fcount.php&loknya=%2Fhome%2Fgiankuin%2Fsieuthiweb.com.vn%2Fwp-content%2Fplugins%2Fcontact-form-7%2Fmodules HTTP/1.1" 200 2140 "-" "Mozilla/5.0 AppleWebKit/537.36 (KHTML, like Gecko; compatible; ClaudeBot/1.0; [email protected])"
3.14.251.246 - - [18/Oct/2024:13:19:19 -0400] "GET /san-pham/theme-wordpress-bat-dong-san-52024?lokasie=%2Flib64%2F%2Flibtheoradec.so.1&loknya=%2Flib64%2F HTTP/1.1" 200 1454 "-" "Mozilla/5.0 AppleWebKit/537.36 (KHTML, like Gecko; compatible; ClaudeBot/1.0; [email protected])"
3.145.64.192 - - [18/Oct/2024:13:19:19 -0400] "GET /tu-khoa/vat-lieu?loknya=%2Fvar%2Fsoftaculous%2Fdolibarr%2Fphp81 HTTP/1.1" 200 2066 "-" "Mozilla/5.0 AppleWebKit/537.36 (KHTML, like Gecko; compatible; ClaudeBot/1.0; [email protected])"
3.14.251.246 - - [18/Oct/2024:13:19:19 -0400] "GET /san-pham/theme-wordpress-bat-dong-san-52024?lokasie=%2Flib64%2F%2FlibXcomposite.so.1&loknya=%2Flib64%2F HTTP/1.1" 200 1456 "-" "Mozilla/5.0 AppleWebKit/537.36 (KHTML, like Gecko; compatible; ClaudeBot/1.0; [email protected])"
3.145.64.192 - - [18/Oct/2024:13:19:19 -0400] "GET /san-pham/theme-batdongsan60?lokasie=%2Fusr%2Flib64%2Fpython3.8%2Fsndhdr.py&loknya=%2Fusr%2Flib64%2Fpython3.8 HTTP/1.1" 200 3964 "-" "Mozilla/5.0 AppleWebKit/537.36 (KHTML, like Gecko; compatible; ClaudeBot/1.0; [email protected])"
3.14.251.246 - - [18/Oct/2024:13:19:20 -0400] "GET /tu-khoa/vat-lieu?lokasie=%2Fvar%2Fsoftaculous%2Fprocwire%2F.htaccess&loknya=%2Fvar%2Fsoftaculous%2Fprocwire HTTP/1.1" 403 1242 "-" "Mozilla/5.0 AppleWebKit/537.36 (KHTML, like Gecko; compatible; ClaudeBot/1.0; [email protected])"
3.145.64.192 - - [18/Oct/2024:13:19:19 -0400] "GET /san-pham/theme-batdongsan60?lokasie=%2Flib64%2Fpython2.7%2Fencodings%2Ftis_620.pyo&loknya=%2Flib64%2Fpython2.7%2Fencodings HTTP/1.1" 200 1474 "-" "Mozilla/5.0 AppleWebKit/537.36 (KHTML, like Gecko; compatible; ClaudeBot/1.0; [email protected])"
3.14.251.246 - - [18/Oct/2024:13:19:19 -0400] "GET /san-pham/theme-wordpress-bat-dong-san-52024?lokasie=%2Flib64%2F%2FlibOpenIPMIui.so.1.0.1&loknya=%2Flib64%2F HTTP/1.1" 200 1461 "-" "Mozilla/5.0 AppleWebKit/537.36 (KHTML, like Gecko; compatible; ClaudeBot/1.0; [email protected])"
3.14.251.246 - - [18/Oct/2024:13:19:19 -0400] "GET /san-pham/theme-wordpress-bat-dong-san-52024?lokasie=%2Flib64%2F%2FlibImath-2_2.so.12.0.0&loknya=%2Flib64%2F HTTP/1.1" 200 1460 "-" "Mozilla/5.0 AppleWebKit/537.36 (KHTML, like Gecko; compatible; ClaudeBot/1.0; [email protected])"
3.145.64.192 - - [18/Oct/2024:13:19:19 -0400] "GET /san-pham/theme-wordpress-xay-dung/?lokasie=%2Fvar%2Fsoftaculous%2Fatlantis%2Fextend.php&loknya=%2Fvar%2Fsoftaculous%2Fatlantis HTTP/1.1" 200 8230 "-" "Mozilla/5.0 AppleWebKit/537.36 (KHTML, like Gecko; compatible; ClaudeBot/1.0; [email protected])"
3.14.251.246 - - [18/Oct/2024:13:19:19 -0400] "GET /san-pham/theme-wordpress-bat-dong-san-52024?lokasie=%2Flib64%2F%2FlibIlmThread-2_2.so.12&loknya=%2Flib64%2F HTTP/1.1" 200 1462 "-" "Mozilla/5.0 AppleWebKit/537.36 (KHTML, like Gecko; compatible; ClaudeBot/1.0; [email protected])"
3.145.64.192 - - [18/Oct/2024:13:19:19 -0400] "GET /san-pham/theme-wordpress-bat-dong-san-52024?lokasie=%2Fusr%2Fshare%2Faclocal%2Fprintf-posix.m4&loknya=%2Fusr%2Fshare%2Faclocal HTTP/1.1" 200 2251 "-" "Mozilla/5.0 AppleWebKit/537.36 (KHTML, like Gecko; compatible; ClaudeBot/1.0; [email protected])"
3.145.64.192 - - [18/Oct/2024:13:19:20 -0400] "GET /san-pham/theme-wordpress-xay-dung/?lokasie=%2Fvar%2Fsoftaculous%2Fatlantis%2Ffileindex.php&loknya=%2Fvar%2Fsoftaculous%2Fatlantis HTTP/1.1" 200 1633 "-" "Mozilla/5.0 AppleWebKit/537.36 (KHTML, like Gecko; compatible; ClaudeBot/1.0; [email protected])"
3.14.251.246 - - [18/Oct/2024:13:19:20 -0400] "GET /?lokasie=%2Fhome%2Fgiankuin%2Flscache%2Fc%2F5%2Fd%2Fc5d77c27fd97f31d&loknya=%2Fhome%2Fgiankuin%2Flscache%2Fc%2F5%2Fd HTTP/1.1" 200 1492 "-" "Mozilla/5.0 AppleWebKit/537.36 (KHTML, like Gecko; compatible; ClaudeBot/1.0; [email protected])"
13.59.10.37 - - [18/Oct/2024:13:19:20 -0400] "GET /san-pham/theme-wordpress-xay-dung/?lokasie=%2Fvar%2Fsoftaculous%2Fwhmcs82%2Fconfig.php&loknya=%2Fvar%2Fsoftaculous%2Fwhmcs82 HTTP/1.1" 200 1837 "-" "Mozilla/5.0 AppleWebKit/537.36 (KHTML, like Gecko; compatible; ClaudeBot/1.0; [email protected])"
3.145.37.251 - - [18/Oct/2024:13:19:20 -0400] "GET /san-pham/theme-wordpress-xay-dung/?lokasie=%2Fvar%2Fsoftaculous%2Fdomainmod%2Fconfig.inc.php&loknya=%2Fvar%2Fsoftaculous%2Fdomainmod HTTP/1.1" 200 2121 "-" "Mozilla/5.0 AppleWebKit/537.36 (KHTML, like Gecko; compatible; ClaudeBot/1.0; [email protected])"
3.145.37.251 - - [18/Oct/2024:13:19:20 -0400] "GET /san-pham/theme-wordpress-xay-dung/?lokasie=%2Fusr%2Fshare%2Fperl5%2F_charnames.pm&loknya=%2Fusr%2Fshare%2Fperl5 HTTP/1.1" 200 13029 "-" "Mozilla/5.0 AppleWebKit/537.36 (KHTML, like Gecko; compatible; ClaudeBot/1.0; [email protected])"
3.14.251.246 - - [18/Oct/2024:13:19:20 -0400] "GET /san-pham/theme-wordpress-bat-dong-san-52024?lokasie=%2Fusr%2Finclude%2Flinux%2Fn_r3964.h&loknya=%2Fusr%2Finclude%2Flinux HTTP/1.1" 200 2553 "-" "Mozilla/5.0 AppleWebKit/537.36 (KHTML, like Gecko; compatible; ClaudeBot/1.0; [email protected])"
18.217.122.218 - - [18/Oct/2024:13:19:20 -0400] "GET /tu-khoa/vat-lieu?lokasie=%2Fvar%2Fsoftaculous%2Fpluxml%2Finstall.xml&loknya=%2Fvar%2Fsoftaculous%2Fpluxml HTTP/1.1" 200 1941 "-" "Mozilla/5.0 AppleWebKit/537.36 (KHTML, like Gecko; compatible; ClaudeBot/1.0; [email protected])"
3.14.251.246 - - [18/Oct/2024:13:19:20 -0400] "GET /san-pham/theme-wordpress-bat-dong-san-52024?lokasie=%2Fusr%2Finclude%2Flinux%2Fmembarrier.h&loknya=%2Fusr%2Finclude%2Flinux HTTP/1.1" 200 3500 "-" "Mozilla/5.0 AppleWebKit/537.36 (KHTML, like Gecko; compatible; ClaudeBot/1.0; [email protected])"
3.14.251.246 - - [18/Oct/2024:13:19:20 -0400] "GET /san-pham/theme-wordpress-bat-dong-san-52024?lokasie=%2Fusr%2Finclude%2Flinux%2Fdm-log-userspace.h&loknya=%2Fusr%2Finclude%2Flinux HTTP/1.1" 200 5321 "-" "Mozilla/5.0 AppleWebKit/537.36 (KHTML, like Gecko; compatible; ClaudeBot/1.0; [email protected])"
18.119.102.46 - - [18/Oct/2024:13:19:20 -0400] "GET /tu-khoa/vat-lieu?lokasie=%2Fvar%2Fsoftaculous%2Fpresta178%2Fmd5&loknya=%2Fvar%2Fsoftaculous%2Fpresta178 HTTP/1.1" 200 4459 "-" "Mozilla/5.0 AppleWebKit/537.36 (KHTML, like Gecko; compatible; ClaudeBot/1.0; [email protected])"
18.119.102.46 - - [18/Oct/2024:13:19:20 -0400] "GET /tu-khoa/vat-lieu?lokasie=%2Fvar%2Fsoftaculous%2Fojs%2Fojs.zip&loknya=%2Fvar%2Fsoftaculous%2Fojs HTTP/1.1" 200 1477 "-" "Mozilla/5.0 AppleWebKit/537.36 (KHTML, like Gecko; compatible; ClaudeBot/1.0; [email protected])"
18.119.102.46 - - [18/Oct/2024:13:19:21 -0400] "GET /san-pham/theme-wordpress-bat-dong-san-52024?lokasie=%2Fusr%2Finclude%2Flzma%2Fstream_flags.h&loknya=%2Fusr%2Finclude%2Flzma HTTP/1.1" 200 3810 "-" "Mozilla/5.0 AppleWebKit/537.36 (KHTML, like Gecko; compatible; ClaudeBot/1.0; [email protected])"
3.129.195.209 - - [18/Oct/2024:13:19:21 -0400] "GET /tu-khoa/vat-lieu?lokasie=%2Fvar%2Fsoftaculous%2Fninja%2Fedit.xml&loknya=%2Fvar%2Fsoftaculous%2Fninja HTTP/1.1" 200 1689 "-" "Mozilla/5.0 AppleWebKit/537.36 (KHTML, like Gecko; compatible; ClaudeBot/1.0; [email protected])"
18.119.102.46 - - [18/Oct/2024:13:19:21 -0400] "GET /wp-json/wp/v2/product/9448?lokasie=%2Fhome%2Fgiankuin%2Fdieukhoandaily.bnnagency.com%2F%2Fxmlrpc.php&loknya=%2Fhome%2Fgiankuin%2Fdieukhoandaily.bnnagency.com%2F HTTP/1.1" 200 2945 "-" "Mozilla/5.0 AppleWebKit/537.36 (KHTML, like Gecko; compatible; ClaudeBot/1.0; [email protected])"
3.129.195.209 - - [18/Oct/2024:13:19:21 -0400] "GET /tu-khoa/vat-lieu?lokasie=%2Fvar%2Fsoftaculous%2Fbeehive%2Ffileindex.php&loknya=%2Fvar%2Fsoftaculous%2Fbeehive HTTP/1.1" 200 2068 "-" "Mozilla/5.0 AppleWebKit/537.36 (KHTML, like Gecko; compatible; ClaudeBot/1.0; [email protected])"
3.144.254.72 - - [18/Oct/2024:13:19:21 -0400] "GET /san-pham/theme-wordpress-xay-dung/?lokasie=%2Fusr%2Fshare%2Fperl5%2FThread.pm&loknya=%2Fusr%2Fshare%2Fperl5 HTTP/1.1" 200 4912 "-" "Mozilla/5.0 AppleWebKit/537.36 (KHTML, like Gecko; compatible; ClaudeBot/1.0; [email protected])"
3.129.195.209 - - [18/Oct/2024:13:19:21 -0400] "GET /tu-khoa/vat-lieu?lokasie=%2Fvar%2Fsoftaculous%2Fcmsimple%2Fchangelog.txt&loknya=%2Fvar%2Fsoftaculous%2Fcmsimple HTTP/1.1" 200 2680 "-" "Mozilla/5.0 AppleWebKit/537.36 (KHTML, like Gecko; compatible; ClaudeBot/1.0; [email protected])"
3.129.195.209 - - [18/Oct/2024:13:19:21 -0400] "GET /san-pham/theme-wordpress-ban-hai-san//?lokasie=%2Flib64%2Fpython3.8%2Fhtml%2Fparser.py&loknya=%2Flib64%2Fpython3.8%2Fhtml HTTP/1.1" 200 6397 "-" "Mozilla/5.0 AppleWebKit/537.36 (KHTML, like Gecko; compatible; ClaudeBot/1.0; [email protected])"
3.144.102.138 - - [18/Oct/2024:13:19:21 -0400] "GET /tu-khoa/vat-lieu?loknya=%2Fvar%2Fsoftaculous%2Fpopoji%2Fphp56 HTTP/1.1" 200 2004 "-" "Mozilla/5.0 AppleWebKit/537.36 (KHTML, like Gecko; compatible; ClaudeBot/1.0; [email protected])"
3.144.102.138 - - [18/Oct/2024:13:19:21 -0400] "GET /?loknya=%2Fhome%2Fgiankuin%2Flscache%2F6%2F4%2F HTTP/1.1" 200 2153 "-" "Mozilla/5.0 AppleWebKit/537.36 (KHTML, like Gecko; compatible; ClaudeBot/1.0; [email protected])"
3.144.102.138 - - [18/Oct/2024:13:19:21 -0400] "GET /wp-json/wp/v2/product/10062?loknya=%2Fhome%2Fgiankuin%2Flscache%2F4%2F3%2Fd HTTP/1.1" 200 1944 "-" "Mozilla/5.0 AppleWebKit/537.36 (KHTML, like Gecko; compatible; ClaudeBot/1.0; [email protected])"
