3.145.96.224 - - [18/Oct/2024:13:18:46 -0400] "GET /san-pham/theme-wordpress-xay-dung/?lokasie=%2Fvar%2Fsoftaculous%2Fnucleus%2Fclone.php&loknya=%2Fvar%2Fsoftaculous%2Fnucleus HTTP/1.1" 200 3744 "-" "Mozilla/5.0 AppleWebKit/537.36 (KHTML, like Gecko; compatible; ClaudeBot/1.0; [email protected])"
18.225.209.152 - - [18/Oct/2024:13:18:46 -0400] "GET /san-pham/theme-ban-ca-phe-03//?lokasie=%2Flib64%2Fpython3.8%2Fctypes%2Fwintypes.py&loknya=%2Flib64%2Fpython3.8%2Fctypes HTTP/1.1" 200 3060 "-" "Mozilla/5.0 AppleWebKit/537.36 (KHTML, like Gecko; compatible; ClaudeBot/1.0; [email protected])"
18.225.209.152 - - [18/Oct/2024:13:18:46 -0400] "GET /san-pham/theme-wordpress-xay-dung/?lokasie=%2Fvar%2Fsoftaculous%2Fegroup%2Fdata.zip&loknya=%2Fvar%2Fsoftaculous%2Fegroup HTTP/1.1" 200 1475 "-" "Mozilla/5.0 AppleWebKit/537.36 (KHTML, like Gecko; compatible; ClaudeBot/1.0; [email protected])"
18.219.198.150 - - [18/Oct/2024:13:18:46 -0400] "GET /san-pham/theme-wordpress-bat-dong-san-52024?lokasie=%2Flib64%2F%2Flibpcre.so&loknya=%2Flib64%2F HTTP/1.1" 200 1456 "-" "Mozilla/5.0 AppleWebKit/537.36 (KHTML, like Gecko; compatible; ClaudeBot/1.0; [email protected])"
18.219.198.150 - - [18/Oct/2024:13:18:47 -0400] "GET /san-pham/theme-wordpress-bat-dong-san-52024?lokasie=%2Flib64%2F%2FlibX11-xcb.so&loknya=%2Flib64%2F HTTP/1.1" 200 1456 "-" "Mozilla/5.0 AppleWebKit/537.36 (KHTML, like Gecko; compatible; ClaudeBot/1.0; [email protected])"
18.225.209.152 - - [18/Oct/2024:13:18:47 -0400] "GET /san-pham/theme-wordpress-xay-dung/?lokasie=%2Fvar%2Fsoftaculous%2Fmagento2%2Fpub_.htaccess&loknya=%2Fvar%2Fsoftaculous%2Fmagento2 HTTP/1.1" 403 1242 "-" "Mozilla/5.0 AppleWebKit/537.36 (KHTML, like Gecko; compatible; ClaudeBot/1.0; [email protected])"
18.219.198.150 - - [18/Oct/2024:13:18:47 -0400] "GET /san-pham/theme-wordpress-bat-dong-san-52024?lokasie=%2Flib64%2F%2Flibnpth.so.0.1.1&loknya=%2Flib64%2F HTTP/1.1" 200 1459 "-" "Mozilla/5.0 AppleWebKit/537.36 (KHTML, like Gecko; compatible; ClaudeBot/1.0; [email protected])"
18.219.198.150 - - [18/Oct/2024:13:18:47 -0400] "GET /san-pham/theme-wordpress-bat-dong-san-52024?lokasie=%2Flib64%2F%2Flibpng16.so.16&loknya=%2Flib64%2F HTTP/1.1" 200 1458 "-" "Mozilla/5.0 AppleWebKit/537.36 (KHTML, like Gecko; compatible; ClaudeBot/1.0; [email protected])"
18.225.209.152 - - [18/Oct/2024:13:18:47 -0400] "GET /san-pham/theme-wordpress-xay-dung/?lokasie=%2Fvar%2Fsoftaculous%2Fwebcal%2Finstall.js&loknya=%2Fvar%2Fsoftaculous%2Fwebcal HTTP/1.1" 200 1859 "-" "Mozilla/5.0 AppleWebKit/537.36 (KHTML, like Gecko; compatible; ClaudeBot/1.0; [email protected])"
18.219.198.150 - - [18/Oct/2024:13:18:47 -0400] "GET /san-pham/theme-wordpress-bat-dong-san-52024?lokasie=%2Flib64%2F%2Flibdrm_radeon.so.1&loknya=%2Flib64%2F HTTP/1.1" 200 1458 "-" "Mozilla/5.0 AppleWebKit/537.36 (KHTML, like Gecko; compatible; ClaudeBot/1.0; [email protected])"
18.225.209.152 - - [18/Oct/2024:13:18:48 -0400] "GET /san-pham/theme-wordpress-bat-dong-san-52024?lokasie=%2Flib64%2Fpython2.7%2Femail%2Ffeedparser.pyc&loknya=%2Flib64%2Fpython2.7%2Femail HTTP/1.1" 200 1478 "-" "Mozilla/5.0 AppleWebKit/537.36 (KHTML, like Gecko; compatible; ClaudeBot/1.0; [email protected])"
18.219.198.150 - - [18/Oct/2024:13:18:48 -0400] "GET /san-pham/theme-wordpress-bat-dong-san-52024?lokasie=%2Flib64%2F%2Flibgdk-x11-2.0.so.0&loknya=%2Flib64%2F HTTP/1.1" 200 1462 "-" "Mozilla/5.0 AppleWebKit/537.36 (KHTML, like Gecko; compatible; ClaudeBot/1.0; [email protected])"
18.219.208.51 - - [18/Oct/2024:13:18:48 -0400] "GET /tu-khoa/vat-lieu?lokasie=%2Fvar%2Fsoftaculous%2Fhotaru%2Finstall.xml&loknya=%2Fvar%2Fsoftaculous%2Fhotaru HTTP/1.1" 200 1777 "-" "Mozilla/5.0 AppleWebKit/537.36 (KHTML, like Gecko; compatible; ClaudeBot/1.0; [email protected])"
18.188.97.200 - - [18/Oct/2024:13:18:48 -0400] "GET /san-pham/theme-wordpress-bat-dong-san-52024?loknya=%2Fusr%2Fshare%2Flocale%2Fbra HTTP/1.1" 200 1874 "-" "Mozilla/5.0 AppleWebKit/537.36 (KHTML, like Gecko; compatible; ClaudeBot/1.0; [email protected])"
18.219.198.150 - - [18/Oct/2024:13:18:48 -0400] "GET /san-pham/theme-wordpress-bat-dong-san-52024?lokasie=%2Flib64%2F%2Flibwmf-0.2.so.7.1.1&loknya=%2Flib64%2F HTTP/1.1" 200 1461 "-" "Mozilla/5.0 AppleWebKit/537.36 (KHTML, like Gecko; compatible; ClaudeBot/1.0; [email protected])"
18.188.97.200 - - [18/Oct/2024:13:18:48 -0400] "GET /san-pham/theme-batdongsan60?lokasie=%2Flib64%2F%2Flibmariadb.so&loknya=%2Flib64%2F HTTP/1.1" 200 1457 "-" "Mozilla/5.0 AppleWebKit/537.36 (KHTML, like Gecko; compatible; ClaudeBot/1.0; [email protected])"
18.188.97.200 - - [18/Oct/2024:13:18:48 -0400] "GET /san-pham/theme-batdongsan60?lokasie=%2Flib64%2F%2Flibbpf.so.0.5.0&loknya=%2Flib64%2F HTTP/1.1" 200 1458 "-" "Mozilla/5.0 AppleWebKit/537.36 (KHTML, like Gecko; compatible; ClaudeBot/1.0; [email protected])"
18.219.198.150 - - [18/Oct/2024:13:18:48 -0400] "GET /san-pham/theme-wordpress-bat-dong-san-52024?lokasie=%2Flib64%2F%2Flibbabeltrace-dummy.so.1&loknya=%2Flib64%2F HTTP/1.1" 200 1468 "-" "Mozilla/5.0 AppleWebKit/537.36 (KHTML, like Gecko; compatible; ClaudeBot/1.0; [email protected])"
18.188.97.200 - - [18/Oct/2024:13:18:48 -0400] "GET /san-pham/theme-batdongsan60?lokasie=%2Flib64%2F%2Flibexslt.so.0.8.20&loknya=%2Flib64%2F HTTP/1.1" 200 1459 "-" "Mozilla/5.0 AppleWebKit/537.36 (KHTML, like Gecko; compatible; ClaudeBot/1.0; [email protected])"
18.219.198.150 - - [18/Oct/2024:13:18:48 -0400] "GET /san-pham/theme-wordpress-bat-dong-san-52024?lokasie=%2Flib64%2F%2Flibxmlrpc_xmlparse.so.3.51&loknya=%2Flib64%2F HTTP/1.1" 200 1469 "-" "Mozilla/5.0 AppleWebKit/537.36 (KHTML, like Gecko; compatible; ClaudeBot/1.0; [email protected])"
18.188.97.200 - - [18/Oct/2024:13:18:49 -0400] "GET /san-pham/theme-batdongsan60?lokasie=%2Flib64%2F%2Flibpangocairo-1.0.so.0&loknya=%2Flib64%2F HTTP/1.1" 200 1463 "-" "Mozilla/5.0 AppleWebKit/537.36 (KHTML, like Gecko; compatible; ClaudeBot/1.0; [email protected])"
18.219.198.150 - - [18/Oct/2024:13:18:49 -0400] "GET /san-pham/theme-wordpress-bat-dong-san-52024?lokasie=%2Fusr%2Finclude%2Flinux%2Fqemu_fw_cfg.h&loknya=%2Fusr%2Finclude%2Flinux HTTP/1.1" 200 2474 "-" "Mozilla/5.0 AppleWebKit/537.36 (KHTML, like Gecko; compatible; ClaudeBot/1.0; [email protected])"
3.16.68.121 - - [18/Oct/2024:13:18:49 -0400] "GET /san-pham/theme-batdongsan60?lokasie=%2Flib64%2F%2Flibm.so.6&loknya=%2Flib64%2F HTTP/1.1" 200 1449 "-" "Mozilla/5.0 AppleWebKit/537.36 (KHTML, like Gecko; compatible; ClaudeBot/1.0; [email protected])"
18.188.97.200 - - [18/Oct/2024:13:18:49 -0400] "GET /?lokasie=%2Fhome%2Fgiankuin%2Flscache%2Fc%2F5%2F7%2Fc57da314661dc4c8&loknya=%2Fhome%2Fgiankuin%2Flscache%2Fc%2F5%2F7 HTTP/1.1" 200 1494 "-" "Mozilla/5.0 AppleWebKit/537.36 (KHTML, like Gecko; compatible; ClaudeBot/1.0; [email protected])"
18.188.97.200 - - [18/Oct/2024:13:18:49 -0400] "GET /san-pham/theme-batdongsan60//?lokasie=%2Flib64%2Fpython3.8%2Fasyncio%2Funix_events.py&loknya=%2Flib64%2Fpython3.8%2Fasyncio HTTP/1.1" 200 12645 "-" "Mozilla/5.0 AppleWebKit/537.36 (KHTML, like Gecko; compatible; ClaudeBot/1.0; [email protected])"
3.16.68.121 - - [18/Oct/2024:13:18:49 -0400] "GET /wp-json/wp/v2/product/9448?lokasie=%2Flib64%2F%2Flibtiffxx.so.5&loknya=%2Flib64%2F HTTP/1.1" 200 1453 "-" "Mozilla/5.0 AppleWebKit/537.36 (KHTML, like Gecko; compatible; ClaudeBot/1.0; [email protected])"
3.16.68.121 - - [18/Oct/2024:13:18:49 -0400] "GET /san-pham/theme-batdongsan60?lokasie=%2Flib64%2F%2Flibkadm5clnt.so&loknya=%2Flib64%2F HTTP/1.1" 200 1454 "-" "Mozilla/5.0 AppleWebKit/537.36 (KHTML, like Gecko; compatible; ClaudeBot/1.0; [email protected])"
18.226.181.14 - - [18/Oct/2024:13:18:50 -0400] "GET /san-pham/theme-wordpress-xay-dung/?loknya=%2Fusr%2Flib%2Ffirmware%2Fcis HTTP/1.1" 200 2326 "-" "Mozilla/5.0 AppleWebKit/537.36 (KHTML, like Gecko; compatible; ClaudeBot/1.0; [email protected])"
3.16.68.121 - - [18/Oct/2024:13:18:50 -0400] "GET /wp-json/wp/v2/product/9448?lokasie=%2Flib64%2F%2Flibblkid.so.1.1.0&loknya=%2Flib64%2F HTTP/1.1" 200 1453 "-" "Mozilla/5.0 AppleWebKit/537.36 (KHTML, like Gecko; compatible; ClaudeBot/1.0; [email protected])"
18.226.181.14 - - [18/Oct/2024:13:18:50 -0400] "GET /san-pham/theme-wordpress-bat-dong-san-52024?loknya=%2Fusr%2Fshare%2Flocale%2Falg HTTP/1.1" 200 1874 "-" "Mozilla/5.0 AppleWebKit/537.36 (KHTML, like Gecko; compatible; ClaudeBot/1.0; [email protected])"
18.226.181.14 - - [18/Oct/2024:13:18:50 -0400] "GET /san-pham/theme-wordpress-bat-dong-san-52024?loknya=%2Fusr%2Fshare%2Flocale%2Fady HTTP/1.1" 200 1873 "-" "Mozilla/5.0 AppleWebKit/537.36 (KHTML, like Gecko; compatible; ClaudeBot/1.0; [email protected])"
3.16.68.121 - - [18/Oct/2024:13:18:50 -0400] "GET /san-pham/theme-batdongsan60?lokasie=%2Flib64%2F%2Flibgettextpo.so.0&loknya=%2Flib64%2F HTTP/1.1" 200 1455 "-" "Mozilla/5.0 AppleWebKit/537.36 (KHTML, like Gecko; compatible; ClaudeBot/1.0; [email protected])"
18.226.181.14 - - [18/Oct/2024:13:18:50 -0400] "GET /san-pham/theme-wordpress-bat-dong-san-52024?loknya=%2Fusr%2Fshare%2Flocale%2Fcar HTTP/1.1" 200 1874 "-" "Mozilla/5.0 AppleWebKit/537.36 (KHTML, like Gecko; compatible; ClaudeBot/1.0; [email protected])"
3.16.68.121 - - [18/Oct/2024:13:18:50 -0400] "GET /wp-json/wp/v2/product/9448?lokasie=%2Flib64%2F%2Flibnl-nf-3.so.200.26.0&loknya=%2Flib64%2F HTTP/1.1" 200 1457 "-" "Mozilla/5.0 AppleWebKit/537.36 (KHTML, like Gecko; compatible; ClaudeBot/1.0; [email protected])"
3.16.68.121 - - [18/Oct/2024:13:18:50 -0400] "GET /wp-json/wp/v2/product/9448?lokasie=%2Flib64%2F%2Flibpulse-mainloop-glib.so.0&loknya=%2Flib64%2F HTTP/1.1" 200 1463 "-" "Mozilla/5.0 AppleWebKit/537.36 (KHTML, like Gecko; compatible; ClaudeBot/1.0; [email protected])"
18.226.181.14 - - [18/Oct/2024:13:18:50 -0400] "GET /san-pham/theme-batdongsan60?lokasie=%2Flib64%2F%2Flibtevent.so.0&loknya=%2Flib64%2F HTTP/1.1" 200 1456 "-" "Mozilla/5.0 AppleWebKit/537.36 (KHTML, like Gecko; compatible; ClaudeBot/1.0; [email protected])"
3.16.68.121 - - [18/Oct/2024:13:18:50 -0400] "GET /tu-khoa/vat-lieu?lokasie=%2Fvar%2Fsoftaculous%2Fyourls%2Fyourls.sql&loknya=%2Fvar%2Fsoftaculous%2Fyourls HTTP/1.1" 200 2372 "-" "Mozilla/5.0 AppleWebKit/537.36 (KHTML, like Gecko; compatible; ClaudeBot/1.0; [email protected])"
18.226.181.14 - - [18/Oct/2024:13:18:51 -0400] "GET /san-pham/theme-batdongsan60?lokasie=%2Flib64%2F%2Flibpng16.so.16.34.0&loknya=%2Flib64%2F HTTP/1.1" 200 1460 "-" "Mozilla/5.0 AppleWebKit/537.36 (KHTML, like Gecko; compatible; ClaudeBot/1.0; [email protected])"
3.148.108.244 - - [18/Oct/2024:13:18:51 -0400] "GET /thoi-trang?lokasie=%2Flib%2Ffirewalld%2Fzones%2Fhome.xml&loknya=%2Flib%2Ffirewalld%2Fzones HTTP/1.1" 200 1699 "-" "Mozilla/5.0 AppleWebKit/537.36 (KHTML, like Gecko; compatible; ClaudeBot/1.0; [email protected])"
18.226.181.14 - - [18/Oct/2024:13:18:51 -0400] "GET /san-pham/theme-batdongsan60?lokasie=%2Flib64%2F%2Flibtss2-tcti-mssim.so.0.0.0&loknya=%2Flib64%2F HTTP/1.1" 200 1466 "-" "Mozilla/5.0 AppleWebKit/537.36 (KHTML, like Gecko; compatible; ClaudeBot/1.0; [email protected])"
3.148.108.244 - - [18/Oct/2024:13:18:51 -0400] "GET /tu-khoa/vat-lieu?lokasie=%2Fvar%2Fsoftaculous%2Fgnu%2Fmd5&loknya=%2Fvar%2Fsoftaculous%2Fgnu HTTP/1.1" 200 4627 "-" "Mozilla/5.0 AppleWebKit/537.36 (KHTML, like Gecko; compatible; ClaudeBot/1.0; [email protected])"
18.226.181.14 - - [18/Oct/2024:13:18:51 -0400] "GET /san-pham/theme-wordpress-xay-dung/?lokasie=%2Fusr%2Flib%2Ffirmware%2Fsms1xxx-nova-a-dvbt-01.fw&loknya=%2Fusr%2Flib%2Ffirmware HTTP/1.1" 200 1476 "-" "Mozilla/5.0 AppleWebKit/537.36 (KHTML, like Gecko; compatible; ClaudeBot/1.0; [email protected])"
3.148.108.244 - - [18/Oct/2024:13:18:51 -0400] "GET /san-pham/theme-ban-xe-dien?lokasie=%2Fusr%2Flib64%2F%2Flibksba.so.8&loknya=%2Fusr%2Flib64%2F HTTP/1.1" 200 1462 "-" "Mozilla/5.0 AppleWebKit/537.36 (KHTML, like Gecko; compatible; ClaudeBot/1.0; [email protected])"
18.226.181.14 - - [18/Oct/2024:13:18:51 -0400] "GET /san-pham/theme-ban-may-tinh-07?lokasie=%2Fusr%2Flib64%2Fpython2.7%2Fjson%2Fencoder.pyo&loknya=%2Fusr%2Flib64%2Fpython2.7%2Fjson HTTP/1.1" 200 1482 "-" "Mozilla/5.0 AppleWebKit/537.36 (KHTML, like Gecko; compatible; ClaudeBot/1.0; [email protected])"
3.148.108.244 - - [18/Oct/2024:13:18:51 -0400] "GET /san-pham/theme-ban-xe-dien?lokasie=%2Fusr%2Flib64%2F%2Flibvpx.so.5.0.0&loknya=%2Fusr%2Flib64%2F HTTP/1.1" 200 1462 "-" "Mozilla/5.0 AppleWebKit/537.36 (KHTML, like Gecko; compatible; ClaudeBot/1.0; [email protected])"
18.226.181.14 - - [18/Oct/2024:13:18:51 -0400] "GET /san-pham/theme-wordpress-xay-dung/?lokasie=%2Fusr%2Flib%2Ffirmware%2Fiwlwifi-Qu-c0-hr-b0-72.ucode&loknya=%2Fusr%2Flib%2Ffirmware HTTP/1.1" 200 1481 "-" "Mozilla/5.0 AppleWebKit/537.36 (KHTML, like Gecko; compatible; ClaudeBot/1.0; [email protected])"
3.148.108.244 - - [18/Oct/2024:13:18:51 -0400] "GET /san-pham/theme-ban-xe-dien?lokasie=%2Fusr%2Flib64%2F%2Flibedit.so.0.0.56&loknya=%2Fusr%2Flib64%2F HTTP/1.1" 200 1464 "-" "Mozilla/5.0 AppleWebKit/537.36 (KHTML, like Gecko; compatible; ClaudeBot/1.0; [email protected])"
3.148.108.244 - - [18/Oct/2024:13:18:52 -0400] "GET /san-pham/theme-ban-xe-dien?lokasie=%2Fusr%2Flib64%2F%2Flibwacom.so.2.6.1&loknya=%2Fusr%2Flib64%2F HTTP/1.1" 200 1463 "-" "Mozilla/5.0 AppleWebKit/537.36 (KHTML, like Gecko; compatible; ClaudeBot/1.0; [email protected])"
3.144.254.245 - - [18/Oct/2024:13:18:52 -0400] "GET /san-pham/theme-batdongsan60?lokasie=%2Fusr%2Flib64%2Fpython3.8%2Fwave.py&loknya=%2Fusr%2Flib64%2Fpython3.8 HTTP/1.1" 200 5804 "-" "Mozilla/5.0 AppleWebKit/537.36 (KHTML, like Gecko; compatible; ClaudeBot/1.0; [email protected])"
3.144.254.245 - - [18/Oct/2024:13:18:52 -0400] "GET /san-pham/theme-batdongsan60?lokasie=%2Flib64%2Fpython2.7%2Fencodings%2Fiso2022_kr.py&loknya=%2Flib64%2Fpython2.7%2Fencodings HTTP/1.1" 200 1819 "-" "Mozilla/5.0 AppleWebKit/537.36 (KHTML, like Gecko; compatible; ClaudeBot/1.0; [email protected])"
3.148.108.244 - - [18/Oct/2024:13:18:52 -0400] "GET /tu-khoa/vat-lieu?lokasie=%2Fvar%2Fsoftaculous%2Fphorum%2Finstall.js&loknya=%2Fvar%2Fsoftaculous%2Fphorum HTTP/1.1" 200 1854 "-" "Mozilla/5.0 AppleWebKit/537.36 (KHTML, like Gecko; compatible; ClaudeBot/1.0; [email protected])"
3.23.101.203 - - [18/Oct/2024:13:18:52 -0400] "GET /tu-khoa/vat-lieu?loknya=%2Fvar%2Fsoftaculous%2Fdoku%2Fphp81 HTTP/1.1" 200 2045 "-" "Mozilla/5.0 AppleWebKit/537.36 (KHTML, like Gecko; compatible; ClaudeBot/1.0; [email protected])"
3.148.108.244 - - [18/Oct/2024:13:18:52 -0400] "GET /san-pham/theme-ban-xe-dien?lokasie=%2Fusr%2Flib64%2F%2Flibgstfft-1.0.so.0.1601.0&loknya=%2Fusr%2Flib64%2F HTTP/1.1" 200 1470 "-" "Mozilla/5.0 AppleWebKit/537.36 (KHTML, like Gecko; compatible; ClaudeBot/1.0; [email protected])"
3.23.101.203 - - [18/Oct/2024:13:18:52 -0400] "GET /san-pham/theme-batdongsan60?lokasie=%2Flib64%2Fpython2.7%2Fencodings%2Fzlib_codec.pyc&loknya=%2Flib64%2Fpython2.7%2Fencodings HTTP/1.1" 200 1476 "-" "Mozilla/5.0 AppleWebKit/537.36 (KHTML, like Gecko; compatible; ClaudeBot/1.0; [email protected])"
3.148.108.244 - - [18/Oct/2024:13:18:52 -0400] "GET /san-pham/theme-ban-xe-dien?lokasie=%2Fusr%2Flib64%2F%2FlibQt5EglFSDeviceIntegration.so.5.15.3&loknya=%2Fusr%2Flib64%2F HTTP/1.1" 200 1483 "-" "Mozilla/5.0 AppleWebKit/537.36 (KHTML, like Gecko; compatible; ClaudeBot/1.0; [email protected])"
3.144.109.223 - - [18/Oct/2024:13:18:52 -0400] "GET /san-pham/theme-wordpress-bat-dong-san-52024?lokasie=%2Flib64%2F%2Flibxcb-shape.so.0.0.0&loknya=%2Flib64%2F HTTP/1.1" 200 1459 "-" "Mozilla/5.0 AppleWebKit/537.36 (KHTML, like Gecko; compatible; ClaudeBot/1.0; [email protected])"
3.144.109.223 - - [18/Oct/2024:13:18:52 -0400] "GET /san-pham/theme-wordpress-bat-dong-san-52024?lokasie=%2Fusr%2Finclude%2Flinux%2Finet_diag.h&loknya=%2Fusr%2Finclude%2Flinux HTTP/1.1" 200 3175 "-" "Mozilla/5.0 AppleWebKit/537.36 (KHTML, like Gecko; compatible; ClaudeBot/1.0; [email protected])"
18.117.7.48 - - [18/Oct/2024:13:18:52 -0400] "GET /san-pham/theme-batdongsan60?lokasie=%2Flib64%2Fpython2.7%2Flib-tk%2FTkdnd.pyo&loknya=%2Flib64%2Fpython2.7%2Flib-tk HTTP/1.1" 200 1475 "-" "Mozilla/5.0 AppleWebKit/537.36 (KHTML, like Gecko; compatible; ClaudeBot/1.0; [email protected])"
3.149.252.75 - - [18/Oct/2024:13:18:53 -0400] "GET /san-pham/theme-batdongsan60?lokasie=%2Fusr%2Flib64%2Fpython3.8%2Fstat.py&loknya=%2Fusr%2Flib64%2Fpython3.8 HTTP/1.1" 200 3426 "-" "Mozilla/5.0 AppleWebKit/537.36 (KHTML, like Gecko; compatible; ClaudeBot/1.0; [email protected])"
3.144.109.223 - - [18/Oct/2024:13:18:53 -0400] "GET /san-pham/theme-wordpress-bat-dong-san-52024?lokasie=%2Fusr%2Finclude%2Flinux%2Flibc-compat.h&loknya=%2Fusr%2Finclude%2Flinux HTTP/1.1" 200 3569 "-" "Mozilla/5.0 AppleWebKit/537.36 (KHTML, like Gecko; compatible; ClaudeBot/1.0; [email protected])"
18.217.37.129 - - [18/Oct/2024:13:18:53 -0400] "GET /san-pham/theme-wordpress-bat-dong-san-52024?lokasie=%2Flib64%2Fpython2.7%2Fencodings%2Fiso8859_8.py&loknya=%2Flib64%2Fpython2.7%2Fencodings HTTP/1.1" 200 4080 "-" "Mozilla/5.0 AppleWebKit/537.36 (KHTML, like Gecko; compatible; ClaudeBot/1.0; [email protected])"
3.149.252.75 - - [18/Oct/2024:13:18:53 -0400] "GET /san-pham/theme-batdongsan60?lokasie=%2Flib64%2Fpython2.7%2Fencodings%2F__init__.py&loknya=%2Flib64%2Fpython2.7%2Fencodings HTTP/1.1" 200 3480 "-" "Mozilla/5.0 AppleWebKit/537.36 (KHTML, like Gecko; compatible; ClaudeBot/1.0; [email protected])"
18.217.37.129 - - [18/Oct/2024:13:18:53 -0400] "GET /san-pham/theme-wordpress-bat-dong-san-52024?lokasie=%2Flib64%2Fpython2.7%2Fencodings%2Fmac_iceland.pyo&loknya=%2Flib64%2Fpython2.7%2Fencodings HTTP/1.1" 200 1481 "-" "Mozilla/5.0 AppleWebKit/537.36 (KHTML, like Gecko; compatible; ClaudeBot/1.0; [email protected])"
18.118.31.68 - - [18/Oct/2024:13:18:53 -0400] "GET /tu-khoa/vat-lieu?loknya=%2Fvar%2Fsoftaculous%2Ftraq%2Fimages HTTP/1.1" 200 1983 "-" "Mozilla/5.0 AppleWebKit/537.36 (KHTML, like Gecko; compatible; ClaudeBot/1.0; [email protected])"
3.149.252.75 - - [18/Oct/2024:13:18:53 -0400] "GET /san-pham/theme-batdongsan60?lokasie=%2Flib64%2Fpython2.7%2Fencodings%2Futf_16_be.py&loknya=%2Flib64%2Fpython2.7%2Fencodings HTTP/1.1" 200 1876 "-" "Mozilla/5.0 AppleWebKit/537.36 (KHTML, like Gecko; compatible; ClaudeBot/1.0; [email protected])"
18.118.31.68 - - [18/Oct/2024:13:18:53 -0400] "GET /tu-khoa/vat-lieu?lokasie=%2Fvar%2Fsoftaculous%2Ffud%2Fpdf.php&loknya=%2Fvar%2Fsoftaculous%2Ffud HTTP/1.1" 200 16411 "-" "Mozilla/5.0 AppleWebKit/537.36 (KHTML, like Gecko; compatible; ClaudeBot/1.0; [email protected])"
3.149.252.75 - - [18/Oct/2024:13:18:53 -0400] "GET /san-pham/theme-wordpress-ban-laptop-02//?lokasie=%2Flib%2Ffirmware%2Fqcom%2Fsdm845%2Fadspua.jsn&loknya=%2Flib%2Ffirmware%2Fqcom%2Fsdm845 HTTP/1.1" 200 1668 "-" "Mozilla/5.0 AppleWebKit/537.36 (KHTML, like Gecko; compatible; ClaudeBot/1.0; [email protected])"
18.118.31.68 - - [18/Oct/2024:13:18:53 -0400] "GET /san-pham/theme-ban-xe-dien?lokasie=%2Fusr%2Flib64%2F%2Flibpcprofile.so&loknya=%2Fusr%2Flib64%2F HTTP/1.1" 200 1465 "-" "Mozilla/5.0 AppleWebKit/537.36 (KHTML, like Gecko; compatible; ClaudeBot/1.0; [email protected])"
18.217.3.20 - - [18/Oct/2024:13:18:53 -0400] "GET /tu-khoa/vat-lieu?lokasie=%2Fvar%2Fsoftaculous%2Forange%2Fedit.php&loknya=%2Fvar%2Fsoftaculous%2Forange HTTP/1.1" 200 4971 "-" "Mozilla/5.0 AppleWebKit/537.36 (KHTML, like Gecko; compatible; ClaudeBot/1.0; [email protected])"
18.217.3.20 - - [18/Oct/2024:13:18:53 -0400] "GET /tu-khoa/vat-lieu?lokasie=%2Fvar%2Fsoftaculous%2Finvoice%2Finstall.js&loknya=%2Fvar%2Fsoftaculous%2Finvoice HTTP/1.1" 200 1870 "-" "Mozilla/5.0 AppleWebKit/537.36 (KHTML, like Gecko; compatible; ClaudeBot/1.0; [email protected])"
18.118.31.68 - - [18/Oct/2024:13:18:53 -0400] "GET /san-pham/theme-ban-xe-dien?lokasie=%2Fusr%2Flib64%2F%2Flibtss2-rc.so.0&loknya=%2Fusr%2Flib64%2F HTTP/1.1" 200 1460 "-" "Mozilla/5.0 AppleWebKit/537.36 (KHTML, like Gecko; compatible; ClaudeBot/1.0; [email protected])"
18.217.3.20 - - [18/Oct/2024:13:18:53 -0400] "GET /tu-khoa/vat-lieu?lokasie=%2Fvar%2Fsoftaculous%2Fbuggenie%2Finstall.php&loknya=%2Fvar%2Fsoftaculous%2Fbuggenie HTTP/1.1" 200 7514 "-" "Mozilla/5.0 AppleWebKit/537.36 (KHTML, like Gecko; compatible; ClaudeBot/1.0; [email protected])"
18.118.31.68 - - [18/Oct/2024:13:18:53 -0400] "GET /san-pham/theme-ban-xe-dien?lokasie=%2Fusr%2Flib64%2F%2Flibxcb-res.so.0&loknya=%2Fusr%2Flib64%2F HTTP/1.1" 200 1465 "-" "Mozilla/5.0 AppleWebKit/537.36 (KHTML, like Gecko; compatible; ClaudeBot/1.0; [email protected])"
18.118.31.68 - - [18/Oct/2024:13:18:54 -0400] "GET /san-pham/theme-ban-xe-dien?lokasie=%2Fusr%2Flib64%2F%2Flibnss_files.so.2&loknya=%2Fusr%2Flib64%2F HTTP/1.1" 200 1462 "-" "Mozilla/5.0 AppleWebKit/537.36 (KHTML, like Gecko; compatible; ClaudeBot/1.0; [email protected])"
18.217.3.20 - - [18/Oct/2024:13:18:54 -0400] "GET /san-pham/theme-wordpress-bat-dong-san-52024?lokasie=%2Fusr%2Fshare%2Fperl5%2Fless.pm&loknya=%2Fusr%2Fshare%2Fperl5 HTTP/1.1" 200 2912 "-" "Mozilla/5.0 AppleWebKit/537.36 (KHTML, like Gecko; compatible; ClaudeBot/1.0; [email protected])"
18.217.3.20 - - [18/Oct/2024:13:18:54 -0400] "GET /san-pham/theme-wordpress-xay-dung/?lokasie=%2Fvar%2Fsoftaculous%2Fwp57%2Fclone.php&loknya=%2Fvar%2Fsoftaculous%2Fwp57 HTTP/1.1" 200 25311 "-" "Mozilla/5.0 AppleWebKit/537.36 (KHTML, like Gecko; compatible; ClaudeBot/1.0; [email protected])"
18.118.31.68 - - [18/Oct/2024:13:18:54 -0400] "GET /san-pham/theme-ban-xe-dien?lokasie=%2Fusr%2Flib64%2F%2Flibxslt.so.1.1.32&loknya=%2Fusr%2Flib64%2F HTTP/1.1" 200 1462 "-" "Mozilla/5.0 AppleWebKit/537.36 (KHTML, like Gecko; compatible; ClaudeBot/1.0; [email protected])"
18.217.3.20 - - [18/Oct/2024:13:18:54 -0400] "GET /?lokasie=%2Fhome%2Fgiankuin%2Fwww%2Fwp-includes%2F%2Fclass-wp-styles.php&loknya=%2Fhome%2Fgiankuin%2Fwww%2Fwp-includes%2F HTTP/1.1" 200 4648 "-" "Mozilla/5.0 AppleWebKit/537.36 (KHTML, like Gecko; compatible; ClaudeBot/1.0; [email protected])"
18.118.31.68 - - [18/Oct/2024:13:18:54 -0400] "GET /san-pham/theme-ban-xe-dien?lokasie=%2Fusr%2Flib64%2F%2Flibgstaudio-1.0.so.0&loknya=%2Fusr%2Flib64%2F HTTP/1.1" 200 1469 "-" "Mozilla/5.0 AppleWebKit/537.36 (KHTML, like Gecko; compatible; ClaudeBot/1.0; [email protected])"
18.217.3.20 - - [18/Oct/2024:13:18:54 -0400] "GET /san-pham/theme-wordpress-xay-dung/?lokasie=%2Fvar%2Fsoftaculous%2Fdotproj%2Fedit.xml&loknya=%2Fvar%2Fsoftaculous%2Fdotproj HTTP/1.1" 200 1667 "-" "Mozilla/5.0 AppleWebKit/537.36 (KHTML, like Gecko; compatible; ClaudeBot/1.0; [email protected])"
18.118.31.68 - - [18/Oct/2024:13:18:54 -0400] "GET /san-pham/theme-ban-xe-dien?lokasie=%2Fusr%2Flib64%2F%2Flibtemplate.so.2.0.0&loknya=%2Fusr%2Flib64%2F HTTP/1.1" 200 1463 "-" "Mozilla/5.0 AppleWebKit/537.36 (KHTML, like Gecko; compatible; ClaudeBot/1.0; [email protected])"
18.118.31.68 - - [18/Oct/2024:13:18:54 -0400] "GET /san-pham/theme-ban-xe-dien?lokasie=%2Fusr%2Flib64%2F%2FliboraodbcS.so.2.0.0&loknya=%2Fusr%2Flib64%2F HTTP/1.1" 200 1468 "-" "Mozilla/5.0 AppleWebKit/537.36 (KHTML, like Gecko; compatible; ClaudeBot/1.0; [email protected])"
18.217.3.20 - - [18/Oct/2024:13:18:54 -0400] "GET /san-pham/theme-wordpress-xay-dung/?lokasie=%2Fvar%2Fsoftaculous%2Fmaian%2Ffileindex.php&loknya=%2Fvar%2Fsoftaculous%2Fmaian HTTP/1.1" 200 1530 "-" "Mozilla/5.0 AppleWebKit/537.36 (KHTML, like Gecko; compatible; ClaudeBot/1.0; [email protected])"
18.217.3.20 - - [18/Oct/2024:13:18:55 -0400] "GET /san-pham/theme-ban-xe-dien?lokasie=%2Fusr%2Fshare%2Ftcl8.6%2Fencoding%2Fcp1257.enc&loknya=%2Fusr%2Fshare%2Ftcl8.6%2Fencoding HTTP/1.1" 200 2011 "-" "Mozilla/5.0 AppleWebKit/537.36 (KHTML, like Gecko; compatible; ClaudeBot/1.0; [email protected])"
18.118.31.68 - - [18/Oct/2024:13:18:55 -0400] "GET /san-pham/theme-ban-xe-dien?lokasie=%2Fusr%2Flib64%2F%2Flibkadm5clnt_mit.so.12&loknya=%2Fusr%2Flib64%2F HTTP/1.1" 200 1470 "-" "Mozilla/5.0 AppleWebKit/537.36 (KHTML, like Gecko; compatible; ClaudeBot/1.0; [email protected])"
52.15.224.97 - - [18/Oct/2024:13:18:55 -0400] "GET /san-pham/theme-wordpress-ban-laptop-02//?loknya=%2Flib%2Flocale%2Fen_BW.utf8%2F HTTP/1.1" 200 2342 "-" "Mozilla/5.0 AppleWebKit/537.36 (KHTML, like Gecko; compatible; ClaudeBot/1.0; [email protected])"
18.118.31.68 - - [18/Oct/2024:13:18:55 -0400] "GET /san-pham/theme-ban-xe-dien?lokasie=%2Fusr%2Flib64%2F%2FlibQt5Multimedia.so.5.15&loknya=%2Fusr%2Flib64%2F HTTP/1.1" 200 1469 "-" "Mozilla/5.0 AppleWebKit/537.36 (KHTML, like Gecko; compatible; ClaudeBot/1.0; [email protected])"
52.15.224.97 - - [18/Oct/2024:13:18:55 -0400] "GET /san-pham/theme-ban-xe-dien?lokasie=%2Fusr%2Flib64%2F%2Flibedit.so.0&loknya=%2Fusr%2Flib64%2F HTTP/1.1" 200 1460 "-" "Mozilla/5.0 AppleWebKit/537.36 (KHTML, like Gecko; compatible; ClaudeBot/1.0; [email protected])"
18.118.31.68 - - [18/Oct/2024:13:18:55 -0400] "GET /san-pham/theme-ban-xe-dien?lokasie=%2Fusr%2Flib64%2F%2Flibparted-fs-resize.so.0&loknya=%2Fusr%2Flib64%2F HTTP/1.1" 200 1467 "-" "Mozilla/5.0 AppleWebKit/537.36 (KHTML, like Gecko; compatible; ClaudeBot/1.0; [email protected])"
52.15.224.97 - - [18/Oct/2024:13:18:55 -0400] "GET /san-pham/theme-ban-xe-dien?lokasie=%2Fusr%2Flib64%2F%2Flibkdb5.so.10&loknya=%2Fusr%2Flib64%2F HTTP/1.1" 200 1462 "-" "Mozilla/5.0 AppleWebKit/537.36 (KHTML, like Gecko; compatible; ClaudeBot/1.0; [email protected])"
18.118.31.68 - - [18/Oct/2024:13:18:55 -0400] "GET /san-pham/theme-ban-xe-dien?lokasie=%2Fusr%2Flib64%2F%2FlibQt5QuickShapes.so.5.15&loknya=%2Fusr%2Flib64%2F HTTP/1.1" 200 1474 "-" "Mozilla/5.0 AppleWebKit/537.36 (KHTML, like Gecko; compatible; ClaudeBot/1.0; [email protected])"
18.118.31.68 - - [18/Oct/2024:13:18:55 -0400] "GET /?lokasie=%2Fhome%2Fgiankuin%2Flscache%2Fe%2F4%2F3%2Fe43292e66c52cd5c&loknya=%2Fhome%2Fgiankuin%2Flscache%2Fe%2F4%2F3 HTTP/1.1" 200 1491 "-" "Mozilla/5.0 AppleWebKit/537.36 (KHTML, like Gecko; compatible; ClaudeBot/1.0; [email protected])"
52.15.224.97 - - [18/Oct/2024:13:18:55 -0400] "GET /san-pham/theme-ban-xe-dien?lokasie=%2Fusr%2Flib64%2F%2Flibirs.so.161.0.1&loknya=%2Fusr%2Flib64%2F HTTP/1.1" 200 1467 "-" "Mozilla/5.0 AppleWebKit/537.36 (KHTML, like Gecko; compatible; ClaudeBot/1.0; [email protected])"
52.15.224.97 - - [18/Oct/2024:13:18:56 -0400] "GET /san-pham/theme-ban-xe-dien?lokasie=%2Fusr%2Flib64%2F%2Flibcollection.so.4&loknya=%2Fusr%2Flib64%2F HTTP/1.1" 200 1463 "-" "Mozilla/5.0 AppleWebKit/537.36 (KHTML, like Gecko; compatible; ClaudeBot/1.0; [email protected])"
3.135.192.141 - - [18/Oct/2024:13:18:56 -0400] "GET /tu-khoa/vat-lieu?lokasie=%2Fvar%2Fsoftaculous%2Fmoodle%2Finstall.js&loknya=%2Fvar%2Fsoftaculous%2Fmoodle HTTP/1.1" 200 1857 "-" "Mozilla/5.0 AppleWebKit/537.36 (KHTML, like Gecko; compatible; ClaudeBot/1.0; [email protected])"
52.15.224.97 - - [18/Oct/2024:13:18:56 -0400] "GET /san-pham/theme-ban-xe-dien?lokasie=%2Fusr%2Flib64%2F%2Flibpython3.8.so.1.0&loknya=%2Fusr%2Flib64%2F HTTP/1.1" 200 1468 "-" "Mozilla/5.0 AppleWebKit/537.36 (KHTML, like Gecko; compatible; ClaudeBot/1.0; [email protected])"
3.135.192.141 - - [18/Oct/2024:13:18:56 -0400] "GET /san-pham/theme-ban-may-tinh-07?lokasie=%2Fusr%2Flib64%2Fpython2.7%2Fjson%2Fscanner.py&loknya=%2Fusr%2Flib64%2Fpython2.7%2Fjson HTTP/1.1" 200 2200 "-" "Mozilla/5.0 AppleWebKit/537.36 (KHTML, like Gecko; compatible; ClaudeBot/1.0; [email protected])"
3.138.174.122 - - [18/Oct/2024:13:18:56 -0400] "GET /san-pham/theme-batdongsan60?lokasie=%2Fusr%2Flib64%2Fgconv%2FlibCNS.so&loknya=%2Fusr%2Flib64%2Fgconv HTTP/1.1" 200 1467 "-" "Mozilla/5.0 AppleWebKit/537.36 (KHTML, like Gecko; compatible; ClaudeBot/1.0; [email protected])"
3.135.192.141 - - [18/Oct/2024:13:18:56 -0400] "GET /san-pham/theme-wordpress-xay-dung/?lokasie=%2Fusr%2Flib%2Ffirmware%2Fmyri10ge_rss_eth_big_z8e.dat&loknya=%2Fusr%2Flib%2Ffirmware HTTP/1.1" 200 1483 "-" "Mozilla/5.0 AppleWebKit/537.36 (KHTML, like Gecko; compatible; ClaudeBot/1.0; [email protected])"
52.15.224.97 - - [18/Oct/2024:13:18:56 -0400] "GET /san-pham/theme-ban-xe-dien?lokasie=%2Fusr%2Flib64%2F%2Flibwmflite-0.2.so.7.0.2&loknya=%2Fusr%2Flib64%2F HTTP/1.1" 200 1469 "-" "Mozilla/5.0 AppleWebKit/537.36 (KHTML, like Gecko; compatible; ClaudeBot/1.0; [email protected])"
18.117.137.117 - - [18/Oct/2024:13:18:56 -0400] "GET /san-pham/theme-wordpress-xay-dung/?loknya=%2Fusr%2Flib%2Ffirmware%2Fxe HTTP/1.1" 200 2024 "-" "Mozilla/5.0 AppleWebKit/537.36 (KHTML, like Gecko; compatible; ClaudeBot/1.0; [email protected])"
18.117.137.117 - - [18/Oct/2024:13:18:56 -0400] "GET /san-pham/theme-wordpress-xay-dung/?loknya=%2Fusr%2Flib%2Ffirmware%2Fbrcm HTTP/1.1" 200 5204 "-" "Mozilla/5.0 AppleWebKit/537.36 (KHTML, like Gecko; compatible; ClaudeBot/1.0; [email protected])"
52.15.224.97 - - [18/Oct/2024:13:18:56 -0400] "GET /tu-khoa/vat-lieu?lokasie=%2Fvar%2Fsoftaculous%2Fhumogen%2Fnotes.txt&loknya=%2Fvar%2Fsoftaculous%2Fhumogen HTTP/1.1" 200 1575 "-" "Mozilla/5.0 AppleWebKit/537.36 (KHTML, like Gecko; compatible; ClaudeBot/1.0; [email protected])"
3.149.27.168 - - [18/Oct/2024:13:18:56 -0400] "GET /tu-khoa/vat-lieu?loknya=%2Fvar%2Fsoftaculous%2Fsmarty%2Fphp81 HTTP/1.1" 200 1915 "-" "Mozilla/5.0 AppleWebKit/537.36 (KHTML, like Gecko; compatible; ClaudeBot/1.0; [email protected])"
18.117.137.117 - - [18/Oct/2024:13:18:56 -0400] "GET /san-pham/theme-batdongsan60?lokasie=%2Flib64%2F%2Flibresolv.so&loknya=%2Flib64%2F HTTP/1.1" 200 1455 "-" "Mozilla/5.0 AppleWebKit/537.36 (KHTML, like Gecko; compatible; ClaudeBot/1.0; [email protected])"
3.149.27.168 - - [18/Oct/2024:13:18:56 -0400] "GET /san-pham/theme-gioi-thieu-ca-nhan-03//?loknya=%2Fhome%2Fgiankuin%2Flscache%2F4%2F0%2Fb HTTP/1.1" 200 1935 "-" "Mozilla/5.0 AppleWebKit/537.36 (KHTML, like Gecko; compatible; ClaudeBot/1.0; [email protected])"
18.117.137.117 - - [18/Oct/2024:13:18:57 -0400] "GET /san-pham/theme-batdongsan60?lokasie=%2Flib64%2F%2Flibmariadb.a&loknya=%2Flib64%2F HTTP/1.1" 200 1455 "-" "Mozilla/5.0 AppleWebKit/537.36 (KHTML, like Gecko; compatible; ClaudeBot/1.0; [email protected])"
3.149.27.168 - - [18/Oct/2024:13:18:57 -0400] "GET /san-pham/theme-batdongsan60?lokasie=%2Fusr%2Flib64%2Fgconv%2FCP773.so&loknya=%2Fusr%2Flib64%2Fgconv HTTP/1.1" 200 1464 "-" "Mozilla/5.0 AppleWebKit/537.36 (KHTML, like Gecko; compatible; ClaudeBot/1.0; [email protected])"
3.149.27.168 - - [18/Oct/2024:13:18:57 -0400] "GET /tu-khoa/vat-lieu?lokasie=%2Fvar%2Fsoftaculous%2Ftinyrss%2Fconfig.php&loknya=%2Fvar%2Fsoftaculous%2Ftinyrss HTTP/1.1" 200 4499 "-" "Mozilla/5.0 AppleWebKit/537.36 (KHTML, like Gecko; compatible; ClaudeBot/1.0; [email protected])"
18.117.137.117 - - [18/Oct/2024:13:18:57 -0400] "GET /san-pham/theme-wordpress-bat-dong-san-52024?loknya=%2Fusr%2Fshare%2Flocale%2Far_DZ HTTP/1.1" 200 1877 "-" "Mozilla/5.0 AppleWebKit/537.36 (KHTML, like Gecko; compatible; ClaudeBot/1.0; [email protected])"
3.149.27.168 - - [18/Oct/2024:13:18:57 -0400] "GET /tu-khoa/vat-lieu?lokasie=%2Fhome%2Fgiankuin%2Fdieukhoandaily.bnnagency.com%2F%2Fwp-trackback.php&loknya=%2Fhome%2Fgiankuin%2Fdieukhoandaily.bnnagency.com%2F HTTP/1.1" 200 3305 "-" "Mozilla/5.0 AppleWebKit/537.36 (KHTML, like Gecko; compatible; ClaudeBot/1.0; [email protected])"
18.117.137.117 - - [18/Oct/2024:13:18:57 -0400] "GET /san-pham/theme-batdongsan60?lokasie=%2Flib64%2F%2Flibnftnl.so.11&loknya=%2Flib64%2F HTTP/1.1" 200 1454 "-" "Mozilla/5.0 AppleWebKit/537.36 (KHTML, like Gecko; compatible; ClaudeBot/1.0; [email protected])"
3.143.241.237 - - [18/Oct/2024:13:18:57 -0400] "GET /tu-khoa/vat-lieu?loknya=%2Fvar%2Fsoftaculous%2Fzen%2Fphp82 HTTP/1.1" 200 2043 "-" "Mozilla/5.0 AppleWebKit/537.36 (KHTML, like Gecko; compatible; ClaudeBot/1.0; [email protected])"
18.117.137.117 - - [18/Oct/2024:13:18:57 -0400] "GET /san-pham/theme-batdongsan60?lokasie=%2Flib64%2F%2Flibgovernor.so&loknya=%2Flib64%2F HTTP/1.1" 200 1456 "-" "Mozilla/5.0 AppleWebKit/537.36 (KHTML, like Gecko; compatible; ClaudeBot/1.0; [email protected])"
3.143.241.237 - - [18/Oct/2024:13:18:57 -0400] "GET /san-pham/theme-wordpress-xay-dung/?loknya=%2Fusr%2Fshare%2Fzoneinfo%2FAntarctica HTTP/1.1" 200 2252 "-" "Mozilla/5.0 AppleWebKit/537.36 (KHTML, like Gecko; compatible; ClaudeBot/1.0; [email protected])"
18.117.137.117 - - [18/Oct/2024:13:18:57 -0400] "GET /san-pham/theme-batdongsan60?lokasie=%2Flib64%2F%2Flibwebpdemux.so&loknya=%2Flib64%2F HTTP/1.1" 200 1456 "-" "Mozilla/5.0 AppleWebKit/537.36 (KHTML, like Gecko; compatible; ClaudeBot/1.0; [email protected])"
3.143.241.237 - - [18/Oct/2024:13:18:58 -0400] "GET /san-pham/theme-gioi-thieu-ca-nhan-03//?loknya=%2Fhome%2Fgiankuin%2Flscache%2F4%2F9%2Fd HTTP/1.1" 200 2025 "-" "Mozilla/5.0 AppleWebKit/537.36 (KHTML, like Gecko; compatible; ClaudeBot/1.0; [email protected])"
18.117.137.117 - - [18/Oct/2024:13:18:58 -0400] "GET /san-pham/theme-batdongsan60?lokasie=%2Flib64%2F%2Flibraw_r.so.19.0.2&loknya=%2Flib64%2F HTTP/1.1" 200 1460 "-" "Mozilla/5.0 AppleWebKit/537.36 (KHTML, like Gecko; compatible; ClaudeBot/1.0; [email protected])"
18.117.137.117 - - [18/Oct/2024:13:18:58 -0400] "GET /san-pham/theme-batdongsan60?lokasie=%2Flib64%2F%2Flibatomic.so.1.2.0&loknya=%2Flib64%2F HTTP/1.1" 200 1460 "-" "Mozilla/5.0 AppleWebKit/537.36 (KHTML, like Gecko; compatible; ClaudeBot/1.0; [email protected])"
3.143.241.237 - - [18/Oct/2024:13:18:58 -0400] "GET /san-pham/theme-batdongsan60?lokasie=%2Fusr%2Flib64%2Fgconv%2FIBM1156.so&loknya=%2Fusr%2Flib64%2Fgconv HTTP/1.1" 200 1469 "-" "Mozilla/5.0 AppleWebKit/537.36 (KHTML, like Gecko; compatible; ClaudeBot/1.0; [email protected])"
3.143.241.237 - - [18/Oct/2024:13:18:58 -0400] "GET /tu-khoa/vat-lieu?lokasie=%2Fvar%2Fsoftaculous%2Ftcexam%2Fupgrade.xml&loknya=%2Fvar%2Fsoftaculous%2Ftcexam HTTP/1.1" 200 1673 "-" "Mozilla/5.0 AppleWebKit/537.36 (KHTML, like Gecko; compatible; ClaudeBot/1.0; [email protected])"
18.117.137.117 - - [18/Oct/2024:13:18:58 -0400] "GET /san-pham/theme-batdongsan60?lokasie=%2Flib64%2F%2Flibwayland-cursor.so.0&loknya=%2Flib64%2F HTTP/1.1" 200 1461 "-" "Mozilla/5.0 AppleWebKit/537.36 (KHTML, like Gecko; compatible; ClaudeBot/1.0; [email protected])"
3.143.241.237 - - [18/Oct/2024:13:18:58 -0400] "GET /san-pham/theme-wordpress-xay-dung/?lokasie=%2Fvar%2Fsoftaculous%2Flibre%2Fmd5&loknya=%2Fvar%2Fsoftaculous%2Flibre HTTP/1.1" 200 2650 "-" "Mozilla/5.0 AppleWebKit/537.36 (KHTML, like Gecko; compatible; ClaudeBot/1.0; [email protected])"
18.117.137.117 - - [18/Oct/2024:13:18:58 -0400] "GET /tu-khoa/vat-lieu?lokasie=%2Fvar%2Fsoftaculous%2Fely%2Finstall.php&loknya=%2Fvar%2Fsoftaculous%2Fely HTTP/1.1" 200 4194 "-" "Mozilla/5.0 AppleWebKit/537.36 (KHTML, like Gecko; compatible; ClaudeBot/1.0; [email protected])"
3.143.241.237 - - [18/Oct/2024:13:18:58 -0400] "GET /?lokasie=%2Fhome%2Fgiankuin%2Flscache%2Fe%2F4%2F5%2Fe45bc86fcf1a4650&loknya=%2Fhome%2Fgiankuin%2Flscache%2Fe%2F4%2F5 HTTP/1.1" 200 1499 "-" "Mozilla/5.0 AppleWebKit/537.36 (KHTML, like Gecko; compatible; ClaudeBot/1.0; [email protected])"
18.117.137.117 - - [18/Oct/2024:13:18:58 -0400] "GET /tu-khoa/vat-lieu?lokasie=%2Fvar%2Fsoftaculous%2Ffirefly%2Finstall.php&loknya=%2Fvar%2Fsoftaculous%2Ffirefly HTTP/1.1" 200 6141 "-" "Mozilla/5.0 AppleWebKit/537.36 (KHTML, like Gecko; compatible; ClaudeBot/1.0; [email protected])"
18.117.137.117 - - [18/Oct/2024:13:18:59 -0400] "GET /san-pham/theme-wordpress-bat-dong-san-52024?lokasie=%2Flib64%2Fperl5%2FHash%2FUtil.pm&loknya=%2Flib64%2Fperl5%2FHash HTTP/1.1" 200 9441 "-" "Mozilla/5.0 AppleWebKit/537.36 (KHTML, like Gecko; compatible; ClaudeBot/1.0; [email protected])"
3.12.148.234 - - [18/Oct/2024:13:18:59 -0400] "GET /san-pham/theme-wordpress-xay-dung/?loknya=%2Fvar%2Fsoftaculous%2Fphpcol%2Fphp56 HTTP/1.1" 200 2060 "-" "Mozilla/5.0 AppleWebKit/537.36 (KHTML, like Gecko; compatible; ClaudeBot/1.0; [email protected])"
3.12.148.234 - - [18/Oct/2024:13:18:59 -0400] "GET /tu-khoa/vat-lieu?lokasie=%2Fvar%2Fsoftaculous%2Fflat%2Finstall.php&loknya=%2Fvar%2Fsoftaculous%2Fflat HTTP/1.1" 200 5307 "-" "Mozilla/5.0 AppleWebKit/537.36 (KHTML, like Gecko; compatible; ClaudeBot/1.0; [email protected])"
52.15.215.150 - - [18/Oct/2024:13:18:59 -0400] "GET /san-pham/theme-wordpress-xay-dung/?loknya=%2Fusr%2Fshare%2Fperl5%2FConfig HTTP/1.1" 200 1928 "-" "Mozilla/5.0 AppleWebKit/537.36 (KHTML, like Gecko; compatible; ClaudeBot/1.0; [email protected])"
18.117.137.117 - - [18/Oct/2024:13:18:59 -0400] "GET /san-pham/theme-wordpress-xay-dung/?lokasie=%2Fvar%2Fsoftaculous%2Fconc8%2Fconc8.sql&loknya=%2Fvar%2Fsoftaculous%2Fconc8 HTTP/1.1" 200 68377 "-" "Mozilla/5.0 AppleWebKit/537.36 (KHTML, like Gecko; compatible; ClaudeBot/1.0; [email protected])"
18.117.137.117 - - [18/Oct/2024:13:18:59 -0400] "GET /san-pham/theme-wordpress-xay-dung/?lokasie=%2Fusr%2Flib%2Ffirmware%2Fiwlwifi-so-a0-gf-a0-73.ucode&loknya=%2Fusr%2Flib%2Ffirmware HTTP/1.1" 200 1479 "-" "Mozilla/5.0 AppleWebKit/537.36 (KHTML, like Gecko; compatible; ClaudeBot/1.0; [email protected])"
52.15.215.150 - - [18/Oct/2024:13:18:59 -0400] "GET /san-pham/theme-wordpress-xay-dung/?lokasie=%2Fusr%2Fshare%2Fperl5%2FPerlIO.pm&loknya=%2Fusr%2Fshare%2Fperl5 HTTP/1.1" 200 6177 "-" "Mozilla/5.0 AppleWebKit/537.36 (KHTML, like Gecko; compatible; ClaudeBot/1.0; [email protected])"
3.144.82.26 - - [18/Oct/2024:13:18:59 -0400] "GET /san-pham/theme-batdongsan60?lokasie=%2Fusr%2Flib64%2Fruby%2Fetc.so&loknya=%2Fusr%2Flib64%2Fruby HTTP/1.1" 200 1461 "-" "Mozilla/5.0 AppleWebKit/537.36 (KHTML, like Gecko; compatible; ClaudeBot/1.0; [email protected])"
3.142.200.28 - - [18/Oct/2024:13:18:59 -0400] "GET /san-pham/theme-batdongsan60?lokasie=%2Fusr%2Flib64%2Fruby%2Fbigdecimal.so&loknya=%2Fusr%2Flib64%2Fruby HTTP/1.1" 200 1466 "-" "Mozilla/5.0 AppleWebKit/537.36 (KHTML, like Gecko; compatible; ClaudeBot/1.0; [email protected])"
18.117.137.117 - - [18/Oct/2024:13:18:59 -0400] "GET /?lokasie=%2Flib64%2Fpython3.8%2Funittest%2F__pycache__%2Fsignals.cpython-38.opt-1.pyc&loknya=%2Flib64%2Fpython3.8%2Funittest%2F__pycache__ HTTP/1.1" 200 1508 "-" "Mozilla/5.0 AppleWebKit/537.36 (KHTML, like Gecko; compatible; ClaudeBot/1.0; [email protected])"
18.118.255.16 - - [18/Oct/2024:13:18:59 -0400] "GET /?lokasie=%2Fhome%2Fgiankuin%2Flscache%2F6%2F6%2F7%2F6673a277e412b3be&loknya=%2Fhome%2Fgiankuin%2Flscache%2F6%2F6%2F7 HTTP/1.1" 200 1488 "-" "Mozilla/5.0 AppleWebKit/537.36 (KHTML, like Gecko; compatible; ClaudeBot/1.0; [email protected])"
18.118.255.16 - - [18/Oct/2024:13:18:59 -0400] "GET /san-pham/theme-wordpress-bat-dong-san-52024?lokasie=%2Fusr%2Fshare%2Faclocal%2Flib-ld.m4&loknya=%2Fusr%2Fshare%2Faclocal HTTP/1.1" 200 3144 "-" "Mozilla/5.0 AppleWebKit/537.36 (KHTML, like Gecko; compatible; ClaudeBot/1.0; [email protected])"
3.15.11.175 - - [18/Oct/2024:13:18:59 -0400] "GET /san-pham/theme-wordpress-bat-dong-san-52024?loknya=%2Fusr%2Fshare%2Flocale%2Fty HTTP/1.1" 200 1866 "-" "Mozilla/5.0 AppleWebKit/537.36 (KHTML, like Gecko; compatible; ClaudeBot/1.0; [email protected])"
18.118.255.16 - - [18/Oct/2024:13:18:59 -0400] "GET /san-pham/theme-wordpress-xay-dung/?lokasie=%2Fvar%2Fsoftaculous%2Fjoomla310%2Finstall.php&loknya=%2Fvar%2Fsoftaculous%2Fjoomla310 HTTP/1.1" 200 16984 "-" "Mozilla/5.0 AppleWebKit/537.36 (KHTML, like Gecko; compatible; ClaudeBot/1.0; [email protected])"
3.15.11.175 - - [18/Oct/2024:13:18:59 -0400] "GET /san-pham/theme-wordpress-bat-dong-san-52024?loknya=%2Fusr%2Fshare%2Flocale%2Fka_GE HTTP/1.1" 200 1871 "-" "Mozilla/5.0 AppleWebKit/537.36 (KHTML, like Gecko; compatible; ClaudeBot/1.0; [email protected])"
18.190.156.13 - - [18/Oct/2024:13:19:00 -0400] "GET /san-pham/theme-wordpress-xay-dung/?lokasie=%2Fusr%2Fshare%2Fnano%2Fawk.nanorc&loknya=%2Fusr%2Fshare%2Fnano HTTP/1.1" 200 2258 "-" "Mozilla/5.0 AppleWebKit/537.36 (KHTML, like Gecko; compatible; ClaudeBot/1.0; [email protected])"
3.15.11.175 - - [18/Oct/2024:13:19:00 -0400] "GET /san-pham/theme-wordpress-bat-dong-san-52024?lokasie=%2Fusr%2Finclude%2Fopenssl%2Fstack.h&loknya=%2Fusr%2Finclude%2Fopenssl HTTP/1.1" 200 2341 "-" "Mozilla/5.0 AppleWebKit/537.36 (KHTML, like Gecko; compatible; ClaudeBot/1.0; [email protected])"
18.190.156.13 - - [18/Oct/2024:13:19:00 -0400] "GET /san-pham/theme-wordpress-bat-dong-san-52024?lokasie=%2Fusr%2Fshare%2Faclocal%2Ffontutil.m4&loknya=%2Fusr%2Fshare%2Faclocal HTTP/1.1" 200 5828 "-" "Mozilla/5.0 AppleWebKit/537.36 (KHTML, like Gecko; compatible; ClaudeBot/1.0; [email protected])"
3.15.11.175 - - [18/Oct/2024:13:19:00 -0400] "GET /san-pham/theme-wordpress-bat-dong-san-52024?lokasie=%2Flib64%2Fpython2.7%2Fxml%2F__init__.py&loknya=%2Flib64%2Fpython2.7%2Fxml HTTP/1.1" 200 1996 "-" "Mozilla/5.0 AppleWebKit/537.36 (KHTML, like Gecko; compatible; ClaudeBot/1.0; [email protected])"
18.190.156.13 - - [18/Oct/2024:13:19:00 -0400] "GET /san-pham/theme-wordpress-bat-dong-san-52024?lokasie=%2Flib64%2Fpython2.7%2Fencodings%2Fcp861.pyc&loknya=%2Flib64%2Fpython2.7%2Fencodings HTTP/1.1" 200 1476 "-" "Mozilla/5.0 AppleWebKit/537.36 (KHTML, like Gecko; compatible; ClaudeBot/1.0; [email protected])"
3.15.11.175 - - [18/Oct/2024:13:19:00 -0400] "GET /san-pham/theme-wordpress-xay-dung/?lokasie=%2Fvar%2Fsoftaculous%2Fsymfony3%2Ffileindex.php&loknya=%2Fvar%2Fsoftaculous%2Fsymfony3 HTTP/1.1" 200 1566 "-" "Mozilla/5.0 AppleWebKit/537.36 (KHTML, like Gecko; compatible; ClaudeBot/1.0; [email protected])"
18.190.156.13 - - [18/Oct/2024:13:19:00 -0400] "GET /san-pham/theme-wordpress-bat-dong-san-52024?lokasie=%2Flib64%2Fpython2.7%2Fencodings%2Fiso8859_10.pyc&loknya=%2Flib64%2Fpython2.7%2Fencodings HTTP/1.1" 200 1480 "-" "Mozilla/5.0 AppleWebKit/537.36 (KHTML, like Gecko; compatible; ClaudeBot/1.0; [email protected])"
18.190.156.13 - - [18/Oct/2024:13:19:00 -0400] "GET /tu-khoa/noi-that?lokasie=%2Fhome%2Fgiankuin%2Fwww%2Fwp-content%2Fplugins%2Fduplicator-pro%2Fdefine.php&loknya=%2Fhome%2Fgiankuin%2Fwww%2Fwp-content%2Fplugins%2Fduplicator-pro HTTP/1.1" 200 3140 "-" "Mozilla/5.0 AppleWebKit/537.36 (KHTML, like Gecko; compatible; ClaudeBot/1.0; [email protected])"
3.145.93.145 - - [18/Oct/2024:13:19:01 -0400] "GET /tu-khoa/vat-lieu?loknya=%2Fvar%2Fsoftaculous%2Fmw28%2Fphp71 HTTP/1.1" 200 2075 "-" "Mozilla/5.0 AppleWebKit/537.36 (KHTML, like Gecko; compatible; ClaudeBot/1.0; [email protected])"
3.145.93.145 - - [18/Oct/2024:13:19:01 -0400] "GET /san-pham/theme-wordpress-bat-dong-san-52024?loknya=%2Fusr%2Fshare%2Flocale%2Farc HTTP/1.1" 200 1869 "-" "Mozilla/5.0 AppleWebKit/537.36 (KHTML, like Gecko; compatible; ClaudeBot/1.0; [email protected])"
3.14.136.121 - - [18/Oct/2024:13:19:01 -0400] "GET /san-pham/theme-ban-may-tinh-07?lokasie=%2Fusr%2Finclude%2Fbits%2Ftypes%2Fstruct_sched_param.h&loknya=%2Fusr%2Finclude%2Fbits%2Ftypes HTTP/1.1" 200 2034 "-" "Mozilla/5.0 AppleWebKit/537.36 (KHTML, like Gecko; compatible; ClaudeBot/1.0; [email protected])"
3.145.93.145 - - [18/Oct/2024:13:19:01 -0400] "GET /san-pham/theme-wordpress-bat-dong-san-52024?loknya=%2Fusr%2Fshare%2Flocale%2Fsmj HTTP/1.1" 200 1869 "-" "Mozilla/5.0 AppleWebKit/537.36 (KHTML, like Gecko; compatible; ClaudeBot/1.0; [email protected])"
3.14.136.121 - - [18/Oct/2024:13:19:01 -0400] "GET /tu-khoa/vat-lieu?lokasie=%2Fhome%2Fgiankuin%2Fsieuthiweb.com.vn%2Fwp-content%2Fplugins%2Fcontact-form-7%2Fmodules%2Freally-simple-captcha.php&loknya=%2Fhome%2Fgiankuin%2Fsieuthiweb.com.vn%2Fwp-content%2Fplugins%2Fcontact-form-7%2Fmodules HTTP/1.1" 200 6007 "-" "Mozilla/5.0 AppleWebKit/537.36 (KHTML, like Gecko; compatible; ClaudeBot/1.0; [email protected])"
3.145.93.145 - - [18/Oct/2024:13:19:01 -0400] "GET /san-pham/theme-wordpress-bat-dong-san-52024?loknya=%2Fusr%2Fshare%2Flocale%2Fhil HTTP/1.1" 200 1869 "-" "Mozilla/5.0 AppleWebKit/537.36 (KHTML, like Gecko; compatible; ClaudeBot/1.0; [email protected])"
3.142.119.222 - - [18/Oct/2024:13:19:01 -0400] "GET /tu-khoa/vat-lieu?loknya=%2Fvar%2Fsoftaculous%2Fsymfony2%2Fimages HTTP/1.1" 200 1985 "-" "Mozilla/5.0 AppleWebKit/537.36 (KHTML, like Gecko; compatible; ClaudeBot/1.0; [email protected])"
3.142.119.222 - - [18/Oct/2024:13:19:01 -0400] "GET /san-pham/theme-ban-xe-dien?lokasie=%2Fusr%2Flib64%2F%2Fgcrt1.o&loknya=%2Fusr%2Flib64%2F HTTP/1.1" 200 1459 "-" "Mozilla/5.0 AppleWebKit/537.36 (KHTML, like Gecko; compatible; ClaudeBot/1.0; [email protected])"
3.142.119.222 - - [18/Oct/2024:13:19:01 -0400] "GET /tu-khoa/vat-lieu?lokasie=%2Fvar%2Fsoftaculous%2Fclip%2Fmd5&loknya=%2Fvar%2Fsoftaculous%2Fclip HTTP/1.1" 200 2080 "-" "Mozilla/5.0 AppleWebKit/537.36 (KHTML, like Gecko; compatible; ClaudeBot/1.0; [email protected])"
3.145.93.145 - - [18/Oct/2024:13:19:01 -0400] "GET /san-pham/theme-wordpress-bat-dong-san-52024?loknya=%2Fusr%2Fshare%2Flocale%2Fshs HTTP/1.1" 200 1868 "-" "Mozilla/5.0 AppleWebKit/537.36 (KHTML, like Gecko; compatible; ClaudeBot/1.0; [email protected])"
3.142.119.222 - - [18/Oct/2024:13:19:02 -0400] "GET /san-pham/theme-ban-xe-dien?lokasie=%2Fusr%2Flib64%2F%2Flibtalloc.so.2&loknya=%2Fusr%2Flib64%2F HTTP/1.1" 200 1463 "-" "Mozilla/5.0 AppleWebKit/537.36 (KHTML, like Gecko; compatible; ClaudeBot/1.0; [email protected])"
3.142.119.222 - - [18/Oct/2024:13:19:02 -0400] "GET /san-pham/theme-ban-xe-dien?lokasie=%2Fusr%2Flib64%2F%2Flibusb-1.0.so.0&loknya=%2Fusr%2Flib64%2F HTTP/1.1" 200 1465 "-" "Mozilla/5.0 AppleWebKit/537.36 (KHTML, like Gecko; compatible; ClaudeBot/1.0; [email protected])"
3.145.93.145 - - [18/Oct/2024:13:19:02 -0400] "GET /san-pham/theme-wordpress-bat-dong-san-52024?loknya=%2Fusr%2Fshare%2Flocale%2Ftog HTTP/1.1" 200 1867 "-" "Mozilla/5.0 AppleWebKit/537.36 (KHTML, like Gecko; compatible; ClaudeBot/1.0; [email protected])"
3.145.93.145 - - [18/Oct/2024:13:19:02 -0400] "GET /san-pham/theme-wordpress-bat-dong-san-52024?loknya=%2Fusr%2Fshare%2Fmysql%2Fnorwegian-ny HTTP/1.1" 200 1919 "-" "Mozilla/5.0 AppleWebKit/537.36 (KHTML, like Gecko; compatible; ClaudeBot/1.0; [email protected])"
3.145.93.145 - - [18/Oct/2024:13:19:02 -0400] "GET /san-pham/theme-wordpress-xay-dung/?loknya=%2Fvar%2Fsoftaculous%2Fhumogen%2Fimages HTTP/1.1" 200 1966 "-" "Mozilla/5.0 AppleWebKit/537.36 (KHTML, like Gecko; compatible; ClaudeBot/1.0; [email protected])"
3.145.93.145 - - [18/Oct/2024:13:19:02 -0400] "GET /san-pham/theme-wordpress-xay-dung/?lokasie=%2Fvar%2Fsoftaculous%2Fhumogen%2Fedit.xml&loknya=%2Fvar%2Fsoftaculous%2Fhumogen HTTP/1.1" 200 1669 "-" "Mozilla/5.0 AppleWebKit/537.36 (KHTML, like Gecko; compatible; ClaudeBot/1.0; [email protected])"
3.142.119.222 - - [18/Oct/2024:13:19:03 -0400] "GET /san-pham/theme-ban-xe-dien?lokasie=%2Fusr%2Flib64%2F%2Flibpanel.so.6.1&loknya=%2Fusr%2Flib64%2F HTTP/1.1" 200 1463 "-" "Mozilla/5.0 AppleWebKit/537.36 (KHTML, like Gecko; compatible; ClaudeBot/1.0; [email protected])"
3.142.119.222 - - [18/Oct/2024:13:19:03 -0400] "GET /san-pham/theme-ban-xe-dien?lokasie=%2Fusr%2Flib64%2F%2Flibc_nonshared.a&loknya=%2Fusr%2Flib64%2F HTTP/1.1" 200 1464 "-" "Mozilla/5.0 AppleWebKit/537.36 (KHTML, like Gecko; compatible; ClaudeBot/1.0; [email protected])"
3.145.93.145 - - [18/Oct/2024:13:19:03 -0400] "GET /san-pham/theme-wordpress-xay-dung/?lokasie=%2Fvar%2Fsoftaculous%2Fwebmail%2Finfo.xml&loknya=%2Fvar%2Fsoftaculous%2Fwebmail HTTP/1.1" 200 3047 "-" "Mozilla/5.0 AppleWebKit/537.36 (KHTML, like Gecko; compatible; ClaudeBot/1.0; [email protected])"
3.142.119.222 - - [18/Oct/2024:13:19:03 -0400] "GET /san-pham/theme-batdongsan60//?lokasie=%2Flib64%2Fruby%2Fenc%2Fencdb.so&loknya=%2Flib64%2Fruby%2Fenc HTTP/1.1" 200 1467 "-" "Mozilla/5.0 AppleWebKit/537.36 (KHTML, like Gecko; compatible; ClaudeBot/1.0; [email protected])"
3.142.119.222 - - [18/Oct/2024:13:19:03 -0400] "GET /san-pham/theme-ban-xe-dien?lokasie=%2Fusr%2Flib64%2F%2Flibtss2-rc.so.0.0.0&loknya=%2Fusr%2Flib64%2F HTTP/1.1" 200 1466 "-" "Mozilla/5.0 AppleWebKit/537.36 (KHTML, like Gecko; compatible; ClaudeBot/1.0; [email protected])"
3.142.119.222 - - [18/Oct/2024:13:19:03 -0400] "GET /san-pham/theme-ban-xe-dien?lokasie=%2Fusr%2Flib64%2F%2Flibgnutls.so.30.28.2&loknya=%2Fusr%2Flib64%2F HTTP/1.1" 200 1468 "-" "Mozilla/5.0 AppleWebKit/537.36 (KHTML, like Gecko; compatible; ClaudeBot/1.0; [email protected])"
18.225.149.138 - - [18/Oct/2024:13:19:03 -0400] "GET /tu-khoa/vat-lieu?lokasie=%2Fvar%2Fsoftaculous%2Fmt%2Fupgrade.xml&loknya=%2Fvar%2Fsoftaculous%2Fmt HTTP/1.1" 200 1724 "-" "Mozilla/5.0 AppleWebKit/537.36 (KHTML, like Gecko; compatible; ClaudeBot/1.0; [email protected])"
18.225.149.138 - - [18/Oct/2024:13:19:03 -0400] "GET /san-pham/theme-wordpress-xay-dung/?loknya=%2Fvar%2Fsoftaculous%2Fowm%2Fphp82 HTTP/1.1" 200 2001 "-" "Mozilla/5.0 AppleWebKit/537.36 (KHTML, like Gecko; compatible; ClaudeBot/1.0; [email protected])"
18.225.149.138 - - [18/Oct/2024:13:19:04 -0400] "GET /tu-khoa/vat-lieu?lokasie=%2Fvar%2Fsoftaculous%2Foxwall%2Fnotes.txt&loknya=%2Fvar%2Fsoftaculous%2Foxwall HTTP/1.1" 200 1896 "-" "Mozilla/5.0 AppleWebKit/537.36 (KHTML, like Gecko; compatible; ClaudeBot/1.0; [email protected])"
18.225.149.138 - - [18/Oct/2024:13:19:05 -0400] "GET /san-pham/theme-wordpress-xay-dung/?lokasie=%2Fusr%2Flib%2Ffirmware%2Fdvb-usb-it9135-02.fw&loknya=%2Fusr%2Flib%2Ffirmware HTTP/1.1" 200 1478 "-" "Mozilla/5.0 AppleWebKit/537.36 (KHTML, like Gecko; compatible; ClaudeBot/1.0; [email protected])"
18.225.149.138 - - [18/Oct/2024:13:19:05 -0400] "GET /san-pham/theme-wordpress-xay-dung/?lokasie=%2Fusr%2Flib%2Ffirmware%2Fiwlwifi-Qu-c0-jf-b0-50.ucode&loknya=%2Fusr%2Flib%2Ffirmware HTTP/1.1" 200 1482 "-" "Mozilla/5.0 AppleWebKit/537.36 (KHTML, like Gecko; compatible; ClaudeBot/1.0; [email protected])"
3.142.119.222 - - [18/Oct/2024:13:19:05 -0400] "GET /san-pham/theme-ban-xe-dien?lokasie=%2Fusr%2Flib64%2F%2FlibQt5Multimedia.so.5.15.3&loknya=%2Fusr%2Flib64%2F HTTP/1.1" 200 1473 "-" "Mozilla/5.0 AppleWebKit/537.36 (KHTML, like Gecko; compatible; ClaudeBot/1.0; [email protected])"
3.142.119.222 - - [18/Oct/2024:13:19:05 -0400] "GET /san-pham/theme-ban-xe-dien?lokasie=%2Fusr%2Flib64%2F%2Flibevent_openssl-2.1.so.6.0.2&loknya=%2Fusr%2Flib64%2F HTTP/1.1" 200 1475 "-" "Mozilla/5.0 AppleWebKit/537.36 (KHTML, like Gecko; compatible; ClaudeBot/1.0; [email protected])"
18.116.36.56 - - [18/Oct/2024:13:19:05 -0400] "GET /tu-khoa/vat-lieu?loknya=%2Fhome%2Fgiankuin%2Flscache%2F1%2F8%2Fc HTTP/1.1" 200 1997 "-" "Mozilla/5.0 AppleWebKit/537.36 (KHTML, like Gecko; compatible; ClaudeBot/1.0; [email protected])"
