18.119.110.38 - - [18/Oct/2024:12:32:40 -0400] "GET /san-pham/theme-ban-may-tinh-07?loknya=%2Flib64%2Fpython3.6%2Fctypes%2Fmacholib%2F__pycache__ HTTP/1.1" 200 2240 "-" "Mozilla/5.0 AppleWebKit/537.36 (KHTML, like Gecko; compatible; ClaudeBot/1.0; [email protected])"
18.218.59.168 - - [18/Oct/2024:12:32:40 -0400] "GET /wp-json/wp/v2/product/10082?lokasie=%2Fhome%2Fgiankuin%2Fkhowordpress.com%2Fwp-includes%2Fimages%2Fsmilies%2Ffrownie.png&loknya=%2Fhome%2Fgiankuin%2Fkhowordpress.com%2Fwp-includes%2Fimages%2Fsmilies HTTP/1.1" 200 1510 "-" "Mozilla/5.0 AppleWebKit/537.36 (KHTML, like Gecko; compatible; ClaudeBot/1.0; [email protected])"
3.139.69.241 - - [18/Oct/2024:12:32:41 -0400] "GET /san-pham/theme-ban-may-tinh-07?lokasie=%2Fhome%2Fgiankuin%2Fthietke365.net%2Fwp-admin%2F%2Fmenu.php&loknya=%2Fhome%2Fgiankuin%2Fthietke365.net%2Fwp-admin%2F HTTP/1.1" 200 6086 "-" "Mozilla/5.0 AppleWebKit/537.36 (KHTML, like Gecko; compatible; ClaudeBot/1.0; [email protected])"
3.12.41.136 - - [18/Oct/2024:12:32:41 -0400] "GET /wp-json/oembed/1.0/embed?lokasie=%2Fhome%2Fgiankuin%2Fdietcontrungnhanh.com%2Fwp-includes%2F%2Fclass-wp-http-ixr-client.php&loknya=%2Fhome%2Fgiankuin%2Fdietcontrungnhanh.com%2Fwp-includes%2F HTTP/1.1" 200 2902 "-" "Mozilla/5.0 AppleWebKit/537.36 (KHTML, like Gecko; compatible; ClaudeBot/1.0; [email protected])"
3.139.69.241 - - [18/Oct/2024:12:32:42 -0400] "GET /wp-json/wp/v2/product/10082?lokasie=%2Fhome%2Fgiankuin%2Fwww%2Fwp-includes%2Fjs%2Fdist%2Fblock-directory.js&loknya=%2Fhome%2Fgiankuin%2Fwww%2Fwp-includes%2Fjs%2Fdist HTTP/1.1" 200 20195 "-" "Mozilla/5.0 AppleWebKit/537.36 (KHTML, like Gecko; compatible; ClaudeBot/1.0; [email protected])"
3.12.41.136 - - [18/Oct/2024:12:32:43 -0400] "GET /san-pham/theme-ban-may-tinh-07?lokasie=%2Fhome%2Fgiankuin%2Fkhowordpress.com%2Fwp-content%2Fplugins%2Flitespeed-cache%2Fautoload.php&loknya=%2Fhome%2Fgiankuin%2Fkhowordpress.com%2Fwp-content%2Fplugins%2Flitespeed-cache HTTP/1.1" 200 1973 "-" "Mozilla/5.0 AppleWebKit/537.36 (KHTML, like Gecko; compatible; ClaudeBot/1.0; [email protected])"
3.139.69.241 - - [18/Oct/2024:12:32:45 -0400] "GET /san-pham/theme-ban-may-tinh-07?lokasie=%2Fhome%2Fgiankuin%2Fthietke365.net%2Fwp-admin%2F%2Fedit-form-blocks.php&loknya=%2Fhome%2Fgiankuin%2Fthietke365.net%2Fwp-admin%2F HTTP/1.1" 200 5869 "-" "Mozilla/5.0 AppleWebKit/537.36 (KHTML, like Gecko; compatible; ClaudeBot/1.0; [email protected])"
3.139.69.241 - - [18/Oct/2024:12:32:46 -0400] "GET /wp-json/wp/v2/product/10082?lokasie=%2Fhome%2Fgiankuin%2Fwww%2Fwp-includes%2Fjs%2Fdist%2Fformat-library.min.js&loknya=%2Fhome%2Fgiankuin%2Fwww%2Fwp-includes%2Fjs%2Fdist HTTP/1.1" 200 9653 "-" "Mozilla/5.0 AppleWebKit/537.36 (KHTML, like Gecko; compatible; ClaudeBot/1.0; [email protected])"
66.249.70.134 - - [18/Oct/2024:12:38:27 -0400] "GET /wp-content/uploads/2023/09/thucpham.jpg HTTP/1.1" 200 244224 "-" "Googlebot-Image/1.0"
66.249.70.135 - - [18/Oct/2024:12:56:27 -0400] "GET /wp-content/uploads/2020/09/010-1.png HTTP/1.1" 200 145788 "-" "Googlebot-Image/1.0"
66.249.70.133 - - [18/Oct/2024:13:16:46 -0400] "GET /wp-content/uploads/2024/07/screencapture-20815dichvuspa07-webdmo-net-2024-07-10-15_33_53.png HTTP/1.1" 200 2088130 "-" "Googlebot-Image/1.0"
18.191.237.176 - - [18/Oct/2024:13:16:55 -0400] "GET /san-pham/theme-wordpress-bat-dong-san-52024?lokasie=%2Flib64%2F%2FlibGLESv1_CM.so.1&loknya=%2Flib64%2F HTTP/1.1" 200 1462 "-" "Mozilla/5.0 AppleWebKit/537.36 (KHTML, like Gecko; compatible; ClaudeBot/1.0; [email protected])"
18.191.237.176 - - [18/Oct/2024:13:16:55 -0400] "GET /tu-khoa/vat-lieu?lokasie=%2Fvar%2Fsoftaculous%2Fprocwire%2Finstall.js&loknya=%2Fvar%2Fsoftaculous%2Fprocwire HTTP/1.1" 200 1859 "-" "Mozilla/5.0 AppleWebKit/537.36 (KHTML, like Gecko; compatible; ClaudeBot/1.0; [email protected])"
18.191.237.176 - - [18/Oct/2024:13:16:55 -0400] "GET /san-pham/theme-wordpress-bat-dong-san-52024?lokasie=%2Flib64%2F%2Flibapr-1.so.0.6.3&loknya=%2Flib64%2F HTTP/1.1" 200 1459 "-" "Mozilla/5.0 AppleWebKit/537.36 (KHTML, like Gecko; compatible; ClaudeBot/1.0; [email protected])"
18.191.237.176 - - [18/Oct/2024:13:16:55 -0400] "GET /san-pham/theme-wordpress-bat-dong-san-52024?lokasie=%2Flib64%2F%2FlibQt5Widgets.so.5&loknya=%2Flib64%2F HTTP/1.1" 200 1459 "-" "Mozilla/5.0 AppleWebKit/537.36 (KHTML, like Gecko; compatible; ClaudeBot/1.0; [email protected])"
18.191.237.176 - - [18/Oct/2024:13:16:55 -0400] "GET /tu-khoa/vat-lieu?lokasie=%2Fvar%2Fsoftaculous%2Fprocwire%2Fclone.php&loknya=%2Fvar%2Fsoftaculous%2Fprocwire HTTP/1.1" 200 5098 "-" "Mozilla/5.0 AppleWebKit/537.36 (KHTML, like Gecko; compatible; ClaudeBot/1.0; [email protected])"
3.15.25.131 - - [18/Oct/2024:13:16:58 -0400] "GET /san-pham/theme-ban-xe-dien?lokasie=%2Fusr%2Flib64%2F%2Flibbz2.so&loknya=%2Fusr%2Flib64%2F HTTP/1.1" 200 1460 "-" "Mozilla/5.0 AppleWebKit/537.36 (KHTML, like Gecko; compatible; ClaudeBot/1.0; [email protected])"
3.15.25.131 - - [18/Oct/2024:13:16:58 -0400] "GET /san-pham/theme-ban-xe-dien?lokasie=%2Fusr%2Flib64%2F%2Flibcap.so.2&loknya=%2Fusr%2Flib64%2F HTTP/1.1" 200 1462 "-" "Mozilla/5.0 AppleWebKit/537.36 (KHTML, like Gecko; compatible; ClaudeBot/1.0; [email protected])"
3.15.25.131 - - [18/Oct/2024:13:16:58 -0400] "GET /san-pham/theme-ban-xe-dien?lokasie=%2Fusr%2Flib64%2F%2Flibuuid.so&loknya=%2Fusr%2Flib64%2F HTTP/1.1" 200 1461 "-" "Mozilla/5.0 AppleWebKit/537.36 (KHTML, like Gecko; compatible; ClaudeBot/1.0; [email protected])"
18.191.237.176 - - [18/Oct/2024:13:16:59 -0400] "GET /tu-khoa/vat-lieu?lokasie=%2Fvar%2Fsoftaculous%2Frosariosis%2Finstall.js&loknya=%2Fvar%2Fsoftaculous%2Frosariosis HTTP/1.1" 200 1857 "-" "Mozilla/5.0 AppleWebKit/537.36 (KHTML, like Gecko; compatible; ClaudeBot/1.0; [email protected])"
3.15.25.131 - - [18/Oct/2024:13:16:59 -0400] "GET /san-pham/theme-ban-xe-dien?lokasie=%2Fusr%2Flib64%2F%2FlibEGL.so.1.1.0&loknya=%2Fusr%2Flib64%2F HTTP/1.1" 200 1464 "-" "Mozilla/5.0 AppleWebKit/537.36 (KHTML, like Gecko; compatible; ClaudeBot/1.0; [email protected])"
18.191.237.176 - - [18/Oct/2024:13:16:59 -0400] "GET /san-pham/theme-wordpress-bat-dong-san-52024?lokasie=%2Flib64%2F%2FlibQt5EglFSDeviceIntegration.so.5.15.3&loknya=%2Flib64%2F HTTP/1.1" 200 1477 "-" "Mozilla/5.0 AppleWebKit/537.36 (KHTML, like Gecko; compatible; ClaudeBot/1.0; [email protected])"
3.15.25.131 - - [18/Oct/2024:13:16:59 -0400] "GET /tu-khoa/vat-lieu?lokasie=%2Fvar%2Fsoftaculous%2Fwp53%2Fedit.php&loknya=%2Fvar%2Fsoftaculous%2Fwp53 HTTP/1.1" 200 8595 "-" "Mozilla/5.0 AppleWebKit/537.36 (KHTML, like Gecko; compatible; ClaudeBot/1.0; [email protected])"
18.191.237.176 - - [18/Oct/2024:13:16:59 -0400] "GET /san-pham/theme-wordpress-bat-dong-san-52024?lokasie=%2Fusr%2Finclude%2Flinux%2Fkernel-page-flags.h&loknya=%2Fusr%2Finclude%2Flinux HTTP/1.1" 200 1927 "-" "Mozilla/5.0 AppleWebKit/537.36 (KHTML, like Gecko; compatible; ClaudeBot/1.0; [email protected])"
18.222.97.216 - - [18/Oct/2024:13:16:59 -0400] "GET /san-pham/theme-ban-xe-dien?lokasie=%2Fusr%2Flib64%2F%2Flibpsl.so.5.3.1&loknya=%2Fusr%2Flib64%2F HTTP/1.1" 200 1462 "-" "Mozilla/5.0 AppleWebKit/537.36 (KHTML, like Gecko; compatible; ClaudeBot/1.0; [email protected])"
18.222.97.216 - - [18/Oct/2024:13:16:59 -0400] "GET /san-pham/theme-ban-xe-dien?lokasie=%2Fusr%2Flib64%2F%2Flibnl-xfrm-3.so.200&loknya=%2Fusr%2Flib64%2F HTTP/1.1" 200 1466 "-" "Mozilla/5.0 AppleWebKit/537.36 (KHTML, like Gecko; compatible; ClaudeBot/1.0; [email protected])"
18.222.97.216 - - [18/Oct/2024:13:16:59 -0400] "GET /san-pham/theme-ban-xe-dien?lokasie=%2Fusr%2Flib64%2F%2Flibpulse-mainloop-glib.so.0.0.6&loknya=%2Fusr%2Flib64%2F HTTP/1.1" 200 1475 "-" "Mozilla/5.0 AppleWebKit/537.36 (KHTML, like Gecko; compatible; ClaudeBot/1.0; [email protected])"
18.222.97.216 - - [18/Oct/2024:13:16:59 -0400] "GET /san-pham/theme-wordpress-bat-dong-san-52024?lokasie=%2Flib64%2Fpython2.7%2Fencodings%2Flatin_1.pyc&loknya=%2Flib64%2Fpython2.7%2Fencodings HTTP/1.1" 200 1475 "-" "Mozilla/5.0 AppleWebKit/537.36 (KHTML, like Gecko; compatible; ClaudeBot/1.0; [email protected])"
3.15.25.131 - - [18/Oct/2024:13:17:00 -0400] "GET /tu-khoa/vat-lieu?lokasie=%2Fvar%2Fsoftaculous%2Ftraq%2Fedit.xml&loknya=%2Fvar%2Fsoftaculous%2Ftraq HTTP/1.1" 200 1668 "-" "Mozilla/5.0 AppleWebKit/537.36 (KHTML, like Gecko; compatible; ClaudeBot/1.0; [email protected])"
3.144.109.223 - - [18/Oct/2024:13:17:00 -0400] "GET /san-pham/theme-wordpress-bat-dong-san-52024?loknya=%2Fusr%2Fshare%2Flocale%2Fpbs HTTP/1.1" 200 1875 "-" "Mozilla/5.0 AppleWebKit/537.36 (KHTML, like Gecko; compatible; ClaudeBot/1.0; [email protected])"
3.15.25.131 - - [18/Oct/2024:13:17:00 -0400] "GET /san-pham/theme-ban-xe-dien?lokasie=%2Fusr%2Flib64%2F%2Flibply-boot-client.so.5&loknya=%2Fusr%2Flib64%2F HTTP/1.1" 200 1470 "-" "Mozilla/5.0 AppleWebKit/537.36 (KHTML, like Gecko; compatible; ClaudeBot/1.0; [email protected])"
3.144.109.223 - - [18/Oct/2024:13:17:00 -0400] "GET /san-pham/theme-wordpress-bat-dong-san-52024?loknya=%2Fusr%2Fshare%2Flocale%2Fkru HTTP/1.1" 200 1872 "-" "Mozilla/5.0 AppleWebKit/537.36 (KHTML, like Gecko; compatible; ClaudeBot/1.0; [email protected])"
52.15.194.238 - - [18/Oct/2024:13:17:00 -0400] "GET /san-pham/theme-wordpress-xay-dung/?loknya=%2Fusr%2Flib%2Fdracut%2Fdracut.conf.d HTTP/1.1" 200 2078 "-" "Mozilla/5.0 AppleWebKit/537.36 (KHTML, like Gecko; compatible; ClaudeBot/1.0; [email protected])"
3.144.109.223 - - [18/Oct/2024:13:17:00 -0400] "GET /san-pham/theme-wordpress-bat-dong-san-52024?loknya=%2Fusr%2Fshare%2Flocale%2Fcai HTTP/1.1" 200 1874 "-" "Mozilla/5.0 AppleWebKit/537.36 (KHTML, like Gecko; compatible; ClaudeBot/1.0; [email protected])"
52.15.194.238 - - [18/Oct/2024:13:17:00 -0400] "GET /wp-json/wp/v2/product/9448?lokasie=%2Flib64%2F%2Flibdl-2.28.so&loknya=%2Flib64%2F HTTP/1.1" 200 1453 "-" "Mozilla/5.0 AppleWebKit/537.36 (KHTML, like Gecko; compatible; ClaudeBot/1.0; [email protected])"
52.15.194.238 - - [18/Oct/2024:13:17:00 -0400] "GET /wp-json/wp/v2/product/9448?lokasie=%2Flib64%2F%2Flibasprintf.so.0&loknya=%2Flib64%2F HTTP/1.1" 200 1459 "-" "Mozilla/5.0 AppleWebKit/537.36 (KHTML, like Gecko; compatible; ClaudeBot/1.0; [email protected])"
3.144.109.223 - - [18/Oct/2024:13:17:00 -0400] "GET /san-pham/theme-batdongsan60?lokasie=%2Flib64%2F%2Flibncurses.so&loknya=%2Flib64%2F HTTP/1.1" 200 1475 "-" "Mozilla/5.0 AppleWebKit/537.36 (KHTML, like Gecko; compatible; ClaudeBot/1.0; [email protected])"
3.144.109.223 - - [18/Oct/2024:13:17:01 -0400] "GET /san-pham/theme-batdongsan60?lokasie=%2Flib64%2F%2FliboraodbcS.so.2&loknya=%2Flib64%2F HTTP/1.1" 200 1455 "-" "Mozilla/5.0 AppleWebKit/537.36 (KHTML, like Gecko; compatible; ClaudeBot/1.0; [email protected])"
52.15.194.238 - - [18/Oct/2024:13:17:01 -0400] "GET /wp-json/wp/v2/product/9448?lokasie=%2Flib64%2F%2Flibgsm.so.1.0.17&loknya=%2Flib64%2F HTTP/1.1" 200 1460 "-" "Mozilla/5.0 AppleWebKit/537.36 (KHTML, like Gecko; compatible; ClaudeBot/1.0; [email protected])"
52.15.194.238 - - [18/Oct/2024:13:17:01 -0400] "GET /wp-json/wp/v2/product/9448?lokasie=%2Flib64%2F%2Flibdbus-glib-1.so.2.3.4&loknya=%2Flib64%2F HTTP/1.1" 200 1464 "-" "Mozilla/5.0 AppleWebKit/537.36 (KHTML, like Gecko; compatible; ClaudeBot/1.0; [email protected])"
3.144.109.223 - - [18/Oct/2024:13:17:01 -0400] "GET /san-pham/theme-batdongsan60?lokasie=%2Flib64%2F%2Flibcrack.so.2.9.0&loknya=%2Flib64%2F HTTP/1.1" 200 1455 "-" "Mozilla/5.0 AppleWebKit/537.36 (KHTML, like Gecko; compatible; ClaudeBot/1.0; [email protected])"
3.144.109.223 - - [18/Oct/2024:13:17:01 -0400] "GET /san-pham/theme-ban-may-tinh-07?lokasie=%2Fusr%2Flib64%2Fpython2.7%2Fbsddb%2Fdbtables.pyc&loknya=%2Fusr%2Flib64%2Fpython2.7%2Fbsddb HTTP/1.1" 200 1484 "-" "Mozilla/5.0 AppleWebKit/537.36 (KHTML, like Gecko; compatible; ClaudeBot/1.0; [email protected])"
52.15.194.238 - - [18/Oct/2024:13:17:02 -0400] "GET /wp-json/wp/v2/product/9448?lokasie=%2Flib64%2F%2Flibgtk-x11-2.0.so.0.2400.32&loknya=%2Flib64%2F HTTP/1.1" 200 1469 "-" "Mozilla/5.0 AppleWebKit/537.36 (KHTML, like Gecko; compatible; ClaudeBot/1.0; [email protected])"
52.15.194.238 - - [18/Oct/2024:13:17:02 -0400] "GET /san-pham/theme-wordpress-xay-dung/?lokasie=%2Fusr%2Flib%2Fdracut%2Fskipcpio&loknya=%2Fusr%2Flib%2Fdracut HTTP/1.1" 200 1464 "-" "Mozilla/5.0 AppleWebKit/537.36 (KHTML, like Gecko; compatible; ClaudeBot/1.0; [email protected])"
18.190.156.13 - - [18/Oct/2024:13:17:02 -0400] "GET /san-pham/theme-ban-may-tinh-07?loknya=%2Fusr%2Fshare%2Flocale%2Fson%2FLC_MESSAGES HTTP/1.1" 200 1958 "-" "Mozilla/5.0 AppleWebKit/537.36 (KHTML, like Gecko; compatible; ClaudeBot/1.0; [email protected])"
18.190.156.13 - - [18/Oct/2024:13:17:03 -0400] "GET /san-pham/theme-batdongsan60?lokasie=%2Fusr%2Flib64%2Fplymouth%2Fdetails.so&loknya=%2Fusr%2Flib64%2Fplymouth HTTP/1.1" 200 1470 "-" "Mozilla/5.0 AppleWebKit/537.36 (KHTML, like Gecko; compatible; ClaudeBot/1.0; [email protected])"
52.15.194.238 - - [18/Oct/2024:13:17:03 -0400] "GET /san-pham/theme-wordpress-bat-dong-san-52024?lokasie=%2Fusr%2Finclude%2Fxcb%2Fxfixes.h&loknya=%2Fusr%2Finclude%2Fxcb HTTP/1.1" 200 6957 "-" "Mozilla/5.0 AppleWebKit/537.36 (KHTML, like Gecko; compatible; ClaudeBot/1.0; [email protected])"
52.15.194.238 - - [18/Oct/2024:13:17:03 -0400] "GET /san-pham/theme-wordpress-xay-dung/?lokasie=%2Fvar%2Fsoftaculous%2Fninja4%2Finfo.xml&loknya=%2Fvar%2Fsoftaculous%2Fninja4 HTTP/1.1" 200 3287 "-" "Mozilla/5.0 AppleWebKit/537.36 (KHTML, like Gecko; compatible; ClaudeBot/1.0; [email protected])"
18.190.156.13 - - [18/Oct/2024:13:17:03 -0400] "GET /san-pham/theme-wordpress-bat-dong-san-52024?lokasie=%2Fusr%2Finclude%2Flinux%2Fpr.h&loknya=%2Fusr%2Finclude%2Flinux HTTP/1.1" 200 1899 "-" "Mozilla/5.0 AppleWebKit/537.36 (KHTML, like Gecko; compatible; ClaudeBot/1.0; [email protected])"
18.190.156.13 - - [18/Oct/2024:13:17:03 -0400] "GET /san-pham/theme-wordpress-xay-dung/?lokasie=%2Fvar%2Fsoftaculous%2Fjamroom%2Fmd5&loknya=%2Fvar%2Fsoftaculous%2Fjamroom HTTP/1.1" 200 4604 "-" "Mozilla/5.0 AppleWebKit/537.36 (KHTML, like Gecko; compatible; ClaudeBot/1.0; [email protected])"
18.190.156.13 - - [18/Oct/2024:13:17:03 -0400] "GET /san-pham/theme-wordpress-bat-dong-san-52024?lokasie=%2Fusr%2Finclude%2Flinux%2Fvsockmon.h&loknya=%2Fusr%2Finclude%2Flinux HTTP/1.1" 200 2161 "-" "Mozilla/5.0 AppleWebKit/537.36 (KHTML, like Gecko; compatible; ClaudeBot/1.0; [email protected])"
52.15.194.238 - - [18/Oct/2024:13:17:04 -0400] "GET /san-pham/theme-ban-may-tinh-07?lokasie=%2Fusr%2Flib64%2Fpython2.7%2Fwsgiref%2Fhandlers.py&loknya=%2Fusr%2Flib64%2Fpython2.7%2Fwsgiref HTTP/1.1" 200 6874 "-" "Mozilla/5.0 AppleWebKit/537.36 (KHTML, like Gecko; compatible; ClaudeBot/1.0; [email protected])"
52.15.194.238 - - [18/Oct/2024:13:17:04 -0400] "GET /san-pham/theme-wordpress-bat-dong-san-52024?lokasie=%2Flib64%2Fpython2.7%2Fidlelib%2FClassBrowser.py&loknya=%2Flib64%2Fpython2.7%2Fidlelib HTTP/1.1" 200 3709 "-" "Mozilla/5.0 AppleWebKit/537.36 (KHTML, like Gecko; compatible; ClaudeBot/1.0; [email protected])"
18.117.104.53 - - [18/Oct/2024:13:17:04 -0400] "GET /tu-khoa/vat-lieu?loknya=%2Fvar%2Fsoftaculous%2Fruko%2Fphp53 HTTP/1.1" 200 2041 "-" "Mozilla/5.0 AppleWebKit/537.36 (KHTML, like Gecko; compatible; ClaudeBot/1.0; [email protected])"
18.117.104.53 - - [18/Oct/2024:13:17:04 -0400] "GET /san-pham/theme-batdongsan60?lokasie=%2Fusr%2Flib64%2Fpython3.8%2Freprlib.py&loknya=%2Fusr%2Flib64%2Fpython3.8 HTTP/1.1" 200 3014 "-" "Mozilla/5.0 AppleWebKit/537.36 (KHTML, like Gecko; compatible; ClaudeBot/1.0; [email protected])"
18.117.104.53 - - [18/Oct/2024:13:17:05 -0400] "GET /san-pham/theme-batdongsan60?lokasie=%2Fusr%2Flib64%2Fpython3.8%2Fdatetime.py&loknya=%2Fusr%2Flib64%2Fpython3.8 HTTP/1.1" 200 23694 "-" "Mozilla/5.0 AppleWebKit/537.36 (KHTML, like Gecko; compatible; ClaudeBot/1.0; [email protected])"
3.145.57.86 - - [18/Oct/2024:13:17:05 -0400] "GET /tu-khoa/vat-lieu?loknya=%2Fvar%2Fsoftaculous%2Fyourls%2Fphp81 HTTP/1.1" 200 2045 "-" "Mozilla/5.0 AppleWebKit/537.36 (KHTML, like Gecko; compatible; ClaudeBot/1.0; [email protected])"
18.117.104.53 - - [18/Oct/2024:13:17:05 -0400] "GET /san-pham/theme-batdongsan60?lokasie=%2Flib64%2Fpython2.7%2Fencodings%2Fuu_codec.py&loknya=%2Flib64%2Fpython2.7%2Fencodings HTTP/1.1" 200 2846 "-" "Mozilla/5.0 AppleWebKit/537.36 (KHTML, like Gecko; compatible; ClaudeBot/1.0; [email protected])"
3.145.57.86 - - [18/Oct/2024:13:17:05 -0400] "GET /san-pham/theme-batdongsan60?lokasie=%2Flib64%2F%2Flibtic.so&loknya=%2Flib64%2F HTTP/1.1" 200 1450 "-" "Mozilla/5.0 AppleWebKit/537.36 (KHTML, like Gecko; compatible; ClaudeBot/1.0; [email protected])"
3.145.57.86 - - [18/Oct/2024:13:17:05 -0400] "GET /san-pham/theme-batdongsan60?lokasie=%2Flib64%2F%2Flibpaper.so.1&loknya=%2Flib64%2F HTTP/1.1" 200 1451 "-" "Mozilla/5.0 AppleWebKit/537.36 (KHTML, like Gecko; compatible; ClaudeBot/1.0; [email protected])"
18.222.184.18 - - [18/Oct/2024:13:17:05 -0400] "GET /san-pham/theme-batdongsan60?lokasie=%2Flib64%2Fpython2.7%2Fencodings%2Fcp950.pyo&loknya=%2Flib64%2Fpython2.7%2Fencodings HTTP/1.1" 200 1477 "-" "Mozilla/5.0 AppleWebKit/537.36 (KHTML, like Gecko; compatible; ClaudeBot/1.0; [email protected])"
3.145.57.86 - - [18/Oct/2024:13:17:05 -0400] "GET /san-pham/themes-wordpress-ban-tu-bep/?loknya=%2Flib64%2Fpython3.6%2Flogging%2F HTTP/1.1" 200 2067 "-" "Mozilla/5.0 AppleWebKit/537.36 (KHTML, like Gecko; compatible; ClaudeBot/1.0; [email protected])"
18.222.184.18 - - [18/Oct/2024:13:17:05 -0400] "GET /?lokasie=%2Fhome%2Fgiankuin%2Flscache%2Fe%2F8%2F5%2Fe85f733348b108b0&loknya=%2Fhome%2Fgiankuin%2Flscache%2Fe%2F8%2F5 HTTP/1.1" 200 1492 "-" "Mozilla/5.0 AppleWebKit/537.36 (KHTML, like Gecko; compatible; ClaudeBot/1.0; [email protected])"
18.222.184.18 - - [18/Oct/2024:13:17:05 -0400] "GET /san-pham/theme-batdongsan60?lokasie=%2Fusr%2Flib64%2Fpython3.8%2Ftarfile.py&loknya=%2Fusr%2Flib64%2Fpython3.8 HTTP/1.1" 200 28855 "-" "Mozilla/5.0 AppleWebKit/537.36 (KHTML, like Gecko; compatible; ClaudeBot/1.0; [email protected])"
18.222.184.18 - - [18/Oct/2024:13:17:06 -0400] "GET /san-pham/theme-batdongsan60?lokasie=%2Flib64%2Fpython2.7%2Fencodings%2Flatin_1.pyo&loknya=%2Flib64%2Fpython2.7%2Fencodings HTTP/1.1" 200 1473 "-" "Mozilla/5.0 AppleWebKit/537.36 (KHTML, like Gecko; compatible; ClaudeBot/1.0; [email protected])"
3.145.57.86 - - [18/Oct/2024:13:17:06 -0400] "GET /san-pham/theme-batdongsan60?lokasie=%2Flib64%2F%2Flibatk-1.0.so.0&loknya=%2Flib64%2F HTTP/1.1" 200 1454 "-" "Mozilla/5.0 AppleWebKit/537.36 (KHTML, like Gecko; compatible; ClaudeBot/1.0; [email protected])"
18.222.184.18 - - [18/Oct/2024:13:17:06 -0400] "GET /san-pham/theme-ban-may-tinh-07?lokasie=%2Fusr%2Flib64%2Fcmake%2FQt5Gui%2FQt5Gui_QTuioTouchPlugin.cmake&loknya=%2Fusr%2Flib64%2Fcmake%2FQt5Gui HTTP/1.1" 200 1709 "-" "Mozilla/5.0 AppleWebKit/537.36 (KHTML, like Gecko; compatible; ClaudeBot/1.0; [email protected])"
3.145.57.86 - - [18/Oct/2024:13:17:07 -0400] "GET /san-pham/theme-batdongsan60?lokasie=%2Flib64%2F%2FlibGLX.so.0.0.0&loknya=%2Flib64%2F HTTP/1.1" 200 1453 "-" "Mozilla/5.0 AppleWebKit/537.36 (KHTML, like Gecko; compatible; ClaudeBot/1.0; [email protected])"
3.144.98.153 - - [18/Oct/2024:13:17:07 -0400] "GET /tu-khoa/vat-lieu?lokasie=%2Fvar%2Fsoftaculous%2Ftcexam%2Fextend.php&loknya=%2Fvar%2Fsoftaculous%2Ftcexam HTTP/1.1" 200 10037 "-" "Mozilla/5.0 AppleWebKit/537.36 (KHTML, like Gecko; compatible; ClaudeBot/1.0; [email protected])"
18.117.142.169 - - [18/Oct/2024:13:17:07 -0400] "GET /san-pham/theme-wordpress-bat-dong-san-52024?lokasie=%2Flib64%2F%2Flibnss3.so&loknya=%2Flib64%2F HTTP/1.1" 200 1455 "-" "Mozilla/5.0 AppleWebKit/537.36 (KHTML, like Gecko; compatible; ClaudeBot/1.0; [email protected])"
3.145.57.86 - - [18/Oct/2024:13:17:07 -0400] "GET /san-pham/theme-batdongsan60?lokasie=%2Flib64%2F%2Flibncurses++.so&loknya=%2Flib64%2F HTTP/1.1" 200 1451 "-" "Mozilla/5.0 AppleWebKit/537.36 (KHTML, like Gecko; compatible; ClaudeBot/1.0; [email protected])"
18.117.142.169 - - [18/Oct/2024:13:17:07 -0400] "GET /san-pham/theme-wordpress-bat-dong-san-52024?lokasie=%2Flib64%2F%2Flibdav1d.so.3&loknya=%2Flib64%2F HTTP/1.1" 200 1456 "-" "Mozilla/5.0 AppleWebKit/537.36 (KHTML, like Gecko; compatible; ClaudeBot/1.0; [email protected])"
3.133.148.216 - - [18/Oct/2024:13:17:07 -0400] "GET /san-pham/theme-batdongsan60?lokasie=%2Flib64%2F%2Flibldb.so.2&loknya=%2Flib64%2F HTTP/1.1" 200 1451 "-" "Mozilla/5.0 AppleWebKit/537.36 (KHTML, like Gecko; compatible; ClaudeBot/1.0; [email protected])"
3.145.57.86 - - [18/Oct/2024:13:17:08 -0400] "GET /tu-khoa/vat-lieu?lokasie=%2Fvar%2Fsoftaculous%2Fyourls%2Forig_upgrade.php&loknya=%2Fvar%2Fsoftaculous%2Fyourls HTTP/1.1" 200 2773 "-" "Mozilla/5.0 AppleWebKit/537.36 (KHTML, like Gecko; compatible; ClaudeBot/1.0; [email protected])"
18.117.142.169 - - [18/Oct/2024:13:17:08 -0400] "GET /san-pham/theme-wordpress-bat-dong-san-52024?lokasie=%2Flib64%2F%2Flibmemusage.so&loknya=%2Flib64%2F HTTP/1.1" 200 1456 "-" "Mozilla/5.0 AppleWebKit/537.36 (KHTML, like Gecko; compatible; ClaudeBot/1.0; [email protected])"
3.133.148.216 - - [18/Oct/2024:13:17:08 -0400] "GET /san-pham/theme-batdongsan60?lokasie=%2Flib64%2F%2Flibtiff.so.5&loknya=%2Flib64%2F HTTP/1.1" 200 1451 "-" "Mozilla/5.0 AppleWebKit/537.36 (KHTML, like Gecko; compatible; ClaudeBot/1.0; [email protected])"
18.117.142.169 - - [18/Oct/2024:13:17:08 -0400] "GET /san-pham/theme-wordpress-bat-dong-san-52024?lokasie=%2Flib64%2F%2Flibjson-c.so.4.0.0&loknya=%2Flib64%2F HTTP/1.1" 200 1459 "-" "Mozilla/5.0 AppleWebKit/537.36 (KHTML, like Gecko; compatible; ClaudeBot/1.0; [email protected])"
3.145.57.86 - - [18/Oct/2024:13:17:08 -0400] "GET /san-pham/theme-wordpress-bat-dong-san-52024?lokasie=%2Fusr%2Finclude%2Fapache2%2Fmod_unixd.h&loknya=%2Fusr%2Finclude%2Fapache2 HTTP/1.1" 200 2087 "-" "Mozilla/5.0 AppleWebKit/537.36 (KHTML, like Gecko; compatible; ClaudeBot/1.0; [email protected])"
3.133.148.216 - - [18/Oct/2024:13:17:08 -0400] "GET /wp-json/wp/v2/product/9448?lokasie=%2Flib64%2F%2Flibinput.so.10&loknya=%2Flib64%2F HTTP/1.1" 200 1451 "-" "Mozilla/5.0 AppleWebKit/537.36 (KHTML, like Gecko; compatible; ClaudeBot/1.0; [email protected])"
18.117.142.169 - - [18/Oct/2024:13:17:08 -0400] "GET /san-pham/theme-wordpress-bat-dong-san-52024?lokasie=%2Flib64%2F%2Flibtss2-esys.so.0.0.0&loknya=%2Flib64%2F HTTP/1.1" 200 1463 "-" "Mozilla/5.0 AppleWebKit/537.36 (KHTML, like Gecko; compatible; ClaudeBot/1.0; [email protected])"
3.145.57.86 - - [18/Oct/2024:13:17:08 -0400] "GET /san-pham/theme-wordpress-bat-dong-san-52024?lokasie=%2Fusr%2Finclude%2Fapache2%2Fmod_proxy.h&loknya=%2Fusr%2Finclude%2Fapache2 HTTP/1.1" 200 17684 "-" "Mozilla/5.0 AppleWebKit/537.36 (KHTML, like Gecko; compatible; ClaudeBot/1.0; [email protected])"
3.133.148.216 - - [18/Oct/2024:13:17:08 -0400] "GET /wp-json/wp/v2/product/9448?lokasie=%2Flib64%2F%2Flibrpmbuild.so.8&loknya=%2Flib64%2F HTTP/1.1" 200 1454 "-" "Mozilla/5.0 AppleWebKit/537.36 (KHTML, like Gecko; compatible; ClaudeBot/1.0; [email protected])"
3.133.148.216 - - [18/Oct/2024:13:17:08 -0400] "GET /wp-json/wp/v2/product/9448?lokasie=%2Flib64%2F%2Flibuuid.so.1.3.0&loknya=%2Flib64%2F HTTP/1.1" 200 1458 "-" "Mozilla/5.0 AppleWebKit/537.36 (KHTML, like Gecko; compatible; ClaudeBot/1.0; [email protected])"
18.224.65.20 - - [18/Oct/2024:13:17:09 -0400] "GET /tu-khoa/vat-lieu?loknya=%2Fvar%2Fsoftaculous%2Fphplot%2Fphp71 HTTP/1.1" 200 1912 "-" "Mozilla/5.0 AppleWebKit/537.36 (KHTML, like Gecko; compatible; ClaudeBot/1.0; [email protected])"
18.117.142.169 - - [18/Oct/2024:13:17:08 -0400] "GET /tu-khoa/vat-lieu?lokasie=%2Fvar%2Fsoftaculous%2Frosariosis%2Finfo.xml&loknya=%2Fvar%2Fsoftaculous%2Frosariosis HTTP/1.1" 200 2464 "-" "Mozilla/5.0 AppleWebKit/537.36 (KHTML, like Gecko; compatible; ClaudeBot/1.0; [email protected])"
3.133.148.216 - - [18/Oct/2024:13:17:09 -0400] "GET /san-pham/theme-batdongsan60?lokasie=%2Flib64%2F%2FlibOpenIPMI.so.0&loknya=%2Flib64%2F HTTP/1.1" 200 1459 "-" "Mozilla/5.0 AppleWebKit/537.36 (KHTML, like Gecko; compatible; ClaudeBot/1.0; [email protected])"
18.224.65.20 - - [18/Oct/2024:13:17:09 -0400] "GET /san-pham/theme-wordpress-xay-dung/?lokasie=%2Fusr%2Fshare%2Fperl5%2Fdumpvar.pl&loknya=%2Fusr%2Fshare%2Fperl5 HTTP/1.1" 200 6902 "-" "Mozilla/5.0 AppleWebKit/537.36 (KHTML, like Gecko; compatible; ClaudeBot/1.0; [email protected])"
18.117.142.169 - - [18/Oct/2024:13:17:09 -0400] "GET /san-pham/theme-wordpress-xay-dung/?lokasie=%2Fusr%2Flib%2Ffirmware%2Fqat_c3xxx.bin&loknya=%2Fusr%2Flib%2Ffirmware HTTP/1.1" 200 1474 "-" "Mozilla/5.0 AppleWebKit/537.36 (KHTML, like Gecko; compatible; ClaudeBot/1.0; [email protected])"
3.133.148.216 - - [18/Oct/2024:13:17:09 -0400] "GET /wp-json/wp/v2/product/9448?lokasie=%2Flib64%2F%2Flibnewt.so.0.52.20&loknya=%2Flib64%2F HTTP/1.1" 200 1460 "-" "Mozilla/5.0 AppleWebKit/537.36 (KHTML, like Gecko; compatible; ClaudeBot/1.0; [email protected])"
18.117.142.169 - - [18/Oct/2024:13:17:09 -0400] "GET /san-pham/theme-wordpress-xay-dung/?lokasie=%2Fvar%2Fsoftaculous%2Fconc8%2Fgen_app.php&loknya=%2Fvar%2Fsoftaculous%2Fconc8 HTTP/1.1" 200 1637 "-" "Mozilla/5.0 AppleWebKit/537.36 (KHTML, like Gecko; compatible; ClaudeBot/1.0; [email protected])"
3.145.111.116 - - [18/Oct/2024:13:17:09 -0400] "GET /san-pham/theme-batdongsan60?lokasie=%2Flib64%2Fpython2.7%2Fhotshot%2F__init__.pyc&loknya=%2Flib64%2Fpython2.7%2Fhotshot HTTP/1.1" 200 1479 "-" "Mozilla/5.0 AppleWebKit/537.36 (KHTML, like Gecko; compatible; ClaudeBot/1.0; [email protected])"
3.145.111.116 - - [18/Oct/2024:13:17:09 -0400] "GET /san-pham/theme-wordpress-xay-dung/?lokasie=%2Fvar%2Fsoftaculous%2Fchamilo%2Fupgrade.php&loknya=%2Fvar%2Fsoftaculous%2Fchamilo HTTP/1.1" 200 5838 "-" "Mozilla/5.0 AppleWebKit/537.36 (KHTML, like Gecko; compatible; ClaudeBot/1.0; [email protected])"
18.224.65.20 - - [18/Oct/2024:13:17:09 -0400] "GET /san-pham/theme-wordpress-xay-dung/?lokasie=%2Fvar%2Fsoftaculous%2Fwp60%2Fbackup.php&loknya=%2Fvar%2Fsoftaculous%2Fwp60 HTTP/1.1" 200 3633 "-" "Mozilla/5.0 AppleWebKit/537.36 (KHTML, like Gecko; compatible; ClaudeBot/1.0; [email protected])"
3.133.148.216 - - [18/Oct/2024:13:17:09 -0400] "GET /wp-json/wp/v2/product/9448?lokasie=%2Flib64%2F%2Flibmana.so.1.0.48.0&loknya=%2Flib64%2F HTTP/1.1" 200 1460 "-" "Mozilla/5.0 AppleWebKit/537.36 (KHTML, like Gecko; compatible; ClaudeBot/1.0; [email protected])"
18.117.142.169 - - [18/Oct/2024:13:17:09 -0400] "GET /san-pham/theme-wordpress-xay-dung/?lokasie=%2Fusr%2Flib%2Ffirmware%2Fiwlwifi-cc-a0-72.ucode&loknya=%2Fusr%2Flib%2Ffirmware HTTP/1.1" 200 1476 "-" "Mozilla/5.0 AppleWebKit/537.36 (KHTML, like Gecko; compatible; ClaudeBot/1.0; [email protected])"
3.133.148.216 - - [18/Oct/2024:13:17:09 -0400] "GET /wp-json/wp/v2/product/9448?lokasie=%2Flib64%2F%2Flibatopology.so.2.0.0&loknya=%2Flib64%2F HTTP/1.1" 200 1461 "-" "Mozilla/5.0 AppleWebKit/537.36 (KHTML, like Gecko; compatible; ClaudeBot/1.0; [email protected])"
3.17.78.47 - - [18/Oct/2024:13:17:09 -0400] "GET /tu-khoa/vat-lieu?lokasie=%2Fvar%2Fsoftaculous%2Focart2%2Finfo.xml&loknya=%2Fvar%2Fsoftaculous%2Focart2 HTTP/1.1" 200 2571 "-" "Mozilla/5.0 AppleWebKit/537.36 (KHTML, like Gecko; compatible; ClaudeBot/1.0; [email protected])"
18.117.142.169 - - [18/Oct/2024:13:17:09 -0400] "GET /san-pham/theme-ban-may-tinh-07?lokasie=%2Fusr%2Flib64%2Fpython2.7%2Fbsddb%2F__init__.pyo&loknya=%2Fusr%2Flib64%2Fpython2.7%2Fbsddb HTTP/1.1" 200 1487 "-" "Mozilla/5.0 AppleWebKit/537.36 (KHTML, like Gecko; compatible; ClaudeBot/1.0; [email protected])"
3.17.78.47 - - [18/Oct/2024:13:17:09 -0400] "GET /tu-khoa/vat-lieu?lokasie=%2Fvar%2Fsoftaculous%2Fbuggenie%2Finstalled&loknya=%2Fvar%2Fsoftaculous%2Fbuggenie HTTP/1.1" 200 1489 "-" "Mozilla/5.0 AppleWebKit/537.36 (KHTML, like Gecko; compatible; ClaudeBot/1.0; [email protected])"
3.133.148.216 - - [18/Oct/2024:13:17:10 -0400] "GET /wp-json/wp/v2/product/9448?lokasie=%2Flib64%2F%2Flibtheoraenc.so.1.1.2&loknya=%2Flib64%2F HTTP/1.1" 200 1460 "-" "Mozilla/5.0 AppleWebKit/537.36 (KHTML, like Gecko; compatible; ClaudeBot/1.0; [email protected])"
3.17.78.47 - - [18/Oct/2024:13:17:10 -0400] "GET /san-pham/theme-xe-kia-01?lokasie=%2Fhome%2Fgiankuin%2Fpublic_html%2F%2Fwp-trackback.php&loknya=%2Fhome%2Fgiankuin%2Fpublic_html%2F HTTP/1.1" 200 3298 "-" "Mozilla/5.0 AppleWebKit/537.36 (KHTML, like Gecko; compatible; ClaudeBot/1.0; [email protected])"
3.137.216.227 - - [18/Oct/2024:13:17:10 -0400] "GET /san-pham/theme-wordpress-xay-dung/?lokasie=%2Fvar%2Fsoftaculous%2Fextplorer%2Fmd5&loknya=%2Fvar%2Fsoftaculous%2Fextplorer HTTP/1.1" 200 1986 "-" "Mozilla/5.0 AppleWebKit/537.36 (KHTML, like Gecko; compatible; ClaudeBot/1.0; [email protected])"
3.137.216.227 - - [18/Oct/2024:13:17:10 -0400] "GET /san-pham/theme-wordpress-bat-dong-san-52024?lokasie=%2Fusr%2Fshare%2Faclocal%2Flib-prefix.m4&loknya=%2Fusr%2Fshare%2Faclocal HTTP/1.1" 200 4231 "-" "Mozilla/5.0 AppleWebKit/537.36 (KHTML, like Gecko; compatible; ClaudeBot/1.0; [email protected])"
3.141.38.114 - - [18/Oct/2024:13:17:10 -0400] "GET /san-pham/theme-wordpress-xay-dung/?lokasie=%2Fusr%2Flib%2Ffirmware%2Fs5p-mfc-v6.fw&loknya=%2Fusr%2Flib%2Ffirmware HTTP/1.1" 200 1469 "-" "Mozilla/5.0 AppleWebKit/537.36 (KHTML, like Gecko; compatible; ClaudeBot/1.0; [email protected])"
18.219.54.31 - - [18/Oct/2024:13:17:10 -0400] "GET /tu-khoa/vat-lieu?loknya=%2Fvar%2Fsoftaculous%2Fqtoa%2Fphp56 HTTP/1.1" 200 2037 "-" "Mozilla/5.0 AppleWebKit/537.36 (KHTML, like Gecko; compatible; ClaudeBot/1.0; [email protected])"
18.219.54.31 - - [18/Oct/2024:13:17:10 -0400] "GET /tu-khoa/vat-lieu?lokasie=%2Fvar%2Fsoftaculous%2Fetano%2Fmd5&loknya=%2Fvar%2Fsoftaculous%2Fetano HTTP/1.1" 200 1997 "-" "Mozilla/5.0 AppleWebKit/537.36 (KHTML, like Gecko; compatible; ClaudeBot/1.0; [email protected])"
3.133.148.216 - - [18/Oct/2024:13:17:10 -0400] "GET /san-pham/theme-batdongsan60?lokasie=%2Flib64%2F%2Flibnl-nf-3.so.200.26.0&loknya=%2Flib64%2F HTTP/1.1" 200 1460 "-" "Mozilla/5.0 AppleWebKit/537.36 (KHTML, like Gecko; compatible; ClaudeBot/1.0; [email protected])"
3.133.118.221 - - [18/Oct/2024:13:17:11 -0400] "GET /tu-khoa/vat-lieu?lokasie=%2Fvar%2Fsoftaculous%2Filias%2Finstall.js&loknya=%2Fvar%2Fsoftaculous%2Filias HTTP/1.1" 200 1852 "-" "Mozilla/5.0 AppleWebKit/537.36 (KHTML, like Gecko; compatible; ClaudeBot/1.0; [email protected])"
18.226.4.191 - - [18/Oct/2024:13:17:11 -0400] "GET /san-pham/theme-wordpress-ban-hai-san//?lokasie=%2Flib64%2Fpython3.8%2Fjson%2Fscanner.py&loknya=%2Flib64%2Fpython3.8%2Fjson HTTP/1.1" 200 2223 "-" "Mozilla/5.0 AppleWebKit/537.36 (KHTML, like Gecko; compatible; ClaudeBot/1.0; [email protected])"
18.219.54.31 - - [18/Oct/2024:13:17:11 -0400] "GET /tu-khoa/vat-lieu?lokasie=%2Fvar%2Fsoftaculous%2Fpostfix%2Fedit.xml&loknya=%2Fvar%2Fsoftaculous%2Fpostfix HTTP/1.1" 200 1683 "-" "Mozilla/5.0 AppleWebKit/537.36 (KHTML, like Gecko; compatible; ClaudeBot/1.0; [email protected])"
3.133.148.216 - - [18/Oct/2024:13:17:11 -0400] "GET /san-pham/theme-batdongsan60?lokasie=%2Flib64%2F%2FlibQt5QmlWorkerScript.so.5&loknya=%2Flib64%2F HTTP/1.1" 200 1468 "-" "Mozilla/5.0 AppleWebKit/537.36 (KHTML, like Gecko; compatible; ClaudeBot/1.0; [email protected])"
3.145.20.132 - - [18/Oct/2024:13:17:11 -0400] "GET /tu-khoa/vat-lieu?loknya=%2Fvar%2Fsoftaculous%2Fpluxml%2Fphp81 HTTP/1.1" 200 1984 "-" "Mozilla/5.0 AppleWebKit/537.36 (KHTML, like Gecko; compatible; ClaudeBot/1.0; [email protected])"
3.145.20.132 - - [18/Oct/2024:13:17:11 -0400] "GET /san-pham/theme-wordpress-bat-dong-san-52024?lokasie=%2Flib64%2F%2Flibm.so.6&loknya=%2Flib64%2F HTTP/1.1" 200 1450 "-" "Mozilla/5.0 AppleWebKit/537.36 (KHTML, like Gecko; compatible; ClaudeBot/1.0; [email protected])"
3.133.148.216 - - [18/Oct/2024:13:17:11 -0400] "GET /tu-khoa/vat-lieu?lokasie=%2Fvar%2Fsoftaculous%2Ffork%2Fextend.php&loknya=%2Fvar%2Fsoftaculous%2Ffork HTTP/1.1" 200 8556 "-" "Mozilla/5.0 AppleWebKit/537.36 (KHTML, like Gecko; compatible; ClaudeBot/1.0; [email protected])"
3.145.20.132 - - [18/Oct/2024:13:17:11 -0400] "GET /san-pham/theme-wordpress-bat-dong-san-52024?lokasie=%2Flib64%2F%2FlibXaw7.so.7&loknya=%2Flib64%2F HTTP/1.1" 200 1453 "-" "Mozilla/5.0 AppleWebKit/537.36 (KHTML, like Gecko; compatible; ClaudeBot/1.0; [email protected])"
18.219.54.31 - - [18/Oct/2024:13:17:11 -0400] "GET /tu-khoa/vat-lieu?lokasie=%2Fvar%2Fsoftaculous%2Fobcard%2Finstall.xml&loknya=%2Fvar%2Fsoftaculous%2Fobcard HTTP/1.1" 200 1812 "-" "Mozilla/5.0 AppleWebKit/537.36 (KHTML, like Gecko; compatible; ClaudeBot/1.0; [email protected])"
18.219.54.31 - - [18/Oct/2024:13:17:12 -0400] "GET /san-pham/theme-batdongsan60?lokasie=%2Fusr%2Flib64%2Fpkgconfig%2Flibssl.pc&loknya=%2Fusr%2Flib64%2Fpkgconfig HTTP/1.1" 200 1624 "-" "Mozilla/5.0 AppleWebKit/537.36 (KHTML, like Gecko; compatible; ClaudeBot/1.0; [email protected])"
3.133.148.216 - - [18/Oct/2024:13:17:12 -0400] "GET /san-pham/theme-batdongsan60?lokasie=%2Flib64%2Fpython2.7%2Fencodings%2Fcharmap.pyo&loknya=%2Flib64%2Fpython2.7%2Fencodings HTTP/1.1" 200 1477 "-" "Mozilla/5.0 AppleWebKit/537.36 (KHTML, like Gecko; compatible; ClaudeBot/1.0; [email protected])"
3.145.20.132 - - [18/Oct/2024:13:17:12 -0400] "GET /san-pham/theme-wordpress-bat-dong-san-52024?lokasie=%2Flib64%2F%2FlibQt5Qml.so.5&loknya=%2Flib64%2F HTTP/1.1" 200 1453 "-" "Mozilla/5.0 AppleWebKit/537.36 (KHTML, like Gecko; compatible; ClaudeBot/1.0; [email protected])"
3.145.20.132 - - [18/Oct/2024:13:17:12 -0400] "GET /san-pham/theme-wordpress-bat-dong-san-52024?lokasie=%2Flib64%2F%2Flibslang.so.2.3.2&loknya=%2Flib64%2F HTTP/1.1" 200 1455 "-" "Mozilla/5.0 AppleWebKit/537.36 (KHTML, like Gecko; compatible; ClaudeBot/1.0; [email protected])"
18.225.156.236 - - [18/Oct/2024:13:17:12 -0400] "GET /san-pham/theme-wordpress-xay-dung/?loknya=%2Fhome%2Fgiankuin%2F.cphorde%2Fvfsroot%2F HTTP/1.1" 200 1869 "-" "Mozilla/5.0 AppleWebKit/537.36 (KHTML, like Gecko; compatible; ClaudeBot/1.0; [email protected])"
18.225.156.236 - - [18/Oct/2024:13:17:12 -0400] "GET /san-pham/theme-ban-may-tinh-07?loknya=%2Fusr%2Fshare%2Flocale%2Fde_CH%2FLC_MESSAGES HTTP/1.1" 200 2278 "-" "Mozilla/5.0 AppleWebKit/537.36 (KHTML, like Gecko; compatible; ClaudeBot/1.0; [email protected])"
18.225.156.236 - - [18/Oct/2024:13:17:12 -0400] "GET /tu-khoa/vat-lieu?lokasie=%2Fvar%2Fsoftaculous%2Fqtoa%2Finstall.js&loknya=%2Fvar%2Fsoftaculous%2Fqtoa HTTP/1.1" 200 1859 "-" "Mozilla/5.0 AppleWebKit/537.36 (KHTML, like Gecko; compatible; ClaudeBot/1.0; [email protected])"
52.14.77.134 - - [18/Oct/2024:13:17:12 -0400] "GET /tu-khoa/vat-lieu?lokasie=%2Fvar%2Fsoftaculous%2Foscom%2Fadmin_configure.php&loknya=%2Fvar%2Fsoftaculous%2Foscom HTTP/1.1" 200 2041 "-" "Mozilla/5.0 AppleWebKit/537.36 (KHTML, like Gecko; compatible; ClaudeBot/1.0; [email protected])"
18.219.54.31 - - [18/Oct/2024:13:17:12 -0400] "GET /san-pham/theme-batdongsan60?lokasie=%2Fusr%2Flib64%2Fpython3.8%2Fsymbol.py&loknya=%2Fusr%2Flib64%2Fpython3.8 HTTP/1.1" 200 2428 "-" "Mozilla/5.0 AppleWebKit/537.36 (KHTML, like Gecko; compatible; ClaudeBot/1.0; [email protected])"
18.219.54.31 - - [18/Oct/2024:13:17:13 -0400] "GET /san-pham/theme-batdongsan60?lokasie=%2Flib64%2Fpython2.7%2Fencodings%2Fcp874.pyc&loknya=%2Flib64%2Fpython2.7%2Fencodings HTTP/1.1" 200 1472 "-" "Mozilla/5.0 AppleWebKit/537.36 (KHTML, like Gecko; compatible; ClaudeBot/1.0; [email protected])"
52.14.77.134 - - [18/Oct/2024:13:17:13 -0400] "GET /san-pham/theme-wordpress-xay-dung/?lokasie=%2Fusr%2Flib%2Ffirmware%2FTAS2XXX38D5.bin&loknya=%2Fusr%2Flib%2Ffirmware HTTP/1.1" 200 1474 "-" "Mozilla/5.0 AppleWebKit/537.36 (KHTML, like Gecko; compatible; ClaudeBot/1.0; [email protected])"
18.219.54.31 - - [18/Oct/2024:13:17:13 -0400] "GET /san-pham/theme-batdongsan60?lokasie=%2Flib64%2Fpython2.7%2Fencodings%2Fgb2312.pyo&loknya=%2Flib64%2Fpython2.7%2Fencodings HTTP/1.1" 200 1473 "-" "Mozilla/5.0 AppleWebKit/537.36 (KHTML, like Gecko; compatible; ClaudeBot/1.0; [email protected])"
52.14.77.134 - - [18/Oct/2024:13:17:13 -0400] "GET /san-pham/theme-wordpress-bat-dong-san-52024?lokasie=%2Flib64%2Fpython2.7%2Fidlelib%2FIdleHistory.pyc&loknya=%2Flib64%2Fpython2.7%2Fidlelib HTTP/1.1" 200 1475 "-" "Mozilla/5.0 AppleWebKit/537.36 (KHTML, like Gecko; compatible; ClaudeBot/1.0; [email protected])"
3.145.20.132 - - [18/Oct/2024:13:17:13 -0400] "GET /san-pham/theme-wordpress-bat-dong-san-52024?lokasie=%2Flib64%2F%2FlibXfixes.so.3.1.0&loknya=%2Flib64%2F HTTP/1.1" 200 1456 "-" "Mozilla/5.0 AppleWebKit/537.36 (KHTML, like Gecko; compatible; ClaudeBot/1.0; [email protected])"
18.227.209.207 - - [18/Oct/2024:13:17:13 -0400] "GET /san-pham/theme-wordpress-xay-dung/?lokasie=%2Fvar%2Fsoftaculous%2Fphpwcms%2F__upgrade.php&loknya=%2Fvar%2Fsoftaculous%2Fphpwcms HTTP/1.1" 200 2372 "-" "Mozilla/5.0 AppleWebKit/537.36 (KHTML, like Gecko; compatible; ClaudeBot/1.0; [email protected])"
3.17.110.113 - - [18/Oct/2024:13:17:13 -0400] "GET /san-pham/theme-wordpress-xay-dung/?loknya=%2Fvar%2Fsoftaculous%2Fwp57%2Fimages HTTP/1.1" 200 1950 "-" "Mozilla/5.0 AppleWebKit/537.36 (KHTML, like Gecko; compatible; ClaudeBot/1.0; [email protected])"
3.145.20.132 - - [18/Oct/2024:13:17:13 -0400] "GET /san-pham/theme-batdongsan60//?lokasie=%2Flib64%2Fruby%2Fenc%2Fiso_8859_1.so&loknya=%2Flib64%2Fruby%2Fenc HTTP/1.1" 200 1470 "-" "Mozilla/5.0 AppleWebKit/537.36 (KHTML, like Gecko; compatible; ClaudeBot/1.0; [email protected])"
3.17.110.113 - - [18/Oct/2024:13:17:13 -0400] "GET /san-pham/theme-wordpress-bat-dong-san-52024?loknya=%2Fusr%2Fshare%2Fperl5%2FConfig HTTP/1.1" 200 1921 "-" "Mozilla/5.0 AppleWebKit/537.36 (KHTML, like Gecko; compatible; ClaudeBot/1.0; [email protected])"
3.137.214.83 - - [18/Oct/2024:13:17:13 -0400] "GET /san-pham/theme-wordpress-xay-dung/?lokasie=%2Fvar%2Fsoftaculous%2Fricar%2Finstall.xml&loknya=%2Fvar%2Fsoftaculous%2Fricar HTTP/1.1" 200 1794 "-" "Mozilla/5.0 AppleWebKit/537.36 (KHTML, like Gecko; compatible; ClaudeBot/1.0; [email protected])"
3.145.20.132 - - [18/Oct/2024:13:17:13 -0400] "GET /san-pham/theme-wordpress-bat-dong-san-52024?lokasie=%2Flib64%2F%2Flibodbcdrvcfg2S.so.2&loknya=%2Flib64%2F HTTP/1.1" 200 1461 "-" "Mozilla/5.0 AppleWebKit/537.36 (KHTML, like Gecko; compatible; ClaudeBot/1.0; [email protected])"
3.17.110.113 - - [18/Oct/2024:13:17:13 -0400] "GET /san-pham/theme-ban-xe-dien?lokasie=%2Fusr%2Fshare%2Ftcl8.6%2Fencoding%2Fgb1988.enc&loknya=%2Fusr%2Fshare%2Ftcl8.6%2Fencoding HTTP/1.1" 200 1977 "-" "Mozilla/5.0 AppleWebKit/537.36 (KHTML, like Gecko; compatible; ClaudeBot/1.0; [email protected])"
3.145.20.132 - - [18/Oct/2024:13:17:13 -0400] "GET /tu-khoa/vat-lieu?lokasie=%2Fvar%2Fsoftaculous%2Fmyadmin49%2Finstall.php&loknya=%2Fvar%2Fsoftaculous%2Fmyadmin49 HTTP/1.1" 200 4771 "-" "Mozilla/5.0 AppleWebKit/537.36 (KHTML, like Gecko; compatible; ClaudeBot/1.0; [email protected])"
3.137.214.83 - - [18/Oct/2024:13:17:13 -0400] "GET /san-pham/theme-wordpress-xay-dung/?lokasie=%2Fvar%2Fsoftaculous%2Fricar%2Finstall.php&loknya=%2Fvar%2Fsoftaculous%2Fricar HTTP/1.1" 200 4805 "-" "Mozilla/5.0 AppleWebKit/537.36 (KHTML, like Gecko; compatible; ClaudeBot/1.0; [email protected])"
3.17.110.113 - - [18/Oct/2024:13:17:13 -0400] "GET /san-pham/theme-wordpress-bat-dong-san-52024?lokasie=%2Fusr%2Fshare%2Fperl5%2FAnyDBM_File.pm&loknya=%2Fusr%2Fshare%2Fperl5 HTTP/1.1" 200 2697 "-" "Mozilla/5.0 AppleWebKit/537.36 (KHTML, like Gecko; compatible; ClaudeBot/1.0; [email protected])"
18.220.74.231 - - [18/Oct/2024:13:17:13 -0400] "GET /san-pham/theme-wordpress-bat-dong-san-52024?lokasie=%2Fusr%2Finclude%2Fmysql%2Fmariadb_stmt.h&loknya=%2Fusr%2Finclude%2Fmysql HTTP/1.1" 200 4600 "-" "Mozilla/5.0 AppleWebKit/537.36 (KHTML, like Gecko; compatible; ClaudeBot/1.0; [email protected])"
3.137.214.83 - - [18/Oct/2024:13:17:13 -0400] "GET /san-pham/theme-wordpress-xay-dung/?lokasie=%2Fvar%2Fsoftaculous%2Fnextcloud%2Fclone.php&loknya=%2Fvar%2Fsoftaculous%2Fnextcloud HTTP/1.1" 200 5688 "-" "Mozilla/5.0 AppleWebKit/537.36 (KHTML, like Gecko; compatible; ClaudeBot/1.0; [email protected])"
18.119.161.39 - - [18/Oct/2024:13:17:13 -0400] "GET /tu-khoa/vat-lieu?loknya=%2Fhome%2Fgiankuin%2Flscache%2F1%2Fb%2F1 HTTP/1.1" 200 2169 "-" "Mozilla/5.0 AppleWebKit/537.36 (KHTML, like Gecko; compatible; ClaudeBot/1.0; [email protected])"
18.119.161.39 - - [18/Oct/2024:13:17:14 -0400] "GET /?lokasie=%2Fhome%2Fgiankuin%2Flscache%2Fc%2F5%2Fd%2Fc5d13f99f354ebf9&loknya=%2Fhome%2Fgiankuin%2Flscache%2Fc%2F5%2Fd HTTP/1.1" 200 1501 "-" "Mozilla/5.0 AppleWebKit/537.36 (KHTML, like Gecko; compatible; ClaudeBot/1.0; [email protected])"
3.139.85.170 - - [18/Oct/2024:13:17:14 -0400] "GET /tu-khoa/vat-lieu?loknya=%2Fvar%2Fsoftaculous%2Fqloapps%2Fphp71 HTTP/1.1" 200 2017 "-" "Mozilla/5.0 AppleWebKit/537.36 (KHTML, like Gecko; compatible; ClaudeBot/1.0; [email protected])"
18.219.208.51 - - [18/Oct/2024:13:17:14 -0400] "GET /san-pham/theme-batdongsan60?lokasie=%2Fusr%2Flib64%2Fgconv%2FIBM1157.so&loknya=%2Fusr%2Flib64%2Fgconv HTTP/1.1" 200 1470 "-" "Mozilla/5.0 AppleWebKit/537.36 (KHTML, like Gecko; compatible; ClaudeBot/1.0; [email protected])"
3.139.85.170 - - [18/Oct/2024:13:17:14 -0400] "GET /san-pham/theme-wordpress-xay-dung/?lokasie=%2Fvar%2Fsoftaculous%2Fwp54%2Finstall.php&loknya=%2Fvar%2Fsoftaculous%2Fwp54 HTTP/1.1" 200 25140 "-" "Mozilla/5.0 AppleWebKit/537.36 (KHTML, like Gecko; compatible; ClaudeBot/1.0; [email protected])"
18.219.208.51 - - [18/Oct/2024:13:17:14 -0400] "GET /san-pham/theme-batdongsan60?lokasie=%2Fusr%2Flib64%2Fgconv%2FISO-2022-KR.so&loknya=%2Fusr%2Flib64%2Fgconv HTTP/1.1" 200 1470 "-" "Mozilla/5.0 AppleWebKit/537.36 (KHTML, like Gecko; compatible; ClaudeBot/1.0; [email protected])"
18.219.208.51 - - [18/Oct/2024:13:17:14 -0400] "GET /san-pham/theme-wordpress-bat-dong-san-52024?lokasie=%2Fusr%2Finclude%2Fncursesw%2Fetip.h&loknya=%2Fusr%2Finclude%2Fncursesw HTTP/1.1" 200 4189 "-" "Mozilla/5.0 AppleWebKit/537.36 (KHTML, like Gecko; compatible; ClaudeBot/1.0; [email protected])"
18.119.120.88 - - [18/Oct/2024:13:17:14 -0400] "GET /san-pham/theme-wordpress-bat-dong-san-52024?loknya=%2Fusr%2Fshare%2Flocale%2Fde HTTP/1.1" 200 1918 "-" "Mozilla/5.0 AppleWebKit/537.36 (KHTML, like Gecko; compatible; ClaudeBot/1.0; [email protected])"
18.119.120.88 - - [18/Oct/2024:13:17:14 -0400] "GET /san-pham/theme-wordpress-bat-dong-san-52024?loknya=%2Fusr%2Fshare%2Flocale%2Ftk HTTP/1.1" 200 1860 "-" "Mozilla/5.0 AppleWebKit/537.36 (KHTML, like Gecko; compatible; ClaudeBot/1.0; [email protected])"
3.14.129.43 - - [18/Oct/2024:13:17:14 -0400] "GET /tu-khoa/vat-lieu?lokasie=%2Fvar%2Fsoftaculous%2Fseo%2Fupgrade.xml&loknya=%2Fvar%2Fsoftaculous%2Fseo HTTP/1.1" 200 1667 "-" "Mozilla/5.0 AppleWebKit/537.36 (KHTML, like Gecko; compatible; ClaudeBot/1.0; [email protected])"
3.14.129.43 - - [18/Oct/2024:13:17:14 -0400] "GET /san-pham/theme-batdongsan60?lokasie=%2Flib64%2Fpython2.7%2Flib2to3%2Fpatcomp.pyc&loknya=%2Flib64%2Fpython2.7%2Flib2to3 HTTP/1.1" 200 1475 "-" "Mozilla/5.0 AppleWebKit/537.36 (KHTML, like Gecko; compatible; ClaudeBot/1.0; [email protected])"
18.119.120.88 - - [18/Oct/2024:13:17:15 -0400] "GET /san-pham/theme-wordpress-bat-dong-san-52024?loknya=%2Fusr%2Fshare%2Flocale%2Fkg HTTP/1.1" 200 1865 "-" "Mozilla/5.0 AppleWebKit/537.36 (KHTML, like Gecko; compatible; ClaudeBot/1.0; [email protected])"
3.14.129.43 - - [18/Oct/2024:13:17:15 -0400] "GET /san-pham/theme-wordpress-xay-dung/?lokasie=%2Fvar%2Fsoftaculous%2Fvtiger72%2Ffileindex.php&loknya=%2Fvar%2Fsoftaculous%2Fvtiger72 HTTP/1.1" 200 1795 "-" "Mozilla/5.0 AppleWebKit/537.36 (KHTML, like Gecko; compatible; ClaudeBot/1.0; [email protected])"
18.119.120.88 - - [18/Oct/2024:13:17:15 -0400] "GET /san-pham/theme-wordpress-bat-dong-san-52024?loknya=%2Fusr%2Fshare%2Flocale%2Fhr_HR HTTP/1.1" 200 1873 "-" "Mozilla/5.0 AppleWebKit/537.36 (KHTML, like Gecko; compatible; ClaudeBot/1.0; [email protected])"
3.14.129.43 - - [18/Oct/2024:13:17:15 -0400] "GET /san-pham/theme-wordpress-xay-dung/?lokasie=%2Fvar%2Fsoftaculous%2Fextplorer%2Finstall.php&loknya=%2Fvar%2Fsoftaculous%2Fextplorer HTTP/1.1" 200 4968 "-" "Mozilla/5.0 AppleWebKit/537.36 (KHTML, like Gecko; compatible; ClaudeBot/1.0; [email protected])"
3.147.126.180 - - [18/Oct/2024:13:17:15 -0400] "GET /san-pham/theme-ban-may-tinh-07?loknya=%2Fusr%2Fshare%2Flocale%2Fchy%2FLC_MESSAGES HTTP/1.1" 200 1755 "-" "Mozilla/5.0 AppleWebKit/537.36 (KHTML, like Gecko; compatible; ClaudeBot/1.0; [email protected])"
18.227.52.84 - - [18/Oct/2024:13:17:15 -0400] "GET /san-pham/theme-wordpress-bat-dong-san-52024?loknya=%2Fusr%2Fshare%2Flocale%2Fkl HTTP/1.1" 200 1863 "-" "Mozilla/5.0 AppleWebKit/537.36 (KHTML, like Gecko; compatible; ClaudeBot/1.0; [email protected])"
3.147.126.180 - - [18/Oct/2024:13:17:15 -0400] "GET /san-pham/theme-wordpress-bat-dong-san-52024?lokasie=%2Flib64%2Fpython2.7%2Fidlelib%2FFormatParagraph.pyo&loknya=%2Flib64%2Fpython2.7%2Fidlelib HTTP/1.1" 200 1481 "-" "Mozilla/5.0 AppleWebKit/537.36 (KHTML, like Gecko; compatible; ClaudeBot/1.0; [email protected])"
3.147.126.180 - - [18/Oct/2024:13:17:15 -0400] "GET /san-pham/theme-ban-may-tinh-07?lokasie=%2Fusr%2Finclude%2Fbits%2Ftypes%2F__fpos64_t.h&loknya=%2Fusr%2Finclude%2Fbits%2Ftypes HTTP/1.1" 200 1691 "-" "Mozilla/5.0 AppleWebKit/537.36 (KHTML, like Gecko; compatible; ClaudeBot/1.0; [email protected])"
18.227.52.84 - - [18/Oct/2024:13:17:15 -0400] "GET /san-pham/theme-wordpress-bat-dong-san-52024?loknya=%2Fusr%2Fshare%2Fperl5%2FCPAN HTTP/1.1" 200 1902 "-" "Mozilla/5.0 AppleWebKit/537.36 (KHTML, like Gecko; compatible; ClaudeBot/1.0; [email protected])"
18.118.166.45 - - [18/Oct/2024:13:17:15 -0400] "GET /tu-khoa/vat-lieu?lokasie=%2Fvar%2Fsoftaculous%2Ffreescout%2F.env&loknya=%2Fvar%2Fsoftaculous%2Ffreescout HTTP/1.1" 200 2019 "-" "Mozilla/5.0 AppleWebKit/537.36 (KHTML, like Gecko; compatible; ClaudeBot/1.0; [email protected])"
18.118.166.45 - - [18/Oct/2024:13:17:15 -0400] "GET /san-pham/theme-gioi-thieu-ca-nhan-03//?loknya=%2Fhome%2Fgiankuin%2Flscache%2F4%2F9%2F5 HTTP/1.1" 200 1992 "-" "Mozilla/5.0 AppleWebKit/537.36 (KHTML, like Gecko; compatible; ClaudeBot/1.0; [email protected])"
18.227.52.84 - - [18/Oct/2024:13:17:15 -0400] "GET /san-pham/theme-wordpress-bat-dong-san-52024?loknya=%2Fusr%2Fshare%2Fperl5%2FLocale HTTP/1.1" 200 1852 "-" "Mozilla/5.0 AppleWebKit/537.36 (KHTML, like Gecko; compatible; ClaudeBot/1.0; [email protected])"
18.227.52.84 - - [18/Oct/2024:13:17:16 -0400] "GET /tu-khoa/vat-lieu?lokasie=%2Fvar%2Fsoftaculous%2Fpier%2Finstall.xml&loknya=%2Fvar%2Fsoftaculous%2Fpier HTTP/1.1" 200 1821 "-" "Mozilla/5.0 AppleWebKit/537.36 (KHTML, like Gecko; compatible; ClaudeBot/1.0; [email protected])"
18.227.52.84 - - [18/Oct/2024:13:17:16 -0400] "GET /?lokasie=%2Fhome%2Fgiankuin%2Fwww%2Fwp-includes%2F%2Fclass-wp-error.php&loknya=%2Fhome%2Fgiankuin%2Fwww%2Fwp-includes%2F HTTP/1.1" 200 3413 "-" "Mozilla/5.0 AppleWebKit/537.36 (KHTML, like Gecko; compatible; ClaudeBot/1.0; [email protected])"
18.118.166.45 - - [18/Oct/2024:13:17:16 -0400] "GET /san-pham/theme-wordpress-bat-dong-san-52024?lokasie=%2Fusr%2Finclude%2Fsepol%2Fibpkeys.h&loknya=%2Fusr%2Finclude%2Fsepol HTTP/1.1" 200 1912 "-" "Mozilla/5.0 AppleWebKit/537.36 (KHTML, like Gecko; compatible; ClaudeBot/1.0; [email protected])"
18.226.186.172 - - [18/Oct/2024:13:17:16 -0400] "GET /san-pham/theme-batdongsan60?lokasie=%2Fusr%2Flib64%2Fpkgconfig%2Fxcb-damage.pc&loknya=%2Fusr%2Flib64%2Fpkgconfig HTTP/1.1" 200 1597 "-" "Mozilla/5.0 AppleWebKit/537.36 (KHTML, like Gecko; compatible; ClaudeBot/1.0; [email protected])"
18.226.186.172 - - [18/Oct/2024:13:17:16 -0400] "GET /san-pham/theme-wordpress-bat-dong-san-52024?lokasie=%2Fusr%2Finclude%2Flibexslt%2Fexslt.h&loknya=%2Fusr%2Finclude%2Flibexslt HTTP/1.1" 200 2122 "-" "Mozilla/5.0 AppleWebKit/537.36 (KHTML, like Gecko; compatible; ClaudeBot/1.0; [email protected])"
18.226.186.172 - - [18/Oct/2024:13:17:16 -0400] "GET /san-pham/theme-wordpress-xay-dung/?lokasie=%2Fvar%2Fsoftaculous%2Fjoomla310%2Fupgrade.xml&loknya=%2Fvar%2Fsoftaculous%2Fjoomla310 HTTP/1.1" 200 1797 "-" "Mozilla/5.0 AppleWebKit/537.36 (KHTML, like Gecko; compatible; ClaudeBot/1.0; [email protected])"
3.135.200.4 - - [18/Oct/2024:13:17:17 -0400] "GET /wp-json/wp/v2/product/9448?lokasie=%2Flib64%2F%2FlibXv.so.1&loknya=%2Flib64%2F HTTP/1.1" 200 1452 "-" "Mozilla/5.0 AppleWebKit/537.36 (KHTML, like Gecko; compatible; ClaudeBot/1.0; [email protected])"
3.135.200.4 - - [18/Oct/2024:13:17:17 -0400] "GET /wp-json/wp/v2/product/9448?lokasie=%2Flib64%2F%2Flibksba.so.8&loknya=%2Flib64%2F HTTP/1.1" 200 1452 "-" "Mozilla/5.0 AppleWebKit/537.36 (KHTML, like Gecko; compatible; ClaudeBot/1.0; [email protected])"
3.135.200.4 - - [18/Oct/2024:13:17:18 -0400] "GET /?lokasie=%2Fhome%2Fgiankuin%2Fwww%2Fwp-includes%2F%2Fblock-i18n.json&loknya=%2Fhome%2Fgiankuin%2Fwww%2Fwp-includes%2F HTTP/1.1" 200 1614 "-" "Mozilla/5.0 AppleWebKit/537.36 (KHTML, like Gecko; compatible; ClaudeBot/1.0; [email protected])"
3.135.200.4 - - [18/Oct/2024:13:17:18 -0400] "GET /san-pham/theme-ban-may-tinh-07?lokasie=%2Fusr%2Finclude%2Fbits%2Ftypes%2F__sigval_t.h&loknya=%2Fusr%2Finclude%2Fbits%2Ftypes HTTP/1.1" 200 2045 "-" "Mozilla/5.0 AppleWebKit/537.36 (KHTML, like Gecko; compatible; ClaudeBot/1.0; [email protected])"
18.227.52.84 - - [18/Oct/2024:13:17:18 -0400] "GET /san-pham/theme-wordpress-xay-dung/?lokasie=%2Fvar%2Fsoftaculous%2Focart%2Fconfig.php&loknya=%2Fvar%2Fsoftaculous%2Focart HTTP/1.1" 200 1794 "-" "Mozilla/5.0 AppleWebKit/537.36 (KHTML, like Gecko; compatible; ClaudeBot/1.0; [email protected])"
3.135.200.4 - - [18/Oct/2024:13:17:18 -0400] "GET /san-pham/theme-wordpress-bat-dong-san-52024?lokasie=%2Flib64%2Fpython2.7%2Fidlelib%2Fconfig-keys.def&loknya=%2Flib64%2Fpython2.7%2Fidlelib HTTP/1.1" 200 3304 "-" "Mozilla/5.0 AppleWebKit/537.36 (KHTML, like Gecko; compatible; ClaudeBot/1.0; [email protected])"
18.227.52.84 - - [18/Oct/2024:13:17:18 -0400] "GET /?lokasie=%2Fhome%2Fgiankuin%2Fwww%2Fwp-includes%2F%2Fcomment-template.php&loknya=%2Fhome%2Fgiankuin%2Fwww%2Fwp-includes%2F HTTP/1.1" 200 22917 "-" "Mozilla/5.0 AppleWebKit/537.36 (KHTML, like Gecko; compatible; ClaudeBot/1.0; [email protected])"
