403Webshell
Server IP : 104.21.14.103  /  Your IP : 3.144.7.151
Web Server : LiteSpeed
System : Linux business53.web-hosting.com 4.18.0-553.lve.el8.x86_64 #1 SMP Mon May 27 15:27:34 UTC 2024 x86_64
User : giankuin ( 1871)
PHP Version : 7.4.33
Disable Function : NONE
MySQL : OFF  |  cURL : ON  |  WGET : ON  |  Perl : ON  |  Python : ON  |  Sudo : OFF  |  Pkexec : OFF
Directory :  /proc/self/root/proc/thread-self/root/proc/thread-self/root/home/giankuin/access-logs/

Upload File :
current_dir [ Writeable ] document_root [ Writeable ]

 

Command :


[ Back ]     

Current File : /proc/self/root/proc/thread-self/root/proc/thread-self/root/home/giankuin/access-logs/giandon24h.com
68.183.199.156 - - [20/Oct/2024:09:45:15 -0400] "GET / HTTP/1.1" 200 0 "-" "Mozilla/5.0 (Windows NT 10.0; Win64; x64) AppleWebKit/537.36 (KHTML, like Gecko) Chrome/126.0.0.0 Safari/537.36"
162.213.251.195 - - [20/Oct/2024:10:09:24 -0400] "POST /wp-cron.php?doing_wp_cron=1729433364.3556718826293945312500 HTTP/1.1" 200 0 "-" "WordPress/6.4.5; https://giandon24h.com"
169.150.201.132 - - [20/Oct/2024:10:09:20 -0400] "GET / HTTP/1.1" 301 0 "-" "Mozilla/5.0 (Windows NT 6.1; Win64; x64) AppleWebKit/537.36 (KHTML, like Gecko) Chrome/79.0.3945.130 Safari/537.36"
159.89.192.93 - - [20/Oct/2024:10:17:28 -0400] "GET //wp-includes/css/dashicons.min.css HTTP/1.1" 200 36701 "www.google.com" "Mozlila/5.0 (Linux; Android 7.0; SM-G892A Bulid/NRD90M; wv) AppleWebKit/537.36 (KHTML, like Gecko) Version/4.0 Chrome/60.0.3112.107 Moblie Safari/537.36"
159.89.192.93 - - [20/Oct/2024:10:17:28 -0400] "GET //wordpress/wp-includes/css/dashicons.min.css HTTP/1.1" 301 0 "www.google.com" "Mozlila/5.0 (Linux; Android 7.0; SM-G892A Bulid/NRD90M; wv) AppleWebKit/537.36 (KHTML, like Gecko) Version/4.0 Chrome/60.0.3112.107 Moblie Safari/537.36"
159.89.192.93 - - [20/Oct/2024:10:17:29 -0400] "GET /wordpress/wp-includes/css/dashicons.min.css HTTP/1.1" 404 23011 "www.google.com" "Mozlila/5.0 (Linux; Android 7.0; SM-G892A Bulid/NRD90M; wv) AppleWebKit/537.36 (KHTML, like Gecko) Version/4.0 Chrome/60.0.3112.107 Moblie Safari/537.36"
103.57.221.27 - - [20/Oct/2024:11:07:07 -0400] "GET /.well-known/acme-challenge/IAMB4IOU--UBZ_GR_Z6-X4VUL6T8547Y HTTP/1.1" 404 1251 "-" "Cpanel-HTTP-Client/1.0"
103.57.221.27 - - [20/Oct/2024:11:07:18 -0400] "GET /.well-known/acme-challenge/SPT8Y72KCBANX3JF1-_XC6IHZX4620__ HTTP/1.1" 404 1251 "-" "Cpanel-HTTP-Client/1.0"
162.213.251.195 - - [20/Oct/2024:11:43:36 -0400] "POST /wp-cron.php?doing_wp_cron=1729439016.0006020069122314453125 HTTP/1.1" 200 0 "-" "WordPress/6.4.5; https://giandon24h.com"
49.51.47.100 - - [20/Oct/2024:11:43:32 -0400] "GET / HTTP/1.1" 301 0 "-" "Mozilla/5.0 (iPhone; CPU iPhone OS 13_2_3 like Mac OS X) AppleWebKit/605.1.15 (KHTML, like Gecko) Version/13.0.3 Mobile/15E148 Safari/604.1"
162.213.251.195 - - [20/Oct/2024:12:19:06 -0400] "POST /wp-cron.php?doing_wp_cron=1729441146.0245840549468994140625 HTTP/1.1" 200 0 "-" "WordPress/6.4.5; https://giandon24h.com"
2600:1900:0:2d01::3b00 - - [20/Oct/2024:12:19:02 -0400] "GET / HTTP/1.1" 301 0 "-" "Mozilla/5.0 (Windows NT 10.0; Win64; x64) AppleWebKit/537.36 (KHTML, like Gecko) Chrome/70.0.3538.102 Safari/537.36 Edge/18.19582"
162.213.251.195 - - [20/Oct/2024:12:47:04 -0400] "POST /wp-cron.php?doing_wp_cron=1729442824.1936750411987304687500 HTTP/1.1" 200 0 "-" "WordPress/6.4.5; https://giandon24h.com"
66.249.66.167 - - [20/Oct/2024:12:47:00 -0400] "GET /robots.txt HTTP/1.1" 301 0 "-" "Mozilla/5.0 (compatible; Googlebot/2.1; +http://www.google.com/bot.html)"
66.249.66.74 - - [20/Oct/2024:12:47:04 -0400] "GET /robots.txt HTTP/1.1" 200 70 "-" "Mozilla/5.0 (compatible; Googlebot/2.1; +http://www.google.com/bot.html)"
66.249.66.166 - - [20/Oct/2024:12:47:05 -0400] "GET /autoload_classmap.php HTTP/1.1" 301 0 "-" "Mozilla/5.0 (Linux; Android 6.0.1; Nexus 5X Build/MMB29P) AppleWebKit/537.36 (KHTML, like Gecko) Chrome/129.0.6668.89 Mobile Safari/537.36 (compatible; Googlebot/2.1; +http://www.google.com/bot.html)"
66.249.66.75 - - [20/Oct/2024:12:47:06 -0400] "GET /autoload_classmap.php HTTP/1.1" 404 23002 "-" "Mozilla/5.0 (Linux; Android 6.0.1; Nexus 5X Build/MMB29P) AppleWebKit/537.36 (KHTML, like Gecko) Chrome/129.0.6668.89 Mobile Safari/537.36 (compatible; Googlebot/2.1; +http://www.google.com/bot.html)"
78.153.140.218 - - [20/Oct/2024:12:57:11 -0400] "GET /.env HTTP/1.1" 403 1242 "-" "Mozilla/5.0 (Macintosh; U; Intel Mac OS X 10.5; it; rv:1.9b4) Gecko/2008030317 Firefox/3.0b4"
78.153.140.218 - - [20/Oct/2024:12:57:11 -0400] "GET /.env HTTP/1.1" 403 1242 "-" "Mozilla/5.0 (Windows NT 10.0; Win64; x64) AppleWebKit/537.36 (KHTML, like Gecko) Chrome/65.0.3325.181 Safari/537.36"
78.153.140.218 - - [20/Oct/2024:12:57:12 -0400] "GET /laravel/.env HTTP/1.1" 403 1242 "-" "Mozilla/5.0 (Windows; U; Windows NT 6.1; en-GB; rv:1.9.1b3) Gecko/20090305 Firefox/3.1b3 GTB5 (.NET CLR 3.5.30729)"
78.153.140.218 - - [20/Oct/2024:12:57:13 -0400] "GET /laravel/.env HTTP/1.1" 403 1242 "-" "Mozilla/5.0 (Linux; U; Android 4.0.4; en-gb; GT-P3100 Build/IMM76D) AppleWebKit/534.30 (KHTML, like Gecko) Version/4.0 Safari/534.30"
78.153.140.218 - - [20/Oct/2024:12:57:13 -0400] "GET /demo/.env HTTP/1.1" 403 1242 "-" "Mozilla/5.0 (Windows NT 6.1; Win64; x64) AppleWebKit/537.36 (KHTML, like Gecko) Chrome/70.0.3538.102 Safari/537.36"
78.153.140.218 - - [20/Oct/2024:12:57:13 -0400] "GET /demo/.env HTTP/1.1" 403 1242 "-" "Mozilla/5.0 (Windows NT 6.3; WOW64; Trident/7.0; ASU2JS; rv:11.0) like Gecko"
162.213.251.195 - - [20/Oct/2024:12:57:17 -0400] "POST /wp-cron.php?doing_wp_cron=1729443437.3088860511779785156250 HTTP/1.1" 200 0 "-" "WordPress/6.4.5; https://giandon24h.com"
162.213.251.195 - - [20/Oct/2024:12:57:17 -0400] "POST /wp-cron.php?doing_wp_cron=1729443437.3090920448303222656250 HTTP/1.1" 200 0 "-" "WordPress/6.4.5; https://giandon24h.com"
78.153.140.218 - - [20/Oct/2024:12:57:14 -0400] "GET /web/.env HTTP/1.1" 301 0 "-" "Mozilla/5.0 (Linux; U; Android 2.3.5; sv-se; U8510 Build/HuaweiU8510) AppleWebKit/533.1 (KHTML, like Gecko) Version/4.0 Mobile Safari/533.1"
78.153.140.218 - - [20/Oct/2024:12:57:14 -0400] "GET /web/.env HTTP/1.1" 404 23088 "-" "Mozilla/5.0 (Android 5.0.2; Tablet; rv:43.0) Gecko/43.0 Firefox/43.0"
78.153.140.218 - - [20/Oct/2024:12:57:18 -0400] "GET /admin/.env HTTP/1.1" 403 1242 "-" "Mozilla/5.0 (Linux; U; Android 4.1.2; en-us; N9510 Build/JZO54K) AppleWebKit/534.30 (KHTML, like Gecko) Version/4.0 Mobile Safari/534.30"
78.153.140.218 - - [20/Oct/2024:12:57:18 -0400] "GET /backend/.env HTTP/1.1" 403 1242 "-" "Mozilla/5.0 (Macintosh; U; Intel Mac OS X 10_6_3; ko-kr) AppleWebKit/531.21.11 (KHTML, like Gecko) Version/4.0.4 Safari/531.21.10"
78.153.140.218 - - [20/Oct/2024:12:57:19 -0400] "GET /app/.env HTTP/1.1" 403 1242 "-" "Mozilla/5.0 (Macintosh; Intel Mac OS X 10_9_5) AppleWebKit/601.4.4 (KHTML, like Gecko) Version/9.0.3 Safari/537.86.4"
78.153.140.218 - - [20/Oct/2024:12:57:20 -0400] "GET /api/.env HTTP/1.1" 403 1242 "-" "Mozilla/5.0 (Windows NT 6.1; Win64; x64) AppleWebKit/537.36 (KHTML, like Gecko) Chrome/45.0.2454.85 Safari/537.36"
78.153.140.218 - - [20/Oct/2024:12:57:20 -0400] "GET /admin/.env HTTP/1.1" 403 1242 "-" "Mozilla/5.0 (Linux; Android 7.0; SAMSUNG SM-J327T1 Build/NRD90M) AppleWebKit/537.36 (KHTML, like Gecko) SamsungBrowser/5.4 Chrome/51.0.2704.106 Mobile Safari/537.36"
78.153.140.218 - - [20/Oct/2024:12:57:21 -0400] "GET /dev/.env HTTP/1.1" 403 1242 "-" "Mozilla/5.0 (Linux; U; Android 4.1.1; en-gb; GEM10313BK Build/JRO03H) AppleWebKit/534.30 (KHTML, like Gecko) Version/4.0 Safari/534.30"
78.153.140.218 - - [20/Oct/2024:12:57:21 -0400] "GET /backend/.env HTTP/1.1" 403 1242 "-" "Opera/9.23 (X11; Linux i686; U; en)"
78.153.140.218 - - [20/Oct/2024:12:57:21 -0400] "GET /www/.env HTTP/1.1" 403 1242 "-" "Mozilla/5.0 (compatible; MSIE 9.0; Windows NT 6.0; Win64; x64; Trident/5.0)"
78.153.140.218 - - [20/Oct/2024:12:57:22 -0400] "GET /app/.env HTTP/1.1" 403 1242 "-" "Mozilla/5.0 (X11; U; Linux x86_64; it; rv:1.9.2.20) Gecko/20110805 Ubuntu/10.04 (lucid) Firefox/3.6.20"
78.153.140.218 - - [20/Oct/2024:12:57:22 -0400] "GET /home/.env HTTP/1.1" 403 1242 "-" "Mozilla/5.0 (Windows NT 6.1; WOW64) AppleWebKit/537.36 (KHTML, like Gecko) Chrome/48.0.2564.103 Safari/537.36"
78.153.140.218 - - [20/Oct/2024:12:57:23 -0400] "GET /api/.env HTTP/1.1" 403 1242 "-" "Mozilla/5.0 (Unknown; Linux x86_64) AppleWebKit/538.1 (KHTML, like Gecko) PhantomJS/2.0.0 Safari/538.1"
78.153.140.218 - - [20/Oct/2024:12:57:23 -0400] "GET /staging/.env HTTP/1.1" 403 1242 "-" "Mozilla/5.0 (Windows NT 6.1; rv:31.0) Gecko/20130401 Firefox/31.0"
78.153.140.218 - - [20/Oct/2024:12:57:23 -0400] "GET /dev/.env HTTP/1.1" 403 1242 "-" "Opera/8.52 (X11; Linux i686; U; en)"
78.153.140.218 - - [20/Oct/2024:12:57:24 -0400] "GET /test/.env HTTP/1.1" 403 1242 "-" "Mozilla/5.0 (X11; U; Linux i686 (x86_64); en-US) AppleWebKit/532.0 (KHTML, like Gecko) Chrome/3.0.198.0 Safari/532.0"
78.153.140.218 - - [20/Oct/2024:12:57:24 -0400] "GET /www/.env HTTP/1.1" 403 1242 "-" "Mozilla/5.0 (iPad; CPU OS 10_1 like Mac OS X) AppleWebKit/602.2.14 (KHTML, like Gecko) Version/10.0 Mobile/14B71 Safari/602.1"
78.153.140.218 - - [20/Oct/2024:12:57:25 -0400] "GET /app_dev.php/_profiler/phpinfo HTTP/1.1" 301 0 "-" "Mozilla/5.0 (Android 7.1.1; Mobile; rv:61.0) Gecko/61.0 Firefox/61.0"
78.153.140.218 - - [20/Oct/2024:12:57:25 -0400] "GET /home/.env HTTP/1.1" 403 1242 "-" "Mozilla/5.0 (Linux; Android 4.4.4; T1-A21L Build/HuaweiMediaPad) AppleWebKit/537.36 (KHTML, like Gecko) Chrome/43.0.2357.130 Crosswalk/14.43.343.22 Safari/537.36"
78.153.140.218 - - [20/Oct/2024:12:57:26 -0400] "GET /staging/.env HTTP/1.1" 403 1242 "-" "Mozilla/5.0 (Windows NT 6.1; WOW64) AppleWebKit/537.36 (KHTML, like Gecko) Chrome/37.0.2062.120 Safari/537.36"
78.153.140.218 - - [20/Oct/2024:12:57:27 -0400] "GET /test/.env HTTP/1.1" 403 1242 "-" "Mozilla/5.0 (Windows NT 6.1; WOW64) AppleWebKit/537.36 (KHTML, like Gecko) Chrome/35.0.1916.153 Safari/537.36 SE 2.X MetaSr 1.0"
78.153.140.218 - - [20/Oct/2024:12:57:29 -0400] "GET /app_dev.php/_profiler/phpinfo HTTP/1.1" 404 23009 "-" "Mozilla/5.0 (Macintosh; U; Intel Mac OS X 10_6_3; ca-es) AppleWebKit/533.16 (KHTML, like Gecko) Version/5.0 Safari/533.16"
162.213.251.195 - - [20/Oct/2024:13:00:07 -0400] "POST /wp-cron.php?doing_wp_cron=1729443607.0275170803070068359375 HTTP/1.1" 200 0 "-" "WordPress/6.4.5; https://giandon24h.com"
66.249.66.75 - - [20/Oct/2024:13:00:03 -0400] "GET /admin/js/fileman/dev.html HTTP/1.1" 404 23042 "-" "Mozilla/5.0 (Linux; Android 6.0.1; Nexus 5X Build/MMB29P) AppleWebKit/537.36 (KHTML, like Gecko) Chrome/129.0.6668.89 Mobile Safari/537.36 (compatible; Googlebot/2.1; +http://www.google.com/bot.html)"
162.213.251.195 - - [20/Oct/2024:13:16:01 -0400] "POST /wp-cron.php?doing_wp_cron=1729444561.1831319332122802734375 HTTP/1.1" 200 0 "-" "WordPress/6.4.5; https://giandon24h.com"
66.249.66.166 - - [20/Oct/2024:13:15:58 -0400] "GET /4JUdGzvrMFDWrUUwY3toJATSeNwjn54LkCnKBPRzDuhzi5vSepHfUckJNxRL2gjkNrSqtCoRUrEDAgRwsQvVCjZbRyFTLRNyDmT1a1boZValfadheat.php HTTP/1.1" 301 0 "-" "Mozilla/5.0 (Linux; Android 6.0.1; Nexus 5X Build/MMB29P) AppleWebKit/537.36 (KHTML, like Gecko) Chrome/129.0.6668.89 Mobile Safari/537.36 (compatible; Googlebot/2.1; +http://www.google.com/bot.html)"
66.249.66.76 - - [20/Oct/2024:13:16:01 -0400] "GET /4JUdGzvrMFDWrUUwY3toJATSeNwjn54LkCnKBPRzDuhzi5vSepHfUckJNxRL2gjkNrSqtCoRUrEDAgRwsQvVCjZbRyFTLRNyDmT1a1boZValfadheat.php HTTP/1.1" 404 23144 "-" "Mozilla/5.0 (Linux; Android 6.0.1; Nexus 5X Build/MMB29P) AppleWebKit/537.36 (KHTML, like Gecko) Chrome/129.0.6668.89 Mobile Safari/537.36 (compatible; Googlebot/2.1; +http://www.google.com/bot.html)"
162.213.251.195 - - [20/Oct/2024:13:32:05 -0400] "POST /wp-cron.php?doing_wp_cron=1729445525.2267510890960693359375 HTTP/1.1" 200 0 "-" "WordPress/6.4.5; https://giandon24h.com"
66.249.66.166 - - [20/Oct/2024:13:31:59 -0400] "GET /ioxi02.php HTTP/1.1" 301 0 "-" "Mozilla/5.0 (Linux; Android 6.0.1; Nexus 5X Build/MMB29P) AppleWebKit/537.36 (KHTML, like Gecko) Chrome/129.0.6668.89 Mobile Safari/537.36 (compatible; Googlebot/2.1; +http://www.google.com/bot.html)"
66.249.66.74 - - [20/Oct/2024:13:32:07 -0400] "GET /ioxi02.php HTTP/1.1" 404 22991 "-" "Mozilla/5.0 (Linux; Android 6.0.1; Nexus 5X Build/MMB29P) AppleWebKit/537.36 (KHTML, like Gecko) Chrome/129.0.6668.89 Mobile Safari/537.36 (compatible; Googlebot/2.1; +http://www.google.com/bot.html)"
162.213.251.195 - - [20/Oct/2024:14:01:51 -0400] "POST /wp-cron.php?doing_wp_cron=1729447311.5187649726867675781250 HTTP/1.1" 200 0 "-" "WordPress/6.4.5; https://giandon24h.com"
48.210.46.177 - - [20/Oct/2024:14:01:47 -0400] "HEAD /wordpress HTTP/1.1" 404 0 "-" "Mozilla/5.0 (Windows NT 10.0; Win64; x64) AppleWebKit/537.36 (KHTML, like Gecko) Chrome/74.0.3729.169 Safari/537.36"
48.210.46.177 - - [20/Oct/2024:14:01:51 -0400] "HEAD / HTTP/1.1" 301 0 "-" "Mozilla/5.0 (Windows NT 10.0; Win64; x64) AppleWebKit/537.36 (KHTML, like Gecko) Chrome/74.0.3729.169 Safari/537.36"
48.210.46.177 - - [20/Oct/2024:14:01:53 -0400] "HEAD /wp HTTP/1.1" 404 0 "-" "Mozilla/5.0 (Windows NT 10.0; Win64; x64) AppleWebKit/537.36 (KHTML, like Gecko) Chrome/74.0.3729.169 Safari/537.36"
48.210.46.177 - - [20/Oct/2024:14:01:53 -0400] "HEAD /bc HTTP/1.1" 404 0 "-" "Mozilla/5.0 (Windows NT 10.0; Win64; x64) AppleWebKit/537.36 (KHTML, like Gecko) Chrome/74.0.3729.169 Safari/537.36"
48.210.46.177 - - [20/Oct/2024:14:01:54 -0400] "HEAD /bk HTTP/1.1" 404 0 "-" "Mozilla/5.0 (Windows NT 10.0; Win64; x64) AppleWebKit/537.36 (KHTML, like Gecko) Chrome/74.0.3729.169 Safari/537.36"
48.210.46.177 - - [20/Oct/2024:14:01:54 -0400] "HEAD /backup HTTP/1.1" 404 0 "-" "Mozilla/5.0 (Windows NT 10.0; Win64; x64) AppleWebKit/537.36 (KHTML, like Gecko) Chrome/74.0.3729.169 Safari/537.36"
48.210.46.177 - - [20/Oct/2024:14:01:55 -0400] "HEAD /old HTTP/1.1" 404 0 "-" "Mozilla/5.0 (Windows NT 10.0; Win64; x64) AppleWebKit/537.36 (KHTML, like Gecko) Chrome/74.0.3729.169 Safari/537.36"
48.210.46.177 - - [20/Oct/2024:14:01:55 -0400] "HEAD /new HTTP/1.1" 301 0 "-" "Mozilla/5.0 (Windows NT 10.0; Win64; x64) AppleWebKit/537.36 (KHTML, like Gecko) Chrome/74.0.3729.169 Safari/537.36"
48.210.46.177 - - [20/Oct/2024:14:01:56 -0400] "HEAD /main HTTP/1.1" 404 0 "-" "Mozilla/5.0 (Windows NT 10.0; Win64; x64) AppleWebKit/537.36 (KHTML, like Gecko) Chrome/74.0.3729.169 Safari/537.36"
48.210.46.177 - - [20/Oct/2024:14:01:57 -0400] "HEAD /home HTTP/1.1" 404 0 "-" "Mozilla/5.0 (Windows NT 10.0; Win64; x64) AppleWebKit/537.36 (KHTML, like Gecko) Chrome/74.0.3729.169 Safari/537.36"
103.57.221.27 - - [20/Oct/2024:14:08:25 -0400] "GET /.well-known/acme-challenge/32U5SOJ97LD0X1T1Z4M7YO674DDAVDH3 HTTP/1.1" 404 1251 "-" "Cpanel-HTTP-Client/1.0"
103.57.221.27 - - [20/Oct/2024:14:08:36 -0400] "GET /.well-known/acme-challenge/BY1WK9XHCQA73FM-M9FRYX1K06BDA_89 HTTP/1.1" 404 1251 "-" "Cpanel-HTTP-Client/1.0"
162.213.251.195 - - [20/Oct/2024:14:17:06 -0400] "POST /wp-cron.php?doing_wp_cron=1729448226.3146278858184814453125 HTTP/1.1" 200 0 "-" "WordPress/6.4.5; https://giandon24h.com"
66.249.66.166 - - [20/Oct/2024:14:17:01 -0400] "GET / HTTP/1.1" 301 0 "-" "Mozilla/5.0 (Linux; Android 6.0.1; Nexus 5X Build/MMB29P) AppleWebKit/537.36 (KHTML, like Gecko) Chrome/129.0.6668.89 Mobile Safari/537.36 (compatible; Googlebot/2.1; +http://www.google.com/bot.html)"
162.213.251.195 - - [20/Oct/2024:14:46:05 -0400] "POST /wp-cron.php?doing_wp_cron=1729449965.5229029655456542968750 HTTP/1.1" 200 0 "-" "WordPress/6.4.5; https://giandon24h.com"
66.249.66.164 - - [20/Oct/2024:14:45:58 -0400] "GET /sitemap.xml HTTP/1.1" 301 0 "-" "Mozilla/5.0 (Linux; Android 6.0.1; Nexus 5X Build/MMB29P) AppleWebKit/537.36 (KHTML, like Gecko) Chrome/129.0.6668.89 Mobile Safari/537.36 (compatible; Googlebot/2.1; +http://www.google.com/bot.html)"
66.249.66.82 - - [20/Oct/2024:14:46:06 -0400] "GET /sitemap.xml HTTP/1.1" 404 22937 "-" "Mozilla/5.0 (Linux; Android 6.0.1; Nexus 5X Build/MMB29P) AppleWebKit/537.36 (KHTML, like Gecko) Chrome/129.0.6668.89 Mobile Safari/537.36 (compatible; Googlebot/2.1; +http://www.google.com/bot.html)"
162.213.251.195 - - [20/Oct/2024:15:02:09 -0400] "POST /wp-cron.php?doing_wp_cron=1729450928.9786820411682128906250 HTTP/1.1" 200 0 "-" "WordPress/6.4.5; https://giandon24h.com"
66.249.66.164 - - [20/Oct/2024:15:02:01 -0400] "GET /c.php HTTP/1.1" 301 0 "-" "Mozilla/5.0 (Linux; Android 6.0.1; Nexus 5X Build/MMB29P) AppleWebKit/537.36 (KHTML, like Gecko) Chrome/129.0.6668.89 Mobile Safari/537.36 (compatible; Googlebot/2.1; +http://www.google.com/bot.html)"
66.249.66.75 - - [20/Oct/2024:15:02:10 -0400] "GET /c.php HTTP/1.1" 404 23020 "-" "Mozilla/5.0 (Linux; Android 6.0.1; Nexus 5X Build/MMB29P) AppleWebKit/537.36 (KHTML, like Gecko) Chrome/129.0.6668.89 Mobile Safari/537.36 (compatible; Googlebot/2.1; +http://www.google.com/bot.html)"
162.213.251.195 - - [20/Oct/2024:15:47:08 -0400] "POST /wp-cron.php?doing_wp_cron=1729453628.6320049762725830078125 HTTP/1.1" 200 0 "-" "WordPress/6.4.5; https://giandon24h.com"
66.249.66.166 - - [20/Oct/2024:15:47:01 -0400] "GET /cjfuns%20.php HTTP/1.1" 301 0 "-" "Mozilla/5.0 (Linux; Android 6.0.1; Nexus 5X Build/MMB29P) AppleWebKit/537.36 (KHTML, like Gecko) Chrome/129.0.6668.89 Mobile Safari/537.36 (compatible; Googlebot/2.1; +http://www.google.com/bot.html)"
66.249.66.74 - - [20/Oct/2024:15:47:09 -0400] "GET /cjfuns%20.php HTTP/1.1" 404 22953 "-" "Mozilla/5.0 (Linux; Android 6.0.1; Nexus 5X Build/MMB29P) AppleWebKit/537.36 (KHTML, like Gecko) Chrome/129.0.6668.89 Mobile Safari/537.36 (compatible; Googlebot/2.1; +http://www.google.com/bot.html)"
162.213.251.195 - - [20/Oct/2024:16:32:16 -0400] "POST /wp-cron.php?doing_wp_cron=1729456336.6487600803375244140625 HTTP/1.1" 200 0 "-" "WordPress/6.4.5; https://giandon24h.com"
66.249.66.167 - - [20/Oct/2024:16:32:13 -0400] "GET /wp-header.php HTTP/1.1" 301 0 "-" "Mozilla/5.0 (Linux; Android 6.0.1; Nexus 5X Build/MMB29P) AppleWebKit/537.36 (KHTML, like Gecko) Chrome/129.0.6668.89 Mobile Safari/537.36 (compatible; Googlebot/2.1; +http://www.google.com/bot.html)"
66.249.66.84 - - [20/Oct/2024:16:32:17 -0400] "GET /wp-header.php HTTP/1.1" 404 22973 "-" "Mozilla/5.0 (Linux; Android 6.0.1; Nexus 5X Build/MMB29P) AppleWebKit/537.36 (KHTML, like Gecko) Chrome/129.0.6668.89 Mobile Safari/537.36 (compatible; Googlebot/2.1; +http://www.google.com/bot.html)"
103.57.221.27 - - [20/Oct/2024:17:08:27 -0400] "GET /.well-known/acme-challenge/D4E0YK_GT9BAHMQM-7BCEJP_9LR9XJHU HTTP/1.1" 404 1251 "-" "Cpanel-HTTP-Client/1.0"
103.57.221.27 - - [20/Oct/2024:17:08:38 -0400] "GET /.well-known/acme-challenge/V3Q5Q2VB0L89CRNTCHDYUYI1ETD6POSS HTTP/1.1" 404 1251 "-" "Cpanel-HTTP-Client/1.0"
162.213.251.195 - - [20/Oct/2024:17:17:17 -0400] "POST /wp-cron.php?doing_wp_cron=1729459036.9605400562286376953125 HTTP/1.1" 200 0 "-" "WordPress/6.4.5; https://giandon24h.com"
66.249.66.168 - - [20/Oct/2024:17:17:13 -0400] "GET /robots.txt HTTP/1.1" 301 0 "-" "Mozilla/5.0 (compatible; Googlebot/2.1; +http://www.google.com/bot.html)"
66.249.66.74 - - [20/Oct/2024:17:17:17 -0400] "GET /robots.txt HTTP/1.1" 200 70 "-" "Mozilla/5.0 (compatible; Googlebot/2.1; +http://www.google.com/bot.html)"
66.249.66.160 - - [20/Oct/2024:17:17:18 -0400] "GET /4JUdGzvrMFDWrUUwY3toJATSeNwjn54LkCnKBPRzDuhzi5vSepHfUckJNxRL2gjkNrSqtCoRUrEDAgRwsQvVCjZbRyFTLRNyDmT1a1boZV HTTP/1.1" 301 0 "-" "Mozilla/5.0 (Linux; Android 6.0.1; Nexus 5X Build/MMB29P) AppleWebKit/537.36 (KHTML, like Gecko) Chrome/129.0.6668.89 Mobile Safari/537.36 (compatible; Googlebot/2.1; +http://www.google.com/bot.html)"
66.249.66.75 - - [20/Oct/2024:17:17:19 -0400] "GET /4JUdGzvrMFDWrUUwY3toJATSeNwjn54LkCnKBPRzDuhzi5vSepHfUckJNxRL2gjkNrSqtCoRUrEDAgRwsQvVCjZbRyFTLRNyDmT1a1boZV HTTP/1.1" 404 23091 "-" "Mozilla/5.0 (Linux; Android 6.0.1; Nexus 5X Build/MMB29P) AppleWebKit/537.36 (KHTML, like Gecko) Chrome/129.0.6668.89 Mobile Safari/537.36 (compatible; Googlebot/2.1; +http://www.google.com/bot.html)"
162.213.251.195 - - [20/Oct/2024:17:34:04 -0400] "POST /wp-cron.php?doing_wp_cron=1729460044.5083699226379394531250 HTTP/1.1" 200 0 "-" "WordPress/6.4.5; https://giandon24h.com"
93.183.131.53 - - [20/Oct/2024:17:34:00 -0400] "GET /wp-login.php HTTP/1.1" 302 0 "-" "Mozilla/5.0 (X11; Fedora; Linux x86_64; rv:94.0) Gecko/20100101 Firefox/95.0"
93.183.131.53 - - [20/Oct/2024:17:34:06 -0400] "GET ///?author=1 HTTP/1.1" 301 0 "-" "Mozilla/5.0 (X11; Fedora; Linux x86_64; rv:94.0) Gecko/20100101 Firefox/95.0"
93.183.131.53 - - [20/Oct/2024:17:34:07 -0400] "GET /?author=1 HTTP/1.1" 404 22992 "http://giandon24h.com///?author=1" "Mozilla/5.0 (X11; Fedora; Linux x86_64; rv:94.0) Gecko/20100101 Firefox/95.0"
93.183.131.53 - - [20/Oct/2024:17:34:08 -0400] "GET ///wp-json/wp/v2/users/ HTTP/1.1" 200 1032 "-" "Mozilla/5.0 (X11; Fedora; Linux x86_64; rv:94.0) Gecko/20100101 Firefox/95.0"

Youez - 2016 - github.com/yon3zu
LinuXploit