403Webshell
Server IP : 172.67.158.161  /  Your IP : 3.143.23.95
Web Server : LiteSpeed
System : Linux business53.web-hosting.com 4.18.0-553.lve.el8.x86_64 #1 SMP Mon May 27 15:27:34 UTC 2024 x86_64
User : giankuin ( 1871)
PHP Version : 7.4.33
Disable Function : NONE
MySQL : OFF  |  cURL : ON  |  WGET : ON  |  Perl : ON  |  Python : ON  |  Sudo : OFF  |  Pkexec : OFF
Directory :  /proc/self/root/proc/thread-self/root/proc/self/root/home/giankuin/access-logs/

Upload File :
current_dir [ Writeable ] document_root [ Writeable ]

 

Command :


[ Back ]     

Current File : /proc/self/root/proc/thread-self/root/proc/self/root/home/giankuin/access-logs/thietke365.net.giandon24h.com-ssl_log
162.213.251.195 - - [20/Oct/2024:08:15:45 -0400] "POST /wp-cron.php?doing_wp_cron=1729426545.1279819011688232421875 HTTP/1.1" 200 0 "-" "WordPress/6.6.2; https://thietke365.net"
87.120.114.208 - - [20/Oct/2024:08:15:40 -0400] "POST /wp-login.php HTTP/1.1" 200 3066 "-" "Mozilla/5.0"
202.92.4.47 - - [20/Oct/2024:08:30:02 -0400] "GET /.well-known/acme-challenge/KUFKLA7K_7Z1CZ46ASMXWPGKSF7KVG6Q HTTP/1.1" 404 1251 "-" "Cpanel-HTTP-Client/1.0"
202.92.4.47 - - [20/Oct/2024:08:30:19 -0400] "GET /.well-known/acme-challenge/UWX0GMM_2EUU1MX9DNM4ITGKQDIPYN76 HTTP/1.1" 404 1251 "-" "Cpanel-HTTP-Client/1.0"
162.213.251.195 - - [20/Oct/2024:08:30:51 -0400] "POST /wp-cron.php?doing_wp_cron=1729427450.6995921134948730468750 HTTP/1.1" 200 0 "-" "WordPress/6.6.2; https://thietke365.net"
66.249.76.38 - - [20/Oct/2024:08:30:39 -0400] "GET /robots.txt HTTP/1.1" 200 111 "-" "Mozilla/5.0 (compatible; Googlebot/2.1; +http://www.google.com/bot.html)"
66.249.76.38 - - [20/Oct/2024:08:30:52 -0400] "GET /simple.php HTTP/1.1" 404 29092 "-" "Mozilla/5.0 (Linux; Android 6.0.1; Nexus 5X Build/MMB29P) AppleWebKit/537.36 (KHTML, like Gecko) Chrome/129.0.6668.89 Mobile Safari/537.36 (compatible; Googlebot/2.1; +http://www.google.com/bot.html)"
162.213.251.195 - - [20/Oct/2024:08:32:10 -0400] "POST /wp-cron.php?doing_wp_cron=1729427529.8054978847503662109375 HTTP/1.1" 200 0 "-" "WordPress/6.6.2; https://thietke365.net"
66.249.76.39 - - [20/Oct/2024:08:32:09 -0400] "GET /menu.php HTTP/1.1" 404 29064 "-" "Mozilla/5.0 (Linux; Android 6.0.1; Nexus 5X Build/MMB29P) AppleWebKit/537.36 (KHTML, like Gecko) Chrome/129.0.6668.89 Mobile Safari/537.36 (compatible; Googlebot/2.1; +http://www.google.com/bot.html)"
162.213.251.195 - - [20/Oct/2024:08:46:29 -0400] "POST /wp-cron.php?doing_wp_cron=1729428388.7698969841003417968750 HTTP/1.1" 200 0 "-" "WordPress/6.6.2; https://thietke365.net"
87.120.114.208 - - [20/Oct/2024:08:46:20 -0400] "POST /wp-login.php HTTP/1.1" 200 3066 "-" "Mozilla/5.0"
162.213.251.195 - - [20/Oct/2024:08:49:47 -0400] "POST /wp-cron.php?doing_wp_cron=1729428586.8038179874420166015625 HTTP/1.1" 200 0 "-" "WordPress/6.6.2; https://thietke365.net"
66.249.79.169 - - [20/Oct/2024:08:49:43 -0400] "GET /wp-admin/css/alfa-rex.php HTTP/1.1" 404 29226 "-" "Mozilla/5.0 (Linux; Android 6.0.1; Nexus 5X Build/MMB29P) AppleWebKit/537.36 (KHTML, like Gecko) Chrome/129.0.6668.89 Mobile Safari/537.36 (compatible; GoogleOther)"
162.213.251.195 - - [20/Oct/2024:09:00:33 -0400] "POST /wp-cron.php?doing_wp_cron=1729429232.8933050632476806640625 HTTP/1.1" 200 0 "-" "WordPress/6.6.2; https://thietke365.net"
66.249.79.166 - - [20/Oct/2024:09:00:20 -0400] "GET /dropdown.php HTTP/1.1" 404 29117 "-" "Mozilla/5.0 (Linux; Android 6.0.1; Nexus 5X Build/MMB29P) AppleWebKit/537.36 (KHTML, like Gecko) Chrome/129.0.6668.89 Mobile Safari/537.36 (compatible; Googlebot/2.1; +http://www.google.com/bot.html)"
162.213.251.195 - - [20/Oct/2024:09:15:59 -0400] "POST /wp-cron.php?doing_wp_cron=1729430158.9953129291534423828125 HTTP/1.1" 200 0 "-" "WordPress/6.6.2; https://thietke365.net"
61.19.50.141 - - [20/Oct/2024:09:15:44 -0400] "GET /about-header.png HTTP/1.1" 404 9441 "thietke365.net" "Mozilla/5.1 (Windows NT 6.0; WOW64) AppleWebKit/537.37 (KHTML, like Gecko) Chrome/58.0.1145.75 Safari/537.37"
162.213.251.195 - - [20/Oct/2024:09:17:04 -0400] "POST /wp-cron.php?doing_wp_cron=1729430223.9970979690551757812500 HTTP/1.1" 200 0 "-" "WordPress/6.6.2; https://thietke365.net"
87.120.114.208 - - [20/Oct/2024:09:17:03 -0400] "POST /wp-login.php HTTP/1.1" 200 3066 "-" "Mozilla/5.0"
162.213.251.195 - - [20/Oct/2024:09:23:11 -0400] "POST /wp-cron.php?doing_wp_cron=1729430590.7338149547576904296875 HTTP/1.1" 200 0 "-" "WordPress/6.6.2; https://thietke365.net"
170.106.180.246 - - [20/Oct/2024:09:23:00 -0400] "GET / HTTP/1.1" 200 33379 "http://thietke365.net" "Mozilla/5.0 (iPhone; CPU iPhone OS 13_2_3 like Mac OS X) AppleWebKit/605.1.15 (KHTML, like Gecko) Version/13.0.3 Mobile/15E148 Safari/604.1"
162.213.251.195 - - [20/Oct/2024:09:34:13 -0400] "POST /wp-cron.php?doing_wp_cron=1729431253.3101289272308349609375 HTTP/1.1" 200 0 "-" "WordPress/6.6.2; https://thietke365.net"
93.100.155.173 - - [20/Oct/2024:09:34:06 -0400] "GET / HTTP/1.1" 200 38531 "https://thietke365.net/" "Mozilla/5.0 (Windows NT 15.0.0; Win64; x64; ) AppleWebKit/537.36 (KHTML, like Gecko) Chrome/124.0.6367.119 Chrome/124.0.6367.119 Not-A.Brand/99  Safari/537.36"
93.100.155.173 - - [20/Oct/2024:09:34:22 -0400] "GET /blog/ HTTP/1.1" 200 30411 "https://thietke365.net/blog/" "Mozilla/5.0 (Windows NT 15.0.0; Win64; x64; ) AppleWebKit/537.36 (KHTML, like Gecko) Chrome/124.0.6367.119 Chrome/124.0.6367.119 Not-A.Brand/99  Safari/537.36"
162.213.251.195 - - [20/Oct/2024:09:47:43 -0400] "POST /wp-cron.php?doing_wp_cron=1729432062.4051299095153808593750 HTTP/1.1" 200 0 "-" "WordPress/6.6.2; https://thietke365.net"
87.120.114.208 - - [20/Oct/2024:09:47:32 -0400] "POST /wp-login.php HTTP/1.1" 200 3066 "-" "Mozilla/5.0"
185.220.100.254 - - [20/Oct/2024:09:59:02 -0400] "GET / HTTP/1.1" 200 0 "http://thietke365.net" "Mozilla/5.0 (Windows NT 10.0; Win64; x64) AppleWebKit/537.36 (KHTML, like Gecko) Chrome/126.0.0.0 Safari/537.3"
162.213.251.195 - - [20/Oct/2024:09:59:09 -0400] "POST /wp-cron.php?doing_wp_cron=1729432748.7869129180908203125000 HTTP/1.1" 200 0 "-" "WordPress/6.6.2; https://thietke365.net"
66.249.79.165 - - [20/Oct/2024:09:59:19 -0400] "GET /wp-content/uploads/2023/10/kientruc4.jpg HTTP/1.1" 200 249100 "-" "Googlebot-Image/1.0"
162.213.251.195 - - [20/Oct/2024:10:17:46 -0400] "POST /wp-cron.php?doing_wp_cron=1729433865.9693911075592041015625 HTTP/1.1" 200 0 "-" "WordPress/6.6.2; https://thietke365.net"
87.120.114.208 - - [20/Oct/2024:10:17:36 -0400] "POST /wp-login.php HTTP/1.1" 200 3076 "-" "Mozilla/5.0"
162.213.251.195 - - [20/Oct/2024:10:34:30 -0400] "POST /wp-cron.php?doing_wp_cron=1729434869.9920089244842529296875 HTTP/1.1" 200 0 "-" "WordPress/6.6.2; https://thietke365.net"
66.249.79.169 - - [20/Oct/2024:10:34:24 -0400] "GET /san-pham/theme-dich-vu-spa-07/ HTTP/1.1" 200 37492 "-" "Mozilla/5.0 (compatible; Googlebot/2.1; +http://www.google.com/bot.html)"
66.249.79.170 - - [20/Oct/2024:10:34:37 -0400] "GET /moon.php HTTP/1.1" 404 29194 "-" "Mozilla/5.0 (Linux; Android 6.0.1; Nexus 5X Build/MMB29P) AppleWebKit/537.36 (KHTML, like Gecko) Chrome/129.0.6668.89 Mobile Safari/537.36 (compatible; Googlebot/2.1; +http://www.google.com/bot.html)"
162.213.251.195 - - [20/Oct/2024:10:44:49 -0400] "POST /wp-cron.php?doing_wp_cron=1729435489.3407030105590820312500 HTTP/1.1" 200 0 "-" "WordPress/6.6.2; https://thietke365.net"
51.222.253.19 - - [20/Oct/2024:10:44:45 -0400] "GET /robots.txt HTTP/1.1" 200 111 "-" "Mozilla/5.0 (compatible; AhrefsBot/7.0; +http://ahrefs.com/robot/)"
162.213.251.195 - - [20/Oct/2024:10:47:34 -0400] "POST /wp-cron.php?doing_wp_cron=1729435654.3100960254669189453125 HTTP/1.1" 200 0 "-" "WordPress/6.6.2; https://thietke365.net"
87.120.114.208 - - [20/Oct/2024:10:47:30 -0400] "POST /wp-login.php HTTP/1.1" 200 3076 "-" "Mozilla/5.0"
66.249.79.171 - - [20/Oct/2024:10:56:55 -0400] "GET /wp-content/plugins/woocommerce/assets/css/photoswipe/default-skin/default-skin.min.css?ver=8.0.2 HTTP/1.1" 200 1728 "https://thietke365.net/san-pham/theme-dich-vu-spa-07/" "Mozilla/5.0 AppleWebKit/537.36 (KHTML, like Gecko; compatible; Googlebot/2.1; +http://www.google.com/bot.html) Chrome/129.0.6668.89 Safari/537.36"
66.249.79.169 - - [20/Oct/2024:10:56:56 -0400] "GET /wp-content/themes/flatsome-child/thang.css?ver=671514f7129a2 HTTP/1.1" 200 17306 "https://thietke365.net/san-pham/theme-dich-vu-spa-07/" "Mozilla/5.0 AppleWebKit/537.36 (KHTML, like Gecko; compatible; Googlebot/2.1; +http://www.google.com/bot.html) Chrome/129.0.6668.89 Safari/537.36"
66.249.79.171 - - [20/Oct/2024:10:56:57 -0400] "GET /wp-content/plugins/woocommerce/assets/css/photoswipe/photoswipe.min.css?ver=8.0.2 HTTP/1.1" 200 857 "https://thietke365.net/san-pham/theme-dich-vu-spa-07/" "Mozilla/5.0 AppleWebKit/537.36 (KHTML, like Gecko; compatible; Googlebot/2.1; +http://www.google.com/bot.html) Chrome/129.0.6668.89 Safari/537.36"
66.249.79.170 - - [20/Oct/2024:10:56:57 -0400] "GET /wp-content/plugins/woocommerce/assets/js/photoswipe/photoswipe.min.js?ver=4.1.1-wc.8.0.2 HTTP/1.1" 200 11652 "https://thietke365.net/san-pham/theme-dich-vu-spa-07/" "Mozilla/5.0 AppleWebKit/537.36 (KHTML, like Gecko; compatible; Googlebot/2.1; +http://www.google.com/bot.html) Chrome/129.0.6668.89 Safari/537.36"
66.249.79.169 - - [20/Oct/2024:10:56:58 -0400] "GET /wp-content/plugins/woocommerce/assets/js/photoswipe/photoswipe-ui-default.min.js?ver=4.1.1-wc.8.0.2 HTTP/1.1" 200 3478 "https://thietke365.net/san-pham/theme-dich-vu-spa-07/" "Mozilla/5.0 AppleWebKit/537.36 (KHTML, like Gecko; compatible; Googlebot/2.1; +http://www.google.com/bot.html) Chrome/129.0.6668.89 Safari/537.36"
66.249.79.170 - - [20/Oct/2024:10:56:58 -0400] "GET /wp-content/plugins/woocommerce/assets/js/frontend/single-product.min.js?ver=8.0.2 HTTP/1.1" 200 1746 "https://thietke365.net/san-pham/theme-dich-vu-spa-07/" "Mozilla/5.0 AppleWebKit/537.36 (KHTML, like Gecko; compatible; Googlebot/2.1; +http://www.google.com/bot.html) Chrome/129.0.6668.89 Safari/537.36"
162.213.251.195 - - [20/Oct/2024:11:17:31 -0400] "POST /wp-cron.php?doing_wp_cron=1729437450.7125151157379150390625 HTTP/1.1" 200 0 "-" "WordPress/6.6.2; https://thietke365.net"
66.249.79.171 - - [20/Oct/2024:11:17:21 -0400] "GET /pub/errors/503.php HTTP/1.1" 404 29142 "-" "Mozilla/5.0 (Linux; Android 6.0.1; Nexus 5X Build/MMB29P) AppleWebKit/537.36 (KHTML, like Gecko) Chrome/129.0.6668.89 Mobile Safari/537.36 (compatible; Googlebot/2.1; +http://www.google.com/bot.html)"
87.120.114.208 - - [20/Oct/2024:11:17:36 -0400] "POST /wp-login.php HTTP/1.1" 200 3066 "-" "Mozilla/5.0"
66.249.70.2 - - [20/Oct/2024:11:18:29 -0400] "GET /robots.txt HTTP/1.1" 301 0 "-" "Mozilla/5.0 (compatible; Googlebot/2.1; +http://www.google.com/bot.html)"
66.249.79.170 - - [20/Oct/2024:11:18:30 -0400] "GET /robots.txt HTTP/1.1" 200 111 "-" "Mozilla/5.0 (compatible; Googlebot/2.1; +http://www.google.com/bot.html)"
162.213.251.195 - - [20/Oct/2024:11:18:40 -0400] "POST /wp-cron.php?doing_wp_cron=1729437520.5364289283752441406250 HTTP/1.1" 200 0 "-" "WordPress/6.6.2; https://thietke365.net"
66.249.68.64 - - [20/Oct/2024:11:18:40 -0400] "GET / HTTP/1.1" 301 0 "-" "Mozilla/5.0 (Linux; Android 6.0.1; Nexus 5X Build/MMB29P) AppleWebKit/537.36 (KHTML, like Gecko) Chrome/129.0.6668.89 Mobile Safari/537.36 (compatible; Googlebot/2.1; +http://www.google.com/bot.html)"
66.249.79.170 - - [20/Oct/2024:11:18:48 -0400] "GET / HTTP/1.1" 200 38574 "-" "Mozilla/5.0 (Linux; Android 6.0.1; Nexus 5X Build/MMB29P) AppleWebKit/537.36 (KHTML, like Gecko) Chrome/129.0.6668.89 Mobile Safari/537.36 (compatible; Googlebot/2.1; +http://www.google.com/bot.html)"
66.249.79.169 - - [20/Oct/2024:11:18:55 -0400] "GET /wp-content/themes/flatsome-child/thang.css?ver=67151f58c7365 HTTP/1.1" 200 17306 "https://thietke365.net/" "Mozilla/5.0 (Linux; Android 6.0.1; Nexus 5X Build/MMB29P) AppleWebKit/537.36 (KHTML, like Gecko) Chrome/129.0.6668.89 Mobile Safari/537.36 (compatible; Googlebot/2.1; +http://www.google.com/bot.html)"
202.92.4.47 - - [20/Oct/2024:11:30:19 -0400] "GET /.well-known/acme-challenge/P8NPUK6ML8SBTWIG_AJ_ZZUA94X32XMX HTTP/1.1" 404 1251 "-" "Cpanel-HTTP-Client/1.0"
202.92.4.47 - - [20/Oct/2024:11:30:36 -0400] "GET /.well-known/acme-challenge/MDM5BEGV9BPC0Z17TITF6YUT1SDDJ61K HTTP/1.1" 404 1251 "-" "Cpanel-HTTP-Client/1.0"
162.213.251.195 - - [20/Oct/2024:11:47:44 -0400] "POST /wp-cron.php?doing_wp_cron=1729439263.6972858905792236328125 HTTP/1.1" 200 0 "-" "WordPress/6.6.2; https://thietke365.net"
195.191.219.131 - - [20/Oct/2024:11:47:34 -0400] "GET / HTTP/1.1" 200 38564 "-" "Mozilla/5.0 (compatible; MJ12bot/v1.4.8; http://mj12bot.com/)"
195.191.219.131 - - [20/Oct/2024:11:47:52 -0400] "GET / HTTP/1.1" 301 0 "-" "Mozilla/5.0 (compatible; MJ12bot/v1.4.8; http://mj12bot.com/)"
195.191.219.131 - - [20/Oct/2024:11:47:54 -0400] "GET / HTTP/1.1" 200 38703 "-" "Mozilla/5.0 (compatible; MJ12bot/v1.4.8; http://mj12bot.com/)"
87.120.114.208 - - [20/Oct/2024:11:47:59 -0400] "POST /wp-login.php HTTP/1.1" 200 3076 "-" "Mozilla/5.0"
162.213.251.195 - - [20/Oct/2024:12:18:32 -0400] "POST /wp-cron.php?doing_wp_cron=1729441112.5305399894714355468750 HTTP/1.1" 200 0 "-" "WordPress/6.6.2; https://thietke365.net"
87.120.114.208 - - [20/Oct/2024:12:18:23 -0400] "POST /wp-login.php HTTP/1.1" 200 3066 "-" "Mozilla/5.0"
5.62.20.58 - - [20/Oct/2024:12:28:46 -0400] "GET //wp-includes/ID3/license.txt HTTP/1.1" 200 414 "-" "Mozilla/5.0 (Windows NT 10.0; Win64; x64) AppleWebKit/537.36 (KHTML, like Gecko) Chrome/95.0.4638.69 Safari/537.36"
162.213.251.195 - - [20/Oct/2024:12:28:53 -0400] "POST /wp-cron.php?doing_wp_cron=1729441733.3500640392303466796875 HTTP/1.1" 200 0 "-" "WordPress/6.6.2; https://thietke365.net"
5.62.20.58 - - [20/Oct/2024:12:28:47 -0400] "GET //feed/ HTTP/1.1" 301 0 "-" "Mozilla/5.0 (Windows NT 10.0; Win64; x64) AppleWebKit/537.36 (KHTML, like Gecko) Chrome/95.0.4638.69 Safari/537.36"
5.62.20.58 - - [20/Oct/2024:12:28:54 -0400] "GET //xmlrpc.php?rsd HTTP/1.1" 200 294 "-" "Mozilla/5.0 (Windows NT 10.0; Win64; x64) AppleWebKit/537.36 (KHTML, like Gecko) Chrome/95.0.4638.69 Safari/537.36"
5.62.20.58 - - [20/Oct/2024:12:28:54 -0400] "GET //wp-login.php HTTP/1.1" 200 2889 "-" "Mozilla/5.0 (Windows NT 10.0; Win64; x64) AppleWebKit/537.36 (KHTML, like Gecko) Chrome/95.0.4638.69 Safari/537.36"
5.62.20.58 - - [20/Oct/2024:12:28:55 -0400] "GET //?author=1 HTTP/1.1" 301 0 "-" "Mozilla/5.0 (Windows NT 10.0; Win64; x64) AppleWebKit/537.36 (KHTML, like Gecko) Chrome/95.0.4638.69 Safari/537.36"
5.62.20.58 - - [20/Oct/2024:12:28:56 -0400] "GET //?author=2 HTTP/1.1" 301 0 "-" "Mozilla/5.0 (Windows NT 10.0; Win64; x64) AppleWebKit/537.36 (KHTML, like Gecko) Chrome/95.0.4638.69 Safari/537.36"
5.62.20.58 - - [20/Oct/2024:12:28:56 -0400] "GET //wp-json/wp/v2/users/ HTTP/1.1" 200 7698 "-" "Mozilla/5.0 (Windows NT 10.0; Win64; x64) AppleWebKit/537.36 (KHTML, like Gecko) Chrome/95.0.4638.69 Safari/537.36"
5.62.20.58 - - [20/Oct/2024:12:28:58 -0400] "POST //xmlrpc.php HTTP/1.1" 200 189 "-" "Mozilla/5.0 (Windows NT 10.0; Win64; x64) AppleWebKit/537.36 (KHTML, like Gecko) Chrome/95.0.4638.69 Safari/537.36"
5.62.20.58 - - [20/Oct/2024:12:28:59 -0400] "POST //xmlrpc.php HTTP/1.1" 200 189 "-" "Mozilla/5.0 (Windows NT 10.0; Win64; x64) AppleWebKit/537.36 (KHTML, like Gecko) Chrome/95.0.4638.69 Safari/537.36"
5.62.20.58 - - [20/Oct/2024:12:29:00 -0400] "POST //xmlrpc.php HTTP/1.1" 200 237 "-" "Mozilla/5.0 (Windows NT 10.0; Win64; x64) AppleWebKit/537.36 (KHTML, like Gecko) Chrome/95.0.4638.69 Safari/537.36"
5.62.20.58 - - [20/Oct/2024:12:29:01 -0400] "POST //xmlrpc.php HTTP/1.1" 200 237 "-" "Mozilla/5.0 (Windows NT 10.0; Win64; x64) AppleWebKit/537.36 (KHTML, like Gecko) Chrome/95.0.4638.69 Safari/537.36"
5.62.20.58 - - [20/Oct/2024:12:29:01 -0400] "POST //xmlrpc.php HTTP/1.1" 200 189 "-" "Mozilla/5.0 (Windows NT 10.0; Win64; x64) AppleWebKit/537.36 (KHTML, like Gecko) Chrome/95.0.4638.69 Safari/537.36"
5.62.20.58 - - [20/Oct/2024:12:29:02 -0400] "POST //xmlrpc.php HTTP/1.1" 200 237 "-" "Mozilla/5.0 (Windows NT 10.0; Win64; x64) AppleWebKit/537.36 (KHTML, like Gecko) Chrome/95.0.4638.69 Safari/537.36"
5.62.20.58 - - [20/Oct/2024:12:29:03 -0400] "POST //wp-login.php HTTP/1.1" 200 3078 "https://thietke365.net//wp-login.php" "Mozilla/5.0 (Windows NT 10.0; Win64; x64) AppleWebKit/537.36 (KHTML, like Gecko) Chrome/95.0.4638.69 Safari/537.36"
5.62.20.58 - - [20/Oct/2024:12:29:04 -0400] "POST //wp-login.php HTTP/1.1" 200 3069 "https://thietke365.net//wp-login.php" "Mozilla/5.0 (Windows NT 10.0; Win64; x64) AppleWebKit/537.36 (KHTML, like Gecko) Chrome/95.0.4638.69 Safari/537.36"
5.62.20.58 - - [20/Oct/2024:12:29:07 -0400] "POST //wp-login.php HTTP/1.1" 200 3078 "https://thietke365.net//wp-login.php" "Mozilla/5.0 (Windows NT 10.0; Win64; x64) AppleWebKit/537.36 (KHTML, like Gecko) Chrome/95.0.4638.69 Safari/537.36"
5.62.20.58 - - [20/Oct/2024:12:29:11 -0400] "POST //wp-login.php HTTP/1.1" 200 3078 "https://thietke365.net//wp-login.php" "Mozilla/5.0 (Windows NT 10.0; Win64; x64) AppleWebKit/537.36 (KHTML, like Gecko) Chrome/95.0.4638.69 Safari/537.36"
5.62.20.58 - - [20/Oct/2024:12:29:16 -0400] "POST //wp-login.php HTTP/1.1" 200 3069 "https://thietke365.net//wp-login.php" "Mozilla/5.0 (Windows NT 10.0; Win64; x64) AppleWebKit/537.36 (KHTML, like Gecko) Chrome/95.0.4638.69 Safari/537.36"
162.213.251.195 - - [20/Oct/2024:12:29:31 -0400] "POST /wp-cron.php?doing_wp_cron=1729441771.2076230049133300781250 HTTP/1.1" 200 0 "-" "WordPress/6.6.2; https://thietke365.net"
5.62.20.58 - - [20/Oct/2024:12:29:20 -0400] "POST //wp-login.php HTTP/1.1" 200 3069 "https://thietke365.net//wp-login.php" "Mozilla/5.0 (Windows NT 10.0; Win64; x64) AppleWebKit/537.36 (KHTML, like Gecko) Chrome/95.0.4638.69 Safari/537.36"
162.213.251.195 - - [20/Oct/2024:12:48:57 -0400] "POST /wp-cron.php?doing_wp_cron=1729442937.2588748931884765625000 HTTP/1.1" 200 0 "-" "WordPress/6.6.2; https://thietke365.net"
87.120.114.208 - - [20/Oct/2024:12:48:49 -0400] "POST /wp-login.php HTTP/1.1" 200 3066 "-" "Mozilla/5.0"
162.213.251.195 - - [20/Oct/2024:12:58:35 -0400] "POST /wp-cron.php?doing_wp_cron=1729443515.0157740116119384765625 HTTP/1.1" 200 0 "-" "WordPress/6.6.2; https://thietke365.net"
66.249.79.166 - - [20/Oct/2024:12:58:31 -0400] "GET /robots.txt HTTP/1.1" 200 111 "-" "Mozilla/5.0 (compatible; Googlebot/2.1; +http://www.google.com/bot.html)"
66.249.79.166 - - [20/Oct/2024:12:59:23 -0400] "GET /wp-content/uploads/2023/10/dichvuvesinh.jpg HTTP/1.1" 200 285826 "-" "Googlebot-Image/1.0"
139.162.229.70 - - [20/Oct/2024:13:03:22 -0400] "GET / HTTP/1.1" 200 0 "-" "Mozilla/5.0 (Windows NT 10.0; Win64; x64) AppleWebKit/537.36 (KHTML, like Gecko) Chrome/83.0.4103.116 Safari/537.36"
139.162.229.70 - - [20/Oct/2024:13:03:24 -0400] "GET / HTTP/1.1" 200 0 "http://thietke365.net" "Mozilla/5.0 (Windows NT 10.0; Win64; x64) AppleWebKit/537.36 (KHTML, like Gecko) Chrome/83.0.4103.116 Safari/537.36"
162.213.251.195 - - [20/Oct/2024:13:03:25 -0400] "POST /wp-cron.php?doing_wp_cron=1729443805.3097081184387207031250 HTTP/1.1" 200 0 "-" "WordPress/6.6.2; https://thietke365.net"
162.213.251.195 - - [20/Oct/2024:13:03:27 -0400] "POST /wp-admin/admin-ajax.php HTTP/1.1" 200 0 "-" "WordPress/6.6.2; https://thietke365.net"
162.213.251.195 - - [20/Oct/2024:13:03:30 -0400] "POST /wp-admin/admin-ajax.php?action=as_async_request_queue_runner&nonce=36a76899eb HTTP/1.1" 200 0 "-" "WordPress/6.6.2; https://thietke365.net"
87.120.114.208 - - [20/Oct/2024:13:19:11 -0400] "POST /wp-login.php HTTP/1.1" 200 3076 "-" "Mozilla/5.0"
162.213.251.195 - - [20/Oct/2024:13:19:20 -0400] "POST /wp-cron.php?doing_wp_cron=1729444759.3941209316253662109375 HTTP/1.1" 200 0 "-" "WordPress/6.6.2; https://thietke365.net"
162.213.251.195 - - [20/Oct/2024:13:25:52 -0400] "POST /wp-cron.php?doing_wp_cron=1729445151.8968729972839355468750 HTTP/1.1" 200 0 "-" "WordPress/6.6.2; https://thietke365.net"
66.249.79.169 - - [20/Oct/2024:13:25:47 -0400] "GET /wp-content/plugins/alfa-rex.php HTTP/1.1" 404 29171 "-" "Mozilla/5.0 (Linux; Android 6.0.1; Nexus 5X Build/MMB29P) AppleWebKit/537.36 (KHTML, like Gecko) Chrome/129.0.6668.89 Mobile Safari/537.36 (compatible; Googlebot/2.1; +http://www.google.com/bot.html)"
162.213.251.195 - - [20/Oct/2024:13:49:41 -0400] "POST /wp-cron.php?doing_wp_cron=1729446581.1143310070037841796875 HTTP/1.1" 200 0 "-" "WordPress/6.6.2; https://thietke365.net"
87.120.114.208 - - [20/Oct/2024:13:49:33 -0400] "POST /wp-login.php HTTP/1.1" 200 3066 "-" "Mozilla/5.0"
162.213.251.195 - - [20/Oct/2024:14:01:22 -0400] "POST /wp-cron.php?doing_wp_cron=1729447282.4633820056915283203125 HTTP/1.1" 200 0 "-" "WordPress/6.6.2; https://thietke365.net"
66.249.79.170 - - [20/Oct/2024:14:01:16 -0400] "GET /wp-content/plugins/install.php HTTP/1.1" 404 29180 "-" "Mozilla/5.0 (Linux; Android 6.0.1; Nexus 5X Build/MMB29P) AppleWebKit/537.36 (KHTML, like Gecko) Chrome/129.0.6668.89 Mobile Safari/537.36 (compatible; Googlebot/2.1; +http://www.google.com/bot.html)"
66.249.79.167 - - [20/Oct/2024:14:18:31 -0400] "GET /wp-content/themes/flatsome-child/thang.css?ver=67151f58c7365 HTTP/1.1" 200 17306 "https://thietke365.net/" "Mozilla/5.0 (Linux; Android 6.0.1; Nexus 5X Build/MMB29P) AppleWebKit/537.36 (KHTML, like Gecko) Chrome/129.0.6668.89 Mobile Safari/537.36 (compatible; Googlebot/2.1; +http://www.google.com/bot.html)"
66.249.79.166 - - [20/Oct/2024:14:18:31 -0400] "GET /wp-includes/js/jquery/ui/core.min.js?ver=1.13.3 HTTP/1.1" 200 6811 "https://thietke365.net/" "Mozilla/5.0 (Linux; Android 6.0.1; Nexus 5X Build/MMB29P) AppleWebKit/537.36 (KHTML, like Gecko) Chrome/129.0.6668.89 Mobile Safari/537.36 (compatible; Googlebot/2.1; +http://www.google.com/bot.html)"
162.213.251.195 - - [20/Oct/2024:14:20:08 -0400] "POST /wp-cron.php?doing_wp_cron=1729448408.0223200321197509765625 HTTP/1.1" 200 0 "-" "WordPress/6.6.2; https://thietke365.net"
87.120.114.208 - - [20/Oct/2024:14:19:57 -0400] "POST /wp-login.php HTTP/1.1" 200 3076 "-" "Mozilla/5.0"
162.213.251.195 - - [20/Oct/2024:14:23:20 -0400] "POST /wp-cron.php?doing_wp_cron=1729448600.3898649215698242187500 HTTP/1.1" 200 0 "-" "WordPress/6.6.2; https://thietke365.net"
213.142.148.74 - - [20/Oct/2024:14:23:17 -0400] "GET /wp-login.php HTTP/1.1" 200 2880 "http://thietke365.net/wp-login.php" "Mozilla/5.0 (X11; Fedora; Linux x86_64; rv:94.0) Gecko/20100101 Firefox/95.0"
213.142.148.74 - - [20/Oct/2024:14:23:21 -0400] "GET /?author=1 HTTP/1.1" 301 0 "http://thietke365.net///?author=1" "Mozilla/5.0 (X11; Fedora; Linux x86_64; rv:94.0) Gecko/20100101 Firefox/95.0"
162.213.251.195 - - [20/Oct/2024:14:23:23 -0400] "POST /wp-cron.php?doing_wp_cron=1729448603.3388979434967041015625 HTTP/1.1" 200 0 "-" "WordPress/6.6.2; https://thietke365.net"
213.142.148.74 - - [20/Oct/2024:14:23:22 -0400] "GET /author/admin/ HTTP/1.1" 200 31010 "https://thietke365.net/?author=1" "Mozilla/5.0 (X11; Fedora; Linux x86_64; rv:94.0) Gecko/20100101 Firefox/95.0"
213.142.148.74 - - [20/Oct/2024:14:23:25 -0400] "GET /wp-json/wp/v2/users/ HTTP/1.1" 200 7698 "http://thietke365.net///wp-json/wp/v2/users/" "Mozilla/5.0 (X11; Fedora; Linux x86_64; rv:94.0) Gecko/20100101 Firefox/95.0"
213.142.148.74 - - [20/Oct/2024:14:23:28 -0400] "GET /?author=2 HTTP/1.1" 404 29169 "http://thietke365.net///?author=2" "Mozilla/5.0 (X11; Fedora; Linux x86_64; rv:94.0) Gecko/20100101 Firefox/95.0"
202.92.4.47 - - [20/Oct/2024:14:25:08 -0400] "GET /.well-known/acme-challenge/RS7089Y8XH_Z3ECRZR3W9LTZY-LCJ-A0 HTTP/1.1" 404 1251 "-" "Cpanel-HTTP-Client/1.0"
202.92.4.47 - - [20/Oct/2024:14:25:20 -0400] "GET /.well-known/acme-challenge/3H8EDXF6MYGRVJKOFF_-UMEQEQ6IRAV6 HTTP/1.1" 404 1251 "-" "Cpanel-HTTP-Client/1.0"
162.213.251.195 - - [20/Oct/2024:14:49:56 -0400] "POST /wp-cron.php?doing_wp_cron=1729450195.9995729923248291015625 HTTP/1.1" 200 0 "-" "WordPress/6.6.2; https://thietke365.net"
87.120.114.208 - - [20/Oct/2024:14:49:47 -0400] "POST /wp-login.php HTTP/1.1" 200 3076 "-" "Mozilla/5.0"
162.213.251.195 - - [20/Oct/2024:14:59:36 -0400] "POST /wp-cron.php?doing_wp_cron=1729450776.1552801132202148437500 HTTP/1.1" 200 0 "-" "WordPress/6.6.2; https://thietke365.net"
66.249.79.167 - - [20/Oct/2024:14:59:26 -0400] "GET /backup HTTP/1.1" 404 29192 "-" "Mozilla/5.0 (Linux; Android 6.0.1; Nexus 5X Build/MMB29P) AppleWebKit/537.36 (KHTML, like Gecko) Chrome/129.0.6668.89 Mobile Safari/537.36 (compatible; Googlebot/2.1; +http://www.google.com/bot.html)"
162.213.251.195 - - [20/Oct/2024:15:19:53 -0400] "POST /wp-cron.php?doing_wp_cron=1729451992.8893179893493652343750 HTTP/1.1" 200 0 "-" "WordPress/6.6.2; https://thietke365.net"
87.120.114.208 - - [20/Oct/2024:15:19:44 -0400] "POST /wp-login.php HTTP/1.1" 200 3066 "-" "Mozilla/5.0"
162.213.251.195 - - [20/Oct/2024:15:24:38 -0400] "POST /wp-cron.php?doing_wp_cron=1729452278.3393130302429199218750 HTTP/1.1" 200 0 "-" "WordPress/6.6.2; https://thietke365.net"
216.244.66.249 - - [20/Oct/2024:15:24:26 -0400] "GET /robots.txt HTTP/1.1" 200 111 "-" "Mozilla/5.0 (compatible; DotBot/1.2; +https://opensiteexplorer.org/dotbot; [email protected])"
162.213.251.195 - - [20/Oct/2024:15:40:28 -0400] "POST /wp-cron.php?doing_wp_cron=1729453228.6826078891754150390625 HTTP/1.1" 200 0 "-" "WordPress/6.6.2; https://thietke365.net"
216.244.66.249 - - [20/Oct/2024:15:40:19 -0400] "GET /san-pham/theme-wordpress-ban-ban-tho-noi-that/ HTTP/1.1" 200 37669 "-" "Mozilla/5.0 (compatible; DotBot/1.2; +https://opensiteexplorer.org/dotbot; [email protected])"
162.213.251.195 - - [20/Oct/2024:15:41:39 -0400] "POST /wp-cron.php?doing_wp_cron=1729453299.6411569118499755859375 HTTP/1.1" 200 0 "-" "WordPress/6.6.2; https://thietke365.net"
216.244.66.249 - - [20/Oct/2024:15:41:38 -0400] "GET /san-pham/theme-wordpress-landing-page-bat-dong-san-aqua-city/ HTTP/1.1" 200 37510 "-" "Mozilla/5.0 (compatible; DotBot/1.2; +https://opensiteexplorer.org/dotbot; [email protected])"
162.213.251.195 - - [20/Oct/2024:15:43:09 -0400] "POST /wp-cron.php?doing_wp_cron=1729453389.2626650333404541015625 HTTP/1.1" 200 0 "-" "WordPress/6.6.2; https://thietke365.net"
216.244.66.249 - - [20/Oct/2024:15:43:04 -0400] "GET /san-pham/theme-wordpress-studio-anh-cuoi-02/ HTTP/1.1" 200 37715 "-" "Mozilla/5.0 (compatible; DotBot/1.2; +https://opensiteexplorer.org/dotbot; [email protected])"
162.213.251.195 - - [20/Oct/2024:15:50:08 -0400] "POST /wp-cron.php?doing_wp_cron=1729453808.4006159305572509765625 HTTP/1.1" 200 0 "-" "WordPress/6.6.2; https://thietke365.net"
87.120.114.208 - - [20/Oct/2024:15:49:56 -0400] "POST /wp-login.php HTTP/1.1" 200 3066 "-" "Mozilla/5.0"
139.162.229.70 - - [20/Oct/2024:16:03:45 -0400] "GET / HTTP/1.1" 200 0 "-" "Mozilla/5.0 (Windows NT 10.0; Win64; x64) AppleWebKit/537.36 (KHTML, like Gecko) Chrome/83.0.4103.116 Safari/537.36"
139.162.229.70 - - [20/Oct/2024:16:03:46 -0400] "GET / HTTP/1.1" 200 0 "http://thietke365.net" "Mozilla/5.0 (Windows NT 10.0; Win64; x64) AppleWebKit/537.36 (KHTML, like Gecko) Chrome/83.0.4103.116 Safari/537.36"
162.213.251.195 - - [20/Oct/2024:16:03:54 -0400] "POST /wp-cron.php?doing_wp_cron=1729454634.4318308830261230468750 HTTP/1.1" 200 0 "-" "WordPress/6.6.2; https://thietke365.net"
162.213.251.195 - - [20/Oct/2024:16:03:54 -0400] "POST /wp-cron.php?doing_wp_cron=1729454634.4320549964904785156250 HTTP/1.1" 200 0 "-" "WordPress/6.6.2; https://thietke365.net"
66.249.79.169 - - [20/Oct/2024:16:05:05 -0400] "GET /wp-content/uploads/2023/10/iphone.jpg HTTP/1.1" 200 260827 "-" "Googlebot-Image/1.0"
23.175.50.150 - - [20/Oct/2024:16:15:41 -0400] "GET /.env HTTP/1.1" 403 1242 "-" "Mozilla/5.0"
162.213.251.195 - - [20/Oct/2024:16:20:16 -0400] "POST /wp-cron.php?doing_wp_cron=1729455616.4961049556732177734375 HTTP/1.1" 200 0 "-" "WordPress/6.6.2; https://thietke365.net"
87.120.114.208 - - [20/Oct/2024:16:20:07 -0400] "POST /wp-login.php HTTP/1.1" 200 3076 "-" "Mozilla/5.0"
162.213.251.195 - - [20/Oct/2024:16:24:32 -0400] "POST /wp-cron.php?doing_wp_cron=1729455872.5388839244842529296875 HTTP/1.1" 200 0 "-" "WordPress/6.6.2; https://thietke365.net"
216.244.66.249 - - [20/Oct/2024:16:24:28 -0400] "GET /san-pham/theme-wordpress-ban-ban-tho-noi-that/ HTTP/1.1" 200 37581 "-" "Mozilla/5.0 (compatible; DotBot/1.2; +https://opensiteexplorer.org/dotbot; [email protected])"
162.213.251.195 - - [20/Oct/2024:16:26:33 -0400] "POST /wp-cron.php?doing_wp_cron=1729455993.2741770744323730468750 HTTP/1.1" 200 0 "-" "WordPress/6.6.2; https://thietke365.net"
216.244.66.249 - - [20/Oct/2024:16:26:30 -0400] "GET /san-pham/theme-wordpress-landing-page-bat-dong-san-aqua-city/ HTTP/1.1" 200 37396 "-" "Mozilla/5.0 (compatible; DotBot/1.2; +https://opensiteexplorer.org/dotbot; [email protected])"
216.244.66.249 - - [20/Oct/2024:16:27:16 -0400] "GET /san-pham/theme-wordpress-studio-anh-cuoi-02/ HTTP/1.1" 200 37833 "-" "Mozilla/5.0 (compatible; DotBot/1.2; +https://opensiteexplorer.org/dotbot; [email protected])"
162.213.251.195 - - [20/Oct/2024:16:37:02 -0400] "POST /wp-cron.php?doing_wp_cron=1729456622.6396780014038085937500 HTTP/1.1" 200 0 "-" "WordPress/6.6.2; https://thietke365.net"
66.249.79.167 - - [20/Oct/2024:16:36:56 -0400] "GET /blog/ HTTP/1.1" 200 30549 "-" "Mozilla/5.0 (Linux; Android 6.0.1; Nexus 5X Build/MMB29P) AppleWebKit/537.36 (KHTML, like Gecko) Chrome/129.0.6668.89 Mobile Safari/537.36 (compatible; Googlebot/2.1; +http://www.google.com/bot.html)"
66.249.79.167 - - [20/Oct/2024:16:38:14 -0400] "GET /wp-content/themes/flatsome-child/thang.css?ver=671569ef1221d HTTP/1.1" 200 17306 "https://thietke365.net/blog/" "Mozilla/5.0 (Linux; Android 6.0.1; Nexus 5X Build/MMB29P) AppleWebKit/537.36 (KHTML, like Gecko) Chrome/129.0.6668.89 Mobile Safari/537.36 (compatible; Googlebot/2.1; +http://www.google.com/bot.html)"
159.223.91.165 - - [20/Oct/2024:16:41:28 -0400] "GET //wp-includes/ID3/license.txt HTTP/1.1" 200 414 "-" "Mozilla/5.0 (Windows NT 10.0; Win64; x64) AppleWebKit/537.36 (KHTML, like Gecko) Chrome/95.0.4638.69 Safari/537.36"
162.213.251.195 - - [20/Oct/2024:16:41:32 -0400] "POST /wp-cron.php?doing_wp_cron=1729456892.2552850246429443359375 HTTP/1.1" 200 0 "-" "WordPress/6.6.2; https://thietke365.net"
159.223.91.165 - - [20/Oct/2024:16:41:29 -0400] "GET //feed/ HTTP/1.1" 301 0 "-" "Mozilla/5.0 (Windows NT 10.0; Win64; x64) AppleWebKit/537.36 (KHTML, like Gecko) Chrome/95.0.4638.69 Safari/537.36"
159.223.91.165 - - [20/Oct/2024:16:41:32 -0400] "GET //xmlrpc.php?rsd HTTP/1.1" 200 294 "-" "Mozilla/5.0 (Windows NT 10.0; Win64; x64) AppleWebKit/537.36 (KHTML, like Gecko) Chrome/95.0.4638.69 Safari/537.36"
159.223.91.165 - - [20/Oct/2024:16:41:33 -0400] "GET //?author=1 HTTP/1.1" 301 0 "-" "Mozilla/5.0 (Windows NT 10.0; Win64; x64) AppleWebKit/537.36 (KHTML, like Gecko) Chrome/95.0.4638.69 Safari/537.36"
159.223.91.165 - - [20/Oct/2024:16:41:33 -0400] "GET //?author=2 HTTP/1.1" 301 0 "-" "Mozilla/5.0 (Windows NT 10.0; Win64; x64) AppleWebKit/537.36 (KHTML, like Gecko) Chrome/95.0.4638.69 Safari/537.36"
159.223.91.165 - - [20/Oct/2024:16:41:34 -0400] "GET //wp-json/wp/v2/users/ HTTP/1.1" 200 7698 "-" "Mozilla/5.0 (Windows NT 10.0; Win64; x64) AppleWebKit/537.36 (KHTML, like Gecko) Chrome/95.0.4638.69 Safari/537.36"
159.223.91.165 - - [20/Oct/2024:16:41:35 -0400] "POST //xmlrpc.php HTTP/1.1" 200 237 "-" "Mozilla/5.0 (Windows NT 10.0; Win64; x64) AppleWebKit/537.36 (KHTML, like Gecko) Chrome/95.0.4638.69 Safari/537.36"
159.223.91.165 - - [20/Oct/2024:16:41:36 -0400] "POST //xmlrpc.php HTTP/1.1" 200 237 "-" "Mozilla/5.0 (Windows NT 10.0; Win64; x64) AppleWebKit/537.36 (KHTML, like Gecko) Chrome/95.0.4638.69 Safari/537.36"
159.223.91.165 - - [20/Oct/2024:16:41:36 -0400] "POST //xmlrpc.php HTTP/1.1" 200 237 "-" "Mozilla/5.0 (Windows NT 10.0; Win64; x64) AppleWebKit/537.36 (KHTML, like Gecko) Chrome/95.0.4638.69 Safari/537.36"
159.223.91.165 - - [20/Oct/2024:16:41:37 -0400] "POST //xmlrpc.php HTTP/1.1" 200 237 "-" "Mozilla/5.0 (Windows NT 10.0; Win64; x64) AppleWebKit/537.36 (KHTML, like Gecko) Chrome/95.0.4638.69 Safari/537.36"
159.223.91.165 - - [20/Oct/2024:16:41:37 -0400] "POST //xmlrpc.php HTTP/1.1" 200 237 "-" "Mozilla/5.0 (Windows NT 10.0; Win64; x64) AppleWebKit/537.36 (KHTML, like Gecko) Chrome/95.0.4638.69 Safari/537.36"
159.223.91.165 - - [20/Oct/2024:16:41:38 -0400] "POST //xmlrpc.php HTTP/1.1" 200 237 "-" "Mozilla/5.0 (Windows NT 10.0; Win64; x64) AppleWebKit/537.36 (KHTML, like Gecko) Chrome/95.0.4638.69 Safari/537.36"
162.213.251.195 - - [20/Oct/2024:16:50:19 -0400] "POST /wp-cron.php?doing_wp_cron=1729457418.8909559249877929687500 HTTP/1.1" 200 0 "-" "WordPress/6.6.2; https://thietke365.net"
87.120.114.208 - - [20/Oct/2024:16:50:15 -0400] "POST /wp-login.php HTTP/1.1" 200 3076 "-" "Mozilla/5.0"
162.213.251.195 - - [20/Oct/2024:16:52:14 -0400] "POST /wp-cron.php?doing_wp_cron=1729457534.6872370243072509765625 HTTP/1.1" 200 0 "-" "WordPress/6.6.2; https://thietke365.net"
216.244.66.249 - - [20/Oct/2024:16:52:11 -0400] "GET /san-pham/theme-wordpress-ban-ban-tho-noi-that/ HTTP/1.1" 200 37636 "-" "Mozilla/5.0 (compatible; DotBot/1.2; +https://opensiteexplorer.org/dotbot; [email protected])"
162.213.251.195 - - [20/Oct/2024:16:54:25 -0400] "POST /wp-cron.php?doing_wp_cron=1729457665.6909360885620117187500 HTTP/1.1" 200 0 "-" "WordPress/6.6.2; https://thietke365.net"
216.244.66.249 - - [20/Oct/2024:16:54:23 -0400] "GET /san-pham/theme-wordpress-landing-page-bat-dong-san-aqua-city/ HTTP/1.1" 200 37552 "-" "Mozilla/5.0 (compatible; DotBot/1.2; +https://opensiteexplorer.org/dotbot; [email protected])"
162.213.251.195 - - [20/Oct/2024:16:55:54 -0400] "POST /wp-cron.php?doing_wp_cron=1729457753.9877810478210449218750 HTTP/1.1" 200 0 "-" "WordPress/6.6.2; https://thietke365.net"
216.244.66.249 - - [20/Oct/2024:16:55:51 -0400] "GET /san-pham/theme-wordpress-studio-anh-cuoi-02/ HTTP/1.1" 200 37939 "-" "Mozilla/5.0 (compatible; DotBot/1.2; +https://opensiteexplorer.org/dotbot; [email protected])"
162.213.251.195 - - [20/Oct/2024:16:59:22 -0400] "POST /wp-cron.php?doing_wp_cron=1729457961.9293351173400878906250 HTTP/1.1" 200 0 "-" "WordPress/6.6.2; https://thietke365.net"
2a12:5940:521f::2 - - [20/Oct/2024:16:59:19 -0400] "GET /wp-content/plugins/hunk-companion/gogolite/customizer/customizer-scroll/js/script.js HTTP/1.1" 404 29259 "-" "Mozilla/5.0 (X11; Ubuntu; Linux i686) AppleWebKit/537.36 (KHTML, like Gecko) Chrome/52.0.2752.74 Safari/537.36"
138.68.86.32 - - [20/Oct/2024:17:12:40 -0400] "GET / HTTP/1.1" 200 0 "-" "-"
162.213.251.195 - - [20/Oct/2024:17:12:48 -0400] "POST /wp-cron.php?doing_wp_cron=1729458768.3597021102905273437500 HTTP/1.1" 200 0 "-" "WordPress/6.6.2; https://thietke365.net"
162.213.251.195 - - [20/Oct/2024:17:12:48 -0400] "POST /wp-cron.php?doing_wp_cron=1729458768.3613789081573486328125 HTTP/1.1" 200 0 "-" "WordPress/6.6.2; https://thietke365.net"
138.68.86.32 - - [20/Oct/2024:17:12:41 -0400] "GET / HTTP/1.1" 200 13321 "-" "Mozilla/5.0 (Linux; Android 6.0; HTC One M9 Build/MRA615981) AppleWebKit/537.36 (KHTML, like Gecko) Chrome/52.0.3161.98 Mobile Safari/537.3"
138.68.86.32 - - [20/Oct/2024:17:12:50 -0400] "GET /server HTTP/1.1" 404 29059 "-" "Go-http-client/1.1"
138.68.86.32 - - [20/Oct/2024:17:12:51 -0400] "GET /.vscode/sftp.json HTTP/1.1" 404 29066 "-" "Go-http-client/1.1"
138.68.86.32 - - [20/Oct/2024:17:12:52 -0400] "GET /about HTTP/1.1" 404 29044 "-" "Go-http-client/1.1"
138.68.86.32 - - [20/Oct/2024:17:12:53 -0400] "GET /debug/default/view?panel=config HTTP/1.1" 404 29072 "-" "Go-http-client/1.1"
138.68.86.32 - - [20/Oct/2024:17:12:55 -0400] "GET /v2/_catalog HTTP/1.1" 404 29131 "-" "Go-http-client/1.1"
138.68.86.32 - - [20/Oct/2024:17:12:56 -0400] "GET /ecp/Current/exporttool/microsoft.exchange.ediscovery.exporttool.application HTTP/1.1" 404 29221 "-" "Go-http-client/1.1"
138.68.86.32 - - [20/Oct/2024:17:12:58 -0400] "GET /login.action HTTP/1.1" 404 29169 "-" "Go-http-client/1.1"
138.68.86.32 - - [20/Oct/2024:17:13:00 -0400] "GET /_all_dbs HTTP/1.1" 404 20847 "-" "Mozilla/5.0 (l9scan/2.0.33e27393e2431313e2838313; +https://leakix.net)"
138.68.86.32 - - [20/Oct/2024:17:13:01 -0400] "GET /.DS_Store HTTP/1.1" 404 29159 "-" "Go-http-client/1.1"
138.68.86.32 - - [20/Oct/2024:17:13:03 -0400] "GET /.env HTTP/1.1" 403 1242 "-" "Go-http-client/1.1"
138.68.86.32 - - [20/Oct/2024:17:13:04 -0400] "GET /.git/config HTTP/1.1" 403 1242 "-" "Go-http-client/1.1"
138.68.86.32 - - [20/Oct/2024:17:13:04 -0400] "GET /s/33e27393e2431313e2838313/_/;/META-INF/maven/com.atlassian.jira/jira-webapp-dist/pom.properties HTTP/1.1" 404 29266 "-" "Go-http-client/1.1"
138.68.86.32 - - [20/Oct/2024:17:13:06 -0400] "GET /config.json HTTP/1.1" 404 29047 "-" "Go-http-client/1.1"
138.68.86.32 - - [20/Oct/2024:17:13:07 -0400] "GET /telescope/requests HTTP/1.1" 404 29197 "-" "Go-http-client/1.1"
138.68.86.32 - - [20/Oct/2024:17:13:09 -0400] "GET /?rest_route=/wp/v2/users/ HTTP/1.1" 200 0 "-" "Go-http-client/1.1"
162.213.251.195 - - [20/Oct/2024:17:20:24 -0400] "POST /wp-cron.php?doing_wp_cron=1729459224.3012061119079589843750 HTTP/1.1" 200 0 "-" "WordPress/6.6.2; https://thietke365.net"
87.120.114.208 - - [20/Oct/2024:17:20:19 -0400] "POST /wp-login.php HTTP/1.1" 200 3066 "-" "Mozilla/5.0"
162.213.251.195 - - [20/Oct/2024:17:22:40 -0400] "POST /wp-cron.php?doing_wp_cron=1729459360.4502260684967041015625 HTTP/1.1" 200 0 "-" "WordPress/6.6.2; https://thietke365.net"
17.241.219.187 - - [20/Oct/2024:17:22:36 -0400] "GET /tu-khoa-san-pham/lap-mang/ HTTP/1.1" 200 32034 "-" "Mozilla/5.0 (Macintosh; Intel Mac OS X 10_15_7) AppleWebKit/605.1.15 (KHTML, like Gecko) Version/17.4 Safari/605.1.15 (Applebot/0.1; +http://www.apple.com/go/applebot)"
17.241.219.122 - - [20/Oct/2024:17:23:29 -0400] "GET /wp-content/themes/flatsome-child/thang.css?ver=671574a0dda37 HTTP/1.1" 200 17306 "https://thietke365.net/tu-khoa-san-pham/lap-mang/" "Mozilla/5.0 (Macintosh; Intel Mac OS X 10_15_7) AppleWebKit/605.1.15 (KHTML, like Gecko) Version/17.4 Safari/605.1.15 (Applebot/0.1; +http://www.apple.com/go/applebot)"
17.241.219.204 - - [20/Oct/2024:17:23:29 -0400] "GET /wp-content/plugins/contact-form-7/includes/swv/js/index.js?ver=5.8 HTTP/1.1" 200 3061 "https://thietke365.net/tu-khoa-san-pham/lap-mang/" "Mozilla/5.0 (Macintosh; Intel Mac OS X 10_15_7) AppleWebKit/605.1.15 (KHTML, like Gecko) Version/17.4 Safari/605.1.15 (Applebot/0.1; +http://www.apple.com/go/applebot)"
17.241.75.195 - - [20/Oct/2024:17:23:29 -0400] "GET /wp-includes/js/jquery/jquery-migrate.min.js?ver=3.4.1 HTTP/1.1" 200 4678 "https://thietke365.net/tu-khoa-san-pham/lap-mang/" "Mozilla/5.0 (Macintosh; Intel Mac OS X 10_15_7) AppleWebKit/605.1.15 (KHTML, like Gecko) Version/17.4 Safari/605.1.15 (Applebot/0.1; +http://www.apple.com/go/applebot)"
17.241.227.160 - - [20/Oct/2024:17:23:29 -0400] "GET /wp-content/plugins/woocommerce/assets/js/jquery-blockui/jquery.blockUI.min.js?ver=2.7.0-wc.8.0.2 HTTP/1.1" 200 3277 "https://thietke365.net/tu-khoa-san-pham/lap-mang/" "Mozilla/5.0 (Macintosh; Intel Mac OS X 10_15_7) AppleWebKit/605.1.15 (KHTML, like Gecko) Version/17.4 Safari/605.1.15 (Applebot/0.1; +http://www.apple.com/go/applebot)"
17.241.75.58 - - [20/Oct/2024:17:23:30 -0400] "GET /wp-includes/js/jquery/jquery.min.js?ver=3.7.1 HTTP/1.1" 200 29744 "https://thietke365.net/tu-khoa-san-pham/lap-mang/" "Mozilla/5.0 (Macintosh; Intel Mac OS X 10_15_7) AppleWebKit/605.1.15 (KHTML, like Gecko) Version/17.4 Safari/605.1.15 (Applebot/0.1; +http://www.apple.com/go/applebot)"
17.241.227.27 - - [20/Oct/2024:17:23:30 -0400] "GET /wp-content/plugins/wp-bottom-menu/assets/js/main.js?ver=2.2.1 HTTP/1.1" 200 602 "https://thietke365.net/tu-khoa-san-pham/lap-mang/" "Mozilla/5.0 (Macintosh; Intel Mac OS X 10_15_7) AppleWebKit/605.1.15 (KHTML, like Gecko) Version/17.4 Safari/605.1.15 (Applebot/0.1; +http://www.apple.com/go/applebot)"
17.241.227.27 - - [20/Oct/2024:17:23:30 -0400] "GET /wp-content/themes/flatsome/inc/extensions/flatsome-live-search/flatsome-live-search.js?ver=3.16.6 HTTP/1.1" 200 4841 "https://thietke365.net/tu-khoa-san-pham/lap-mang/" "Mozilla/5.0 (Macintosh; Intel Mac OS X 10_15_7) AppleWebKit/605.1.15 (KHTML, like Gecko) Version/17.4 Safari/605.1.15 (Applebot/0.1; +http://www.apple.com/go/applebot)"
17.241.219.57 - - [20/Oct/2024:17:23:30 -0400] "GET /wp-content/plugins/contact-form-7/includes/js/index.js?ver=5.8 HTTP/1.1" 200 3918 "https://thietke365.net/tu-khoa-san-pham/lap-mang/" "Mozilla/5.0 (Macintosh; Intel Mac OS X 10_15_7) AppleWebKit/605.1.15 (KHTML, like Gecko) Version/17.4 Safari/605.1.15 (Applebot/0.1; +http://www.apple.com/go/applebot)"
17.241.75.136 - - [20/Oct/2024:17:23:31 -0400] "GET /wp-content/plugins/woocommerce/assets/js/frontend/add-to-cart.min.js?ver=8.0.2 HTTP/1.1" 200 972 "https://thietke365.net/tu-khoa-san-pham/lap-mang/" "Mozilla/5.0 (Macintosh; Intel Mac OS X 10_15_7) AppleWebKit/605.1.15 (KHTML, like Gecko) Version/17.4 Safari/605.1.15 (Applebot/0.1; +http://www.apple.com/go/applebot)"
17.241.227.66 - - [20/Oct/2024:17:23:31 -0400] "GET /wp-content/plugins/woocommerce/assets/js/js-cookie/js.cookie.min.js?ver=2.1.4-wc.8.0.2 HTTP/1.1" 200 893 "https://thietke365.net/tu-khoa-san-pham/lap-mang/" "Mozilla/5.0 (Macintosh; Intel Mac OS X 10_15_7) AppleWebKit/605.1.15 (KHTML, like Gecko) Version/17.4 Safari/605.1.15 (Applebot/0.1; +http://www.apple.com/go/applebot)"
17.241.75.49 - - [20/Oct/2024:17:23:31 -0400] "GET /wp-includes/js/jquery/ui/slider.min.js?ver=1.13.3 HTTP/1.1" 200 3010 "https://thietke365.net/tu-khoa-san-pham/lap-mang/" "Mozilla/5.0 (Macintosh; Intel Mac OS X 10_15_7) AppleWebKit/605.1.15 (KHTML, like Gecko) Version/17.4 Safari/605.1.15 (Applebot/0.1; +http://www.apple.com/go/applebot)"
17.241.75.195 - - [20/Oct/2024:17:23:31 -0400] "GET /wp-content/plugins/woocommerce/assets/js/frontend/woocommerce.min.js?ver=8.0.2 HTTP/1.1" 200 684 "https://thietke365.net/tu-khoa-san-pham/lap-mang/" "Mozilla/5.0 (Macintosh; Intel Mac OS X 10_15_7) AppleWebKit/605.1.15 (KHTML, like Gecko) Version/17.4 Safari/605.1.15 (Applebot/0.1; +http://www.apple.com/go/applebot)"
17.241.75.49 - - [20/Oct/2024:17:23:32 -0400] "GET /wp-includes/js/dist/hooks.min.js?ver=2810c76e705dd1a53b18 HTTP/1.1" 200 1460 "https://thietke365.net/tu-khoa-san-pham/lap-mang/" "Mozilla/5.0 (Macintosh; Intel Mac OS X 10_15_7) AppleWebKit/605.1.15 (KHTML, like Gecko) Version/17.4 Safari/605.1.15 (Applebot/0.1; +http://www.apple.com/go/applebot)"
17.241.75.15 - - [20/Oct/2024:17:23:32 -0400] "GET /wp-includes/js/jquery/ui/core.min.js?ver=1.13.3 HTTP/1.1" 200 6811 "https://thietke365.net/tu-khoa-san-pham/lap-mang/" "Mozilla/5.0 (Macintosh; Intel Mac OS X 10_15_7) AppleWebKit/605.1.15 (KHTML, like Gecko) Version/17.4 Safari/605.1.15 (Applebot/0.1; +http://www.apple.com/go/applebot)"
17.241.75.58 - - [20/Oct/2024:17:23:32 -0400] "GET /wp-includes/js/jquery/ui/draggable.min.js?ver=1.13.3 HTTP/1.1" 200 4691 "https://thietke365.net/tu-khoa-san-pham/lap-mang/" "Mozilla/5.0 (Macintosh; Intel Mac OS X 10_15_7) AppleWebKit/605.1.15 (KHTML, like Gecko) Version/17.4 Safari/605.1.15 (Applebot/0.1; +http://www.apple.com/go/applebot)"
17.241.75.5 - - [20/Oct/2024:17:23:33 -0400] "GET /wp-includes/js/jquery/ui/mouse.min.js?ver=1.13.3 HTTP/1.1" 200 1012 "https://thietke365.net/tu-khoa-san-pham/lap-mang/" "Mozilla/5.0 (Macintosh; Intel Mac OS X 10_15_7) AppleWebKit/605.1.15 (KHTML, like Gecko) Version/17.4 Safari/605.1.15 (Applebot/0.1; +http://www.apple.com/go/applebot)"
17.241.75.5 - - [20/Oct/2024:17:23:33 -0400] "GET /wp-includes/js/jquery/ui/progressbar.min.js?ver=1.13.3 HTTP/1.1" 200 844 "https://thietke365.net/tu-khoa-san-pham/lap-mang/" "Mozilla/5.0 (Macintosh; Intel Mac OS X 10_15_7) AppleWebKit/605.1.15 (KHTML, like Gecko) Version/17.4 Safari/605.1.15 (Applebot/0.1; +http://www.apple.com/go/applebot)"
17.241.219.71 - - [20/Oct/2024:17:23:34 -0400] "GET /wp-includes/js/jquery/jquery.ui.touch-punch.js?ver=0.2.2 HTTP/1.1" 200 509 "https://thietke365.net/tu-khoa-san-pham/lap-mang/" "Mozilla/5.0 (Macintosh; Intel Mac OS X 10_15_7) AppleWebKit/605.1.15 (KHTML, like Gecko) Version/17.4 Safari/605.1.15 (Applebot/0.1; +http://www.apple.com/go/applebot)"
17.241.219.57 - - [20/Oct/2024:17:23:34 -0400] "GET /wp-admin/js/iris.min.js?ver=4.0.1 HTTP/1.1" 200 7724 "https://thietke365.net/tu-khoa-san-pham/lap-mang/" "Mozilla/5.0 (Macintosh; Intel Mac OS X 10_15_7) AppleWebKit/605.1.15 (KHTML, like Gecko) Version/17.4 Safari/605.1.15 (Applebot/0.1; +http://www.apple.com/go/applebot)"
17.241.227.245 - - [20/Oct/2024:17:23:34 -0400] "GET /wp-includes/js/wp-util.min.js?ver=6.6.2 HTTP/1.1" 200 690 "https://thietke365.net/tu-khoa-san-pham/lap-mang/" "Mozilla/5.0 (Macintosh; Intel Mac OS X 10_15_7) AppleWebKit/605.1.15 (KHTML, like Gecko) Version/17.4 Safari/605.1.15 (Applebot/0.1; +http://www.apple.com/go/applebot)"
17.241.227.195 - - [20/Oct/2024:17:23:35 -0400] "GET /wp-includes/js/dist/i18n.min.js?ver=5e580eb46a90c2b997e6 HTTP/1.1" 200 3542 "https://thietke365.net/tu-khoa-san-pham/lap-mang/" "Mozilla/5.0 (Macintosh; Intel Mac OS X 10_15_7) AppleWebKit/605.1.15 (KHTML, like Gecko) Version/17.4 Safari/605.1.15 (Applebot/0.1; +http://www.apple.com/go/applebot)"
17.241.219.71 - - [20/Oct/2024:17:23:35 -0400] "GET /wp-includes/js/dist/vendor/wp-polyfill.min.js?ver=3.15.0 HTTP/1.1" 200 13501 "https://thietke365.net/tu-khoa-san-pham/lap-mang/" "Mozilla/5.0 (Macintosh; Intel Mac OS X 10_15_7) AppleWebKit/605.1.15 (KHTML, like Gecko) Version/17.4 Safari/605.1.15 (Applebot/0.1; +http://www.apple.com/go/applebot)"
17.241.227.122 - - [20/Oct/2024:17:23:35 -0400] "GET /wp-admin/js/color-picker.min.js?ver=4.0.1 HTTP/1.1" 200 1064 "https://thietke365.net/tu-khoa-san-pham/lap-mang/" "Mozilla/5.0 (Macintosh; Intel Mac OS X 10_15_7) AppleWebKit/605.1.15 (KHTML, like Gecko) Version/17.4 Safari/605.1.15 (Applebot/0.1; +http://www.apple.com/go/applebot)"
17.241.75.67 - - [20/Oct/2024:17:23:36 -0400] "GET /wp-includes/js/hoverIntent.min.js?ver=1.10.2 HTTP/1.1" 200 668 "https://thietke365.net/tu-khoa-san-pham/lap-mang/" "Mozilla/5.0 (Macintosh; Intel Mac OS X 10_15_7) AppleWebKit/605.1.15 (KHTML, like Gecko) Version/17.4 Safari/605.1.15 (Applebot/0.1; +http://www.apple.com/go/applebot)"
17.241.75.105 - - [20/Oct/2024:17:23:36 -0400] "GET /wp-includes/js/jquery/ui/datepicker.min.js?ver=1.13.3 HTTP/1.1" 200 10506 "https://thietke365.net/tu-khoa-san-pham/lap-mang/" "Mozilla/5.0 (Macintosh; Intel Mac OS X 10_15_7) AppleWebKit/605.1.15 (KHTML, like Gecko) Version/17.4 Safari/605.1.15 (Applebot/0.1; +http://www.apple.com/go/applebot)"
17.241.75.136 - - [20/Oct/2024:17:23:36 -0400] "GET /wp-includes/js/underscore.min.js?ver=1.13.4 HTTP/1.1" 200 7179 "https://thietke365.net/tu-khoa-san-pham/lap-mang/" "Mozilla/5.0 (Macintosh; Intel Mac OS X 10_15_7) AppleWebKit/605.1.15 (KHTML, like Gecko) Version/17.4 Safari/605.1.15 (Applebot/0.1; +http://www.apple.com/go/applebot)"
17.241.227.122 - - [20/Oct/2024:17:23:36 -0400] "GET /wp-content/themes/flatsome/assets/js/flatsome.js?ver=8d32fe071187c00e5c8eae51dcdefdd9 HTTP/1.1" 200 15454 "https://thietke365.net/tu-khoa-san-pham/lap-mang/" "Mozilla/5.0 (Macintosh; Intel Mac OS X 10_15_7) AppleWebKit/605.1.15 (KHTML, like Gecko) Version/17.4 Safari/605.1.15 (Applebot/0.1; +http://www.apple.com/go/applebot)"
17.241.219.183 - - [20/Oct/2024:17:23:37 -0400] "GET /wp-content/themes/flatsome/assets/js/woocommerce.js?ver=7a63f7aa2c4bbf851812535d8e4e7958 HTTP/1.1" 200 5805 "https://thietke365.net/tu-khoa-san-pham/lap-mang/" "Mozilla/5.0 (Macintosh; Intel Mac OS X 10_15_7) AppleWebKit/605.1.15 (KHTML, like Gecko) Version/17.4 Safari/605.1.15 (Applebot/0.1; +http://www.apple.com/go/applebot)"
17.241.75.104 - - [20/Oct/2024:17:23:37 -0400] "GET /wp-content/plugins/woocommerce/assets/js/frontend/add-to-cart-variation.min.js?ver=8.0.2 HTTP/1.1" 200 3472 "https://thietke365.net/tu-khoa-san-pham/lap-mang/" "Mozilla/5.0 (Macintosh; Intel Mac OS X 10_15_7) AppleWebKit/605.1.15 (KHTML, like Gecko) Version/17.4 Safari/605.1.15 (Applebot/0.1; +http://www.apple.com/go/applebot)"
17.241.227.130 - - [20/Oct/2024:17:23:37 -0400] "GET /wp-content/plugins/yith-woocommerce-product-add-ons/assets/js/front.min.js?ver=4.0.1 HTTP/1.1" 200 9321 "https://thietke365.net/tu-khoa-san-pham/lap-mang/" "Mozilla/5.0 (Macintosh; Intel Mac OS X 10_15_7) AppleWebKit/605.1.15 (KHTML, like Gecko) Version/17.4 Safari/605.1.15 (Applebot/0.1; +http://www.apple.com/go/applebot)"
17.241.227.36 - - [20/Oct/2024:17:23:38 -0400] "GET /wp-includes/js/wp-emoji-release.min.js?ver=6.6.2 HTTP/1.1" 200 4676 "https://thietke365.net/tu-khoa-san-pham/lap-mang/" "Mozilla/5.0 (Macintosh; Intel Mac OS X 10_15_7) AppleWebKit/605.1.15 (KHTML, like Gecko) Version/17.4 Safari/605.1.15 (Applebot/0.1; +http://www.apple.com/go/applebot)"
202.92.4.47 - - [20/Oct/2024:17:25:01 -0400] "GET /.well-known/acme-challenge/9ENDB9W8RLJHLAPFIIIZ24DV1PLT-NA0 HTTP/1.1" 404 1251 "-" "Cpanel-HTTP-Client/1.0"
202.92.4.47 - - [20/Oct/2024:17:25:18 -0400] "GET /.well-known/acme-challenge/L55GOZEC9FU820RN0PL_Y-L-TG9RRLAZ HTTP/1.1" 404 1251 "-" "Cpanel-HTTP-Client/1.0"
162.213.251.195 - - [20/Oct/2024:17:28:12 -0400] "POST /wp-cron.php?doing_wp_cron=1729459692.3080489635467529296875 HTTP/1.1" 200 0 "-" "WordPress/6.6.2; https://thietke365.net"
216.244.66.249 - - [20/Oct/2024:17:28:08 -0400] "GET /san-pham/theme-wordpress-ban-ban-tho-noi-that/ HTTP/1.1" 200 37651 "-" "Mozilla/5.0 (compatible; DotBot/1.2; +https://opensiteexplorer.org/dotbot; [email protected])"
162.213.251.195 - - [20/Oct/2024:17:30:35 -0400] "POST /wp-cron.php?doing_wp_cron=1729459834.7175281047821044921875 HTTP/1.1" 200 0 "-" "WordPress/6.6.2; https://thietke365.net"
216.244.66.249 - - [20/Oct/2024:17:30:31 -0400] "GET /san-pham/theme-wordpress-landing-page-bat-dong-san-aqua-city/ HTTP/1.1" 200 37500 "-" "Mozilla/5.0 (compatible; DotBot/1.2; +https://opensiteexplorer.org/dotbot; [email protected])"
216.244.66.249 - - [20/Oct/2024:17:31:13 -0400] "GET /san-pham/theme-wordpress-studio-anh-cuoi-02/ HTTP/1.1" 200 37974 "-" "Mozilla/5.0 (compatible; DotBot/1.2; +https://opensiteexplorer.org/dotbot; [email protected])"
