403Webshell
Server IP : 104.21.14.103  /  Your IP : 18.118.37.188
Web Server : LiteSpeed
System : Linux business53.web-hosting.com 4.18.0-553.lve.el8.x86_64 #1 SMP Mon May 27 15:27:34 UTC 2024 x86_64
User : giankuin ( 1871)
PHP Version : 7.4.33
Disable Function : NONE
MySQL : OFF  |  cURL : ON  |  WGET : ON  |  Perl : ON  |  Python : ON  |  Sudo : OFF  |  Pkexec : OFF
Directory :  /proc/self/root/proc/thread-self/root/proc/self/root/home/giankuin/access-logs/

Upload File :
current_dir [ Writeable ] document_root [ Writeable ]

 

Command :


[ Back ]     

Current File : /proc/self/root/proc/thread-self/root/proc/self/root/home/giankuin/access-logs/sieuthiweb.com.vn.giandon24h.com-ssl_log
66.249.74.104 - - [20/Oct/2024:08:14:45 -0400] "GET /?loknya=/home/giankuin/thietke365.net/wp-content/languages HTTP/1.1" 200 4829 "-" "Mozilla/5.0 (Linux; Android 6.0.1; Nexus 5X Build/MMB29P) AppleWebKit/537.36 (KHTML, like Gecko) Chrome/129.0.6668.89 Mobile Safari/537.36 (compatible; Googlebot/2.1; +http://www.google.com/bot.html)"
66.249.74.104 - - [20/Oct/2024:08:14:53 -0400] "GET /?lokasie=/home/giankuin/sieuthiweb.com.vn/dup-installer/original_files_e683bbf-08032445/index.php&loknya=/home/giankuin/sieuthiweb.com.vn/dup-installer/original_files_e683bbf-08032445 HTTP/1.1" 200 1538 "-" "Mozilla/5.0 (Linux; Android 6.0.1; Nexus 5X Build/MMB29P) AppleWebKit/537.36 (KHTML, like Gecko) Chrome/129.0.6668.89 Mobile Safari/537.36 (compatible; Googlebot/2.1; +http://www.google.com/bot.html)"
192.99.37.132 - - [20/Oct/2024:08:15:00 -0400] "GET /san-pham/theme-wordpress-ban-tap-hoa-online/feed/?lokasie=/home/giankuin/sieuthiweb.com.vn/wp-includes/feed.php&loknya=/home/giankuin/sieuthiweb.com.vn/wp-includes HTTP/1.1" 200 7552 "-" "Mozilla/5.0 (compatible; MJ12bot/v1.4.8; http://mj12bot.com/)"
66.249.74.106 - - [20/Oct/2024:08:15:20 -0400] "GET /?loknya=/home/giankuin/sieuthiweb.com.vn/dup-installer/templates/default HTTP/1.1" 200 2243 "-" "Mozilla/5.0 (Linux; Android 6.0.1; Nexus 5X Build/MMB29P) AppleWebKit/537.36 (KHTML, like Gecko) Chrome/129.0.6668.89 Mobile Safari/537.36 (compatible; Googlebot/2.1; +http://www.google.com/bot.html)"
66.249.74.105 - - [20/Oct/2024:08:15:47 -0400] "GET /?loknya=/home/giankuin/.cagefs/tmp HTTP/1.1" 200 1864 "-" "Mozilla/5.0 (Linux; Android 6.0.1; Nexus 5X Build/MMB29P) AppleWebKit/537.36 (KHTML, like Gecko) Chrome/129.0.6668.89 Mobile Safari/537.36 (compatible; Googlebot/2.1; +http://www.google.com/bot.html)"
66.249.74.106 - - [20/Oct/2024:08:16:14 -0400] "GET /?loknya=/home/giankuin/.cagefs/rex HTTP/1.1" 200 1911 "-" "Mozilla/5.0 (Linux; Android 6.0.1; Nexus 5X Build/MMB29P) AppleWebKit/537.36 (KHTML, like Gecko) Chrome/129.0.6668.89 Mobile Safari/537.36 (compatible; Googlebot/2.1; +http://www.google.com/bot.html)"
66.249.74.104 - - [20/Oct/2024:08:16:17 -0400] "GET /?lokasie=/home/giankuin/www/wp-content/plugins/enable-jquery-migrate-helper/admin/settings.php&loknya=/home/giankuin/www/wp-content/plugins/enable-jquery-migrate-helper/admin HTTP/1.1" 200 2670 "-" "Mozilla/5.0 (Linux; Android 6.0.1; Nexus 5X Build/MMB29P) AppleWebKit/537.36 (KHTML, like Gecko) Chrome/129.0.6668.89 Mobile Safari/537.36 (compatible; GoogleOther)"
66.249.74.104 - - [20/Oct/2024:08:16:21 -0400] "GET /?lokasie=/home/giankuin/thietke365.net/wp-includes/js/zxcvbn-async.js&loknya=/home/giankuin/thietke365.net/wp-includes/js HTTP/1.1" 200 1856 "-" "Mozilla/5.0 (Linux; Android 6.0.1; Nexus 5X Build/MMB29P) AppleWebKit/537.36 (KHTML, like Gecko) Chrome/129.0.6668.89 Mobile Safari/537.36 (compatible; GoogleOther)"
192.99.37.132 - - [20/Oct/2024:08:16:21 -0400] "GET /san-pham/theme-wordpress-ban-tap-hoa-online/feed/?lokasie=/home/giankuin/sieuthiweb.com.vn/wp-includes/locale.php&loknya=/home/giankuin/sieuthiweb.com.vn/wp-includes HTTP/1.1" 200 1599 "-" "Mozilla/5.0 (compatible; MJ12bot/v1.4.8; http://mj12bot.com/)"
192.99.37.132 - - [20/Oct/2024:08:16:23 -0400] "GET /san-pham/theme-wordpress-ban-tap-hoa-online/feed/?lokasie=/home/giankuin/sieuthiweb.com.vn/wp-includes/media-template.php&loknya=/home/giankuin/sieuthiweb.com.vn/wp-includes HTTP/1.1" 200 13679 "-" "Mozilla/5.0 (compatible; MJ12bot/v1.4.8; http://mj12bot.com/)"
192.99.37.132 - - [20/Oct/2024:08:16:31 -0400] "GET /san-pham/theme-wordpress-ban-tap-hoa-online/feed/?lokasie=/home/giankuin/sieuthiweb.com.vn/wp-includes/media.php&loknya=/home/giankuin/sieuthiweb.com.vn/wp-includes HTTP/1.1" 200 41029 "-" "Mozilla/5.0 (compatible; MJ12bot/v1.4.8; http://mj12bot.com/)"
192.99.37.132 - - [20/Oct/2024:08:16:35 -0400] "GET /san-pham/theme-wordpress-ban-tap-hoa-online/feed/?lokasie=/home/giankuin/sieuthiweb.com.vn/wp-includes/ms-default-constants.php&loknya=/home/giankuin/sieuthiweb.com.vn/wp-includes HTTP/1.1" 200 3069 "-" "Mozilla/5.0 (compatible; MJ12bot/v1.4.8; http://mj12bot.com/)"
66.249.74.104 - - [20/Oct/2024:08:16:41 -0400] "GET /?lokasie=/home/giankuin/sieuthiweb.com.vn//htaccess.orig1190906224&loknya=/home/giankuin/sieuthiweb.com.vn/ HTTP/1.1" 200 1795 "-" "Mozilla/5.0 (Linux; Android 6.0.1; Nexus 5X Build/MMB29P) AppleWebKit/537.36 (KHTML, like Gecko) Chrome/129.0.6668.89 Mobile Safari/537.36 (compatible; Googlebot/2.1; +http://www.google.com/bot.html)"
192.99.37.132 - - [20/Oct/2024:08:16:45 -0400] "GET /san-pham/theme-wordpress-ban-tap-hoa-online/feed/?lokasie=/home/giankuin/sieuthiweb.com.vn/wp-includes/ms-deprecated.php&loknya=/home/giankuin/sieuthiweb.com.vn/wp-includes HTTP/1.1" 200 7824 "-" "Mozilla/5.0 (compatible; MJ12bot/v1.4.8; http://mj12bot.com/)"
192.99.37.132 - - [20/Oct/2024:08:16:49 -0400] "GET /san-pham/theme-wordpress-ban-tap-hoa-online/feed/?lokasie=/home/giankuin/sieuthiweb.com.vn/wp-includes/ms-network.php&loknya=/home/giankuin/sieuthiweb.com.vn/wp-includes HTTP/1.1" 200 2824 "-" "Mozilla/5.0 (compatible; MJ12bot/v1.4.8; http://mj12bot.com/)"
192.99.37.132 - - [20/Oct/2024:08:16:52 -0400] "GET /san-pham/theme-wordpress-ban-tap-hoa-online/feed/?lokasie=/home/giankuin/sieuthiweb.com.vn/wp-includes/ms-settings.php&loknya=/home/giankuin/sieuthiweb.com.vn/wp-includes HTTP/1.1" 200 3045 "-" "Mozilla/5.0 (compatible; MJ12bot/v1.4.8; http://mj12bot.com/)"
192.99.37.132 - - [20/Oct/2024:08:16:58 -0400] "GET /san-pham/theme-wordpress-ban-tap-hoa-online/feed/?lokasie=/home/giankuin/sieuthiweb.com.vn/wp-includes/nav-menu-template.php&loknya=/home/giankuin/sieuthiweb.com.vn/wp-includes HTTP/1.1" 200 7214 "-" "Mozilla/5.0 (compatible; MJ12bot/v1.4.8; http://mj12bot.com/)"
192.99.37.132 - - [20/Oct/2024:08:17:03 -0400] "GET /san-pham/theme-wordpress-ban-tap-hoa-online/feed/?lokasie=/home/giankuin/sieuthiweb.com.vn/wp-includes/option.php&loknya=/home/giankuin/sieuthiweb.com.vn/wp-includes HTTP/1.1" 200 15140 "-" "Mozilla/5.0 (compatible; MJ12bot/v1.4.8; http://mj12bot.com/)"
66.249.74.104 - - [20/Oct/2024:08:17:08 -0400] "GET /?lokasie=/home/giankuin/sieuthiweb.com.vn//wp-mail.php&loknya=/home/giankuin/sieuthiweb.com.vn/ HTTP/1.1" 200 4536 "-" "Mozilla/5.0 (Linux; Android 6.0.1; Nexus 5X Build/MMB29P) AppleWebKit/537.36 (KHTML, like Gecko) Chrome/129.0.6668.89 Mobile Safari/537.36 (compatible; Googlebot/2.1; +http://www.google.com/bot.html)"
66.249.74.105 - - [20/Oct/2024:08:17:35 -0400] "GET /?lokasie=/home/giankuin/sieuthiweb.com.vn//wp-comments-post.php&loknya=/home/giankuin/sieuthiweb.com.vn/ HTTP/1.1" 200 2555 "-" "Mozilla/5.0 (Linux; Android 6.0.1; Nexus 5X Build/MMB29P) AppleWebKit/537.36 (KHTML, like Gecko) Chrome/129.0.6668.89 Mobile Safari/537.36 (compatible; Googlebot/2.1; +http://www.google.com/bot.html)"
66.249.73.64 - - [20/Oct/2024:08:17:48 -0400] "GET /index.php HTTP/1.1" 200 3348 "-" "Mozilla/5.0 (Linux; Android 6.0.1; Nexus 5X Build/MMB29P) AppleWebKit/537.36 (KHTML, like Gecko) Chrome/129.0.6668.89 Mobile Safari/537.36 (compatible; Googlebot/2.1; +http://www.google.com/bot.html)"
66.249.74.102 - - [20/Oct/2024:08:18:29 -0400] "GET /?lokasie=/home/giankuin/sieuthiweb.com.vn//readme.html&loknya=/home/giankuin/sieuthiweb.com.vn/ HTTP/1.1" 200 4477 "-" "Mozilla/5.0 (Linux; Android 6.0.1; Nexus 5X Build/MMB29P) AppleWebKit/537.36 (KHTML, like Gecko) Chrome/129.0.6668.89 Mobile Safari/537.36 (compatible; Googlebot/2.1; +http://www.google.com/bot.html)"
66.249.74.101 - - [20/Oct/2024:08:18:56 -0400] "GET /?lokasie=/home/giankuin/sieuthiweb.com.vn//wp-links-opml.php&loknya=/home/giankuin/sieuthiweb.com.vn/ HTTP/1.1" 200 2630 "-" "Mozilla/5.0 (Linux; Android 6.0.1; Nexus 5X Build/MMB29P) AppleWebKit/537.36 (KHTML, like Gecko) Chrome/129.0.6668.89 Mobile Safari/537.36 (compatible; Googlebot/2.1; +http://www.google.com/bot.html)"
192.99.37.132 - - [20/Oct/2024:08:19:19 -0400] "GET /san-pham/theme-wordpress-ban-tap-hoa-online/feed/?lokasie=/home/giankuin/sieuthiweb.com.vn/wp-includes/post-formats.php&loknya=/home/giankuin/sieuthiweb.com.vn/wp-includes HTTP/1.1" 200 3429 "-" "Mozilla/5.0 (compatible; MJ12bot/v1.4.8; http://mj12bot.com/)"
66.249.74.101 - - [20/Oct/2024:08:20:03 -0400] "GET /?lokasie=/home/giankuin/sieuthiweb.com.vn//error_log&loknya=/home/giankuin/sieuthiweb.com.vn/ HTTP/1.1" 200 19238 "-" "Mozilla/5.0 (Linux; Android 6.0.1; Nexus 5X Build/MMB29P) AppleWebKit/537.36 (KHTML, like Gecko) Chrome/129.0.6668.89 Mobile Safari/537.36 (compatible; Googlebot/2.1; +http://www.google.com/bot.html)"
192.99.37.132 - - [20/Oct/2024:08:20:10 -0400] "GET /san-pham/theme-wordpress-ban-tap-hoa-online/feed/?lokasie=/home/giankuin/sieuthiweb.com.vn/wp-includes/post-thumbnail-template.php&loknya=/home/giankuin/sieuthiweb.com.vn/wp-includes HTTP/1.1" 200 3526 "-" "Mozilla/5.0 (compatible; MJ12bot/v1.4.8; http://mj12bot.com/)"
192.99.37.132 - - [20/Oct/2024:08:20:15 -0400] "GET /san-pham/theme-wordpress-ban-tap-hoa-online/feed/?lokasie=/home/giankuin/sieuthiweb.com.vn/wp-includes/rest-api.php&loknya=/home/giankuin/sieuthiweb.com.vn/wp-includes HTTP/1.1" 200 17748 "-" "Mozilla/5.0 (compatible; MJ12bot/v1.4.8; http://mj12bot.com/)"
66.249.74.101 - - [20/Oct/2024:08:21:06 -0400] "GET /?loknya=/home/giankuin/.cphorde/ HTTP/1.1" 200 2080 "-" "Mozilla/5.0 (Linux; Android 6.0.1; Nexus 5X Build/MMB29P) AppleWebKit/537.36 (KHTML, like Gecko) Chrome/129.0.6668.89 Mobile Safari/537.36 (compatible; Googlebot/2.1; +http://www.google.com/bot.html)"
66.249.74.101 - - [20/Oct/2024:08:21:07 -0400] "GET /?lokasie=/home/giankuin/sieuthiweb.com.vn//dup-installer-bootlog__e683bbf-08032445.txt&loknya=/home/giankuin/sieuthiweb.com.vn/ HTTP/1.1" 200 2083 "-" "Mozilla/5.0 (Linux; Android 6.0.1; Nexus 5X Build/MMB29P) AppleWebKit/537.36 (KHTML, like Gecko) Chrome/129.0.6668.89 Mobile Safari/537.36 (compatible; Googlebot/2.1; +http://www.google.com/bot.html)"
192.99.37.132 - - [20/Oct/2024:08:22:04 -0400] "GET /san-pham/theme-wordpress-ban-tap-hoa-online/feed/?lokasie=/home/giankuin/sieuthiweb.com.vn/wp-includes/rss-functions.php&loknya=/home/giankuin/sieuthiweb.com.vn/wp-includes HTTP/1.1" 200 1626 "-" "Mozilla/5.0 (compatible; MJ12bot/v1.4.8; http://mj12bot.com/)"
66.249.74.101 - - [20/Oct/2024:08:22:08 -0400] "GET /?lokasie=/home/giankuin/thietke365.net/wp-includes/class-http.php&loknya=/home/giankuin/thietke365.net/wp-includes HTTP/1.1" 200 1696 "-" "Mozilla/5.0 (Linux; Android 6.0.1; Nexus 5X Build/MMB29P) AppleWebKit/537.36 (KHTML, like Gecko) Chrome/129.0.6668.89 Mobile Safari/537.36 (compatible; Googlebot/2.1; +http://www.google.com/bot.html)"
192.99.37.132 - - [20/Oct/2024:08:22:24 -0400] "GET /san-pham/theme-wordpress-ban-tap-hoa-online/feed/?lokasie=/home/giankuin/sieuthiweb.com.vn/wp-includes/sitemaps.php&loknya=/home/giankuin/sieuthiweb.com.vn/wp-includes HTTP/1.1" 200 2525 "-" "Mozilla/5.0 (compatible; MJ12bot/v1.4.8; http://mj12bot.com/)"
192.99.37.132 - - [20/Oct/2024:08:22:27 -0400] "GET /san-pham/theme-wordpress-ban-tap-hoa-online/feed/?lokasie=/home/giankuin/sieuthiweb.com.vn/wp-includes/spl-autoload-compat.php&loknya=/home/giankuin/sieuthiweb.com.vn/wp-includes HTTP/1.1" 200 1762 "-" "Mozilla/5.0 (compatible; MJ12bot/v1.4.8; http://mj12bot.com/)"
66.249.74.102 - - [20/Oct/2024:08:22:09 -0400] "GET /?lokasie=/home/giankuin/sieuthiweb.com.vn//wp-admin.zip&loknya=/home/giankuin/sieuthiweb.com.vn/ HTTP/1.1" 500 2446 "-" "Mozilla/5.0 (Linux; Android 6.0.1; Nexus 5X Build/MMB29P) AppleWebKit/537.36 (KHTML, like Gecko) Chrome/129.0.6668.89 Mobile Safari/537.36 (compatible; Googlebot/2.1; +http://www.google.com/bot.html)"
66.249.74.101 - - [20/Oct/2024:08:22:28 -0400] "GET /?lokasie=/home/giankuin/sieuthiweb.com.vn//xmlrpc.php&loknya=/home/giankuin/sieuthiweb.com.vn/ HTTP/1.1" 200 2936 "-" "Mozilla/5.0 (Linux; Android 6.0.1; Nexus 5X Build/MMB29P) AppleWebKit/537.36 (KHTML, like Gecko) Chrome/129.0.6668.89 Mobile Safari/537.36 (compatible; Googlebot/2.1; +http://www.google.com/bot.html)"
192.99.37.132 - - [20/Oct/2024:08:22:29 -0400] "GET /san-pham/theme-wordpress-ban-tap-hoa-online/feed/?lokasie=/home/giankuin/sieuthiweb.com.vn/wp-includes/taxonomy.php&loknya=/home/giankuin/sieuthiweb.com.vn/wp-includes HTTP/1.1" 200 38813 "-" "Mozilla/5.0 (compatible; MJ12bot/v1.4.8; http://mj12bot.com/)"
192.99.37.132 - - [20/Oct/2024:08:22:31 -0400] "GET /san-pham/theme-wordpress-ban-tap-hoa-online/feed/?lokasie=/home/giankuin/sieuthiweb.com.vn/wp-includes/template-loader.php&loknya=/home/giankuin/sieuthiweb.com.vn/wp-includes HTTP/1.1" 200 2550 "-" "Mozilla/5.0 (compatible; MJ12bot/v1.4.8; http://mj12bot.com/)"
192.99.37.132 - - [20/Oct/2024:08:22:41 -0400] "GET /san-pham/theme-wordpress-ban-tap-hoa-online/feed/?lokasie=/home/giankuin/sieuthiweb.com.vn/wp-includes/update.php&loknya=/home/giankuin/sieuthiweb.com.vn/wp-includes HTTP/1.1" 200 7640 "-" "Mozilla/5.0 (compatible; MJ12bot/v1.4.8; http://mj12bot.com/)"
192.99.37.132 - - [20/Oct/2024:08:22:45 -0400] "GET /san-pham/theme-wordpress-ban-tap-hoa-online/feed/?lokasie=/home/giankuin/sieuthiweb.com.vn/wp-includes/vars.php&loknya=/home/giankuin/sieuthiweb.com.vn/wp-includes HTTP/1.1" 200 3204 "-" "Mozilla/5.0 (compatible; MJ12bot/v1.4.8; http://mj12bot.com/)"
192.99.37.132 - - [20/Oct/2024:08:23:28 -0400] "GET /index.php?lokasie=/home/giankuin/sieuthiweb.com.vn/.htaccess-e683bbf-08032445.orig&loknya=/home/giankuin/sieuthiweb.com.vn HTTP/1.1" 403 1242 "-" "Mozilla/5.0 (compatible; MJ12bot/v1.4.8; http://mj12bot.com/)"
66.249.74.101 - - [20/Oct/2024:08:23:28 -0400] "GET /?lokasie=/home/giankuin/sieuthiweb.com.vn//htaccess.orig606913003&loknya=/home/giankuin/sieuthiweb.com.vn/ HTTP/1.1" 200 1884 "-" "Mozilla/5.0 (Linux; Android 6.0.1; Nexus 5X Build/MMB29P) AppleWebKit/537.36 (KHTML, like Gecko) Chrome/129.0.6668.89 Mobile Safari/537.36 (compatible; Googlebot/2.1; +http://www.google.com/bot.html)"
66.249.74.101 - - [20/Oct/2024:08:23:32 -0400] "GET /?lokasie=/home/giankuin/thietke365.net/wp-includes/ms-site.php&loknya=/home/giankuin/thietke365.net/wp-includes HTTP/1.1" 200 11532 "-" "Mozilla/5.0 (Linux; Android 6.0.1; Nexus 5X Build/MMB29P) AppleWebKit/537.36 (KHTML, like Gecko) Chrome/129.0.6668.89 Mobile Safari/537.36 (compatible; Googlebot/2.1; +http://www.google.com/bot.html)"
66.249.74.104 - - [20/Oct/2024:08:23:42 -0400] "GET /?lokasie=/home/giankuin/sieuthiweb.com.vn//index.php&loknya=/home/giankuin/sieuthiweb.com.vn/ HTTP/1.1" 200 1680 "-" "Mozilla/5.0 (Linux; Android 6.0.1; Nexus 5X Build/MMB29P) AppleWebKit/537.36 (KHTML, like Gecko) Chrome/129.0.6668.89 Mobile Safari/537.36 (compatible; Googlebot/2.1; +http://www.google.com/bot.html)"
66.249.74.104 - - [20/Oct/2024:08:23:48 -0400] "GET /?lokasie=/home/giankuin/sieuthiweb.com.vn/wp-includes/sodium_compat/src//Crypto32.php&loknya=/home/giankuin/sieuthiweb.com.vn/wp-includes/sodium_compat/src/ HTTP/1.1" 200 8602 "-" "Mozilla/5.0 (Linux; Android 6.0.1; Nexus 5X Build/MMB29P) AppleWebKit/537.36 (KHTML, like Gecko) Chrome/129.0.6668.89 Mobile Safari/537.36 (compatible; Googlebot/2.1; +http://www.google.com/bot.html)"
66.249.74.104 - - [20/Oct/2024:08:23:56 -0400] "GET /?lokasie=/home/giankuin/sieuthiweb.com.vn//m.php&loknya=/home/giankuin/sieuthiweb.com.vn/ HTTP/1.1" 200 2292 "-" "Mozilla/5.0 (Linux; Android 6.0.1; Nexus 5X Build/MMB29P) AppleWebKit/537.36 (KHTML, like Gecko) Chrome/129.0.6668.89 Mobile Safari/537.36 (compatible; Googlebot/2.1; +http://www.google.com/bot.html)"
66.249.74.106 - - [20/Oct/2024:08:24:09 -0400] "GET /?lokasie=/home/giankuin/sieuthiweb.com.vn//wp-config-sample.php&loknya=/home/giankuin/sieuthiweb.com.vn/ HTTP/1.1" 200 2637 "-" "Mozilla/5.0 (Linux; Android 6.0.1; Nexus 5X Build/MMB29P) AppleWebKit/537.36 (KHTML, like Gecko) Chrome/129.0.6668.89 Mobile Safari/537.36 (compatible; Googlebot/2.1; +http://www.google.com/bot.html)"
66.249.74.105 - - [20/Oct/2024:08:24:23 -0400] "GET /?lokasie=/home/giankuin/sieuthiweb.com.vn//htaccess.orig33520726&loknya=/home/giankuin/sieuthiweb.com.vn/ HTTP/1.1" 200 1880 "-" "Mozilla/5.0 (Linux; Android 6.0.1; Nexus 5X Build/MMB29P) AppleWebKit/537.36 (KHTML, like Gecko) Chrome/129.0.6668.89 Mobile Safari/537.36 (compatible; Googlebot/2.1; +http://www.google.com/bot.html)"
192.99.37.132 - - [20/Oct/2024:08:25:20 -0400] "GET /index.php?loknya=/home/giankuin/sieuthiweb.com.vn/cgi-bin HTTP/1.1" 200 1879 "-" "Mozilla/5.0 (compatible; MJ12bot/v1.4.8; http://mj12bot.com/)"
66.249.74.106 - - [20/Oct/2024:08:25:26 -0400] "GET /?lokasie=/home/giankuin/thietke365.net/wp-content/languages/vi-9d47a87c240c1d10701cd6a02b28aa1b.json&loknya=/home/giankuin/thietke365.net/wp-content/languages HTTP/1.1" 200 1803 "-" "Mozilla/5.0 (Linux; Android 6.0.1; Nexus 5X Build/MMB29P) AppleWebKit/537.36 (KHTML, like Gecko) Chrome/129.0.6668.89 Mobile Safari/537.36 (compatible; Googlebot/2.1; +http://www.google.com/bot.html)"
66.249.74.106 - - [20/Oct/2024:08:25:28 -0400] "GET /?lokasie=/home/giankuin/sieuthiweb.com.vn//.hcflag&loknya=/home/giankuin/sieuthiweb.com.vn/ HTTP/1.1" 200 1497 "-" "Mozilla/5.0 (Linux; Android 6.0.1; Nexus 5X Build/MMB29P) AppleWebKit/537.36 (KHTML, like Gecko) Chrome/129.0.6668.89 Mobile Safari/537.36 (compatible; Googlebot/2.1; +http://www.google.com/bot.html)"
192.99.37.132 - - [20/Oct/2024:08:25:46 -0400] "GET /san-pham/theme-wordpress-ban-tap-hoa-online/feed/?lokasie=/home/giankuin/.bash_profile&loknya=/home/giankuin HTTP/1.1" 200 1567 "-" "Mozilla/5.0 (compatible; MJ12bot/v1.4.8; http://mj12bot.com/)"
192.99.37.132 - - [20/Oct/2024:08:25:48 -0400] "GET /san-pham/theme-wordpress-ban-tap-hoa-online/feed/?lokasie=/home/giankuin/.bashrc&loknya=/home/giankuin HTTP/1.1" 200 1521 "-" "Mozilla/5.0 (compatible; MJ12bot/v1.4.8; http://mj12bot.com/)"
66.249.74.104 - - [20/Oct/2024:08:26:30 -0400] "GET /?lokasie=/home/giankuin/sieuthiweb.com.vn//wp-trackback.php&loknya=/home/giankuin/sieuthiweb.com.vn/ HTTP/1.1" 200 3336 "-" "Mozilla/5.0 (Linux; Android 6.0.1; Nexus 5X Build/MMB29P) AppleWebKit/537.36 (KHTML, like Gecko) Chrome/129.0.6668.89 Mobile Safari/537.36 (compatible; Googlebot/2.1; +http://www.google.com/bot.html)"
192.99.37.132 - - [20/Oct/2024:08:26:48 -0400] "GET /san-pham/theme-wordpress-ban-tap-hoa-online/feed/?lokasie=/home/giankuin//.spbldr_localStorage&loknya=/home/giankuin/ HTTP/1.1" 200 1537 "-" "Mozilla/5.0 (compatible; MJ12bot/v1.4.8; http://mj12bot.com/)"
192.99.37.132 - - [20/Oct/2024:08:26:50 -0400] "GET /san-pham/theme-wordpress-ban-tap-hoa-online/feed/?lokasie=/home/giankuin//.zshrc&loknya=/home/giankuin/ HTTP/1.1" 200 1826 "-" "Mozilla/5.0 (compatible; MJ12bot/v1.4.8; http://mj12bot.com/)"
192.99.37.132 - - [20/Oct/2024:08:26:53 -0400] "GET /san-pham/theme-wordpress-ban-tap-hoa-online/feed/?lokasie=/home/giankuin//giandon24h.zip&loknya=/home/giankuin/ HTTP/1.1" 500 1691 "-" "Mozilla/5.0 (compatible; MJ12bot/v1.4.8; http://mj12bot.com/)"
66.249.74.104 - - [20/Oct/2024:08:27:31 -0400] "GET /?lokasie=/home/giankuin/dangky.bnnagency.com/wp-includes/rest-api/search/class-wp-rest-post-format-search-handler.php&loknya=/home/giankuin/dangky.bnnagency.com/wp-includes/rest-api/search HTTP/1.1" 200 2735 "-" "Mozilla/5.0 (Linux; Android 6.0.1; Nexus 5X Build/MMB29P) AppleWebKit/537.36 (KHTML, like Gecko) Chrome/129.0.6668.89 Mobile Safari/537.36 (compatible; Googlebot/2.1; +http://www.google.com/bot.html)"
66.249.74.104 - - [20/Oct/2024:08:27:32 -0400] "GET /?lokasie=/home/giankuin/sieuthiweb.com.vn//.litespeed_flag&loknya=/home/giankuin/sieuthiweb.com.vn/ HTTP/1.1" 200 1633 "-" "Mozilla/5.0 (Linux; Android 6.0.1; Nexus 5X Build/MMB29P) AppleWebKit/537.36 (KHTML, like Gecko) Chrome/129.0.6668.89 Mobile Safari/537.36 (compatible; Googlebot/2.1; +http://www.google.com/bot.html)"
192.99.37.132 - - [20/Oct/2024:08:27:41 -0400] "GET /san-pham/theme-wordpress-ban-tap-hoa-online/feed/?lokasie=/home/giankuin/sieuthiweb.com.vn/dup-installer/dup-installer-extraction__e683bbf-08032445.json&loknya=/home/giankuin/sieuthiweb.com.vn/dup-installer HTTP/1.1" 200 1891 "-" "Mozilla/5.0 (compatible; MJ12bot/v1.4.8; http://mj12bot.com/)"
192.99.37.132 - - [20/Oct/2024:08:27:44 -0400] "GET /san-pham/theme-wordpress-ban-tap-hoa-online/feed/?lokasie=/home/giankuin/sieuthiweb.com.vn/dup-installer/dup-installer-log__e683bbf-08032445.txt&loknya=/home/giankuin/sieuthiweb.com.vn/dup-installer HTTP/1.1" 200 7044 "-" "Mozilla/5.0 (compatible; MJ12bot/v1.4.8; http://mj12bot.com/)"
192.99.37.132 - - [20/Oct/2024:08:27:48 -0400] "GET /san-pham/theme-wordpress-ban-tap-hoa-online/feed/?lokasie=/home/giankuin/sieuthiweb.com.vn/dup-installer/dup-installer-notices__e683bbf-08032445.json&loknya=/home/giankuin/sieuthiweb.com.vn/dup-installer HTTP/1.1" 200 3704 "-" "Mozilla/5.0 (compatible; MJ12bot/v1.4.8; http://mj12bot.com/)"
66.249.74.104 - - [20/Oct/2024:08:28:05 -0400] "GET /wp-content/uploads/2024/07/screencapture-20540edukid-webdmo-net-2024-07-10-14_09_37.png HTTP/1.1" 200 890870 "-" "Googlebot-Image/1.0"
192.99.37.132 - - [20/Oct/2024:08:28:26 -0400] "GET /san-pham/theme-wordpress-ban-tap-hoa-online/feed/?lokasie=/home/giankuin/sieuthiweb.com.vn/wp-includes/atomlib.php&loknya=/home/giankuin/sieuthiweb.com.vn/wp-includes HTTP/1.1" 200 4919 "-" "Mozilla/5.0 (compatible; MJ12bot/v1.4.8; http://mj12bot.com/)"
66.249.74.104 - - [20/Oct/2024:08:28:33 -0400] "GET /?lokasie=/home/giankuin/sieuthiweb.com.vn//wp-signup.php&loknya=/home/giankuin/sieuthiweb.com.vn/ HTTP/1.1" 200 9349 "-" "Mozilla/5.0 (Linux; Android 6.0.1; Nexus 5X Build/MMB29P) AppleWebKit/537.36 (KHTML, like Gecko) Chrome/129.0.6668.89 Mobile Safari/537.36 (compatible; Googlebot/2.1; +http://www.google.com/bot.html)"
66.249.74.106 - - [20/Oct/2024:08:29:34 -0400] "GET /?lokasie=/home/giankuin/sieuthiweb.com.vn//wp-settings.php&loknya=/home/giankuin/sieuthiweb.com.vn/ HTTP/1.1" 200 6360 "-" "Mozilla/5.0 (Linux; Android 6.0.1; Nexus 5X Build/MMB29P) AppleWebKit/537.36 (KHTML, like Gecko) Chrome/129.0.6668.89 Mobile Safari/537.36 (compatible; Googlebot/2.1; +http://www.google.com/bot.html)"
192.99.37.132 - - [20/Oct/2024:08:29:53 -0400] "GET /san-pham/theme-wordpress-ban-tap-hoa-online/feed/?lokasie=/home/giankuin/sieuthiweb.com.vn/wp-includes/class-simplepie.php&loknya=/home/giankuin/sieuthiweb.com.vn/wp-includes HTTP/1.1" 200 22540 "-" "Mozilla/5.0 (compatible; MJ12bot/v1.4.8; http://mj12bot.com/)"
66.249.74.106 - - [20/Oct/2024:08:30:08 -0400] "GET /?lokasie=/home/giankuin/dangky.bnnagency.com/wp-includes/blocks/comment-content.php&loknya=/home/giankuin/dangky.bnnagency.com/wp-includes/blocks HTTP/1.1" 200 2409 "-" "Mozilla/5.0 (Linux; Android 6.0.1; Nexus 5X Build/MMB29P) AppleWebKit/537.36 (KHTML, like Gecko) Chrome/129.0.6668.89 Mobile Safari/537.36 (compatible; GoogleOther)"
3.138.37.174 - - [20/Oct/2024:08:30:20 -0400] "GET /wp-json/wp/v2/product/10073?loknya=%2Fproc%2Fself%2Froot%2Fhome%2Fginkuin%2Flscche%2F4%2Ff%2F HTTP/1.1" 200 1771 "-" "Mozilla/5.0 AppleWebKit/537.36 (KHTML, like Gecko; compatible; ClaudeBot/1.0; [email protected])"
3.138.37.174 - - [20/Oct/2024:08:30:20 -0400] "GET /wp-json/wp/v2/product/10073?loknya=%2Fproc%2Fself%2Froot%2Fhome%2Fgiankuin%2Fthietke365.net%2Fwp-includes%2Fcss%2Fdist%2Fnux HTTP/1.1" 200 2090 "-" "Mozilla/5.0 AppleWebKit/537.36 (KHTML, like Gecko; compatible; ClaudeBot/1.0; [email protected])"
3.138.37.174 - - [20/Oct/2024:08:30:21 -0400] "GET /wp-json/wp/v2/product/10073?lokasie=%2Fproc%2Fself%2Froot%2Fhome%2Fgiankuin%2Flscache%2Ff%2F4%2Fe%2Ff4ee84d31f8dc644&loknya=%2Fproc%2Fself%2Froot%2Fhome%2Fgiankuin%2Flscache%2Ff%2F4%2Fe HTTP/1.1" 200 1521 "-" "Mozilla/5.0 AppleWebKit/537.36 (KHTML, like Gecko; compatible; ClaudeBot/1.0; [email protected])"
3.138.37.174 - - [20/Oct/2024:08:30:21 -0400] "GET /wp-json/wp/v2/product/10073?lokasie=%2Fproc%2Fself%2Froot%2Fhome%2Fgiankuin%2Flscache%2F5%2F5%2F7%2F55750576dde50edb&loknya=%2Fproc%2Fself%2Froot%2Fhome%2Fgiankuin%2Flscache%2F5%2F5%2F7 HTTP/1.1" 200 1518 "-" "Mozilla/5.0 AppleWebKit/537.36 (KHTML, like Gecko; compatible; ClaudeBot/1.0; [email protected])"
3.138.37.174 - - [20/Oct/2024:08:30:21 -0400] "GET /san-pham/theme-wordpress-flatsome-ban-xe-tai?lokasie=%2Fproc%2Fself%2Froot%2Fproc%2Fthread-self%2Froot%2Fproc%2Fself%2Froot%2Flib64%2Flibnet.so.1&loknya=%2Fproc%2Fself%2Froot%2Fproc%2Fthread-self%2Froot%2Fproc%2Fself%2Froot%2Flib64 HTTP/1.1" 200 1527 "-" "Mozilla/5.0 AppleWebKit/537.36 (KHTML, like Gecko; compatible; ClaudeBot/1.0; [email protected])"
3.138.37.174 - - [20/Oct/2024:08:30:21 -0400] "GET /san-pham/theme-wordpress-flatsome-ban-xe-tai?lokasie=%2Fproc%2Fself%2Froot%2Fproc%2Fthread-self%2Froot%2Fvar%2Fsoftaculous%2Fb2e%2Fphp82%2Finstall.php&loknya=%2Fproc%2Fself%2Froot%2Fproc%2Fthread-self%2Froot%2Fvar%2Fsoftaculous%2Fb2e%2Fphp82 HTTP/1.1" 200 8339 "-" "Mozilla/5.0 AppleWebKit/537.36 (KHTML, like Gecko; compatible; ClaudeBot/1.0; [email protected])"
3.138.37.174 - - [20/Oct/2024:08:30:22 -0400] "GET /san-pham/theme-wordpress-flatsome-ban-xe-tai?lokasie=%2Fproc%2Fself%2Froot%2Fproc%2Fthread-self%2Froot%2Flib64%2Fperl5%2Fvendor_perl%2FHTML%2FPullParser.pm&loknya=%2Fproc%2Fself%2Froot%2Fproc%2Fthread-self%2Froot%2Flib64%2Fperl5%2Fvendor_perl%2FHTML HTTP/1.1" 200 3934 "-" "Mozilla/5.0 AppleWebKit/537.36 (KHTML, like Gecko; compatible; ClaudeBot/1.0; [email protected])"
3.138.37.174 - - [20/Oct/2024:08:30:22 -0400] "GET /san-pham/theme-wordpress-flatsome-ban-xe-tai?lokasie=%2Fproc%2Fself%2Froot%2Fproc%2Fthread-self%2Froot%2Fvar%2Fsoftaculous%2Fwallabag%2Fphp82%2Fclone.php&loknya=%2Fproc%2Fself%2Froot%2Fproc%2Fthread-self%2Froot%2Fvar%2Fsoftaculous%2Fwallabag%2Fphp82 HTTP/1.1" 200 5289 "-" "Mozilla/5.0 AppleWebKit/537.36 (KHTML, like Gecko; compatible; ClaudeBot/1.0; [email protected])"
3.138.37.174 - - [20/Oct/2024:08:30:22 -0400] "GET /san-pham/theme-wordpress-flatsome-ban-xe-tai?lokasie=%2Fproc%2Fself%2Froot%2Fproc%2Fthread-self%2Froot%2Flib64%2Fpython2.7%2FDemo%2Fmetaclasses%2FSimple.py&loknya=%2Fproc%2Fself%2Froot%2Fproc%2Fthread-self%2Froot%2Flib64%2Fpython2.7%2FDemo%2Fmetaclasses HTTP/1.1" 200 1986 "-" "Mozilla/5.0 AppleWebKit/537.36 (KHTML, like Gecko; compatible; ClaudeBot/1.0; [email protected])"
3.138.37.174 - - [20/Oct/2024:08:30:22 -0400] "GET /san-pham/theme-wordpress-flatsome-ban-xe-tai?lokasie=%2Fproc%2Fself%2Froot%2Fproc%2Fthread-self%2Froot%2Fproc%2Fself%2Froot%2Flib64%2Flibwebpdecoder.so&loknya=%2Fproc%2Fself%2Froot%2Fproc%2Fthread-self%2Froot%2Fproc%2Fself%2Froot%2Flib64 HTTP/1.1" 200 1533 "-" "Mozilla/5.0 AppleWebKit/537.36 (KHTML, like Gecko; compatible; ClaudeBot/1.0; [email protected])"
3.144.38.120 - - [20/Oct/2024:08:30:23 -0400] "GET /wp-json/wp/v2/product/10073?lokasie=%2Fopt%2Falt%2Fpython36%2Flib64%2Fpython3.6%2Fencodings%2F%2Feuc_jisx0213.py&loknya=%2Fopt%2Falt%2Fpython36%2Flib64%2Fpython3.6%2Fencodings%2F HTTP/1.1" 200 1850 "-" "Mozilla/5.0 AppleWebKit/537.36 (KHTML, like Gecko; compatible; ClaudeBot/1.0; [email protected])"
3.144.38.120 - - [20/Oct/2024:08:30:23 -0400] "GET /wp-json/wp/v2/product/10073?lokasie=%2Fopt%2Falt%2Fpython36%2Flib64%2Fpython3.6%2Fencodings%2F%2Funicode_escape.py&loknya=%2Fopt%2Falt%2Fpython36%2Flib64%2Fpython3.6%2Fencodings%2F HTTP/1.1" 200 1954 "-" "Mozilla/5.0 AppleWebKit/537.36 (KHTML, like Gecko; compatible; ClaudeBot/1.0; [email protected])"
3.144.38.120 - - [20/Oct/2024:08:30:23 -0400] "GET /wp-json/wp/v2/product/10073?lokasie=%2Fproc%2Fself%2Froot%2Fvar%2Fsoftaculous%2Fsitepad%2Feditor%2Fsite-inc%2FID3%2Freadme.txt&loknya=%2Fproc%2Fself%2Froot%2Fvar%2Fsoftaculous%2Fsitepad%2Feditor%2Fsite-inc%2FID3 HTTP/1.1" 200 11339 "-" "Mozilla/5.0 AppleWebKit/537.36 (KHTML, like Gecko; compatible; ClaudeBot/1.0; [email protected])"
3.144.38.120 - - [20/Oct/2024:08:30:23 -0400] "GET /san-pham/theme-wordpress-flatsome-ban-xe-tai?lokasie=%2Fproc%2Fself%2Froot%2Fproc%2Fthread-self%2Froot%2Flib64%2Fpython2.7%2FDemo%2Fparser%2Ftest_unparse.py&loknya=%2Fproc%2Fself%2Froot%2Fproc%2Fthread-self%2Froot%2Flib64%2Fpython2.7%2FDemo%2Fparser HTTP/1.1" 200 3145 "-" "Mozilla/5.0 AppleWebKit/537.36 (KHTML, like Gecko; compatible; ClaudeBot/1.0; [email protected])"
3.144.38.120 - - [20/Oct/2024:08:30:23 -0400] "GET /san-pham/theme-wordpress-flatsome-ban-xe-tai?lokasie=%2Fproc%2Fself%2Froot%2Fproc%2Fthread-self%2Froot%2Fvar%2Fsoftaculous%2Fmoodle311%2Fphp56%2Fextend.php&loknya=%2Fproc%2Fself%2Froot%2Fproc%2Fthread-self%2Froot%2Fvar%2Fsoftaculous%2Fmoodle311%2Fphp56 HTTP/1.1" 200 11322 "-" "Mozilla/5.0 AppleWebKit/537.36 (KHTML, like Gecko; compatible; ClaudeBot/1.0; [email protected])"
3.144.38.120 - - [20/Oct/2024:08:30:24 -0400] "GET /wp-json/wp/v2/product/10073?lokasie=%2Fproc%2Fself%2Froot%2Fhome%2Fgiankuin%2Fdieukhoandaily.bnnagency.com%2Fwp-includes%2Fblocks%2Fimage%2Fview.min.js&loknya=%2Fproc%2Fself%2Froot%2Fhome%2Fgiankuin%2Fdieukhoandaily.bnnagency.com%2Fwp-includes%2Fblocks%2Fimage HTTP/1.1" 200 3239 "-" "Mozilla/5.0 AppleWebKit/537.36 (KHTML, like Gecko; compatible; ClaudeBot/1.0; [email protected])"
3.145.44.192 - - [20/Oct/2024:08:30:24 -0400] "GET /wp-json/wp/v2/product/10073?loknya=%2Fproc%2Fself%2Froot%2Fhome%2Fgiankuin%2Fdietcontrungnhanh.com%2Fwp-content%2Fuploads%2F2024%2F02 HTTP/1.1" 200 1824 "-" "Mozilla/5.0 AppleWebKit/537.36 (KHTML, like Gecko; compatible; ClaudeBot/1.0; [email protected])"
3.145.44.192 - - [20/Oct/2024:08:30:24 -0400] "GET /san-pham/theme-wordpress-flatsome-ban-xe-tai?lokasie=%2Fproc%2Fself%2Froot%2Fproc%2Fthread-self%2Froot%2Fvar%2Fsoftaculous%2Fsoplanning%2Fimages%2Flogo.gif&loknya=%2Fproc%2Fself%2Froot%2Fproc%2Fthread-self%2Froot%2Fvar%2Fsoftaculous%2Fsoplanning%2Fimages HTTP/1.1" 200 1536 "-" "Mozilla/5.0 AppleWebKit/537.36 (KHTML, like Gecko; compatible; ClaudeBot/1.0; [email protected])"
3.145.44.192 - - [20/Oct/2024:08:30:24 -0400] "GET /wp-json/wp/v2/product/10073?lokasie=%2Fproc%2Fself%2Froot%2Fhome%2Fgiankuin%2Flscache%2F6%2Fc%2F4%2F6c40496ed3db8ae0&loknya=%2Fproc%2Fself%2Froot%2Fhome%2Fgiankuin%2Flscache%2F6%2Fc%2F4 HTTP/1.1" 200 1521 "-" "Mozilla/5.0 AppleWebKit/537.36 (KHTML, like Gecko; compatible; ClaudeBot/1.0; [email protected])"
3.144.97.189 - - [20/Oct/2024:08:30:24 -0400] "GET /wp-json/wp/v2/product/10073?lokasie=%2Fopt%2Falt%2Fphp73%2Fusr%2Fshare%2Fpear%2Ftest%2FMail%2Ftests%2F13659.phpt&loknya=%2Fopt%2Falt%2Fphp73%2Fusr%2Fshare%2Fpear%2Ftest%2FMail%2Ftests HTTP/1.1" 200 1904 "-" "Mozilla/5.0 AppleWebKit/537.36 (KHTML, like Gecko; compatible; ClaudeBot/1.0; [email protected])"
3.144.97.189 - - [20/Oct/2024:08:30:24 -0400] "GET /san-pham/theme-wordpress-flatsome-ban-xe-tai?lokasie=%2Fopt%2Falt%2Fpython37%2Flib64%2Fpython3.7%2Fsite-packages%2Fsimplejson%2Ftests%2F%2Ftest_pass2.py&loknya=%2Fopt%2Falt%2Fpython37%2Flib64%2Fpython3.7%2Fsite-packages%2Fsimplejson%2Ftests%2F HTTP/1.1" 200 1745 "-" "Mozilla/5.0 AppleWebKit/537.36 (KHTML, like Gecko; compatible; ClaudeBot/1.0; [email protected])"
3.144.97.189 - - [20/Oct/2024:08:30:25 -0400] "GET /san-pham/theme-wordpress-flatsome-ban-xe-tai?lokasie=%2Fproc%2Fself%2Froot%2Fproc%2Fthread-self%2Froot%2Fvar%2Fsoftaculous%2Fjoomla30%2Fphp53%2Finstall.php&loknya=%2Fproc%2Fself%2Froot%2Fproc%2Fthread-self%2Froot%2Fvar%2Fsoftaculous%2Fjoomla30%2Fphp53 HTTP/1.1" 200 17772 "-" "Mozilla/5.0 AppleWebKit/537.36 (KHTML, like Gecko; compatible; ClaudeBot/1.0; [email protected])"
3.139.237.82 - - [20/Oct/2024:08:30:25 -0400] "GET /wp-json/wp/v2/product/10073?lokasie=%2Fproc%2Fself%2Froot%2Fhome%2Fgiankuin%2Flscache%2Ff%2F6%2F8%2Ff68d0168b0cf8f4a&loknya=%2Fproc%2Fself%2Froot%2Fhome%2Fgiankuin%2Flscache%2Ff%2F6%2F8 HTTP/1.1" 200 1522 "-" "Mozilla/5.0 AppleWebKit/537.36 (KHTML, like Gecko; compatible; ClaudeBot/1.0; [email protected])"
3.139.237.82 - - [20/Oct/2024:08:30:25 -0400] "GET /san-pham/theme-wordpress-flatsome-ban-xe-tai?lokasie=%2Fproc%2Fself%2Froot%2Fproc%2Fthread-self%2Froot%2Fvar%2Fsoftaculous%2Fwp56%2Fphp56%2Fedit.php&loknya=%2Fproc%2Fself%2Froot%2Fproc%2Fthread-self%2Froot%2Fvar%2Fsoftaculous%2Fwp56%2Fphp56 HTTP/1.1" 200 8612 "-" "Mozilla/5.0 AppleWebKit/537.36 (KHTML, like Gecko; compatible; ClaudeBot/1.0; [email protected])"
3.139.237.82 - - [20/Oct/2024:08:30:25 -0400] "GET /san-pham/theme-wordpress-flatsome-ban-xe-tai?lokasie=%2Fproc%2Fself%2Froot%2Fproc%2Fthread-self%2Froot%2Fvar%2Fsoftaculous%2Fagora%2Fphp56%2Finstall.php&loknya=%2Fproc%2Fself%2Froot%2Fproc%2Fthread-self%2Froot%2Fvar%2Fsoftaculous%2Fagora%2Fphp56 HTTP/1.1" 200 5006 "-" "Mozilla/5.0 AppleWebKit/537.36 (KHTML, like Gecko; compatible; ClaudeBot/1.0; [email protected])"
3.139.237.82 - - [20/Oct/2024:08:30:25 -0400] "GET /wp-json/wp/v2/product/10073?lokasie=%2Fproc%2Fself%2Froot%2Fhome%2Fgiankuin%2Fdieukhoandaily.bnnagency.com%2Fwp-includes%2Fjs%2Fdist%2Fpriority-queue.js&loknya=%2Fproc%2Fself%2Froot%2Fhome%2Fgiankuin%2Fdieukhoandaily.bnnagency.com%2Fwp-includes%2Fjs%2Fdist HTTP/1.1" 200 5892 "-" "Mozilla/5.0 AppleWebKit/537.36 (KHTML, like Gecko; compatible; ClaudeBot/1.0; [email protected])"
3.137.171.114 - - [20/Oct/2024:08:30:25 -0400] "GET /san-pham/theme-wordpress-flatsome-ban-xe-tai?lokasie=%2Fproc%2Fself%2Froot%2Fproc%2Fthread-self%2Froot%2Flib64%2Fsecurity%2F%2Fpam_keyinit.so&loknya=%2Fproc%2Fself%2Froot%2Fproc%2Fthread-self%2Froot%2Flib64%2Fsecurity%2F HTTP/1.1" 200 1527 "-" "Mozilla/5.0 AppleWebKit/537.36 (KHTML, like Gecko; compatible; ClaudeBot/1.0; [email protected])"
3.137.171.114 - - [20/Oct/2024:08:30:26 -0400] "GET /wp-json/wp/v2/product/10073?lokasie=%2Fproc%2Fself%2Froot%2Fvar%2Fsoftaculous%2Fsitepad%2Feditor%2Fsite-inc%2Fimages%2Fuploader-icons.png&loknya=%2Fproc%2Fself%2Froot%2Fvar%2Fsoftaculous%2Fsitepad%2Feditor%2Fsite-inc%2Fimages HTTP/1.1" 200 1542 "-" "Mozilla/5.0 AppleWebKit/537.36 (KHTML, like Gecko; compatible; ClaudeBot/1.0; [email protected])"
3.128.168.136 - - [20/Oct/2024:08:30:26 -0400] "GET /wp-json/wp/v2/product/10073?lokasie=%2Fproc%2Fself%2Froot%2Fhome%2Fgiankuin%2Flscache%2F3%2F7%2F4%2F374ecae50cada7ae&loknya=%2Fproc%2Fself%2Froot%2Fhome%2Fgiankuin%2Flscache%2F3%2F7%2F4 HTTP/1.1" 200 1527 "-" "Mozilla/5.0 AppleWebKit/537.36 (KHTML, like Gecko; compatible; ClaudeBot/1.0; [email protected])"
3.128.168.136 - - [20/Oct/2024:08:30:26 -0400] "GET /san-pham/theme-wordpress-flatsome-ban-xe-tai?lokasie=%2Fproc%2Fself%2Froot%2Fproc%2Fthread-self%2Froot%2Fvar%2Fsoftaculous%2Fzeus%2Fphp71%2Fimport.php&loknya=%2Fproc%2Fself%2Froot%2Fproc%2Fthread-self%2Froot%2Fvar%2Fsoftaculous%2Fzeus%2Fphp71 HTTP/1.1" 200 4701 "-" "Mozilla/5.0 AppleWebKit/537.36 (KHTML, like Gecko; compatible; ClaudeBot/1.0; [email protected])"
3.128.168.136 - - [20/Oct/2024:08:30:26 -0400] "GET /wp-json/wp/v2/product/10073?lokasie=%2Fproc%2Fself%2Froot%2Fhome%2Fgiankuin%2Fdieukhoandaily.bnnagency.com%2Fwp-includes%2Fblocks%2Fbuttons%2Fstyle.min.css&loknya=%2Fproc%2Fself%2Froot%2Fhome%2Fgiankuin%2Fdieukhoandaily.bnnagency.com%2Fwp-includes%2Fblocks%2Fbuttons HTTP/1.1" 200 1812 "-" "Mozilla/5.0 AppleWebKit/537.36 (KHTML, like Gecko; compatible; ClaudeBot/1.0; [email protected])"
18.216.182.53 - - [20/Oct/2024:08:30:26 -0400] "GET /wp-json/wp/v2/product/10073?lokasie=%2Fproc%2Fself%2Froot%2Fhome%2Fgiankuin%2Fthietke365.net%2Fwp-includes%2Fblocks%2Fparagraph%2Feditor-rtl.min.css&loknya=%2Fproc%2Fself%2Froot%2Fhome%2Fgiankuin%2Fthietke365.net%2Fwp-includes%2Fblocks%2Fparagraph HTTP/1.1" 200 1719 "-" "Mozilla/5.0 AppleWebKit/537.36 (KHTML, like Gecko; compatible; ClaudeBot/1.0; [email protected])"
18.216.182.53 - - [20/Oct/2024:08:30:26 -0400] "GET /wp-json/wp/v2/product/10073?lokasie=%2Fproc%2Fself%2Froot%2Fhome%2Fgiankuin%2Flscache%2F6%2F0%2Fa%2F60a442567198dd35&loknya=%2Fproc%2Fself%2Froot%2Fhome%2Fgiankuin%2Flscache%2F6%2F0%2Fa HTTP/1.1" 200 1528 "-" "Mozilla/5.0 AppleWebKit/537.36 (KHTML, like Gecko; compatible; ClaudeBot/1.0; [email protected])"
3.12.155.249 - - [20/Oct/2024:08:30:26 -0400] "GET /san-pham/theme-wordpress-flatsome-ban-xe-tai?loknya=%2Fproc%2Fself%2Froot%2Fproc%2Fthread-self%2Froot%2Fhome%2Fgiankuin%2Fthietke365.net%2Fwp-admin%2Fjs HTTP/1.1" 200 5353 "-" "Mozilla/5.0 AppleWebKit/537.36 (KHTML, like Gecko; compatible; ClaudeBot/1.0; [email protected])"
3.12.155.249 - - [20/Oct/2024:08:30:27 -0400] "GET /san-pham/theme-wordpress-flatsome-ban-xe-tai?lokasie=%2Fproc%2Fself%2Froot%2Fproc%2Fthread-self%2Froot%2Fhome%2Fgiankuin%2Fthietke365.net%2Fwp-admin%2Fedit.php&loknya=%2Fproc%2Fself%2Froot%2Fproc%2Fthread-self%2Froot%2Fhome%2Fgiankuin%2Fthietke365.net%2Fwp-admin HTTP/1.1" 200 7315 "-" "Mozilla/5.0 AppleWebKit/537.36 (KHTML, like Gecko; compatible; ClaudeBot/1.0; [email protected])"
3.147.81.186 - - [20/Oct/2024:08:30:27 -0400] "GET /wp-json/wp/v2/product/10073?loknya=%2Fproc%2Fsel%2Froot%2Fhome%2Fgiankuin%2Flscache%2F9%2F HTTP/1.1" 200 1762 "-" "Mozilla/5.0 AppleWebKit/537.36 (KHTML, like Gecko; compatible; ClaudeBot/1.0; [email protected])"
3.147.81.186 - - [20/Oct/2024:08:30:27 -0400] "GET /san-pham/theme-wordpress-flatsome-ban-xe-tai?lokasie=%2Fproc%2Fself%2Froot%2Fproc%2Fthread-self%2Froot%2Fvar%2Fsoftaculous%2Fdrupal%2Fphp71%2Fimport.php&loknya=%2Fproc%2Fself%2Froot%2Fproc%2Fthread-self%2Froot%2Fvar%2Fsoftaculous%2Fdrupal%2Fphp71 HTTP/1.1" 200 7555 "-" "Mozilla/5.0 AppleWebKit/537.36 (KHTML, like Gecko; compatible; ClaudeBot/1.0; [email protected])"
18.221.1.63 - - [20/Oct/2024:08:30:27 -0400] "GET /wp-json/wp/v2/product/10073?lokasie=%2Fproc%2Fself%2Froot%2Fhome%2Fgiankuin%2Flscache%2Ff%2F3%2F1%2Ff315c35ffe83b5c6&loknya=%2Fproc%2Fself%2Froot%2Fhome%2Fgiankuin%2Flscache%2Ff%2F3%2F1 HTTP/1.1" 200 1520 "-" "Mozilla/5.0 AppleWebKit/537.36 (KHTML, like Gecko; compatible; ClaudeBot/1.0; [email protected])"
18.221.1.63 - - [20/Oct/2024:08:30:27 -0400] "GET /san-pham/theme-wordpress-flatsome-ban-xe-tai?lokasie=%2Fproc%2Fself%2Froot%2Fproc%2Fthread-self%2Froot%2Fvar%2Fsoftaculous%2Ftastyigniter%2Fphp71%2Finstall.php&loknya=%2Fproc%2Fself%2Froot%2Fproc%2Fthread-self%2Froot%2Fvar%2Fsoftaculous%2Ftastyigniter%2Fphp71 HTTP/1.1" 200 6201 "-" "Mozilla/5.0 AppleWebKit/537.36 (KHTML, like Gecko; compatible; ClaudeBot/1.0; [email protected])"
18.221.1.63 - - [20/Oct/2024:08:30:27 -0400] "GET /san-pham/theme-wordpress-flatsome-ban-xe-tai?lokasie=%2Fproc%2Fself%2Froot%2Fproc%2Fself%2Fcwd%2Fwp-content%2Fplugins%2Fwordpress-seo%2Fadmin%2Fclass-my-yoast-proxy.php&loknya=%2Fproc%2Fself%2Froot%2Fproc%2Fself%2Fcwd%2Fwp-content%2Fplugins%2Fwordpress-seo%2Fadmin HTTP/1.1" 200 3733 "-" "Mozilla/5.0 AppleWebKit/537.36 (KHTML, like Gecko; compatible; ClaudeBot/1.0; [email protected])"
18.118.24.228 - - [20/Oct/2024:08:30:27 -0400] "GET /wp-json/wp/v2/product/10073?loknya=%2Fvar%2Fsoftaculous%2Fsitepad%2Feditor%2Fsite-data%2Fplugins%2Fkkart-pro%2Fincludes%2Fgateways%2Fpaypal HTTP/1.1" 200 2142 "-" "Mozilla/5.0 AppleWebKit/537.36 (KHTML, like Gecko; compatible; ClaudeBot/1.0; [email protected])"
18.118.24.228 - - [20/Oct/2024:08:30:28 -0400] "GET /wp-json/wp/v2/product/10073?lokasie=%2Fproc%2Fself%2Froot%2Fhome%2Fgiankuin%2Flscache%2F6%2F0%2F2%2F602a00de90e20cf4&loknya=%2Fproc%2Fself%2Froot%2Fhome%2Fgiankuin%2Flscache%2F6%2F0%2F2 HTTP/1.1" 200 1528 "-" "Mozilla/5.0 AppleWebKit/537.36 (KHTML, like Gecko; compatible; ClaudeBot/1.0; [email protected])"
18.119.118.180 - - [20/Oct/2024:08:30:28 -0400] "GET /wp-json/wp/v2/product/10073?lokasie=%2Fproc%2Fself%2Froot%2Fhome%2Fgiankuin%2Fdieukhoandaily.bnnagency.com%2Fwp-includes%2Fjs%2Fmediaelement%2Fwp-mediaelement.js&loknya=%2Fproc%2Fself%2Froot%2Fhome%2Fgiankuin%2Fdieukhoandaily.bnnagency.com%2Fwp-includes%2Fjs%2Fmediaelement HTTP/1.1" 200 2628 "-" "Mozilla/5.0 AppleWebKit/537.36 (KHTML, like Gecko; compatible; ClaudeBot/1.0; [email protected])"
3.144.25.133 - - [20/Oct/2024:08:30:28 -0400] "GET /san-pham/theme-wordpress-flatsome-ban-xe-tai?lokasie=%2Fproc%2Fself%2Froot%2Fproc%2Fthread-self%2Froot%2Fvar%2Fsoftaculous%2Fmw14%2Fphp81%2Fupgrade.php&loknya=%2Fproc%2Fself%2Froot%2Fproc%2Fthread-self%2Froot%2Fvar%2Fsoftaculous%2Fmw14%2Fphp81 HTTP/1.1" 200 7447 "-" "Mozilla/5.0 AppleWebKit/537.36 (KHTML, like Gecko; compatible; ClaudeBot/1.0; [email protected])"
3.144.25.133 - - [20/Oct/2024:08:30:28 -0400] "GET /wp-json/wp/v2/product/10073?lokasie=%2Fproc%2Fself%2Froot%2Fhome%2Fgiankuin%2Fdieukhoandaily.bnnagency.com%2Fwp-includes%2Fblocks%2Fcomments%2Feditor.css&loknya=%2Fproc%2Fself%2Froot%2Fhome%2Fgiankuin%2Fdieukhoandaily.bnnagency.com%2Fwp-includes%2Fblocks%2Fcomments HTTP/1.1" 200 2363 "-" "Mozilla/5.0 AppleWebKit/537.36 (KHTML, like Gecko; compatible; ClaudeBot/1.0; [email protected])"
18.223.239.249 - - [20/Oct/2024:08:30:28 -0400] "GET /wp-json/wp/v2/product/10073?lokasie=%2Fproc%2Fself%2Froot%2Fusr%2Fshare%2Fperl5%2F%2Fvars.pm&loknya=%2Fproc%2Fself%2Froot%2Fusr%2Fshare%2Fperl5%2F HTTP/1.1" 200 2738 "-" "Mozilla/5.0 AppleWebKit/537.36 (KHTML, like Gecko; compatible; ClaudeBot/1.0; [email protected])"
18.223.239.249 - - [20/Oct/2024:08:30:28 -0400] "GET /san-pham/theme-wordpress-flatsome-ban-xe-tai?lokasie=%2Fproc%2Fself%2Froot%2Fproc%2Fthread-self%2Froot%2Flib64%2Fpython2.7%2Fdistutils%2Fcommand%2F__init__.pyo&loknya=%2Fproc%2Fself%2Froot%2Fproc%2Fthread-self%2Froot%2Flib64%2Fpython2.7%2Fdistutils%2Fcommand HTTP/1.1" 200 1550 "-" "Mozilla/5.0 AppleWebKit/537.36 (KHTML, like Gecko; compatible; ClaudeBot/1.0; [email protected])"
18.227.102.195 - - [20/Oct/2024:08:30:28 -0400] "GET /wp-json/wp/v2/product/10073?loknya=%2Fvar%2Fsoftaculous%2Fsitepad%2Feditor%2Fsite-data%2Fplugins%2Fkkart-pro%2Fsrc%2FInternal%2FDependencyManagement HTTP/1.1" 200 2260 "-" "Mozilla/5.0 AppleWebKit/537.36 (KHTML, like Gecko; compatible; ClaudeBot/1.0; [email protected])"
18.227.102.195 - - [20/Oct/2024:08:30:29 -0400] "GET /san-pham/theme-wordpress-flatsome-ban-xe-tai?lokasie=%2Fproc%2Fself%2Froot%2Fproc%2Fthread-self%2Froot%2Fvar%2Fsoftaculous%2Flime%2Fphp53%2Fimport.php&loknya=%2Fproc%2Fself%2Froot%2Fproc%2Fthread-self%2Froot%2Fvar%2Fsoftaculous%2Flime%2Fphp53 HTTP/1.1" 200 5759 "-" "Mozilla/5.0 AppleWebKit/537.36 (KHTML, like Gecko; compatible; ClaudeBot/1.0; [email protected])"
18.227.102.195 - - [20/Oct/2024:08:30:29 -0400] "GET /san-pham/theme-wordpress-flatsome-ban-xe-tai?lokasie=%2Fproc%2Fself%2Froot%2Fproc%2Fthread-self%2Froot%2Fvar%2Fsoftaculous%2Ftiki10%2Fphp53%2Fedit.php&loknya=%2Fproc%2Fself%2Froot%2Fproc%2Fthread-self%2Froot%2Fvar%2Fsoftaculous%2Ftiki10%2Fphp53 HTTP/1.1" 200 4820 "-" "Mozilla/5.0 AppleWebKit/537.36 (KHTML, like Gecko; compatible; ClaudeBot/1.0; [email protected])"
18.222.113.190 - - [20/Oct/2024:08:30:29 -0400] "GET /wp-json/wp/v2/product/10073?lokasie=%2Fproc%2Fself%2Froot%2Fhome%2Fgiankuin%2Fdieukhoandaily.bnnagency.com%2Fwp-includes%2F%2Fclass-wp.php&loknya=%2Fproc%2Fself%2Froot%2Fhome%2Fgiankuin%2Fdieukhoandaily.bnnagency.com%2Fwp-includes%2F HTTP/1.1" 200 9105 "-" "Mozilla/5.0 AppleWebKit/537.36 (KHTML, like Gecko; compatible; ClaudeBot/1.0; [email protected])"
18.222.113.190 - - [20/Oct/2024:08:30:29 -0400] "GET /san-pham/theme-wordpress-flatsome-ban-xe-tai?lokasie=%2Fproc%2Fself%2Froot%2Fproc%2Fthread-self%2Froot%2Fhome%2Fgiankuin%2Fmail%2Fnew%2F1712004958.M554652P617793.business53.web-hosting.com%2CS%3D2638%2CW%3D2696&loknya=%2Fproc%2Fself%2Froot%2Fproc%2Fthread-self%2Froot%2Fhome%2Fgiankuin%2Fmail%2Fnew HTTP/1.1" 200 2893 "-" "Mozilla/5.0 AppleWebKit/537.36 (KHTML, like Gecko; compatible; ClaudeBot/1.0; [email protected])"
18.222.113.190 - - [20/Oct/2024:08:30:29 -0400] "GET /san-pham/theme-wordpress-flatsome-ban-xe-tai?lokasie=%2Fproc%2Fself%2Froot%2Fproc%2Fthread-self%2Froot%2Fhome%2Fgiankuin%2Fmail%2Fnew%2F1720603219.M278317P3826798.business53.web-hosting.com%2CS%3D41688%2CW%3D42885&loknya=%2Fproc%2Fself%2Froot%2Fproc%2Fthread-self%2Froot%2Fhome%2Fgiankuin%2Fmail%2Fnew HTTP/1.1" 200 7998 "-" "Mozilla/5.0 AppleWebKit/537.36 (KHTML, like Gecko; compatible; ClaudeBot/1.0; [email protected])"
18.222.113.190 - - [20/Oct/2024:08:30:30 -0400] "GET /san-pham/theme-wordpress-flatsome-ban-xe-tai?lokasie=%2Fproc%2Fself%2Froot%2Fproc%2Fthread-self%2Froot%2Fhome%2Fgiankuin%2Fmail%2Fnew%2F1721280610.M863248P1710192.business53.web-hosting.com%2CS%3D40403%2CW%3D41602&loknya=%2Fproc%2Fself%2Froot%2Fproc%2Fthread-self%2Froot%2Fhome%2Fgiankuin%2Fmail%2Fnew HTTP/1.1" 200 8277 "-" "Mozilla/5.0 AppleWebKit/537.36 (KHTML, like Gecko; compatible; ClaudeBot/1.0; [email protected])"
18.118.217.124 - - [20/Oct/2024:08:30:30 -0400] "GET /wp-json/wp/v2/product/10073?lokasie=%2Fproc%2Fself%2Froot%2Fhome%2Fgiankuin%2Fdietcontrungnhanh.com%2Fwp-content%2Flitespeed%2Fucss%2F600a8c695284659df05e21362f1b70db.css&loknya=%2Fproc%2Fself%2Froot%2Fhome%2Fgiankuin%2Fdietcontrungnhanh.com%2Fwp-content%2Flitespeed%2Fucss HTTP/1.1" 200 9859 "-" "Mozilla/5.0 AppleWebKit/537.36 (KHTML, like Gecko; compatible; ClaudeBot/1.0; [email protected])"
18.118.217.124 - - [20/Oct/2024:08:30:30 -0400] "GET /wp-json/wp/v2/product/10073?lokasie=%2Fproc%2Fself%2Froot%2Fhome%2Fgiankuin%2Fdietcontrungnhanh.com%2Fwp-content%2Flitespeed%2Fucss%2F72777e9fc51ef391777a4e1cb46de665.css&loknya=%2Fproc%2Fself%2Froot%2Fhome%2Fgiankuin%2Fdietcontrungnhanh.com%2Fwp-content%2Flitespeed%2Fucss HTTP/1.1" 200 8944 "-" "Mozilla/5.0 AppleWebKit/537.36 (KHTML, like Gecko; compatible; ClaudeBot/1.0; [email protected])"
3.137.216.227 - - [20/Oct/2024:08:30:30 -0400] "GET /san-pham/theme-wordpress-flatsome-ban-xe-tai?lokasie=%2Fproc%2Fself%2Froot%2Fproc%2Fthread-self%2Froot%2Fproc%2Fself%2Fcwd%2Fwp-includes%2Fclass-wp-customize-section.php&loknya=%2Fproc%2Fself%2Froot%2Fproc%2Fthread-self%2Froot%2Fproc%2Fself%2Fcwd%2Fwp-includes HTTP/1.1" 200 4788 "-" "Mozilla/5.0 AppleWebKit/537.36 (KHTML, like Gecko; compatible; ClaudeBot/1.0; [email protected])"
3.137.216.227 - - [20/Oct/2024:08:30:30 -0400] "GET /san-pham/theme-wordpress-flatsome-ban-xe-tai?lokasie=%2Fproc%2Fself%2Froot%2Fproc%2Fthread-self%2Froot%2Fhome%2Fgiankuin%2Fmail%2Fnew%2F1718061575.M786413P461074.business53.web-hosting.com%2CS%3D2873%2CW%3D2944&loknya=%2Fproc%2Fself%2Froot%2Fproc%2Fthread-self%2Froot%2Fhome%2Fgiankuin%2Fmail%2Fnew HTTP/1.1" 200 2955 "-" "Mozilla/5.0 AppleWebKit/537.36 (KHTML, like Gecko; compatible; ClaudeBot/1.0; [email protected])"
3.137.216.227 - - [20/Oct/2024:08:30:30 -0400] "GET /san-pham/theme-wordpress-flatsome-ban-xe-tai?lokasie=%2Fproc%2Fself%2Froot%2Fproc%2Fthread-self%2Froot%2Fhome%2Fgiankuin%2Fmail%2Fnew%2F1722375849.M797847P2825642.business53.web-hosting.com%2CS%3D2903%2CW%3D2977&loknya=%2Fproc%2Fself%2Froot%2Fproc%2Fthread-self%2Froot%2Fhome%2Fgiankuin%2Fmail%2Fnew HTTP/1.1" 200 3014 "-" "Mozilla/5.0 AppleWebKit/537.36 (KHTML, like Gecko; compatible; ClaudeBot/1.0; [email protected])"
3.137.216.227 - - [20/Oct/2024:08:30:31 -0400] "GET /san-pham/theme-wordpress-flatsome-ban-xe-tai?lokasie=%2Fproc%2Fself%2Froot%2Fproc%2Fthread-self%2Froot%2Fhome%2Fgiankuin%2Fmail%2Fnew%2F1728619492.M763809P810881.business53.web-hosting.com%2CS%3D67836%2CW%3D68754&loknya=%2Fproc%2Fself%2Froot%2Fproc%2Fthread-self%2Froot%2Fhome%2Fgiankuin%2Fmail%2Fnew HTTP/1.1" 200 13466 "-" "Mozilla/5.0 AppleWebKit/537.36 (KHTML, like Gecko; compatible; ClaudeBot/1.0; [email protected])"
3.137.216.227 - - [20/Oct/2024:08:30:31 -0400] "GET /san-pham/theme-wordpress-flatsome-ban-xe-tai?lokasie=%2Fproc%2Fself%2Froot%2Fproc%2Fthread-self%2Froot%2Fhome%2Fgiankuin%2Fmail%2Fnew%2F1720516796.M127317P521428.business53.web-hosting.com%2CS%3D41695%2CW%3D42892&loknya=%2Fproc%2Fself%2Froot%2Fproc%2Fthread-self%2Froot%2Fhome%2Fgiankuin%2Fmail%2Fnew HTTP/1.1" 200 8040 "-" "Mozilla/5.0 AppleWebKit/537.36 (KHTML, like Gecko; compatible; ClaudeBot/1.0; [email protected])"
3.137.216.227 - - [20/Oct/2024:08:30:31 -0400] "GET /san-pham/theme-wordpress-flatsome-ban-xe-tai?lokasie=%2Fproc%2Fself%2Froot%2Fproc%2Fthread-self%2Froot%2Fhome%2Fgiankuin%2Fmail%2Fnew%2F1720531951.M207499P1795403.business53.web-hosting.com%2CS%3D37105%2CW%3D38257&loknya=%2Fproc%2Fself%2Froot%2Fproc%2Fthread-self%2Froot%2Fhome%2Fgiankuin%2Fmail%2Fnew HTTP/1.1" 200 7717 "-" "Mozilla/5.0 AppleWebKit/537.36 (KHTML, like Gecko; compatible; ClaudeBot/1.0; [email protected])"
3.135.249.37 - - [20/Oct/2024:08:30:31 -0400] "GET /wp-json/wp/v2/product/10073?lokasie=%2Fproc%2Fself%2Froot%2Fusr%2Flib64%2Fpython2.7%2Fmultiprocessing%2F%2Fsynchronize.pyo&loknya=%2Fproc%2Fself%2Froot%2Fusr%2Flib64%2Fpython2.7%2Fmultiprocessing%2F HTTP/1.1" 200 1518 "-" "Mozilla/5.0 AppleWebKit/537.36 (KHTML, like Gecko; compatible; ClaudeBot/1.0; [email protected])"
3.135.249.37 - - [20/Oct/2024:08:30:31 -0400] "GET /wp-json/wp/v2/product/10073?lokasie=%2Fopt%2Falt%2Fpython37%2Flib64%2Fpython3.7%2Fsite-packages%2Flxml%2Fincludes%2F%2Fxmlparser.pxd&loknya=%2Fopt%2Falt%2Fpython37%2Flib64%2Fpython3.7%2Fsite-packages%2Flxml%2Fincludes%2F HTTP/1.1" 200 4299 "-" "Mozilla/5.0 AppleWebKit/537.36 (KHTML, like Gecko; compatible; ClaudeBot/1.0; [email protected])"
3.135.249.37 - - [20/Oct/2024:08:30:31 -0400] "GET /san-pham/theme-wordpress-flatsome-ban-xe-tai?lokasie=%2Fproc%2Fself%2Froot%2Fproc%2Fthread-self%2Froot%2Flib64%2Flibnl%2Fcli%2Fqdisc%2Fhtb.so&loknya=%2Fproc%2Fself%2Froot%2Fproc%2Fthread-self%2Froot%2Flib64%2Flibnl%2Fcli%2Fqdisc HTTP/1.1" 200 1541 "-" "Mozilla/5.0 AppleWebKit/537.36 (KHTML, like Gecko; compatible; ClaudeBot/1.0; [email protected])"
