403Webshell
Server IP : 172.67.158.161  /  Your IP : 18.219.178.166
Web Server : LiteSpeed
System : Linux business53.web-hosting.com 4.18.0-553.lve.el8.x86_64 #1 SMP Mon May 27 15:27:34 UTC 2024 x86_64
User : giankuin ( 1871)
PHP Version : 7.4.33
Disable Function : NONE
MySQL : OFF  |  cURL : ON  |  WGET : ON  |  Perl : ON  |  Python : ON  |  Sudo : OFF  |  Pkexec : OFF
Directory :  /proc/self/root/proc/thread-self/root/proc/self/root/home/giankuin/access-logs/

Upload File :
current_dir [ Writeable ] document_root [ Writeable ]

 

Command :


[ Back ]     

Current File : /proc/self/root/proc/thread-self/root/proc/self/root/home/giankuin/access-logs/dietcontrungnhanh.com.giandon24h.com-ssl_log
162.213.251.195 - - [20/Oct/2024:08:15:52 -0400] "POST /wp-cron.php?doing_wp_cron=1729426552.3898110389709472656250 HTTP/1.1" 200 0 "-" "WordPress/6.6.2; https://dietcontrungnhanh.com"
195.191.219.131 - - [20/Oct/2024:08:15:49 -0400] "GET / HTTP/1.1" 200 27001 "-" "Mozilla/5.0 (compatible; MJ12bot/v1.4.8; http://mj12bot.com/)"
162.213.251.195 - - [20/Oct/2024:08:16:05 -0400] "POST /wp-cron.php?doing_wp_cron=1729426564.7165989875793457031250 HTTP/1.1" 200 0 "-" "WordPress/6.6.2; https://dietcontrungnhanh.com"
195.191.219.131 - - [20/Oct/2024:08:16:04 -0400] "GET / HTTP/1.1" 301 0 "-" "Mozilla/5.0 (compatible; MJ12bot/v1.4.8; http://mj12bot.com/)"
162.213.251.195 - - [20/Oct/2024:08:16:08 -0400] "POST /wp-cron.php?doing_wp_cron=1729426567.1900820732116699218750 HTTP/1.1" 200 0 "-" "WordPress/6.6.2; https://dietcontrungnhanh.com"
195.191.219.131 - - [20/Oct/2024:08:16:06 -0400] "GET / HTTP/1.1" 200 27100 "-" "Mozilla/5.0 (compatible; MJ12bot/v1.4.8; http://mj12bot.com/)"
162.213.251.195 - - [20/Oct/2024:08:16:20 -0400] "POST /wp-cron.php?doing_wp_cron=1729426579.6978600025177001953125 HTTP/1.1" 200 0 "-" "WordPress/6.6.2; https://dietcontrungnhanh.com"
45.61.185.127 - - [20/Oct/2024:08:16:19 -0400] "GET /wp-login.php HTTP/1.1" 200 2812 "-" "Mozilla/5.0 (Windows NT 6.2; WOW64; rv:30.0) Gecko/20100101 Firefox/30.0"
45.61.185.127 - - [20/Oct/2024:08:16:20 -0400] "POST /wp-login.php HTTP/1.1" 200 2963 "-" "Mozilla/5.0 (Windows NT 6.2; WOW64; rv:30.0) Gecko/20100101 Firefox/30.0"
162.213.251.195 - - [20/Oct/2024:08:34:24 -0400] "POST /wp-cron.php?doing_wp_cron=1729427664.2614340782165527343750 HTTP/1.1" 200 0 "-" "WordPress/6.6.2; https://dietcontrungnhanh.com"
198.98.62.41 - - [20/Oct/2024:08:34:16 -0400] "GET /wp-login.php HTTP/1.1" 200 2812 "-" "Mozilla/5.0 (Windows NT 5.1) AppleWebKit/537.36 (KHTML, like Gecko) Chrome/36.0.1985.125 Safari/537.36"
162.213.251.195 - - [20/Oct/2024:08:34:26 -0400] "POST /wp-cron.php?doing_wp_cron=1729427666.2048959732055664062500 HTTP/1.1" 200 0 "-" "WordPress/6.6.2; https://dietcontrungnhanh.com"
198.98.62.41 - - [20/Oct/2024:08:34:25 -0400] "POST /wp-login.php HTTP/1.1" 200 2964 "-" "Mozilla/5.0 (Windows NT 5.1) AppleWebKit/537.36 (KHTML, like Gecko) Chrome/36.0.1985.125 Safari/537.36"
20.197.35.86 - - [20/Oct/2024:08:39:08 -0400] "GET /wp-admin/css/ HTTP/1.1" 403 1242 "binance.com" "Mozilla/5.0 (Windows NT 10.0; Win64; x64) AppleWebKit/537.36 (KHTML, like Gecko) Chrome/90.0.4430.85 Safari/537.36"
162.213.251.195 - - [20/Oct/2024:08:43:35 -0400] "POST /wp-cron.php?doing_wp_cron=1729428214.4088380336761474609375 HTTP/1.1" 200 0 "-" "WordPress/6.6.2; https://dietcontrungnhanh.com"
107.189.29.177 - - [20/Oct/2024:08:43:28 -0400] "GET /wp-login.php HTTP/1.1" 200 2812 "-" "Mozilla/5.0 (Macintosh; Intel Mac OS X 10.6; rv:31.0) Gecko/20100101 Firefox/31.0"
162.213.251.195 - - [20/Oct/2024:08:43:41 -0400] "POST /wp-cron.php?doing_wp_cron=1729428221.4480800628662109375000 HTTP/1.1" 200 0 "-" "WordPress/6.6.2; https://dietcontrungnhanh.com"
107.189.29.177 - - [20/Oct/2024:08:43:41 -0400] "POST /wp-login.php HTTP/1.1" 200 3001 "-" "Mozilla/5.0 (Macintosh; Intel Mac OS X 10.6; rv:31.0) Gecko/20100101 Firefox/31.0"
162.213.251.195 - - [20/Oct/2024:08:49:29 -0400] "POST /wp-cron.php?doing_wp_cron=1729428569.0563080310821533203125 HTTP/1.1" 200 0 "-" "WordPress/6.6.2; https://dietcontrungnhanh.com"
45.61.185.127 - - [20/Oct/2024:08:49:24 -0400] "GET /wp-login.php HTTP/1.1" 200 2812 "-" "Mozilla/5.0 (X11; Linux i686) AppleWebKit/537.36 (KHTML, like Gecko) Chrome/36.0.1985.125 Safari/537.36"
162.213.251.195 - - [20/Oct/2024:08:49:30 -0400] "POST /wp-cron.php?doing_wp_cron=1729428570.1635050773620605468750 HTTP/1.1" 200 0 "-" "WordPress/6.6.2; https://dietcontrungnhanh.com"
45.61.185.127 - - [20/Oct/2024:08:49:29 -0400] "POST /wp-login.php HTTP/1.1" 200 2998 "-" "Mozilla/5.0 (X11; Linux i686) AppleWebKit/537.36 (KHTML, like Gecko) Chrome/36.0.1985.125 Safari/537.36"
162.213.251.195 - - [20/Oct/2024:08:51:56 -0400] "POST /wp-cron.php?doing_wp_cron=1729428716.5305869579315185546875 HTTP/1.1" 200 0 "-" "WordPress/6.6.2; https://dietcontrungnhanh.com"
209.141.32.166 - - [20/Oct/2024:08:51:53 -0400] "GET /wp-login.php HTTP/1.1" 200 2812 "-" "Mozilla/5.0 (compatible; MSIE 10.0; Windows NT 6.1; WOW64; Trident/6.0)"
209.141.32.166 - - [20/Oct/2024:08:51:57 -0400] "POST /wp-login.php HTTP/1.1" 200 3001 "-" "Mozilla/5.0 (compatible; MSIE 10.0; Windows NT 6.1; WOW64; Trident/6.0)"
162.213.251.195 - - [20/Oct/2024:08:55:00 -0400] "POST /wp-cron.php?doing_wp_cron=1729428899.9620320796966552734375 HTTP/1.1" 200 0 "-" "WordPress/6.6.2; https://dietcontrungnhanh.com"
45.61.185.127 - - [20/Oct/2024:08:54:57 -0400] "GET /wp-login.php HTTP/1.1" 200 2812 "-" "Mozilla/5.0 (iPhone; CPU iPhone OS 7_0_4 like Mac OS X) AppleWebKit/537.51.1 (KHTML, like Gecko) Version/7.0 Mobile/11B554a Safari/9537.53"
45.61.185.127 - - [20/Oct/2024:08:55:00 -0400] "POST /wp-login.php HTTP/1.1" 200 2965 "-" "Mozilla/5.0 (iPhone; CPU iPhone OS 7_0_4 like Mac OS X) AppleWebKit/537.51.1 (KHTML, like Gecko) Version/7.0 Mobile/11B554a Safari/9537.53"
162.213.251.195 - - [20/Oct/2024:08:57:12 -0400] "POST /wp-cron.php?doing_wp_cron=1729429032.2305901050567626953125 HTTP/1.1" 200 0 "-" "WordPress/6.6.2; https://dietcontrungnhanh.com"
66.249.68.68 - - [20/Oct/2024:08:57:09 -0400] "GET /images/lux.php HTTP/1.1" 404 16535 "-" "Mozilla/5.0 (Linux; Android 6.0.1; Nexus 5X Build/MMB29P) AppleWebKit/537.36 (KHTML, like Gecko) Chrome/129.0.6668.89 Mobile Safari/537.36 (compatible; Googlebot/2.1; +http://www.google.com/bot.html)"
162.213.251.195 - - [20/Oct/2024:08:57:14 -0400] "POST /wp-cron.php?doing_wp_cron=1729429034.4748349189758300781250 HTTP/1.1" 200 0 "-" "WordPress/6.6.2; https://dietcontrungnhanh.com"
66.249.68.68 - - [20/Oct/2024:08:57:14 -0400] "GET /indeex.php HTTP/1.1" 404 16549 "-" "Mozilla/5.0 (Linux; Android 6.0.1; Nexus 5X Build/MMB29P) AppleWebKit/537.36 (KHTML, like Gecko) Chrome/129.0.6668.89 Mobile Safari/537.36 (compatible; Googlebot/2.1; +http://www.google.com/bot.html)"
162.213.251.195 - - [20/Oct/2024:09:01:19 -0400] "POST /wp-cron.php?doing_wp_cron=1729429278.5484778881072998046875 HTTP/1.1" 200 0 "-" "WordPress/6.6.2; https://dietcontrungnhanh.com"
66.249.68.68 - - [20/Oct/2024:09:01:15 -0400] "GET /b374k.php HTTP/1.1" 404 16528 "-" "Mozilla/5.0 (Linux; Android 6.0.1; Nexus 5X Build/MMB29P) AppleWebKit/537.36 (KHTML, like Gecko) Chrome/129.0.6668.89 Mobile Safari/537.36 (compatible; Googlebot/2.1; +http://www.google.com/bot.html)"
162.213.251.195 - - [20/Oct/2024:09:06:31 -0400] "POST /wp-cron.php?doing_wp_cron=1729429590.9153819084167480468750 HTTP/1.1" 200 0 "-" "WordPress/6.6.2; https://dietcontrungnhanh.com"
198.98.58.40 - - [20/Oct/2024:09:06:26 -0400] "GET /wp-login.php HTTP/1.1" 200 2812 "-" "Mozilla/5.0 (Windows NT 6.3; WOW64; rv:31.0) Gecko/20100101 Firefox/31.0"
198.98.58.40 - - [20/Oct/2024:09:06:32 -0400] "POST /wp-login.php HTTP/1.1" 200 2994 "-" "Mozilla/5.0 (Windows NT 6.3; WOW64; rv:31.0) Gecko/20100101 Firefox/31.0"
162.213.251.195 - - [20/Oct/2024:09:14:21 -0400] "POST /wp-cron.php?doing_wp_cron=1729430061.3913929462432861328125 HTTP/1.1" 200 0 "-" "WordPress/6.6.2; https://dietcontrungnhanh.com"
66.249.68.69 - - [20/Oct/2024:09:14:18 -0400] "GET /ohayo.php HTTP/1.1" 404 16554 "-" "Mozilla/5.0 (Linux; Android 6.0.1; Nexus 5X Build/MMB29P) AppleWebKit/537.36 (KHTML, like Gecko) Chrome/129.0.6668.89 Mobile Safari/537.36 (compatible; Googlebot/2.1; +http://www.google.com/bot.html)"
162.213.251.195 - - [20/Oct/2024:09:26:19 -0400] "POST /wp-cron.php?doing_wp_cron=1729430779.3539659976959228515625 HTTP/1.1" 200 0 "-" "WordPress/6.6.2; https://dietcontrungnhanh.com"
66.249.68.64 - - [20/Oct/2024:09:26:11 -0400] "GET /.well-known/am.php HTTP/1.1" 404 16554 "-" "Mozilla/5.0 (Linux; Android 6.0.1; Nexus 5X Build/MMB29P) AppleWebKit/537.36 (KHTML, like Gecko) Chrome/129.0.6668.89 Mobile Safari/537.36 (compatible; Googlebot/2.1; +http://www.google.com/bot.html)"
66.249.68.71 - - [20/Oct/2024:09:26:11 -0400] "GET /DCS.php HTTP/1.1" 404 16539 "-" "Mozilla/5.0 (Linux; Android 6.0.1; Nexus 5X Build/MMB29P) AppleWebKit/537.36 (KHTML, like Gecko) Chrome/129.0.6668.89 Mobile Safari/537.36 (compatible; Googlebot/2.1; +http://www.google.com/bot.html)"
162.213.251.195 - - [20/Oct/2024:09:26:21 -0400] "POST /wp-cron.php?doing_wp_cron=1729430781.3592679500579833984375 HTTP/1.1" 200 0 "-" "WordPress/6.6.2; https://dietcontrungnhanh.com"
66.249.68.71 - - [20/Oct/2024:09:26:21 -0400] "GET /wp-content/plugins/apikey/ HTTP/1.1" 404 19577 "-" "Mozilla/5.0 (Linux; Android 6.0.1; Nexus 5X Build/MMB29P) AppleWebKit/537.36 (KHTML, like Gecko) Chrome/129.0.6668.89 Mobile Safari/537.36 (compatible; Googlebot/2.1; +http://www.google.com/bot.html)"
162.213.251.195 - - [20/Oct/2024:09:28:26 -0400] "POST /wp-cron.php?doing_wp_cron=1729430906.1736090183258056640625 HTTP/1.1" 200 0 "-" "WordPress/6.6.2; https://dietcontrungnhanh.com"
162.213.251.195 - - [20/Oct/2024:09:28:26 -0400] "POST /wp-cron.php?doing_wp_cron=1729430906.1720099449157714843750 HTTP/1.1" 200 0 "-" "WordPress/6.6.2; https://dietcontrungnhanh.com"
66.249.68.71 - - [20/Oct/2024:09:28:23 -0400] "GET /webadmin.php HTTP/1.1" 404 16532 "-" "Mozilla/5.0 (Linux; Android 6.0.1; Nexus 5X Build/MMB29P) AppleWebKit/537.36 (KHTML, like Gecko) Chrome/129.0.6668.89 Mobile Safari/537.36 (compatible; Googlebot/2.1; +http://www.google.com/bot.html)"
66.249.68.71 - - [20/Oct/2024:09:28:22 -0400] "GET /FoxWSO.php HTTP/1.1" 404 16563 "-" "Mozilla/5.0 (Linux; Android 6.0.1; Nexus 5X Build/MMB29P) AppleWebKit/537.36 (KHTML, like Gecko) Chrome/129.0.6668.89 Mobile Safari/537.36 (compatible; Googlebot/2.1; +http://www.google.com/bot.html)"
162.213.251.195 - - [20/Oct/2024:09:35:34 -0400] "POST /wp-cron.php?doing_wp_cron=1729431333.7836980819702148437500 HTTP/1.1" 200 0 "-" "WordPress/6.6.2; https://dietcontrungnhanh.com"
66.249.68.68 - - [20/Oct/2024:09:35:28 -0400] "GET /wp-content/themes/alera/alera/ HTTP/1.1" 404 19588 "-" "Mozilla/5.0 (Linux; Android 6.0.1; Nexus 5X Build/MMB29P) AppleWebKit/537.36 (KHTML, like Gecko) Chrome/129.0.6668.89 Mobile Safari/537.36 (compatible; Googlebot/2.1; +http://www.google.com/bot.html)"
162.213.251.195 - - [20/Oct/2024:09:36:29 -0400] "POST /wp-cron.php?doing_wp_cron=1729431388.7543931007385253906250 HTTP/1.1" 200 0 "-" "WordPress/6.6.2; https://dietcontrungnhanh.com"
209.141.43.103 - - [20/Oct/2024:09:36:28 -0400] "GET /wp-login.php HTTP/1.1" 200 2800 "-" "Mozilla/5.0 (X11; Linux x86_64) AppleWebKit/537.36 (KHTML, like Gecko) Ubuntu Chromium/36.0.1985.125 Chrome/36.0.1985.125 Safari/537.36"
162.213.251.195 - - [20/Oct/2024:09:36:30 -0400] "POST /wp-cron.php?doing_wp_cron=1729431389.9107151031494140625000 HTTP/1.1" 200 0 "-" "WordPress/6.6.2; https://dietcontrungnhanh.com"
209.141.43.103 - - [20/Oct/2024:09:36:29 -0400] "POST /wp-login.php HTTP/1.1" 200 3005 "-" "Mozilla/5.0 (X11; Linux x86_64) AppleWebKit/537.36 (KHTML, like Gecko) Ubuntu Chromium/36.0.1985.125 Chrome/36.0.1985.125 Safari/537.36"
162.213.251.195 - - [20/Oct/2024:09:37:37 -0400] "POST /wp-cron.php?doing_wp_cron=1729431456.6340119838714599609375 HTTP/1.1" 200 0 "-" "WordPress/6.6.2; https://dietcontrungnhanh.com"
66.249.68.70 - - [20/Oct/2024:09:37:35 -0400] "GET /wp-thesex.php HTTP/1.1" 404 16545 "-" "Mozilla/5.0 (Linux; Android 6.0.1; Nexus 5X Build/MMB29P) AppleWebKit/537.36 (KHTML, like Gecko) Chrome/129.0.6668.89 Mobile Safari/537.36 (compatible; Googlebot/2.1; +http://www.google.com/bot.html)"
162.213.251.195 - - [20/Oct/2024:09:38:38 -0400] "POST /wp-cron.php?doing_wp_cron=1729431518.4137859344482421875000 HTTP/1.1" 200 0 "-" "WordPress/6.6.2; https://dietcontrungnhanh.com"
66.249.68.69 - - [20/Oct/2024:09:38:38 -0400] "GET /old HTTP/1.1" 404 18721 "-" "Mozilla/5.0 (Linux; Android 6.0.1; Nexus 5X Build/MMB29P) AppleWebKit/537.36 (KHTML, like Gecko) Chrome/129.0.6668.89 Mobile Safari/537.36 (compatible; Googlebot/2.1; +http://www.google.com/bot.html)"
162.213.251.195 - - [20/Oct/2024:09:40:40 -0400] "POST /wp-cron.php?doing_wp_cron=1729431639.6707890033721923828125 HTTP/1.1" 200 0 "-" "WordPress/6.6.2; https://dietcontrungnhanh.com"
216.244.66.234 - - [20/Oct/2024:09:40:35 -0400] "GET /robots.txt HTTP/1.1" 200 116 "-" "Mozilla/5.0 (compatible; DotBot/1.2; +https://opensiteexplorer.org/dotbot; [email protected])"
162.213.251.195 - - [20/Oct/2024:09:43:22 -0400] "POST /wp-cron.php?doing_wp_cron=1729431802.2150430679321289062500 HTTP/1.1" 200 0 "-" "WordPress/6.6.2; https://dietcontrungnhanh.com"
124.108.49.19 - - [20/Oct/2024:09:43:19 -0400] "GET / HTTP/1.1" 200 27052 "-" "Mozilla/5.0 (X11; Linux x86_64; rv:83.0) Gecko/20100101 Firefox/83.0"
162.213.251.195 - - [20/Oct/2024:09:48:53 -0400] "POST /wp-cron.php?doing_wp_cron=1729432133.4515318870544433593750 HTTP/1.1" 200 0 "-" "WordPress/6.6.2; https://dietcontrungnhanh.com"
66.249.68.65 - - [20/Oct/2024:09:48:50 -0400] "GET /images/shell.php HTTP/1.1" 404 16546 "-" "Mozilla/5.0 (Linux; Android 6.0.1; Nexus 5X Build/MMB29P) AppleWebKit/537.36 (KHTML, like Gecko) Chrome/129.0.6668.89 Mobile Safari/537.36 (compatible; Googlebot/2.1; +http://www.google.com/bot.html)"
162.213.251.195 - - [20/Oct/2024:09:54:35 -0400] "POST /wp-cron.php?doing_wp_cron=1729432475.5618519783020019531250 HTTP/1.1" 200 0 "-" "WordPress/6.6.2; https://dietcontrungnhanh.com"
205.185.125.234 - - [20/Oct/2024:09:54:33 -0400] "GET /wp-login.php HTTP/1.1" 200 2812 "-" "Mozilla/5.0 (iPad; CPU OS 7_1_1 like Mac OS X) AppleWebKit/537.51.2 (KHTML, like Gecko) Version/7.0 Mobile/11D201 Safari/9537.53"
205.185.125.234 - - [20/Oct/2024:09:54:36 -0400] "POST /wp-login.php HTTP/1.1" 200 3003 "-" "Mozilla/5.0 (iPad; CPU OS 7_1_1 like Mac OS X) AppleWebKit/537.51.2 (KHTML, like Gecko) Version/7.0 Mobile/11D201 Safari/9537.53"
162.213.251.195 - - [20/Oct/2024:09:57:34 -0400] "POST /wp-cron.php?doing_wp_cron=1729432654.1170570850372314453125 HTTP/1.1" 200 0 "-" "WordPress/6.6.2; https://dietcontrungnhanh.com"
209.141.51.75 - - [20/Oct/2024:09:57:31 -0400] "GET /wp-login.php HTTP/1.1" 200 2812 "-" "Mozilla/5.0 (Windows NT 5.1; rv:30.0) Gecko/20100101 Firefox/30.0"
209.141.51.75 - - [20/Oct/2024:09:57:34 -0400] "POST /wp-login.php HTTP/1.1" 200 2998 "-" "Mozilla/5.0 (Windows NT 5.1; rv:30.0) Gecko/20100101 Firefox/30.0"
162.213.251.195 - - [20/Oct/2024:10:00:09 -0400] "POST /wp-cron.php?doing_wp_cron=1729432808.9779210090637207031250 HTTP/1.1" 200 0 "-" "WordPress/6.6.2; https://dietcontrungnhanh.com"
66.249.68.64 - - [20/Oct/2024:10:00:05 -0400] "GET /wp-content/shell20211028.php HTTP/1.1" 404 16581 "-" "Mozilla/5.0 (Linux; Android 6.0.1; Nexus 5X Build/MMB29P) AppleWebKit/537.36 (KHTML, like Gecko) Chrome/129.0.6668.89 Mobile Safari/537.36 (compatible; Googlebot/2.1; +http://www.google.com/bot.html)"
162.213.251.195 - - [20/Oct/2024:10:05:39 -0400] "POST /wp-cron.php?doing_wp_cron=1729433138.9650690555572509765625 HTTP/1.1" 200 0 "-" "WordPress/6.6.2; https://dietcontrungnhanh.com"
205.185.125.171 - - [20/Oct/2024:10:05:35 -0400] "GET /wp-login.php HTTP/1.1" 200 2812 "-" "Mozilla/5.0 (Macintosh; Intel Mac OS X 10.9; rv:31.0) Gecko/20100101 Firefox/31.0"
205.185.125.171 - - [20/Oct/2024:10:05:39 -0400] "POST /wp-login.php HTTP/1.1" 200 3005 "-" "Mozilla/5.0 (Macintosh; Intel Mac OS X 10.9; rv:31.0) Gecko/20100101 Firefox/31.0"
162.213.251.195 - - [20/Oct/2024:10:11:26 -0400] "POST /wp-cron.php?doing_wp_cron=1729433485.6708049774169921875000 HTTP/1.1" 200 0 "-" "WordPress/6.6.2; https://dietcontrungnhanh.com"
66.249.68.71 - - [20/Oct/2024:10:11:20 -0400] "GET /r57.php HTTP/1.1" 404 16532 "-" "Mozilla/5.0 (Linux; Android 6.0.1; Nexus 5X Build/MMB29P) AppleWebKit/537.36 (KHTML, like Gecko) Chrome/129.0.6668.89 Mobile Safari/537.36 (compatible; Googlebot/2.1; +http://www.google.com/bot.html)"
162.213.251.195 - - [20/Oct/2024:10:14:24 -0400] "POST /wp-cron.php?doing_wp_cron=1729433664.1279709339141845703125 HTTP/1.1" 200 0 "-" "WordPress/6.6.2; https://dietcontrungnhanh.com"
216.244.66.234 - - [20/Oct/2024:10:14:21 -0400] "GET /thi-cong-mang-tai-quan-9/ HTTP/1.1" 404 18705 "-" "Mozilla/5.0 (compatible; DotBot/1.2; +https://opensiteexplorer.org/dotbot; [email protected])"
162.213.251.195 - - [20/Oct/2024:10:19:28 -0400] "POST /wp-cron.php?doing_wp_cron=1729433967.8905200958251953125000 HTTP/1.1" 200 0 "-" "WordPress/6.6.2; https://dietcontrungnhanh.com"
209.141.48.88 - - [20/Oct/2024:10:19:21 -0400] "GET /wp-login.php HTTP/1.1" 200 2812 "-" "Mozilla/5.0 (Macintosh; Intel Mac OS X 10_7_5) AppleWebKit/537.77.4 (KHTML, like Gecko) Version/6.1.5 Safari/537.77.4"
209.141.48.88 - - [20/Oct/2024:10:19:28 -0400] "POST /wp-login.php HTTP/1.1" 200 3004 "-" "Mozilla/5.0 (Macintosh; Intel Mac OS X 10_7_5) AppleWebKit/537.77.4 (KHTML, like Gecko) Version/6.1.5 Safari/537.77.4"
162.213.251.195 - - [20/Oct/2024:10:22:41 -0400] "POST /wp-cron.php?doing_wp_cron=1729434160.6904129981994628906250 HTTP/1.1" 200 0 "-" "WordPress/6.6.2; https://dietcontrungnhanh.com"
66.249.68.68 - - [20/Oct/2024:10:22:35 -0400] "GET /backup HTTP/1.1" 404 18725 "-" "Mozilla/5.0 (Linux; Android 6.0.1; Nexus 5X Build/MMB29P) AppleWebKit/537.36 (KHTML, like Gecko) Chrome/129.0.6668.89 Mobile Safari/537.36 (compatible; Googlebot/2.1; +http://www.google.com/bot.html)"
162.213.251.195 - - [20/Oct/2024:10:24:13 -0400] "POST /wp-cron.php?doing_wp_cron=1729434252.7850689888000488281250 HTTP/1.1" 200 0 "-" "WordPress/6.6.2; https://dietcontrungnhanh.com"
104.244.76.114 - - [20/Oct/2024:10:24:09 -0400] "GET /wp-login.php HTTP/1.1" 200 2812 "-" "Mozilla/5.0 (Macintosh; Intel Mac OS X 10_10) AppleWebKit/600.1.3 (KHTML, like Gecko) Version/8.0 Safari/600.1.3"
162.213.251.195 - - [20/Oct/2024:10:24:14 -0400] "POST /wp-cron.php?doing_wp_cron=1729434253.8658759593963623046875 HTTP/1.1" 200 0 "-" "WordPress/6.6.2; https://dietcontrungnhanh.com"
104.244.76.114 - - [20/Oct/2024:10:24:13 -0400] "POST /wp-login.php HTTP/1.1" 200 3002 "-" "Mozilla/5.0 (Macintosh; Intel Mac OS X 10_10) AppleWebKit/600.1.3 (KHTML, like Gecko) Version/8.0 Safari/600.1.3"
162.213.251.195 - - [20/Oct/2024:10:39:40 -0400] "POST /wp-cron.php?doing_wp_cron=1729435179.7090010643005371093750 HTTP/1.1" 200 0 "-" "WordPress/6.6.2; https://dietcontrungnhanh.com"
216.244.66.234 - - [20/Oct/2024:10:39:36 -0400] "GET /robots.txt HTTP/1.1" 200 116 "-" "Mozilla/5.0 (compatible; DotBot/1.2; +https://opensiteexplorer.org/dotbot; [email protected])"
162.213.251.195 - - [20/Oct/2024:10:42:14 -0400] "POST /wp-cron.php?doing_wp_cron=1729435333.6857180595397949218750 HTTP/1.1" 200 0 "-" "WordPress/6.6.2; https://dietcontrungnhanh.com"
45.61.185.119 - - [20/Oct/2024:10:42:10 -0400] "GET /wp-login.php HTTP/1.1" 200 2812 "-" "Mozilla/5.0 (Windows NT 6.1; Trident/7.0; rv:11.0) like Gecko"
162.213.251.195 - - [20/Oct/2024:10:42:15 -0400] "POST /wp-cron.php?doing_wp_cron=1729435335.0303239822387695312500 HTTP/1.1" 200 0 "-" "WordPress/6.6.2; https://dietcontrungnhanh.com"
45.61.185.119 - - [20/Oct/2024:10:42:14 -0400] "POST /wp-login.php HTTP/1.1" 200 2994 "-" "Mozilla/5.0 (Windows NT 6.1; Trident/7.0; rv:11.0) like Gecko"
162.213.251.195 - - [20/Oct/2024:10:44:56 -0400] "POST /wp-cron.php?doing_wp_cron=1729435496.1391439437866210937500 HTTP/1.1" 200 0 "-" "WordPress/6.6.2; https://dietcontrungnhanh.com"
66.249.68.71 - - [20/Oct/2024:10:44:53 -0400] "GET /M1.php HTTP/1.1" 404 16528 "-" "Mozilla/5.0 (Linux; Android 6.0.1; Nexus 5X Build/MMB29P) AppleWebKit/537.36 (KHTML, like Gecko) Chrome/129.0.6668.89 Mobile Safari/537.36 (compatible; Googlebot/2.1; +http://www.google.com/bot.html)"
66.249.68.71 - - [20/Oct/2024:10:45:09 -0400] "GET /chien-luoc-marketing-cua-chanel-bi-quyet-de-tro-thanh-de-vuong/ HTTP/1.1" 404 18736 "-" "Mozilla/5.0 (Linux; Android 6.0.1; Nexus 5X Build/MMB29P) AppleWebKit/537.36 (KHTML, like Gecko) Chrome/129.0.6668.89 Mobile Safari/537.36 (compatible; GoogleOther)"
162.213.251.195 - - [20/Oct/2024:10:45:10 -0400] "POST /wp-cron.php?doing_wp_cron=1729435509.7004089355468750000000 HTTP/1.1" 200 0 "-" "WordPress/6.6.2; https://dietcontrungnhanh.com"
66.249.68.64 - - [20/Oct/2024:10:45:09 -0400] "GET /wp-admin/comment.php?action=approve&c=87 HTTP/1.1" 302 0 "-" "Mozilla/5.0 (Linux; Android 6.0.1; Nexus 5X Build/MMB29P) AppleWebKit/537.36 (KHTML, like Gecko) Chrome/129.0.6668.89 Mobile Safari/537.36 (compatible; Googlebot/2.1; +http://www.google.com/bot.html)"
162.213.251.195 - - [20/Oct/2024:10:45:11 -0400] "POST /wp-cron.php?doing_wp_cron=1729435511.0691080093383789062500 HTTP/1.1" 200 0 "-" "WordPress/6.6.2; https://dietcontrungnhanh.com"
66.249.68.65 - - [20/Oct/2024:10:45:10 -0400] "GET /wp-login.php?redirect_to=https%3A%2F%2Fdietcontrungnhanh.com%2Fwp-admin%2Fcomment.php%3Faction%3Dapprove%26c%3D87&reauth=1 HTTP/1.1" 200 2842 "-" "Mozilla/5.0 (Linux; Android 6.0.1; Nexus 5X Build/MMB29P) AppleWebKit/537.36 (KHTML, like Gecko) Chrome/129.0.6668.89 Mobile Safari/537.36 (compatible; Googlebot/2.1; +http://www.google.com/bot.html)"
162.213.251.195 - - [20/Oct/2024:10:56:52 -0400] "POST /wp-cron.php?doing_wp_cron=1729436212.5922510623931884765625 HTTP/1.1" 200 0 "-" "WordPress/6.6.2; https://dietcontrungnhanh.com"
205.185.125.234 - - [20/Oct/2024:10:56:48 -0400] "GET /wp-login.php HTTP/1.1" 200 2812 "-" "Mozilla/5.0 (X11; Linux x86_64) AppleWebKit/537.36 (KHTML, like Gecko) Chrome/36.0.1985.143 Safari/537.36"
205.185.125.234 - - [20/Oct/2024:10:56:53 -0400] "POST /wp-login.php HTTP/1.1" 200 3001 "-" "Mozilla/5.0 (X11; Linux x86_64) AppleWebKit/537.36 (KHTML, like Gecko) Chrome/36.0.1985.143 Safari/537.36"
162.213.251.195 - - [20/Oct/2024:11:01:09 -0400] "POST /wp-cron.php?doing_wp_cron=1729436468.6643209457397460937500 HTTP/1.1" 200 0 "-" "WordPress/6.6.2; https://dietcontrungnhanh.com"
104.244.73.120 - - [20/Oct/2024:11:01:05 -0400] "GET /wp-login.php HTTP/1.1" 200 2812 "-" "Mozilla/5.0 (Windows NT 6.2; WOW64; rv:31.0) Gecko/20100101 Firefox/31.0"
162.213.251.195 - - [20/Oct/2024:11:01:14 -0400] "POST /wp-cron.php?doing_wp_cron=1729436473.5144779682159423828125 HTTP/1.1" 200 0 "-" "WordPress/6.6.2; https://dietcontrungnhanh.com"
104.244.73.120 - - [20/Oct/2024:11:01:13 -0400] "POST /wp-login.php HTTP/1.1" 200 3003 "-" "Mozilla/5.0 (Windows NT 6.2; WOW64; rv:31.0) Gecko/20100101 Firefox/31.0"
162.213.251.195 - - [20/Oct/2024:11:06:53 -0400] "POST /wp-cron.php?doing_wp_cron=1729436813.4833080768585205078125 HTTP/1.1" 200 0 "-" "WordPress/6.6.2; https://dietcontrungnhanh.com"
66.249.68.64 - - [20/Oct/2024:11:06:48 -0400] "GET /cach-diet-kien-lua-hieu-qua HTTP/1.1" 404 18700 "-" "Mozilla/5.0 (Linux; Android 6.0.1; Nexus 5X Build/MMB29P) AppleWebKit/537.36 (KHTML, like Gecko) Chrome/129.0.6668.89 Mobile Safari/537.36 (compatible; Googlebot/2.1; +http://www.google.com/bot.html)"
162.213.251.195 - - [20/Oct/2024:11:09:25 -0400] "POST /wp-cron.php?doing_wp_cron=1729436964.7565400600433349609375 HTTP/1.1" 200 0 "-" "WordPress/6.6.2; https://dietcontrungnhanh.com"
198.235.24.45 - - [20/Oct/2024:11:09:21 -0400] "GET / HTTP/1.1" 200 27022 "http://172.67.201.243:80/" "-"
162.213.251.195 - - [20/Oct/2024:11:13:33 -0400] "POST /wp-cron.php?doing_wp_cron=1729437213.5248899459838867187500 HTTP/1.1" 200 0 "-" "WordPress/6.6.2; https://dietcontrungnhanh.com"
205.185.125.234 - - [20/Oct/2024:11:13:29 -0400] "GET /wp-login.php HTTP/1.1" 200 2812 "-" "Mozilla/5.0 (Macintosh; Intel Mac OS X 10_9_4) AppleWebKit/537.36 (KHTML, like Gecko) Chrome/35.0.1916.153 Safari/537.36"
205.185.125.234 - - [20/Oct/2024:11:13:34 -0400] "POST /wp-login.php HTTP/1.1" 200 2958 "-" "Mozilla/5.0 (Macintosh; Intel Mac OS X 10_9_4) AppleWebKit/537.36 (KHTML, like Gecko) Chrome/35.0.1916.153 Safari/537.36"
162.213.251.195 - - [20/Oct/2024:11:15:18 -0400] "POST /wp-cron.php?doing_wp_cron=1729437317.8944048881530761718750 HTTP/1.1" 200 0 "-" "WordPress/6.6.2; https://dietcontrungnhanh.com"
66.249.68.68 - - [20/Oct/2024:11:15:13 -0400] "GET /wp-includes/rest-api/fields/cache/index.php HTTP/1.1" 301 0 "-" "Mozilla/5.0 (Linux; Android 6.0.1; Nexus 5X Build/MMB29P) AppleWebKit/537.36 (KHTML, like Gecko) Chrome/129.0.6668.89 Mobile Safari/537.36 (compatible; GoogleOther)"
162.213.251.195 - - [20/Oct/2024:11:15:24 -0400] "POST /wp-cron.php?doing_wp_cron=1729437324.3717510700225830078125 HTTP/1.1" 200 0 "-" "WordPress/6.6.2; https://dietcontrungnhanh.com"
66.249.68.69 - - [20/Oct/2024:11:15:23 -0400] "GET /wp-includes/rest-api/fields/cache/ HTTP/1.1" 404 19615 "-" "Mozilla/5.0 (Linux; Android 6.0.1; Nexus 5X Build/MMB29P) AppleWebKit/537.36 (KHTML, like Gecko) Chrome/129.0.6668.89 Mobile Safari/537.36 (compatible; GoogleOther)"
162.213.251.195 - - [20/Oct/2024:11:15:35 -0400] "POST /wp-cron.php?doing_wp_cron=1729437335.2577021121978759765625 HTTP/1.1" 200 0 "-" "WordPress/6.6.2; https://dietcontrungnhanh.com"
216.244.66.234 - - [20/Oct/2024:11:15:34 -0400] "GET /thi-cong-mang-quan-tan-binh/ HTTP/1.1" 404 18717 "-" "Mozilla/5.0 (compatible; DotBot/1.2; +https://opensiteexplorer.org/dotbot; [email protected])"
162.213.251.195 - - [20/Oct/2024:11:16:15 -0400] "POST /wp-cron.php?doing_wp_cron=1729437374.7860879898071289062500 HTTP/1.1" 200 0 "-" "WordPress/6.6.2; https://dietcontrungnhanh.com"
66.249.68.70 - - [20/Oct/2024:11:16:14 -0400] "GET /w3llstore.php HTTP/1.1" 404 16536 "-" "Mozilla/5.0 (Linux; Android 6.0.1; Nexus 5X Build/MMB29P) AppleWebKit/537.36 (KHTML, like Gecko) Chrome/129.0.6668.89 Mobile Safari/537.36 (compatible; Googlebot/2.1; +http://www.google.com/bot.html)"
162.213.251.195 - - [20/Oct/2024:11:23:49 -0400] "POST /wp-cron.php?doing_wp_cron=1729437829.0693469047546386718750 HTTP/1.1" 200 0 "-" "WordPress/6.6.2; https://dietcontrungnhanh.com"
103.131.71.39 - - [20/Oct/2024:11:23:40 -0400] "GET /robots.txt HTTP/1.1" 200 116 "-" "Mozilla/5.0 (compatible; coccocbot-image/1.0; +http://help.coccoc.com/searchengine)"
103.131.71.32 - - [20/Oct/2024:11:23:50 -0400] "GET /wp-content/uploads/2023/10/dich-vu-diet-mot.jpg HTTP/1.1" 200 5053 "-" "Mozilla/5.0 (compatible; coccocbot-image/1.0; +http://help.coccoc.com/searchengine)"
162.213.251.195 - - [20/Oct/2024:11:28:50 -0400] "POST /wp-cron.php?doing_wp_cron=1729438130.4019689559936523437500 HTTP/1.1" 200 0 "-" "WordPress/6.6.2; https://dietcontrungnhanh.com"
89.248.172.92 - - [20/Oct/2024:11:28:46 -0400] "GET / HTTP/1.1" 200 27084 "-" "Mozilla/5.0 (Windows NT 10.0; Win64; x64; rv:123.0) Gecko/20100101 Firefox/123.0"
209.141.32.166 - - [20/Oct/2024:11:30:25 -0400] "GET /wp-login.php HTTP/1.1" 200 2800 "-" "Mozilla/5.0 (compatible; MSIE 9.0; Windows NT 6.1; WOW64; Trident/5.0)"
162.213.251.195 - - [20/Oct/2024:11:30:29 -0400] "POST /wp-cron.php?doing_wp_cron=1729438228.0197699069976806640625 HTTP/1.1" 200 0 "-" "WordPress/6.6.2; https://dietcontrungnhanh.com"
209.141.32.166 - - [20/Oct/2024:11:30:30 -0400] "POST /wp-login.php HTTP/1.1" 200 3005 "-" "Mozilla/5.0 (compatible; MSIE 9.0; Windows NT 6.1; WOW64; Trident/5.0)"
162.213.251.195 - - [20/Oct/2024:11:32:21 -0400] "POST /wp-cron.php?doing_wp_cron=1729438340.5229580402374267578125 HTTP/1.1" 200 0 "-" "WordPress/6.6.2; https://dietcontrungnhanh.com"
184.94.240.88 - - [20/Oct/2024:11:32:17 -0400] "GET / HTTP/1.1" 301 0 "-" "Mozilla/5.0 (Windows NT 10.0; Win64; x64; rv:104.0) Gecko/20100101 Firefox/104.0"
162.213.251.195 - - [20/Oct/2024:11:32:23 -0400] "POST /wp-cron.php?doing_wp_cron=1729438342.8112750053405761718750 HTTP/1.1" 200 0 "-" "WordPress/6.6.2; https://dietcontrungnhanh.com"
184.94.240.88 - - [20/Oct/2024:11:32:22 -0400] "GET / HTTP/1.1" 200 27066 "-" "Mozilla/5.0 (Windows NT 10.0; Win64; x64; rv:104.0) Gecko/20100101 Firefox/104.0"
162.213.251.195 - - [20/Oct/2024:11:37:48 -0400] "POST /wp-cron.php?doing_wp_cron=1729438667.8301169872283935546875 HTTP/1.1" 200 0 "-" "WordPress/6.6.2; https://dietcontrungnhanh.com"
209.141.58.36 - - [20/Oct/2024:11:37:43 -0400] "GET /wp-login.php HTTP/1.1" 200 2812 "-" "Mozilla/5.0 (Macintosh; Intel Mac OS X 10_9_3) AppleWebKit/537.36 (KHTML, like Gecko) Chrome/35.0.1916.153 Safari/537.36"
162.213.251.195 - - [20/Oct/2024:11:37:49 -0400] "POST /wp-cron.php?doing_wp_cron=1729438669.3717749118804931640625 HTTP/1.1" 200 0 "-" "WordPress/6.6.2; https://dietcontrungnhanh.com"
209.141.58.36 - - [20/Oct/2024:11:37:48 -0400] "POST /wp-login.php HTTP/1.1" 200 2963 "-" "Mozilla/5.0 (Macintosh; Intel Mac OS X 10_9_3) AppleWebKit/537.36 (KHTML, like Gecko) Chrome/35.0.1916.153 Safari/537.36"
162.213.251.195 - - [20/Oct/2024:11:37:59 -0400] "POST /wp-cron.php?doing_wp_cron=1729438679.2434639930725097656250 HTTP/1.1" 200 0 "-" "WordPress/6.6.2; https://dietcontrungnhanh.com"
45.61.185.127 - - [20/Oct/2024:11:37:57 -0400] "GET /wp-login.php HTTP/1.1" 200 2812 "-" "Mozilla/5.0 (Macintosh; Intel Mac OS X 10_7_5) AppleWebKit/537.77.4 (KHTML, like Gecko) Version/6.1.5 Safari/537.77.4"
162.213.251.195 - - [20/Oct/2024:11:38:01 -0400] "POST /wp-cron.php?doing_wp_cron=1729438680.6191759109497070312500 HTTP/1.1" 200 0 "-" "WordPress/6.6.2; https://dietcontrungnhanh.com"
45.61.185.127 - - [20/Oct/2024:11:38:00 -0400] "POST /wp-login.php HTTP/1.1" 200 2965 "-" "Mozilla/5.0 (Macintosh; Intel Mac OS X 10_7_5) AppleWebKit/537.77.4 (KHTML, like Gecko) Version/6.1.5 Safari/537.77.4"
162.213.251.195 - - [20/Oct/2024:11:42:52 -0400] "POST /wp-cron.php?doing_wp_cron=1729438972.5112318992614746093750 HTTP/1.1" 200 0 "-" "WordPress/6.6.2; https://dietcontrungnhanh.com"
66.249.68.69 - - [20/Oct/2024:11:42:48 -0400] "GET /menu.php HTTP/1.1" 404 16537 "-" "Mozilla/5.0 (Linux; Android 6.0.1; Nexus 5X Build/MMB29P) AppleWebKit/537.36 (KHTML, like Gecko) Chrome/129.0.6668.89 Mobile Safari/537.36 (compatible; Googlebot/2.1; +http://www.google.com/bot.html)"
45.61.187.219 - - [20/Oct/2024:11:44:16 -0400] "GET /wp-login.php HTTP/1.1" 200 2812 "-" "Mozilla/5.0 (Macintosh; Intel Mac OS X 10_7_5) AppleWebKit/537.77.4 (KHTML, like Gecko) Version/6.1.5 Safari/537.77.4"
162.213.251.195 - - [20/Oct/2024:11:44:20 -0400] "POST /wp-cron.php?doing_wp_cron=1729439058.9509489536285400390625 HTTP/1.1" 200 0 "-" "WordPress/6.6.2; https://dietcontrungnhanh.com"
45.61.187.219 - - [20/Oct/2024:11:44:20 -0400] "POST /wp-login.php HTTP/1.1" 200 3002 "-" "Mozilla/5.0 (Macintosh; Intel Mac OS X 10_7_5) AppleWebKit/537.77.4 (KHTML, like Gecko) Version/6.1.5 Safari/537.77.4"
162.213.251.195 - - [20/Oct/2024:11:49:43 -0400] "POST /wp-cron.php?doing_wp_cron=1729439382.7320170402526855468750 HTTP/1.1" 200 0 "-" "WordPress/6.6.2; https://dietcontrungnhanh.com"
205.185.125.40 - - [20/Oct/2024:11:49:39 -0400] "GET /wp-login.php HTTP/1.1" 200 2812 "-" "Mozilla/5.0 (iPhone; CPU iPhone OS 7_1_1 like Mac OS X) AppleWebKit/537.51.2 (KHTML, like Gecko) Version/7.0 Mobile/11D201 Safari/9537.53"
205.185.125.40 - - [20/Oct/2024:11:49:43 -0400] "POST /wp-login.php HTTP/1.1" 200 3001 "-" "Mozilla/5.0 (iPhone; CPU iPhone OS 7_1_1 like Mac OS X) AppleWebKit/537.51.2 (KHTML, like Gecko) Version/7.0 Mobile/11D201 Safari/9537.53"
162.213.251.195 - - [20/Oct/2024:11:52:19 -0400] "POST /wp-cron.php?doing_wp_cron=1729439539.0404090881347656250000 HTTP/1.1" 200 0 "-" "WordPress/6.6.2; https://dietcontrungnhanh.com"
66.249.68.64 - - [20/Oct/2024:11:52:16 -0400] "GET /wp-admin/comment.php?action=approve&c=44 HTTP/1.1" 302 0 "-" "Mozilla/5.0 (Linux; Android 6.0.1; Nexus 5X Build/MMB29P) AppleWebKit/537.36 (KHTML, like Gecko) Chrome/129.0.6668.89 Mobile Safari/537.36 (compatible; Googlebot/2.1; +http://www.google.com/bot.html)"
66.249.68.64 - - [20/Oct/2024:11:52:19 -0400] "GET /wp-login.php?redirect_to=https%3A%2F%2Fdietcontrungnhanh.com%2Fwp-admin%2Fcomment.php%3Faction%3Dapprove%26c%3D44&reauth=1 HTTP/1.1" 200 2842 "-" "Mozilla/5.0 (Linux; Android 6.0.1; Nexus 5X Build/MMB29P) AppleWebKit/537.36 (KHTML, like Gecko) Chrome/129.0.6668.89 Mobile Safari/537.36 (compatible; Googlebot/2.1; +http://www.google.com/bot.html)"
162.213.251.195 - - [20/Oct/2024:11:52:21 -0400] "POST /wp-cron.php?doing_wp_cron=1729439540.7664659023284912109375 HTTP/1.1" 200 0 "-" "WordPress/6.6.2; https://dietcontrungnhanh.com"
66.249.68.64 - - [20/Oct/2024:11:52:20 -0400] "GET /wso2.7.php HTTP/1.1" 404 16544 "-" "Mozilla/5.0 (Linux; Android 6.0.1; Nexus 5X Build/MMB29P) AppleWebKit/537.36 (KHTML, like Gecko) Chrome/129.0.6668.89 Mobile Safari/537.36 (compatible; Googlebot/2.1; +http://www.google.com/bot.html)"
162.213.251.195 - - [20/Oct/2024:11:56:26 -0400] "POST /wp-cron.php?doing_wp_cron=1729439785.6984250545501708984375 HTTP/1.1" 200 0 "-" "WordPress/6.6.2; https://dietcontrungnhanh.com"
66.249.68.64 - - [20/Oct/2024:11:56:22 -0400] "GET /zaco.php HTTP/1.1" 404 16551 "-" "Mozilla/5.0 (Linux; Android 6.0.1; Nexus 5X Build/MMB29P) AppleWebKit/537.36 (KHTML, like Gecko) Chrome/129.0.6668.89 Mobile Safari/537.36 (compatible; Googlebot/2.1; +http://www.google.com/bot.html)"
162.213.251.195 - - [20/Oct/2024:12:07:16 -0400] "POST /wp-cron.php?doing_wp_cron=1729440435.8727810382843017578125 HTTP/1.1" 200 0 "-" "WordPress/6.6.2; https://dietcontrungnhanh.com"
216.244.66.234 - - [20/Oct/2024:12:07:07 -0400] "GET /san-pham/binh-4-lit-phun-diet-con-trung-05/ HTTP/1.1" 200 27217 "-" "Mozilla/5.0 (compatible; DotBot/1.2; +https://opensiteexplorer.org/dotbot; [email protected])"
162.213.251.195 - - [20/Oct/2024:12:08:23 -0400] "POST /wp-cron.php?doing_wp_cron=1729440503.2976429462432861328125 HTTP/1.1" 200 0 "-" "WordPress/6.6.2; https://dietcontrungnhanh.com"
198.98.58.40 - - [20/Oct/2024:12:08:22 -0400] "GET /wp-login.php HTTP/1.1" 200 2800 "-" "Mozilla/5.0 (Windows NT 6.3; WOW64; rv:31.0) Gecko/20100101 Firefox/31.0"
162.213.251.195 - - [20/Oct/2024:12:08:25 -0400] "POST /wp-cron.php?doing_wp_cron=1729440505.0346710681915283203125 HTTP/1.1" 200 0 "-" "WordPress/6.6.2; https://dietcontrungnhanh.com"
198.98.58.40 - - [20/Oct/2024:12:08:24 -0400] "POST /wp-login.php HTTP/1.1" 200 2964 "-" "Mozilla/5.0 (Windows NT 6.3; WOW64; rv:31.0) Gecko/20100101 Firefox/31.0"
162.213.251.195 - - [20/Oct/2024:12:18:20 -0400] "POST /wp-cron.php?doing_wp_cron=1729441099.7696940898895263671875 HTTP/1.1" 200 0 "-" "WordPress/6.6.2; https://dietcontrungnhanh.com"
66.249.68.70 - - [20/Oct/2024:12:18:14 -0400] "GET /wp-admin/comment.php?action=trash&c=71 HTTP/1.1" 302 0 "-" "Mozilla/5.0 (Linux; Android 6.0.1; Nexus 5X Build/MMB29P) AppleWebKit/537.36 (KHTML, like Gecko) Chrome/129.0.6668.89 Mobile Safari/537.36 (compatible; Googlebot/2.1; +http://www.google.com/bot.html)"
66.249.68.69 - - [20/Oct/2024:12:18:20 -0400] "GET /wp-login.php?redirect_to=https%3A%2F%2Fdietcontrungnhanh.com%2Fwp-admin%2Fcomment.php%3Faction%3Dtrash%26c%3D71&reauth=1 HTTP/1.1" 200 2850 "-" "Mozilla/5.0 (Linux; Android 6.0.1; Nexus 5X Build/MMB29P) AppleWebKit/537.36 (KHTML, like Gecko) Chrome/129.0.6668.89 Mobile Safari/537.36 (compatible; Googlebot/2.1; +http://www.google.com/bot.html)"
162.213.251.195 - - [20/Oct/2024:12:19:23 -0400] "POST /wp-cron.php?doing_wp_cron=1729441162.7086551189422607421875 HTTP/1.1" 200 0 "-" "WordPress/6.6.2; https://dietcontrungnhanh.com"
66.249.68.68 - - [20/Oct/2024:12:19:22 -0400] "GET /robots.txt HTTP/1.1" 200 116 "-" "Mozilla/5.0 (compatible; Googlebot/2.1; +http://www.google.com/bot.html)"
162.213.251.195 - - [20/Oct/2024:12:19:24 -0400] "POST /wp-cron.php?doing_wp_cron=1729441163.7934100627899169921875 HTTP/1.1" 200 0 "-" "WordPress/6.6.2; https://dietcontrungnhanh.com"
66.249.68.69 - - [20/Oct/2024:12:19:23 -0400] "GET /wp-content/up.php HTTP/1.1" 404 16546 "-" "Mozilla/5.0 (Linux; Android 6.0.1; Nexus 5X Build/MMB29P) AppleWebKit/537.36 (KHTML, like Gecko) Chrome/129.0.6668.89 Mobile Safari/537.36 (compatible; Googlebot/2.1; +http://www.google.com/bot.html)"
162.213.251.195 - - [20/Oct/2024:12:32:40 -0400] "POST /wp-cron.php?doing_wp_cron=1729441959.4891428947448730468750 HTTP/1.1" 200 0 "-" "WordPress/6.6.2; https://dietcontrungnhanh.com"
199.195.251.210 - - [20/Oct/2024:12:32:34 -0400] "GET /wp-login.php HTTP/1.1" 200 2812 "-" "Mozilla/5.0 (Windows NT 6.3; WOW64; Trident/7.0; rv:11.0) like Gecko"
162.213.251.195 - - [20/Oct/2024:12:32:41 -0400] "POST /wp-cron.php?doing_wp_cron=1729441960.9746959209442138671875 HTTP/1.1" 200 0 "-" "WordPress/6.6.2; https://dietcontrungnhanh.com"
199.195.251.210 - - [20/Oct/2024:12:32:40 -0400] "POST /wp-login.php HTTP/1.1" 200 3005 "-" "Mozilla/5.0 (Windows NT 6.3; WOW64; Trident/7.0; rv:11.0) like Gecko"
195.178.110.32 - - [20/Oct/2024:12:34:17 -0400] "GET /.git/config HTTP/1.1" 403 1242 "-" "Mozilla/5.0 (X11; Ubuntu; Linux i686; rv:24.0) Gecko/20100101 Firefox/24.0"
162.213.251.195 - - [20/Oct/2024:12:39:45 -0400] "POST /wp-cron.php?doing_wp_cron=1729442385.3025209903717041015625 HTTP/1.1" 200 0 "-" "WordPress/6.6.2; https://dietcontrungnhanh.com"
104.244.72.110 - - [20/Oct/2024:12:39:41 -0400] "GET /wp-login.php HTTP/1.1" 200 2812 "-" "Mozilla/5.0 (Windows NT 6.1; WOW64) AppleWebKit/537.36 (KHTML, like Gecko) Chrome/35.0.1916.114 Safari/537.36"
162.213.251.195 - - [20/Oct/2024:12:39:46 -0400] "POST /wp-cron.php?doing_wp_cron=1729442386.3430829048156738281250 HTTP/1.1" 200 0 "-" "WordPress/6.6.2; https://dietcontrungnhanh.com"
104.244.72.110 - - [20/Oct/2024:12:39:46 -0400] "POST /wp-login.php HTTP/1.1" 200 2994 "-" "Mozilla/5.0 (Windows NT 6.1; WOW64) AppleWebKit/537.36 (KHTML, like Gecko) Chrome/35.0.1916.114 Safari/537.36"
162.213.251.195 - - [20/Oct/2024:12:43:54 -0400] "POST /wp-cron.php?doing_wp_cron=1729442634.0603959560394287109375 HTTP/1.1" 200 0 "-" "WordPress/6.6.2; https://dietcontrungnhanh.com"
51.81.46.212 - - [20/Oct/2024:12:43:51 -0400] "GET / HTTP/1.1" 200 27023 "-" "-"
162.213.251.195 - - [20/Oct/2024:12:45:15 -0400] "POST /wp-cron.php?doing_wp_cron=1729442715.4102649688720703125000 HTTP/1.1" 200 0 "-" "WordPress/6.6.2; https://dietcontrungnhanh.com"
66.249.68.64 - - [20/Oct/2024:12:45:15 -0400] "GET /?p=1655 HTTP/1.1" 301 0 "-" "Mozilla/5.0 (Linux; Android 6.0.1; Nexus 5X Build/MMB29P) AppleWebKit/537.36 (KHTML, like Gecko) Chrome/129.0.6668.89 Mobile Safari/537.36 (compatible; GoogleOther)"
162.213.251.195 - - [20/Oct/2024:12:45:18 -0400] "POST /wp-cron.php?doing_wp_cron=1729442717.8448209762573242187500 HTTP/1.1" 200 0 "-" "WordPress/6.6.2; https://dietcontrungnhanh.com"
66.249.68.71 - - [20/Oct/2024:12:45:17 -0400] "GET /dich-vu-diet-chuot-quan-8/ HTTP/1.1" 200 26555 "-" "Mozilla/5.0 (Linux; Android 6.0.1; Nexus 5X Build/MMB29P) AppleWebKit/537.36 (KHTML, like Gecko) Chrome/129.0.6668.89 Mobile Safari/537.36 (compatible; GoogleOther)"
162.213.251.195 - - [20/Oct/2024:12:55:20 -0400] "POST /wp-cron.php?doing_wp_cron=1729443320.2381620407104492187500 HTTP/1.1" 200 0 "-" "WordPress/6.6.2; https://dietcontrungnhanh.com"
66.249.68.64 - - [20/Oct/2024:12:55:15 -0400] "GET /wp-content/upl.php HTTP/1.1" 404 16564 "-" "Mozilla/5.0 (Linux; Android 6.0.1; Nexus 5X Build/MMB29P) AppleWebKit/537.36 (KHTML, like Gecko) Chrome/129.0.6668.89 Mobile Safari/537.36 (compatible; Googlebot/2.1; +http://www.google.com/bot.html)"
66.249.68.71 - - [20/Oct/2024:12:58:22 -0400] "GET /.well-known/pki-validation/xmrlpc.php HTTP/1.1" 404 1251 "-" "Mozilla/5.0 (Linux; Android 6.0.1; Nexus 5X Build/MMB29P) AppleWebKit/537.36 (KHTML, like Gecko) Chrome/129.0.6668.89 Mobile Safari/537.36 (compatible; Googlebot/2.1; +http://www.google.com/bot.html)"
162.213.251.195 - - [20/Oct/2024:12:58:24 -0400] "POST /wp-cron.php?doing_wp_cron=1729443504.4194159507751464843750 HTTP/1.1" 200 0 "-" "WordPress/6.6.2; https://dietcontrungnhanh.com"
66.249.68.64 - - [20/Oct/2024:12:58:22 -0400] "GET /rss/catalog/notifystock/ HTTP/1.1" 404 19606 "-" "Mozilla/5.0 (Linux; Android 6.0.1; Nexus 5X Build/MMB29P) AppleWebKit/537.36 (KHTML, like Gecko) Chrome/129.0.6668.89 Mobile Safari/537.36 (compatible; Googlebot/2.1; +http://www.google.com/bot.html)"
162.213.251.195 - - [20/Oct/2024:13:02:27 -0400] "POST /wp-cron.php?doing_wp_cron=1729443746.7721669673919677734375 HTTP/1.1" 200 0 "-" "WordPress/6.6.2; https://dietcontrungnhanh.com"
209.141.57.223 - - [20/Oct/2024:13:02:24 -0400] "GET /wp-login.php HTTP/1.1" 200 2812 "-" "Mozilla/5.0 (Windows NT 6.2; WOW64) AppleWebKit/537.36 (KHTML, like Gecko) Chrome/36.0.1985.125 Safari/537.36"
162.213.251.195 - - [20/Oct/2024:13:02:29 -0400] "POST /wp-cron.php?doing_wp_cron=1729443749.3967590332031250000000 HTTP/1.1" 200 0 "-" "WordPress/6.6.2; https://dietcontrungnhanh.com"
209.141.57.223 - - [20/Oct/2024:13:02:28 -0400] "POST /wp-login.php HTTP/1.1" 200 3003 "-" "Mozilla/5.0 (Windows NT 6.2; WOW64) AppleWebKit/537.36 (KHTML, like Gecko) Chrome/36.0.1985.125 Safari/537.36"
162.213.251.195 - - [20/Oct/2024:13:04:29 -0400] "POST /wp-cron.php?doing_wp_cron=1729443868.6072890758514404296875 HTTP/1.1" 200 0 "-" "WordPress/6.6.2; https://dietcontrungnhanh.com"
66.249.68.68 - - [20/Oct/2024:13:04:26 -0400] "GET /wp-content/fox.php HTTP/1.1" 404 16543 "-" "Mozilla/5.0 (Linux; Android 6.0.1; Nexus 5X Build/MMB29P) AppleWebKit/537.36 (KHTML, like Gecko) Chrome/129.0.6668.89 Mobile Safari/537.36 (compatible; Googlebot/2.1; +http://www.google.com/bot.html)"
162.213.251.195 - - [20/Oct/2024:13:07:32 -0400] "POST /wp-cron.php?doing_wp_cron=1729444052.2936379909515380859375 HTTP/1.1" 200 0 "-" "WordPress/6.6.2; https://dietcontrungnhanh.com"
66.249.68.70 - - [20/Oct/2024:13:07:29 -0400] "GET / HTTP/1.1" 200 27038 "-" "Mozilla/5.0 (Linux; Android 6.0.1; Nexus 5X Build/MMB29P) AppleWebKit/537.36 (KHTML, like Gecko) Chrome/129.0.6668.89 Mobile Safari/537.36 (compatible; Googlebot/2.1; +http://www.google.com/bot.html)"
162.213.251.195 - - [20/Oct/2024:13:07:34 -0400] "POST /wp-cron.php?doing_wp_cron=1729444054.0195739269256591796875 HTTP/1.1" 200 0 "-" "WordPress/6.6.2; https://dietcontrungnhanh.com"
66.249.68.70 - - [20/Oct/2024:13:07:33 -0400] "GET /wp-admin/comment.php?action=trash&c=87 HTTP/1.1" 302 0 "-" "Mozilla/5.0 (Linux; Android 6.0.1; Nexus 5X Build/MMB29P) AppleWebKit/537.36 (KHTML, like Gecko) Chrome/129.0.6668.89 Mobile Safari/537.36 (compatible; Googlebot/2.1; +http://www.google.com/bot.html)"
162.213.251.195 - - [20/Oct/2024:13:07:35 -0400] "POST /wp-cron.php?doing_wp_cron=1729444055.0157940387725830078125 HTTP/1.1" 200 0 "-" "WordPress/6.6.2; https://dietcontrungnhanh.com"
66.249.68.68 - - [20/Oct/2024:13:07:34 -0400] "GET /wp-login.php?redirect_to=https%3A%2F%2Fdietcontrungnhanh.com%2Fwp-admin%2Fcomment.php%3Faction%3Dtrash%26c%3D87&reauth=1 HTTP/1.1" 200 2841 "-" "Mozilla/5.0 (Linux; Android 6.0.1; Nexus 5X Build/MMB29P) AppleWebKit/537.36 (KHTML, like Gecko) Chrome/129.0.6668.89 Mobile Safari/537.36 (compatible; Googlebot/2.1; +http://www.google.com/bot.html)"
162.213.251.195 - - [20/Oct/2024:13:07:57 -0400] "POST /wp-cron.php?doing_wp_cron=1729444076.7647809982299804687500 HTTP/1.1" 200 0 "-" "WordPress/6.6.2; https://dietcontrungnhanh.com"
66.249.68.68 - - [20/Oct/2024:13:07:56 -0400] "GET / HTTP/1.1" 200 27016 "-" "Mozilla/5.0 (compatible; Googlebot/2.1; +http://www.google.com/bot.html)"
162.213.251.195 - - [20/Oct/2024:13:07:58 -0400] "POST /wp-cron.php?doing_wp_cron=1729444078.1561400890350341796875 HTTP/1.1" 200 0 "-" "WordPress/6.6.2; https://dietcontrungnhanh.com"
66.249.68.68 - - [20/Oct/2024:13:07:57 -0400] "GET / HTTP/1.1" 200 27061 "-" "Mozilla/5.0 (Linux; Android 6.0.1; Nexus 5X Build/MMB29P) AppleWebKit/537.36 (KHTML, like Gecko) Chrome/99.0.4844.84 Mobile Safari/537.36 (compatible; Googlebot/2.1; +http://www.google.com/bot.html)"
66.249.68.68 - - [20/Oct/2024:13:07:59 -0400] "GET /wp-content/plugins/woocommerce/assets/js/js-cookie/js.cookie.min.js?ver=2.1.4-wc.9.1.4 HTTP/1.1" 200 760 "https://dietcontrungnhanh.com/" "Mozilla/5.0 AppleWebKit/537.36 (KHTML, like Gecko; compatible; Googlebot/2.1; +http://www.google.com/bot.html) Chrome/129.0.6668.89 Safari/537.36"
66.249.68.68 - - [20/Oct/2024:13:08:00 -0400] "POST /?wc-ajax=get_refreshed_fragments HTTP/1.1" 200 1500 "https://dietcontrungnhanh.com/" "Mozilla/5.0 (Linux; Android 6.0.1; Nexus 5X Build/MMB29P) AppleWebKit/537.36 (KHTML, like Gecko) Chrome/129.0.6668.89 Mobile Safari/537.36 (compatible; Googlebot/2.1; +http://www.google.com/bot.html)"
162.213.251.195 - - [20/Oct/2024:13:08:01 -0400] "POST /wp-cron.php?doing_wp_cron=1729444080.3960959911346435546875 HTTP/1.1" 200 0 "-" "WordPress/6.6.2; https://dietcontrungnhanh.com"
66.249.68.68 - - [20/Oct/2024:13:08:00 -0400] "POST /?wc-ajax=get_refreshed_fragments HTTP/1.1" 200 1500 "https://dietcontrungnhanh.com/" "Mozilla/5.0 AppleWebKit/537.36 (KHTML, like Gecko; compatible; Googlebot/2.1; +http://www.google.com/bot.html) Chrome/129.0.6668.89 Safari/537.36"
66.249.68.69 - - [20/Oct/2024:13:08:02 -0400] "GET /wp-content/uploads/2023/12/cropped-Logo-dctn-chinh-32x32.png HTTP/1.1" 200 1719 "-" "Googlebot-Image/1.0"
66.249.68.70 - - [20/Oct/2024:13:08:02 -0400] "GET /favicon.ico HTTP/1.1" 404 1251 "-" "Googlebot-Image/1.0"
66.249.68.68 - - [20/Oct/2024:13:08:02 -0400] "GET /wp-content/uploads/2023/12/cropped-Logo-dctn-chinh-192x192.png HTTP/1.1" 200 7477 "-" "Googlebot-Image/1.0"
66.249.68.68 - - [20/Oct/2024:13:08:03 -0400] "GET /wp-content/uploads/2023/12/cropped-Logo-dctn-chinh-180x180.png HTTP/1.1" 200 6966 "-" "Googlebot-Image/1.0"
162.213.251.195 - - [20/Oct/2024:13:14:41 -0400] "POST /wp-cron.php?doing_wp_cron=1729444480.7111430168151855468750 HTTP/1.1" 200 0 "-" "WordPress/6.6.2; https://dietcontrungnhanh.com"
66.249.68.64 - - [20/Oct/2024:13:14:36 -0400] "GET /wp-admin/comment.php?action=spam&c=44 HTTP/1.1" 302 0 "-" "Mozilla/5.0 (Linux; Android 6.0.1; Nexus 5X Build/MMB29P) AppleWebKit/537.36 (KHTML, like Gecko) Chrome/129.0.6668.89 Mobile Safari/537.36 (compatible; Googlebot/2.1; +http://www.google.com/bot.html)"
66.249.68.64 - - [20/Oct/2024:13:14:41 -0400] "GET /wp-login.php?redirect_to=https%3A%2F%2Fdietcontrungnhanh.com%2Fwp-admin%2Fcomment.php%3Faction%3Dspam%26c%3D44&reauth=1 HTTP/1.1" 200 2834 "-" "Mozilla/5.0 (Linux; Android 6.0.1; Nexus 5X Build/MMB29P) AppleWebKit/537.36 (KHTML, like Gecko) Chrome/129.0.6668.89 Mobile Safari/537.36 (compatible; Googlebot/2.1; +http://www.google.com/bot.html)"
162.213.251.195 - - [20/Oct/2024:13:15:16 -0400] "POST /wp-cron.php?doing_wp_cron=1729444515.7542049884796142578125 HTTP/1.1" 200 0 "-" "WordPress/6.6.2; https://dietcontrungnhanh.com"
66.249.68.65 - - [20/Oct/2024:13:15:15 -0400] "GET /wp-admin/comment.php?action=trash&c=44 HTTP/1.1" 302 0 "-" "Mozilla/5.0 (Linux; Android 6.0.1; Nexus 5X Build/MMB29P) AppleWebKit/537.36 (KHTML, like Gecko) Chrome/129.0.6668.89 Mobile Safari/537.36 (compatible; Googlebot/2.1; +http://www.google.com/bot.html)"
162.213.251.195 - - [20/Oct/2024:13:15:17 -0400] "POST /wp-cron.php?doing_wp_cron=1729444516.7181448936462402343750 HTTP/1.1" 200 0 "-" "WordPress/6.6.2; https://dietcontrungnhanh.com"
66.249.68.71 - - [20/Oct/2024:13:15:16 -0400] "GET /wp-login.php?redirect_to=https%3A%2F%2Fdietcontrungnhanh.com%2Fwp-admin%2Fcomment.php%3Faction%3Dtrash%26c%3D44&reauth=1 HTTP/1.1" 200 2850 "-" "Mozilla/5.0 (Linux; Android 6.0.1; Nexus 5X Build/MMB29P) AppleWebKit/537.36 (KHTML, like Gecko) Chrome/129.0.6668.89 Mobile Safari/537.36 (compatible; Googlebot/2.1; +http://www.google.com/bot.html)"
162.213.251.195 - - [20/Oct/2024:13:18:19 -0400] "POST /wp-cron.php?doing_wp_cron=1729444698.8902990818023681640625 HTTP/1.1" 200 0 "-" "WordPress/6.6.2; https://dietcontrungnhanh.com"
45.61.185.119 - - [20/Oct/2024:13:18:16 -0400] "GET /wp-login.php HTTP/1.1" 200 2812 "-" "Mozilla/5.0 (Macintosh; Intel Mac OS X 10_10) AppleWebKit/600.1.3 (KHTML, like Gecko) Version/8.0 Safari/600.1.3"
162.213.251.195 - - [20/Oct/2024:13:18:20 -0400] "POST /wp-cron.php?doing_wp_cron=1729444700.0927879810333251953125 HTTP/1.1" 200 0 "-" "WordPress/6.6.2; https://dietcontrungnhanh.com"
45.61.185.119 - - [20/Oct/2024:13:18:19 -0400] "POST /wp-login.php HTTP/1.1" 200 3004 "-" "Mozilla/5.0 (Macintosh; Intel Mac OS X 10_10) AppleWebKit/600.1.3 (KHTML, like Gecko) Version/8.0 Safari/600.1.3"
66.249.68.65 - - [20/Oct/2024:13:24:54 -0400] "GET /wp-content/plugins/easy-table-of-contents/assets/css/screen.min.css?ver=2.0.68.1 HTTP/1.1" 200 1391 "https://dietcontrungnhanh.com/dich-vu-diet-chuot-quan-8/" "Mozilla/5.0 (Linux; Android 6.0.1; Nexus 5X Build/MMB29P) AppleWebKit/537.36 (KHTML, like Gecko) Chrome/129.0.6668.89 Mobile Safari/537.36 (compatible; Googlebot/2.1; +http://www.google.com/bot.html)"
66.249.68.65 - - [20/Oct/2024:13:24:55 -0400] "GET /wp-content/plugins/easy-table-of-contents/assets/js/smooth_scroll.min.js?ver=2.0.68.1 HTTP/1.1" 200 466 "https://dietcontrungnhanh.com/dich-vu-diet-chuot-quan-8/" "Mozilla/5.0 (Linux; Android 6.0.1; Nexus 5X Build/MMB29P) AppleWebKit/537.36 (KHTML, like Gecko) Chrome/129.0.6668.89 Mobile Safari/537.36 (compatible; Googlebot/2.1; +http://www.google.com/bot.html)"
66.249.68.65 - - [20/Oct/2024:13:24:55 -0400] "GET /wp-content/plugins/easy-table-of-contents/vendor/js-cookie/js.cookie.min.js?ver=2.2.1 HTTP/1.1" 200 995 "https://dietcontrungnhanh.com/dich-vu-diet-chuot-quan-8/" "Mozilla/5.0 (Linux; Android 6.0.1; Nexus 5X Build/MMB29P) AppleWebKit/537.36 (KHTML, like Gecko) Chrome/129.0.6668.89 Mobile Safari/537.36 (compatible; Googlebot/2.1; +http://www.google.com/bot.html)"
