66.249.68.70 - - [20/Oct/2024:16:02:29 -0400] "GET /wikiindex.php HTTP/1.1" 404 16555 "-" "Mozilla/5.0 (Linux; Android 6.0.1; Nexus 5X Build/MMB29P) AppleWebKit/537.36 (KHTML, like Gecko) Chrome/129.0.6668.89 Mobile Safari/537.36 (compatible; Googlebot/2.1; +http://www.google.com/bot.html)"
162.213.251.195 - - [20/Oct/2024:16:03:45 -0400] "POST /wp-cron.php?doing_wp_cron=1729454625.5409131050109863281250 HTTP/1.1" 200 0 "-" "WordPress/6.6.2; https://dietcontrungnhanh.com"
66.249.68.70 - - [20/Oct/2024:16:03:44 -0400] "GET /wp-admin/admin.php?page=3Ditsec-vulnerabiliti= HTTP/1.1" 302 0 "-" "Mozilla/5.0 (Linux; Android 6.0.1; Nexus 5X Build/MMB29P) AppleWebKit/537.36 (KHTML, like Gecko) Chrome/129.0.6668.89 Mobile Safari/537.36 (compatible; Googlebot/2.1; +http://www.google.com/bot.html)"
162.213.251.195 - - [20/Oct/2024:16:03:47 -0400] "POST /wp-cron.php?doing_wp_cron=1729454627.0586230754852294921875 HTTP/1.1" 200 0 "-" "WordPress/6.6.2; https://dietcontrungnhanh.com"
66.249.68.69 - - [20/Oct/2024:16:03:46 -0400] "GET /wp-login.php?redirect_to=https%3A%2F%2Fdietcontrungnhanh.com%2Fwp-admin%2Fadmin.php%3Fpage%3D3Ditsec-vulnerabiliti%3D&reauth=1 HTTP/1.1" 200 2834 "-" "Mozilla/5.0 (Linux; Android 6.0.1; Nexus 5X Build/MMB29P) AppleWebKit/537.36 (KHTML, like Gecko) Chrome/129.0.6668.89 Mobile Safari/537.36 (compatible; Googlebot/2.1; +http://www.google.com/bot.html)"
162.213.251.195 - - [20/Oct/2024:16:04:49 -0400] "POST /wp-cron.php?doing_wp_cron=1729454689.0141940116882324218750 HTTP/1.1" 200 0 "-" "WordPress/6.6.2; https://dietcontrungnhanh.com"
216.244.66.234 - - [20/Oct/2024:16:04:48 -0400] "GET /feed/ HTTP/1.1" 200 11860 "-" "Mozilla/5.0 (compatible; DotBot/1.2; +https://opensiteexplorer.org/dotbot; [email protected])"
162.213.251.195 - - [20/Oct/2024:16:05:17 -0400] "POST /wp-cron.php?doing_wp_cron=1729454717.6899650096893310546875 HTTP/1.1" 200 0 "-" "WordPress/6.6.2; https://dietcontrungnhanh.com"
66.249.68.68 - - [20/Oct/2024:16:05:17 -0400] "GET /3.php HTTP/1.1" 404 16552 "-" "Mozilla/5.0 (Linux; Android 6.0.1; Nexus 5X Build/MMB29P) AppleWebKit/537.36 (KHTML, like Gecko) Chrome/129.0.6668.89 Mobile Safari/537.36 (compatible; Googlebot/2.1; +http://www.google.com/bot.html)"
162.213.251.195 - - [20/Oct/2024:16:15:59 -0400] "POST /wp-cron.php?doing_wp_cron=1729455359.4598701000213623046875 HTTP/1.1" 200 0 "-" "WordPress/6.6.2; https://dietcontrungnhanh.com"
162.213.251.195 - - [20/Oct/2024:16:16:00 -0400] "POST /wp-admin/admin-ajax.php?action=as_async_request_queue_runner&nonce=c596b4390d HTTP/1.1" 200 0 "-" "WordPress/6.6.2; https://dietcontrungnhanh.com"
66.249.68.64 - - [20/Oct/2024:16:15:51 -0400] "GET /wp-admin/admin.php?page=3Ditsec-logs&filt= HTTP/1.1" 302 0 "-" "Mozilla/5.0 (Linux; Android 6.0.1; Nexus 5X Build/MMB29P) AppleWebKit/537.36 (KHTML, like Gecko) Chrome/129.0.6668.89 Mobile Safari/537.36 (compatible; Googlebot/2.1; +http://www.google.com/bot.html)"
162.213.251.195 - - [20/Oct/2024:16:16:02 -0400] "POST /wp-cron.php?doing_wp_cron=1729455361.8488380908966064453125 HTTP/1.1" 200 0 "-" "WordPress/6.6.2; https://dietcontrungnhanh.com"
66.249.68.64 - - [20/Oct/2024:16:16:01 -0400] "GET /wp-login.php?redirect_to=https%3A%2F%2Fdietcontrungnhanh.com%2Fwp-admin%2Fadmin.php%3Fpage%3D3Ditsec-logs%26filt%3D&reauth=1 HTTP/1.1" 200 2855 "-" "Mozilla/5.0 (Linux; Android 6.0.1; Nexus 5X Build/MMB29P) AppleWebKit/537.36 (KHTML, like Gecko) Chrome/129.0.6668.89 Mobile Safari/537.36 (compatible; Googlebot/2.1; +http://www.google.com/bot.html)"
162.213.251.195 - - [20/Oct/2024:16:20:19 -0400] "POST /wp-cron.php?doing_wp_cron=1729455619.5066831111907958984375 HTTP/1.1" 200 0 "-" "WordPress/6.6.2; https://dietcontrungnhanh.com"
66.249.68.65 - - [20/Oct/2024:16:20:16 -0400] "GET /wp-admin/comment.php?action=approve&c=122 HTTP/1.1" 302 0 "-" "Mozilla/5.0 (Linux; Android 6.0.1; Nexus 5X Build/MMB29P) AppleWebKit/537.36 (KHTML, like Gecko) Chrome/129.0.6668.89 Mobile Safari/537.36 (compatible; Googlebot/2.1; +http://www.google.com/bot.html)"
162.213.251.195 - - [20/Oct/2024:16:20:20 -0400] "POST /wp-cron.php?doing_wp_cron=1729455620.6913800239562988281250 HTTP/1.1" 200 0 "-" "WordPress/6.6.2; https://dietcontrungnhanh.com"
66.249.68.64 - - [20/Oct/2024:16:20:20 -0400] "GET /wp-login.php?redirect_to=https%3A%2F%2Fdietcontrungnhanh.com%2Fwp-admin%2Fcomment.php%3Faction%3Dapprove%26c%3D122&reauth=1 HTTP/1.1" 200 2846 "-" "Mozilla/5.0 (Linux; Android 6.0.1; Nexus 5X Build/MMB29P) AppleWebKit/537.36 (KHTML, like Gecko) Chrome/129.0.6668.89 Mobile Safari/537.36 (compatible; Googlebot/2.1; +http://www.google.com/bot.html)"
162.213.251.195 - - [20/Oct/2024:16:27:47 -0400] "POST /wp-cron.php?doing_wp_cron=1729456067.0551350116729736328125 HTTP/1.1" 200 0 "-" "WordPress/6.6.2; https://dietcontrungnhanh.com"
66.249.68.70 - - [20/Oct/2024:16:27:44 -0400] "GET /wp-admin/comment.php?action=trash&c=122 HTTP/1.1" 302 0 "-" "Mozilla/5.0 (Linux; Android 6.0.1; Nexus 5X Build/MMB29P) AppleWebKit/537.36 (KHTML, like Gecko) Chrome/129.0.6668.89 Mobile Safari/537.36 (compatible; Googlebot/2.1; +http://www.google.com/bot.html)"
66.249.68.69 - - [20/Oct/2024:16:27:47 -0400] "GET /wp-login.php?redirect_to=https%3A%2F%2Fdietcontrungnhanh.com%2Fwp-admin%2Fcomment.php%3Faction%3Dtrash%26c%3D122&reauth=1 HTTP/1.1" 200 2847 "-" "Mozilla/5.0 (Linux; Android 6.0.1; Nexus 5X Build/MMB29P) AppleWebKit/537.36 (KHTML, like Gecko) Chrome/129.0.6668.89 Mobile Safari/537.36 (compatible; Googlebot/2.1; +http://www.google.com/bot.html)"
162.213.251.195 - - [20/Oct/2024:16:34:03 -0400] "POST /wp-cron.php?doing_wp_cron=1729456443.4383289813995361328125 HTTP/1.1" 200 0 "-" "WordPress/6.6.2; https://dietcontrungnhanh.com"
207.46.13.168 - - [20/Oct/2024:16:33:58 -0400] "GET /sitemap_index.xml HTTP/1.1" 200 366 "-" "Mozilla/5.0 AppleWebKit/537.36 (KHTML, like Gecko; compatible; bingbot/2.0; +http://www.bing.com/bingbot.htm) Chrome/116.0.1938.76 Safari/537.36"
162.213.251.195 - - [20/Oct/2024:16:35:18 -0400] "POST /wp-cron.php?doing_wp_cron=1729456517.9818150997161865234375 HTTP/1.1" 200 0 "-" "WordPress/6.6.2; https://dietcontrungnhanh.com"
66.249.68.68 - - [20/Oct/2024:16:35:17 -0400] "GET /kindex.php HTTP/1.1" 404 16536 "-" "Mozilla/5.0 (Linux; Android 6.0.1; Nexus 5X Build/MMB29P) AppleWebKit/537.36 (KHTML, like Gecko) Chrome/129.0.6668.89 Mobile Safari/537.36 (compatible; Googlebot/2.1; +http://www.google.com/bot.html)"
162.213.251.195 - - [20/Oct/2024:16:37:08 -0400] "POST /wp-cron.php?doing_wp_cron=1729456628.2994399070739746093750 HTTP/1.1" 200 0 "-" "WordPress/6.6.2; https://dietcontrungnhanh.com"
192.227.168.135 - - [20/Oct/2024:16:37:05 -0400] "GET /dich-vu-diet-con-trung/feed/ HTTP/1.1" 404 18721 "-" "-"
162.213.251.195 - - [20/Oct/2024:16:39:47 -0400] "POST /wp-cron.php?doing_wp_cron=1729456787.1484029293060302734375 HTTP/1.1" 200 0 "-" "WordPress/6.6.2; https://dietcontrungnhanh.com"
66.249.68.69 - - [20/Oct/2024:16:39:44 -0400] "GET /wp-admin/comment.php?action=spam&c=122 HTTP/1.1" 302 0 "-" "Mozilla/5.0 (Linux; Android 6.0.1; Nexus 5X Build/MMB29P) AppleWebKit/537.36 (KHTML, like Gecko) Chrome/129.0.6668.89 Mobile Safari/537.36 (compatible; Googlebot/2.1; +http://www.google.com/bot.html)"
66.249.68.68 - - [20/Oct/2024:16:39:47 -0400] "GET /wp-login.php?redirect_to=https%3A%2F%2Fdietcontrungnhanh.com%2Fwp-admin%2Fcomment.php%3Faction%3Dspam%26c%3D122&reauth=1 HTTP/1.1" 200 2841 "-" "Mozilla/5.0 (Linux; Android 6.0.1; Nexus 5X Build/MMB29P) AppleWebKit/537.36 (KHTML, like Gecko) Chrome/129.0.6668.89 Mobile Safari/537.36 (compatible; Googlebot/2.1; +http://www.google.com/bot.html)"
162.213.251.195 - - [20/Oct/2024:16:44:41 -0400] "POST /wp-cron.php?doing_wp_cron=1729457080.8978528976440429687500 HTTP/1.1" 200 0 "-" "WordPress/6.6.2; https://dietcontrungnhanh.com"
20.171.206.104 - - [20/Oct/2024:16:44:38 -0400] "GET /robots.txt HTTP/1.1" 200 116 "-" "Mozilla/5.0 AppleWebKit/537.36 (KHTML, like Gecko; compatible; GPTBot/1.2; +https://openai.com/gptbot)"
162.213.251.195 - - [20/Oct/2024:16:45:59 -0400] "POST /wp-cron.php?doing_wp_cron=1729457159.5770819187164306640625 HTTP/1.1" 200 0 "-" "WordPress/6.6.2; https://dietcontrungnhanh.com"
205.185.115.168 - - [20/Oct/2024:16:45:59 -0400] "GET /wp-login.php HTTP/1.1" 200 2812 "-" "Mozilla/5.0 (Macintosh; Intel Mac OS X 10.8; rv:30.0) Gecko/20100101 Firefox/30.0"
205.185.115.168 - - [20/Oct/2024:16:46:00 -0400] "POST /wp-login.php HTTP/1.1" 200 2994 "-" "Mozilla/5.0 (Macintosh; Intel Mac OS X 10.8; rv:30.0) Gecko/20100101 Firefox/30.0"
162.213.251.195 - - [20/Oct/2024:16:49:27 -0400] "POST /wp-cron.php?doing_wp_cron=1729457367.1314299106597900390625 HTTP/1.1" 200 0 "-" "WordPress/6.6.2; https://dietcontrungnhanh.com"
66.249.66.38 - - [20/Oct/2024:16:49:24 -0400] "GET /robots.txt HTTP/1.1" 301 0 "-" "Mozilla/5.0 (compatible; Googlebot/2.1; +http://www.google.com/bot.html)"
162.213.251.195 - - [20/Oct/2024:16:49:28 -0400] "POST /wp-cron.php?doing_wp_cron=1729457368.7172400951385498046875 HTTP/1.1" 200 0 "-" "WordPress/6.6.2; https://dietcontrungnhanh.com"
66.249.71.45 - - [20/Oct/2024:16:49:28 -0400] "GET / HTTP/1.1" 301 0 "-" "Mozilla/5.0 (Linux; Android 6.0.1; Nexus 5X Build/MMB29P) AppleWebKit/537.36 (KHTML, like Gecko) Chrome/129.0.6668.89 Mobile Safari/537.36 (compatible; Googlebot/2.1; +http://www.google.com/bot.html)"
66.249.68.64 - - [20/Oct/2024:16:49:46 -0400] "GET /wp-content/themes/123web-vn/style.css?ver=3.0 HTTP/1.1" 200 3621 "https://dietcontrungnhanh.com/" "Mozilla/5.0 (Linux; Android 6.0.1; Nexus 5X Build/MMB29P) AppleWebKit/537.36 (KHTML, like Gecko) Chrome/129.0.6668.89 Mobile Safari/537.36 (compatible; Googlebot/2.1; +http://www.google.com/bot.html)"
66.249.68.71 - - [20/Oct/2024:16:49:46 -0400] "GET /wp-content/plugins/woocommerce/assets/js/sourcebuster/sourcebuster.min.js?ver=9.1.4 HTTP/1.1" 200 4609 "https://dietcontrungnhanh.com/" "Mozilla/5.0 (Linux; Android 6.0.1; Nexus 5X Build/MMB29P) AppleWebKit/537.36 (KHTML, like Gecko) Chrome/129.0.6668.89 Mobile Safari/537.36 (compatible; Googlebot/2.1; +http://www.google.com/bot.html)"
162.213.251.195 - - [20/Oct/2024:16:49:47 -0400] "POST /wp-cron.php?doing_wp_cron=1729457387.4703960418701171875000 HTTP/1.1" 200 0 "-" "WordPress/6.6.2; https://dietcontrungnhanh.com"
66.249.68.64 - - [20/Oct/2024:16:49:47 -0400] "POST /?wc-ajax=get_refreshed_fragments HTTP/1.1" 200 1500 "https://dietcontrungnhanh.com/" "Mozilla/5.0 (Linux; Android 6.0.1; Nexus 5X Build/MMB29P) AppleWebKit/537.36 (KHTML, like Gecko) Chrome/129.0.6668.89 Mobile Safari/537.36 (compatible; Googlebot/2.1; +http://www.google.com/bot.html)"
66.249.71.43 - - [20/Oct/2024:16:49:51 -0400] "GET / HTTP/1.1" 301 0 "-" "Mozilla/5.0 (compatible; Googlebot/2.1; +http://www.google.com/bot.html)"
162.213.251.195 - - [20/Oct/2024:16:49:52 -0400] "POST /wp-cron.php?doing_wp_cron=1729457391.8034920692443847656250 HTTP/1.1" 200 0 "-" "WordPress/6.6.2; https://dietcontrungnhanh.com"
66.249.66.37 - - [20/Oct/2024:16:49:51 -0400] "GET / HTTP/1.1" 301 0 "-" "Mozilla/5.0 (Linux; Android 6.0.1; Nexus 5X Build/MMB29P) AppleWebKit/537.36 (KHTML, like Gecko) Chrome/99.0.4844.84 Mobile Safari/537.36 (compatible; Googlebot/2.1; +http://www.google.com/bot.html)"
66.249.68.71 - - [20/Oct/2024:16:49:52 -0400] "GET / HTTP/1.1" 200 27113 "-" "Mozilla/5.0 (compatible; Googlebot/2.1; +http://www.google.com/bot.html)"
66.249.68.71 - - [20/Oct/2024:16:49:52 -0400] "GET / HTTP/1.1" 200 27009 "-" "Mozilla/5.0 (Linux; Android 6.0.1; Nexus 5X Build/MMB29P) AppleWebKit/537.36 (KHTML, like Gecko) Chrome/99.0.4844.84 Mobile Safari/537.36 (compatible; Googlebot/2.1; +http://www.google.com/bot.html)"
66.249.68.71 - - [20/Oct/2024:16:49:54 -0400] "GET /wp-content/themes/flatsome/assets/js/woocommerce.js?ver=49415fe6a9266f32f1f2 HTTP/1.1" 200 7093 "https://dietcontrungnhanh.com/" "Mozilla/5.0 AppleWebKit/537.36 (KHTML, like Gecko; compatible; Googlebot/2.1; +http://www.google.com/bot.html) Chrome/129.0.6668.89 Safari/537.36"
66.249.68.71 - - [20/Oct/2024:16:49:55 -0400] "POST /?wc-ajax=get_refreshed_fragments HTTP/1.1" 200 1500 "https://dietcontrungnhanh.com/" "Mozilla/5.0 (Linux; Android 6.0.1; Nexus 5X Build/MMB29P) AppleWebKit/537.36 (KHTML, like Gecko) Chrome/129.0.6668.89 Mobile Safari/537.36 (compatible; Googlebot/2.1; +http://www.google.com/bot.html)"
162.213.251.195 - - [20/Oct/2024:16:49:55 -0400] "POST /wp-cron.php?doing_wp_cron=1729457395.3511629104614257812500 HTTP/1.1" 200 0 "-" "WordPress/6.6.2; https://dietcontrungnhanh.com"
66.249.68.71 - - [20/Oct/2024:16:49:55 -0400] "POST /?wc-ajax=get_refreshed_fragments HTTP/1.1" 200 1500 "https://dietcontrungnhanh.com/" "Mozilla/5.0 AppleWebKit/537.36 (KHTML, like Gecko; compatible; Googlebot/2.1; +http://www.google.com/bot.html) Chrome/129.0.6668.89 Safari/537.36"
162.213.251.195 - - [20/Oct/2024:16:51:47 -0400] "POST /wp-cron.php?doing_wp_cron=1729457507.0543780326843261718750 HTTP/1.1" 200 0 "-" "WordPress/6.6.2; https://dietcontrungnhanh.com"
66.249.68.65 - - [20/Oct/2024:16:51:44 -0400] "GET /wp-admin/comment.php?action=trash&c=59 HTTP/1.1" 302 0 "-" "Mozilla/5.0 (Linux; Android 6.0.1; Nexus 5X Build/MMB29P) AppleWebKit/537.36 (KHTML, like Gecko) Chrome/129.0.6668.89 Mobile Safari/537.36 (compatible; Googlebot/2.1; +http://www.google.com/bot.html)"
162.213.251.195 - - [20/Oct/2024:16:51:48 -0400] "POST /wp-cron.php?doing_wp_cron=1729457508.1321949958801269531250 HTTP/1.1" 200 0 "-" "WordPress/6.6.2; https://dietcontrungnhanh.com"
66.249.68.64 - - [20/Oct/2024:16:51:47 -0400] "GET /wp-login.php?redirect_to=https%3A%2F%2Fdietcontrungnhanh.com%2Fwp-admin%2Fcomment.php%3Faction%3Dtrash%26c%3D59&reauth=1 HTTP/1.1" 200 2841 "-" "Mozilla/5.0 (Linux; Android 6.0.1; Nexus 5X Build/MMB29P) AppleWebKit/537.36 (KHTML, like Gecko) Chrome/129.0.6668.89 Mobile Safari/537.36 (compatible; Googlebot/2.1; +http://www.google.com/bot.html)"
20.192.27.50 - - [20/Oct/2024:16:52:28 -0400] "GET /wp-admin/css/ HTTP/1.1" 403 1242 "binance.com" "Mozilla/5.0 (Windows NT 10.0; Win64; x64) AppleWebKit/537.36 (KHTML, like Gecko) Chrome/90.0.4430.85 Safari/537.36"
162.213.251.195 - - [20/Oct/2024:17:02:47 -0400] "POST /wp-cron.php?doing_wp_cron=1729458167.4065248966217041015625 HTTP/1.1" 200 0 "-" "WordPress/6.6.2; https://dietcontrungnhanh.com"
104.244.73.120 - - [20/Oct/2024:17:02:42 -0400] "GET /wp-login.php HTTP/1.1" 200 2812 "-" "Mozilla/5.0 (Windows NT 6.3; WOW64) AppleWebKit/537.36 (KHTML, like Gecko) Chrome/36.0.1985.125 Safari/537.36"
162.213.251.195 - - [20/Oct/2024:17:02:48 -0400] "POST /wp-cron.php?doing_wp_cron=1729458168.3042960166931152343750 HTTP/1.1" 200 0 "-" "WordPress/6.6.2; https://dietcontrungnhanh.com"
104.244.73.120 - - [20/Oct/2024:17:02:48 -0400] "POST /wp-login.php HTTP/1.1" 200 3003 "-" "Mozilla/5.0 (Windows NT 6.3; WOW64) AppleWebKit/537.36 (KHTML, like Gecko) Chrome/36.0.1985.125 Safari/537.36"
66.249.68.69 - - [20/Oct/2024:17:03:44 -0400] "GET /wp-admin/comment.php?action=approve&c=7 HTTP/1.1" 302 0 "-" "Mozilla/5.0 (Linux; Android 6.0.1; Nexus 5X Build/MMB29P) AppleWebKit/537.36 (KHTML, like Gecko) Chrome/129.0.6668.89 Mobile Safari/537.36 (compatible; Googlebot/2.1; +http://www.google.com/bot.html)"
162.213.251.195 - - [20/Oct/2024:17:03:45 -0400] "POST /wp-cron.php?doing_wp_cron=1729458225.2098429203033447265625 HTTP/1.1" 200 0 "-" "WordPress/6.6.2; https://dietcontrungnhanh.com"
66.249.68.70 - - [20/Oct/2024:17:03:44 -0400] "GET /wp-admin/comment.php?action=approve&c=90 HTTP/1.1" 302 0 "-" "Mozilla/5.0 (Linux; Android 6.0.1; Nexus 5X Build/MMB29P) AppleWebKit/537.36 (KHTML, like Gecko) Chrome/129.0.6668.89 Mobile Safari/537.36 (compatible; Googlebot/2.1; +http://www.google.com/bot.html)"
66.249.68.70 - - [20/Oct/2024:17:03:45 -0400] "GET /wp-login.php?redirect_to=https%3A%2F%2Fdietcontrungnhanh.com%2Fwp-admin%2Fcomment.php%3Faction%3Dapprove%26c%3D7&reauth=1 HTTP/1.1" 200 2846 "-" "Mozilla/5.0 (Linux; Android 6.0.1; Nexus 5X Build/MMB29P) AppleWebKit/537.36 (KHTML, like Gecko) Chrome/129.0.6668.89 Mobile Safari/537.36 (compatible; Googlebot/2.1; +http://www.google.com/bot.html)"
66.249.68.69 - - [20/Oct/2024:17:03:45 -0400] "GET /wp-login.php?redirect_to=https%3A%2F%2Fdietcontrungnhanh.com%2Fwp-admin%2Fcomment.php%3Faction%3Dapprove%26c%3D90&reauth=1 HTTP/1.1" 200 2842 "-" "Mozilla/5.0 (Linux; Android 6.0.1; Nexus 5X Build/MMB29P) AppleWebKit/537.36 (KHTML, like Gecko) Chrome/129.0.6668.89 Mobile Safari/537.36 (compatible; Googlebot/2.1; +http://www.google.com/bot.html)"
162.213.251.195 - - [20/Oct/2024:17:13:00 -0400] "POST /wp-cron.php?doing_wp_cron=1729458779.0459909439086914062500 HTTP/1.1" 200 0 "-" "WordPress/6.6.2; https://dietcontrungnhanh.com"
205.185.125.234 - - [20/Oct/2024:17:12:50 -0400] "GET /wp-login.php HTTP/1.1" 200 2800 "-" "Mozilla/5.0 (Macintosh; Intel Mac OS X 10_9_4) AppleWebKit/537.78.2 (KHTML, like Gecko) Version/7.0.6 Safari/537.78.2"
205.185.125.234 - - [20/Oct/2024:17:13:01 -0400] "POST /wp-login.php HTTP/1.1" 200 2958 "-" "Mozilla/5.0 (Macintosh; Intel Mac OS X 10_9_4) AppleWebKit/537.78.2 (KHTML, like Gecko) Version/7.0.6 Safari/537.78.2"
162.213.251.195 - - [20/Oct/2024:17:14:23 -0400] "POST /wp-cron.php?doing_wp_cron=1729458862.7140610218048095703125 HTTP/1.1" 200 0 "-" "WordPress/6.6.2; https://dietcontrungnhanh.com"
2607:f298:6:a044::cef:15a6 - - [20/Oct/2024:17:14:21 -0400] "GET /wp-login.php HTTP/1.1" 200 2800 "http://dietcontrungnhanh.com/wp-login.php" "Mozilla/5.0 (X11; Fedora; Linux x86_64; rv:94.0) Gecko/20100101 Firefox/95.0"
162.213.251.195 - - [20/Oct/2024:17:14:24 -0400] "POST /wp-cron.php?doing_wp_cron=1729458864.6269700527191162109375 HTTP/1.1" 200 0 "-" "WordPress/6.6.2; https://dietcontrungnhanh.com"
2607:f298:6:a044::cef:15a6 - - [20/Oct/2024:17:14:24 -0400] "GET /?author=1 HTTP/1.1" 301 0 "http://dietcontrungnhanh.com///?author=1" "Mozilla/5.0 (X11; Fedora; Linux x86_64; rv:94.0) Gecko/20100101 Firefox/95.0"
162.213.251.195 - - [20/Oct/2024:17:14:26 -0400] "POST /wp-cron.php?doing_wp_cron=1729458865.8613541126251220703125 HTTP/1.1" 200 0 "-" "WordPress/6.6.2; https://dietcontrungnhanh.com"
2607:f298:6:a044::cef:15a6 - - [20/Oct/2024:17:14:25 -0400] "GET /author/admin/ HTTP/1.1" 200 19782 "https://dietcontrungnhanh.com/?author=1" "Mozilla/5.0 (X11; Fedora; Linux x86_64; rv:94.0) Gecko/20100101 Firefox/95.0"
162.213.251.195 - - [20/Oct/2024:17:14:28 -0400] "POST /wp-cron.php?doing_wp_cron=1729458867.9145390987396240234375 HTTP/1.1" 200 0 "-" "WordPress/6.6.2; https://dietcontrungnhanh.com"
2607:f298:6:a044::cef:15a6 - - [20/Oct/2024:17:14:27 -0400] "GET /wp-json/wp/v2/users/ HTTP/1.1" 200 66130 "http://dietcontrungnhanh.com///wp-json/wp/v2/users/" "Mozilla/5.0 (X11; Fedora; Linux x86_64; rv:94.0) Gecko/20100101 Firefox/95.0"
162.213.251.195 - - [20/Oct/2024:17:14:31 -0400] "POST /wp-cron.php?doing_wp_cron=1729458871.6671259403228759765625 HTTP/1.1" 200 0 "-" "WordPress/6.6.2; https://dietcontrungnhanh.com"
2607:f298:6:a044::cef:15a6 - - [20/Oct/2024:17:14:31 -0400] "GET /?author=2 HTTP/1.1" 200 19791 "http://dietcontrungnhanh.com///?author=2" "Mozilla/5.0 (X11; Fedora; Linux x86_64; rv:94.0) Gecko/20100101 Firefox/95.0"
162.213.251.195 - - [20/Oct/2024:17:14:53 -0400] "POST /wp-cron.php?doing_wp_cron=1729458892.8229539394378662109375 HTTP/1.1" 200 0 "-" "WordPress/6.6.2; https://dietcontrungnhanh.com"
20.171.206.73 - - [20/Oct/2024:17:14:52 -0400] "GET / HTTP/1.1" 200 27036 "-" "Mozilla/5.0 AppleWebKit/537.36 (KHTML, like Gecko; compatible; GPTBot/1.2; +https://openai.com/gptbot)"
162.213.251.195 - - [20/Oct/2024:17:15:18 -0400] "POST /wp-cron.php?doing_wp_cron=1729458918.4276969432830810546875 HTTP/1.1" 200 0 "-" "WordPress/6.6.2; https://dietcontrungnhanh.com"
66.249.68.68 - - [20/Oct/2024:17:15:18 -0400] "GET /blog/wp-includes/ HTTP/1.1" 404 18698 "-" "Mozilla/5.0 (Linux; Android 6.0.1; Nexus 5X Build/MMB29P) AppleWebKit/537.36 (KHTML, like Gecko) Chrome/129.0.6668.89 Mobile Safari/537.36 (compatible; GoogleOther)"
162.213.251.195 - - [20/Oct/2024:17:16:19 -0400] "POST /wp-cron.php?doing_wp_cron=1729458979.5130660533905029296875 HTTP/1.1" 200 0 "-" "WordPress/6.6.2; https://dietcontrungnhanh.com"
66.249.68.68 - - [20/Oct/2024:17:16:18 -0400] "GET /wp-admin/comment.php?action=spam&c=90 HTTP/1.1" 302 0 "-" "Mozilla/5.0 (Linux; Android 6.0.1; Nexus 5X Build/MMB29P) AppleWebKit/537.36 (KHTML, like Gecko) Chrome/129.0.6668.89 Mobile Safari/537.36 (compatible; Googlebot/2.1; +http://www.google.com/bot.html)"
162.213.251.195 - - [20/Oct/2024:17:16:20 -0400] "POST /wp-cron.php?doing_wp_cron=1729458980.5198318958282470703125 HTTP/1.1" 200 0 "-" "WordPress/6.6.2; https://dietcontrungnhanh.com"
66.249.68.70 - - [20/Oct/2024:17:16:20 -0400] "GET /wp-login.php?redirect_to=https%3A%2F%2Fdietcontrungnhanh.com%2Fwp-admin%2Fcomment.php%3Faction%3Dspam%26c%3D90&reauth=1 HTTP/1.1" 200 2844 "-" "Mozilla/5.0 (Linux; Android 6.0.1; Nexus 5X Build/MMB29P) AppleWebKit/537.36 (KHTML, like Gecko) Chrome/129.0.6668.89 Mobile Safari/537.36 (compatible; Googlebot/2.1; +http://www.google.com/bot.html)"
162.213.251.195 - - [20/Oct/2024:17:19:25 -0400] "POST /wp-cron.php?doing_wp_cron=1729459165.3951039314270019531250 HTTP/1.1" 200 0 "-" "WordPress/6.6.2; https://dietcontrungnhanh.com"
66.249.68.70 - - [20/Oct/2024:17:19:21 -0400] "GET /wp-admin/comment.php?action=trash&c=114 HTTP/1.1" 302 0 "-" "Mozilla/5.0 (Linux; Android 6.0.1; Nexus 5X Build/MMB29P) AppleWebKit/537.36 (KHTML, like Gecko) Chrome/129.0.6668.89 Mobile Safari/537.36 (compatible; Googlebot/2.1; +http://www.google.com/bot.html)"
162.213.251.195 - - [20/Oct/2024:17:19:26 -0400] "POST /wp-cron.php?doing_wp_cron=1729459166.4370551109313964843750 HTTP/1.1" 200 0 "-" "WordPress/6.6.2; https://dietcontrungnhanh.com"
66.249.68.69 - - [20/Oct/2024:17:19:26 -0400] "GET /wp-login.php?redirect_to=https%3A%2F%2Fdietcontrungnhanh.com%2Fwp-admin%2Fcomment.php%3Faction%3Dtrash%26c%3D114&reauth=1 HTTP/1.1" 200 2847 "-" "Mozilla/5.0 (Linux; Android 6.0.1; Nexus 5X Build/MMB29P) AppleWebKit/537.36 (KHTML, like Gecko) Chrome/129.0.6668.89 Mobile Safari/537.36 (compatible; Googlebot/2.1; +http://www.google.com/bot.html)"
162.213.251.195 - - [20/Oct/2024:17:21:30 -0400] "POST /wp-cron.php?doing_wp_cron=1729459290.1722629070281982421875 HTTP/1.1" 200 0 "-" "WordPress/6.6.2; https://dietcontrungnhanh.com"
66.249.68.70 - - [20/Oct/2024:17:21:27 -0400] "GET /small.php HTTP/1.1" 404 16534 "-" "Mozilla/5.0 (Linux; Android 6.0.1; Nexus 5X Build/MMB29P) AppleWebKit/537.36 (KHTML, like Gecko) Chrome/129.0.6668.89 Mobile Safari/537.36 (compatible; Googlebot/2.1; +http://www.google.com/bot.html)"
162.213.251.195 - - [20/Oct/2024:17:22:07 -0400] "POST /wp-cron.php?doing_wp_cron=1729459326.9293169975280761718750 HTTP/1.1" 200 0 "-" "WordPress/6.6.2; https://dietcontrungnhanh.com"
205.210.31.9 - - [20/Oct/2024:17:22:06 -0400] "GET / HTTP/1.1" 301 0 "-" "-"
162.213.251.195 - - [20/Oct/2024:17:22:08 -0400] "POST /wp-cron.php?doing_wp_cron=1729459328.4642059803009033203125 HTTP/1.1" 200 0 "-" "WordPress/6.6.2; https://dietcontrungnhanh.com"
205.210.31.9 - - [20/Oct/2024:17:22:07 -0400] "GET / HTTP/1.1" 200 26998 "-" "-"
2400:8d60:8::61f8:79ff - - [20/Oct/2024:17:23:36 -0400] "GET /.env HTTP/1.1" 403 1242 "-" "Mozilla/5.0 (Macintosh; Intel Mac OS X 10.15; rv:77.0) Gecko/20100101 Firefox/77.0"
162.213.251.195 - - [20/Oct/2024:17:27:48 -0400] "POST /wp-cron.php?doing_wp_cron=1729459668.1892399787902832031250 HTTP/1.1" 200 0 "-" "WordPress/6.6.2; https://dietcontrungnhanh.com"
66.249.68.71 - - [20/Oct/2024:17:27:44 -0400] "GET /wp-admin/comment.php?action=approve&c=112 HTTP/1.1" 302 0 "-" "Mozilla/5.0 (Linux; Android 6.0.1; Nexus 5X Build/MMB29P) AppleWebKit/537.36 (KHTML, like Gecko) Chrome/129.0.6668.89 Mobile Safari/537.36 (compatible; Googlebot/2.1; +http://www.google.com/bot.html)"
162.213.251.195 - - [20/Oct/2024:17:27:49 -0400] "POST /wp-cron.php?doing_wp_cron=1729459669.1056098937988281250000 HTTP/1.1" 200 0 "-" "WordPress/6.6.2; https://dietcontrungnhanh.com"
66.249.68.71 - - [20/Oct/2024:17:27:48 -0400] "GET /wp-login.php?redirect_to=https%3A%2F%2Fdietcontrungnhanh.com%2Fwp-admin%2Fcomment.php%3Faction%3Dapprove%26c%3D112&reauth=1 HTTP/1.1" 200 2838 "-" "Mozilla/5.0 (Linux; Android 6.0.1; Nexus 5X Build/MMB29P) AppleWebKit/537.36 (KHTML, like Gecko) Chrome/129.0.6668.89 Mobile Safari/537.36 (compatible; Googlebot/2.1; +http://www.google.com/bot.html)"
162.213.251.195 - - [20/Oct/2024:17:34:32 -0400] "POST /wp-cron.php?doing_wp_cron=1729460072.4955160617828369140625 HTTP/1.1" 200 0 "-" "WordPress/6.6.2; https://dietcontrungnhanh.com"
66.249.68.69 - - [20/Oct/2024:17:34:28 -0400] "GET /dcs.php HTTP/1.1" 404 16525 "-" "Mozilla/5.0 (Linux; Android 6.0.1; Nexus 5X Build/MMB29P) AppleWebKit/537.36 (KHTML, like Gecko) Chrome/129.0.6668.89 Mobile Safari/537.36 (compatible; Googlebot/2.1; +http://www.google.com/bot.html)"
162.213.251.195 - - [20/Oct/2024:17:35:01 -0400] "POST /wp-cron.php?doing_wp_cron=1729460101.4354569911956787109375 HTTP/1.1" 200 0 "-" "WordPress/6.6.2; https://dietcontrungnhanh.com"
103.131.71.42 - - [20/Oct/2024:17:35:00 -0400] "GET /robots.txt HTTP/1.1" 200 116 "-" "Mozilla/5.0 (compatible; coccocbot-image/1.0; +http://help.coccoc.com/searchengine)"
20.171.206.109 - - [20/Oct/2024:17:35:08 -0400] "GET /wp-content/plugins/woocommerce/assets/client/blocks/wc-blocks.css?ver=wc-9.1.4 HTTP/1.1" 200 2339 "-" "Mozilla/5.0 AppleWebKit/537.36 (KHTML, like Gecko; compatible; GPTBot/1.2; +https://openai.com/gptbot)"
20.171.206.109 - - [20/Oct/2024:17:35:10 -0400] "GET /wp-content/themes/flatsome/assets/css/flatsome-shop.css?ver=3.18.7 HTTP/1.1" 200 6391 "-" "Mozilla/5.0 AppleWebKit/537.36 (KHTML, like Gecko; compatible; GPTBot/1.2; +https://openai.com/gptbot)"
162.213.251.195 - - [20/Oct/2024:17:35:13 -0400] "POST /wp-cron.php?doing_wp_cron=1729460113.1767380237579345703125 HTTP/1.1" 200 0 "-" "WordPress/6.6.2; https://dietcontrungnhanh.com"
20.171.206.109 - - [20/Oct/2024:17:35:12 -0400] "GET /feed/ HTTP/1.1" 200 11862 "-" "Mozilla/5.0 AppleWebKit/537.36 (KHTML, like Gecko; compatible; GPTBot/1.2; +https://openai.com/gptbot)"
162.213.251.195 - - [20/Oct/2024:17:35:15 -0400] "POST /wp-cron.php?doing_wp_cron=1729460115.1472671031951904296875 HTTP/1.1" 200 0 "-" "WordPress/6.6.2; https://dietcontrungnhanh.com"
20.171.206.109 - - [20/Oct/2024:17:35:14 -0400] "GET / HTTP/1.1" 200 27059 "-" "Mozilla/5.0 AppleWebKit/537.36 (KHTML, like Gecko; compatible; GPTBot/1.2; +https://openai.com/gptbot)"
20.171.206.109 - - [20/Oct/2024:17:35:16 -0400] "GET /wp-content/plugins/woocommerce/assets/js/frontend/woocommerce.min.js?ver=9.1.4 HTTP/1.1" 200 814 "-" "Mozilla/5.0 AppleWebKit/537.36 (KHTML, like Gecko; compatible; GPTBot/1.2; +https://openai.com/gptbot)"
20.171.206.109 - - [20/Oct/2024:17:35:18 -0400] "GET /wp-content/themes/flatsome/assets/css/flatsome.css?ver=3.18.7 HTTP/1.1" 200 28781 "-" "Mozilla/5.0 AppleWebKit/537.36 (KHTML, like Gecko; compatible; GPTBot/1.2; +https://openai.com/gptbot)"
20.171.206.109 - - [20/Oct/2024:17:35:20 -0400] "GET /wp-content/themes/flatsome/assets/js/flatsome.js?ver=a0a7aee297766598a20e HTTP/1.1" 200 16076 "-" "Mozilla/5.0 AppleWebKit/537.36 (KHTML, like Gecko; compatible; GPTBot/1.2; +https://openai.com/gptbot)"
20.171.206.109 - - [20/Oct/2024:17:35:21 -0400] "GET /wp-content/plugins/contact-form-7/includes/js/index.js?ver=5.9.8 HTTP/1.1" 200 4002 "-" "Mozilla/5.0 AppleWebKit/537.36 (KHTML, like Gecko; compatible; GPTBot/1.2; +https://openai.com/gptbot)"
20.171.206.109 - - [20/Oct/2024:17:35:22 -0400] "GET /wp-content/plugins/woocommerce/assets/js/frontend/add-to-cart.min.js?ver=9.1.4 HTTP/1.1" 200 989 "-" "Mozilla/5.0 AppleWebKit/537.36 (KHTML, like Gecko; compatible; GPTBot/1.2; +https://openai.com/gptbot)"
20.171.206.109 - - [20/Oct/2024:17:35:24 -0400] "GET /wp-content/themes/flatsome/inc/extensions/flatsome-live-search/flatsome-live-search.js?ver=3.18.7 HTTP/1.1" 200 4709 "-" "Mozilla/5.0 AppleWebKit/537.36 (KHTML, like Gecko; compatible; GPTBot/1.2; +https://openai.com/gptbot)"
20.171.206.115 - - [20/Oct/2024:17:35:25 -0400] "GET /wp-content/themes/flatsome/assets/js/chunk.tooltips.js?ver=3.18.7 HTTP/1.1" 200 9748 "-" "Mozilla/5.0 AppleWebKit/537.36 (KHTML, like Gecko; compatible; GPTBot/1.2; +https://openai.com/gptbot)"
20.171.206.115 - - [20/Oct/2024:17:35:26 -0400] "GET /wp-includes/js/jquery/jquery.min.js?ver=3.7.1 HTTP/1.1" 200 29744 "-" "Mozilla/5.0 AppleWebKit/537.36 (KHTML, like Gecko; compatible; GPTBot/1.2; +https://openai.com/gptbot)"
20.171.206.115 - - [20/Oct/2024:17:35:27 -0400] "GET /wp-content/themes/flatsome/assets/js/chunk.slider.js?ver=3.18.7 HTTP/1.1" 200 12985 "-" "Mozilla/5.0 AppleWebKit/537.36 (KHTML, like Gecko; compatible; GPTBot/1.2; +https://openai.com/gptbot)"
20.171.206.115 - - [20/Oct/2024:17:35:29 -0400] "GET /wp-includes/js/jquery/jquery-migrate.min.js?ver=3.4.1 HTTP/1.1" 200 4678 "-" "Mozilla/5.0 AppleWebKit/537.36 (KHTML, like Gecko; compatible; GPTBot/1.2; +https://openai.com/gptbot)"
20.171.206.115 - - [20/Oct/2024:17:35:30 -0400] "GET /wp-content/plugins/contact-form-7/includes/css/styles.css?ver=5.9.8 HTTP/1.1" 200 890 "-" "Mozilla/5.0 AppleWebKit/537.36 (KHTML, like Gecko; compatible; GPTBot/1.2; +https://openai.com/gptbot)"
20.171.206.115 - - [20/Oct/2024:17:35:31 -0400] "GET /wp-includes/js/dist/hooks.min.js?ver=2810c76e705dd1a53b18 HTTP/1.1" 200 1460 "-" "Mozilla/5.0 AppleWebKit/537.36 (KHTML, like Gecko; compatible; GPTBot/1.2; +https://openai.com/gptbot)"
20.171.206.115 - - [20/Oct/2024:17:35:32 -0400] "GET /wp-includes/js/dist/i18n.min.js?ver=5e580eb46a90c2b997e6 HTTP/1.1" 200 3542 "-" "Mozilla/5.0 AppleWebKit/537.36 (KHTML, like Gecko; compatible; GPTBot/1.2; +https://openai.com/gptbot)"
20.171.206.115 - - [20/Oct/2024:17:35:34 -0400] "GET /wp-content/plugins/woocommerce/assets/js/frontend/order-attribution.min.js?ver=9.1.4 HTTP/1.1" 200 1006 "-" "Mozilla/5.0 AppleWebKit/537.36 (KHTML, like Gecko; compatible; GPTBot/1.2; +https://openai.com/gptbot)"
20.171.206.115 - - [20/Oct/2024:17:35:35 -0400] "GET /wp-content/themes/flatsome/assets/js/chunk.popups.js?ver=3.18.7 HTTP/1.1" 200 6941 "-" "Mozilla/5.0 AppleWebKit/537.36 (KHTML, like Gecko; compatible; GPTBot/1.2; +https://openai.com/gptbot)"
20.171.206.115 - - [20/Oct/2024:17:35:36 -0400] "GET /wp-content/plugins/woocommerce/assets/js/sourcebuster/sourcebuster.min.js?ver=9.1.4 HTTP/1.1" 200 4609 "-" "Mozilla/5.0 AppleWebKit/537.36 (KHTML, like Gecko; compatible; GPTBot/1.2; +https://openai.com/gptbot)"
162.213.251.195 - - [20/Oct/2024:17:35:38 -0400] "POST /wp-cron.php?doing_wp_cron=1729460137.7239320278167724609375 HTTP/1.1" 200 0 "-" "WordPress/6.6.2; https://dietcontrungnhanh.com"
20.171.206.115 - - [20/Oct/2024:17:35:37 -0400] "GET /?s={search_term_string} HTTP/1.1" 200 19984 "-" "Mozilla/5.0 AppleWebKit/537.36 (KHTML, like Gecko; compatible; GPTBot/1.2; +https://openai.com/gptbot)"
162.213.251.195 - - [20/Oct/2024:17:35:39 -0400] "POST /wp-cron.php?doing_wp_cron=1729460139.0060210227966308593750 HTTP/1.1" 200 0 "-" "WordPress/6.6.2; https://dietcontrungnhanh.com"
20.171.206.115 - - [20/Oct/2024:17:35:38 -0400] "GET / HTTP/1.1" 200 27103 "-" "Mozilla/5.0 AppleWebKit/537.36 (KHTML, like Gecko; compatible; GPTBot/1.2; +https://openai.com/gptbot)"
20.171.206.115 - - [20/Oct/2024:17:35:40 -0400] "GET /wp-content/plugins/woocommerce/assets/js/frontend/cart-fragments.min.js?ver=9.1.4 HTTP/1.1" 200 943 "-" "Mozilla/5.0 AppleWebKit/537.36 (KHTML, like Gecko; compatible; GPTBot/1.2; +https://openai.com/gptbot)"
162.213.251.195 - - [20/Oct/2024:17:35:43 -0400] "POST /wp-cron.php?doing_wp_cron=1729460143.2513461112976074218750 HTTP/1.1" 200 0 "-" "WordPress/6.6.2; https://dietcontrungnhanh.com"
20.171.206.115 - - [20/Oct/2024:17:35:42 -0400] "GET / HTTP/1.1" 200 27092 "-" "Mozilla/5.0 AppleWebKit/537.36 (KHTML, like Gecko; compatible; GPTBot/1.2; +https://openai.com/gptbot)"
103.131.71.20 - - [20/Oct/2024:17:35:43 -0400] "GET /uploads/shops/thumb/pallet-go_1.jpg HTTP/1.1" 404 19588 "-" "Mozilla/5.0 (compatible; coccocbot-image/1.0; +http://help.coccoc.com/searchengine)"
20.171.206.115 - - [20/Oct/2024:17:35:44 -0400] "GET /wp-content/plugins/contact-form-7/includes/swv/js/index.js?ver=5.9.8 HTTP/1.1" 200 3228 "-" "Mozilla/5.0 AppleWebKit/537.36 (KHTML, like Gecko; compatible; GPTBot/1.2; +https://openai.com/gptbot)"
20.171.206.115 - - [20/Oct/2024:17:35:46 -0400] "GET /wp-content/plugins/woocommerce/assets/js/js-cookie/js.cookie.min.js?ver=2.1.4-wc.9.1.4 HTTP/1.1" 200 760 "-" "Mozilla/5.0 AppleWebKit/537.36 (KHTML, like Gecko; compatible; GPTBot/1.2; +https://openai.com/gptbot)"
20.171.206.115 - - [20/Oct/2024:17:35:48 -0400] "GET /wp-includes/js/hoverIntent.min.js?ver=1.10.2 HTTP/1.1" 200 668 "-" "Mozilla/5.0 AppleWebKit/537.36 (KHTML, like Gecko; compatible; GPTBot/1.2; +https://openai.com/gptbot)"
20.171.206.115 - - [20/Oct/2024:17:35:49 -0400] "GET /wp-content/themes/123web-vn/style.css?ver=3.0 HTTP/1.1" 200 3621 "-" "Mozilla/5.0 AppleWebKit/537.36 (KHTML, like Gecko; compatible; GPTBot/1.2; +https://openai.com/gptbot)"
20.171.206.115 - - [20/Oct/2024:17:35:50 -0400] "GET /wp-content/plugins/woocommerce/assets/js/jquery-blockui/jquery.blockUI.min.js?ver=2.7.0-wc.9.1.4 HTTP/1.1" 200 3277 "-" "Mozilla/5.0 AppleWebKit/537.36 (KHTML, like Gecko; compatible; GPTBot/1.2; +https://openai.com/gptbot)"
20.171.206.115 - - [20/Oct/2024:17:35:51 -0400] "GET /wp-content/themes/flatsome/assets/js/woocommerce.js?ver=49415fe6a9266f32f1f2 HTTP/1.1" 200 7093 "-" "Mozilla/5.0 AppleWebKit/537.36 (KHTML, like Gecko; compatible; GPTBot/1.2; +https://openai.com/gptbot)"
20.171.206.115 - - [20/Oct/2024:17:35:52 -0400] "GET /wp-content/plugins/perfmatters/js/lazyload.min.js?ver=2.3.0 HTTP/1.1" 200 3135 "-" "Mozilla/5.0 AppleWebKit/537.36 (KHTML, like Gecko; compatible; GPTBot/1.2; +https://openai.com/gptbot)"
162.213.251.195 - - [20/Oct/2024:17:40:39 -0400] "POST /wp-cron.php?doing_wp_cron=1729460439.1957869529724121093750 HTTP/1.1" 200 0 "-" "WordPress/6.6.2; https://dietcontrungnhanh.com"
66.249.68.70 - - [20/Oct/2024:17:40:33 -0400] "GET /wp-admin/comment.php?action=trash&c=112 HTTP/1.1" 302 0 "-" "Mozilla/5.0 (Linux; Android 6.0.1; Nexus 5X Build/MMB29P) AppleWebKit/537.36 (KHTML, like Gecko) Chrome/129.0.6668.89 Mobile Safari/537.36 (compatible; Googlebot/2.1; +http://www.google.com/bot.html)"
162.213.251.195 - - [20/Oct/2024:17:40:40 -0400] "POST /wp-cron.php?doing_wp_cron=1729460440.6053860187530517578125 HTTP/1.1" 200 0 "-" "WordPress/6.6.2; https://dietcontrungnhanh.com"
66.249.68.69 - - [20/Oct/2024:17:40:40 -0400] "GET /wp-login.php?redirect_to=https%3A%2F%2Fdietcontrungnhanh.com%2Fwp-admin%2Fcomment.php%3Faction%3Dtrash%26c%3D112&reauth=1 HTTP/1.1" 200 2846 "-" "Mozilla/5.0 (Linux; Android 6.0.1; Nexus 5X Build/MMB29P) AppleWebKit/537.36 (KHTML, like Gecko) Chrome/129.0.6668.89 Mobile Safari/537.36 (compatible; Googlebot/2.1; +http://www.google.com/bot.html)"
162.213.251.195 - - [20/Oct/2024:17:43:18 -0400] "POST /wp-cron.php?doing_wp_cron=1729460598.4932060241699218750000 HTTP/1.1" 200 0 "-" "WordPress/6.6.2; https://dietcontrungnhanh.com"
198.98.62.41 - - [20/Oct/2024:17:43:16 -0400] "GET /wp-login.php HTTP/1.1" 200 2812 "-" "Mozilla/5.0 (X11; Linux x86_64) AppleWebKit/537.36 (KHTML, like Gecko) Chrome/35.0.1916.153 Safari/537.36"
198.98.62.41 - - [20/Oct/2024:17:43:18 -0400] "POST /wp-login.php HTTP/1.1" 200 2994 "-" "Mozilla/5.0 (X11; Linux x86_64) AppleWebKit/537.36 (KHTML, like Gecko) Chrome/35.0.1916.153 Safari/537.36"
162.213.251.195 - - [20/Oct/2024:17:45:23 -0400] "POST /wp-cron.php?doing_wp_cron=1729460722.7827949523925781250000 HTTP/1.1" 200 0 "-" "WordPress/6.6.2; https://dietcontrungnhanh.com"
66.249.68.69 - - [20/Oct/2024:17:45:19 -0400] "GET /6index.php HTTP/1.1" 404 16531 "-" "Mozilla/5.0 (Linux; Android 6.0.1; Nexus 5X Build/MMB29P) AppleWebKit/537.36 (KHTML, like Gecko) Chrome/129.0.6668.89 Mobile Safari/537.36 (compatible; Googlebot/2.1; +http://www.google.com/bot.html)"
162.213.251.195 - - [20/Oct/2024:17:47:32 -0400] "POST /wp-cron.php?doing_wp_cron=1729460852.5004038810729980468750 HTTP/1.1" 200 0 "-" "WordPress/6.6.2; https://dietcontrungnhanh.com"
104.244.72.110 - - [20/Oct/2024:17:47:29 -0400] "GET /wp-login.php HTTP/1.1" 200 2812 "-" "Mozilla/5.0 (Macintosh; Intel Mac OS X 10_9_2) AppleWebKit/537.74.9 (KHTML, like Gecko) Version/7.0.2 Safari/537.74.9"
104.244.72.110 - - [20/Oct/2024:17:47:33 -0400] "POST /wp-login.php HTTP/1.1" 200 2963 "-" "Mozilla/5.0 (Macintosh; Intel Mac OS X 10_9_2) AppleWebKit/537.74.9 (KHTML, like Gecko) Version/7.0.2 Safari/537.74.9"
162.213.251.195 - - [20/Oct/2024:17:47:49 -0400] "POST /wp-cron.php?doing_wp_cron=1729460869.1017179489135742187500 HTTP/1.1" 200 0 "-" "WordPress/6.6.2; https://dietcontrungnhanh.com"
209.141.58.36 - - [20/Oct/2024:17:47:48 -0400] "GET /wp-login.php HTTP/1.1" 200 2800 "-" "Mozilla/5.0 (Macintosh; Intel Mac OS X 10_9_3) AppleWebKit/537.36 (KHTML, like Gecko) Chrome/35.0.1916.153 Safari/537.36"
209.141.58.36 - - [20/Oct/2024:17:47:49 -0400] "POST /wp-login.php HTTP/1.1" 200 3003 "-" "Mozilla/5.0 (Macintosh; Intel Mac OS X 10_9_3) AppleWebKit/537.36 (KHTML, like Gecko) Chrome/35.0.1916.153 Safari/537.36"
162.213.251.195 - - [20/Oct/2024:17:48:30 -0400] "POST /wp-cron.php?doing_wp_cron=1729460910.4408700466156005859375 HTTP/1.1" 200 0 "-" "WordPress/6.6.2; https://dietcontrungnhanh.com"
194.38.20.13 - - [20/Oct/2024:17:48:30 -0400] "GET /components/com_facileforms/libraries/jquery/tooltip.js HTTP/1.1" 404 17108 "-" "ALittle Client"
162.213.251.195 - - [20/Oct/2024:17:50:27 -0400] "POST /wp-cron.php?doing_wp_cron=1729461027.4292149543762207031250 HTTP/1.1" 200 0 "-" "WordPress/6.6.2; https://dietcontrungnhanh.com"
66.249.68.64 - - [20/Oct/2024:17:50:25 -0400] "GET /wp-includes/css/gelay.php HTTP/1.1" 404 17404 "-" "Mozilla/5.0 (Linux; Android 6.0.1; Nexus 5X Build/MMB29P) AppleWebKit/537.36 (KHTML, like Gecko) Chrome/129.0.6668.89 Mobile Safari/537.36 (compatible; Googlebot/2.1; +http://www.google.com/bot.html)"
66.249.68.64 - - [20/Oct/2024:17:51:28 -0400] "GET /wp-admin/maint/langar.php HTTP/1.1" 404 17379 "-" "Mozilla/5.0 (Linux; Android 6.0.1; Nexus 5X Build/MMB29P) AppleWebKit/537.36 (KHTML, like Gecko) Chrome/129.0.6668.89 Mobile Safari/537.36 (compatible; Googlebot/2.1; +http://www.google.com/bot.html)"
162.213.251.195 - - [20/Oct/2024:17:51:29 -0400] "POST /wp-cron.php?doing_wp_cron=1729461088.8642859458923339843750 HTTP/1.1" 200 0 "-" "WordPress/6.6.2; https://dietcontrungnhanh.com"
66.249.68.64 - - [20/Oct/2024:17:51:28 -0400] "GET /wp-admin/comment.php?action=spam&c=65 HTTP/1.1" 302 0 "-" "Mozilla/5.0 (Linux; Android 6.0.1; Nexus 5X Build/MMB29P) AppleWebKit/537.36 (KHTML, like Gecko) Chrome/129.0.6668.89 Mobile Safari/537.36 (compatible; Googlebot/2.1; +http://www.google.com/bot.html)"
162.213.251.195 - - [20/Oct/2024:17:51:30 -0400] "POST /wp-cron.php?doing_wp_cron=1729461089.7725780010223388671875 HTTP/1.1" 200 0 "-" "WordPress/6.6.2; https://dietcontrungnhanh.com"
66.249.68.64 - - [20/Oct/2024:17:51:29 -0400] "GET /wp-login.php?redirect_to=https%3A%2F%2Fdietcontrungnhanh.com%2Fwp-admin%2Fcomment.php%3Faction%3Dspam%26c%3D65&reauth=1 HTTP/1.1" 200 2832 "-" "Mozilla/5.0 (Linux; Android 6.0.1; Nexus 5X Build/MMB29P) AppleWebKit/537.36 (KHTML, like Gecko) Chrome/129.0.6668.89 Mobile Safari/537.36 (compatible; Googlebot/2.1; +http://www.google.com/bot.html)"
162.213.251.195 - - [20/Oct/2024:17:51:40 -0400] "POST /wp-cron.php?doing_wp_cron=1729461100.2311859130859375000000 HTTP/1.1" 200 0 "-" "WordPress/6.6.2; https://dietcontrungnhanh.com"
45.61.187.219 - - [20/Oct/2024:17:51:39 -0400] "GET /wp-login.php HTTP/1.1" 200 2812 "-" "Mozilla/5.0 (X11; Linux x86_64; rv:30.0) Gecko/20100101 Firefox/30.0"
45.61.187.219 - - [20/Oct/2024:17:51:40 -0400] "POST /wp-login.php HTTP/1.1" 200 3005 "-" "Mozilla/5.0 (X11; Linux x86_64; rv:30.0) Gecko/20100101 Firefox/30.0"
162.213.251.195 - - [20/Oct/2024:17:52:31 -0400] "POST /wp-cron.php?doing_wp_cron=1729461150.9277191162109375000000 HTTP/1.1" 200 0 "-" "WordPress/6.6.2; https://dietcontrungnhanh.com"
66.249.68.71 - - [20/Oct/2024:17:52:30 -0400] "GET /wp-admin/comment.php?action=trash&c=65 HTTP/1.1" 302 0 "-" "Mozilla/5.0 (Linux; Android 6.0.1; Nexus 5X Build/MMB29P) AppleWebKit/537.36 (KHTML, like Gecko) Chrome/129.0.6668.89 Mobile Safari/537.36 (compatible; Googlebot/2.1; +http://www.google.com/bot.html)"
66.249.68.65 - - [20/Oct/2024:17:52:31 -0400] "GET /wp-login.php?redirect_to=https%3A%2F%2Fdietcontrungnhanh.com%2Fwp-admin%2Fcomment.php%3Faction%3Dtrash%26c%3D65&reauth=1 HTTP/1.1" 200 2836 "-" "Mozilla/5.0 (Linux; Android 6.0.1; Nexus 5X Build/MMB29P) AppleWebKit/537.36 (KHTML, like Gecko) Chrome/129.0.6668.89 Mobile Safari/537.36 (compatible; Googlebot/2.1; +http://www.google.com/bot.html)"
162.213.251.195 - - [20/Oct/2024:17:54:00 -0400] "POST /wp-cron.php?doing_wp_cron=1729461240.6019399166107177734375 HTTP/1.1" 200 0 "-" "WordPress/6.6.2; https://dietcontrungnhanh.com"
205.185.125.234 - - [20/Oct/2024:17:53:58 -0400] "GET /wp-login.php HTTP/1.1" 200 2800 "-" "Mozilla/5.0 (Macintosh; Intel Mac OS X 10_9_4) AppleWebKit/537.77.4 (KHTML, like Gecko) Version/7.0.5 Safari/537.77.4"
162.213.251.195 - - [20/Oct/2024:17:54:01 -0400] "POST /wp-cron.php?doing_wp_cron=1729461241.6462299823760986328125 HTTP/1.1" 200 0 "-" "WordPress/6.6.2; https://dietcontrungnhanh.com"
205.185.125.234 - - [20/Oct/2024:17:54:01 -0400] "POST /wp-login.php HTTP/1.1" 200 3002 "-" "Mozilla/5.0 (Macintosh; Intel Mac OS X 10_9_4) AppleWebKit/537.77.4 (KHTML, like Gecko) Version/7.0.5 Safari/537.77.4"
66.249.68.70 - - [20/Oct/2024:17:58:29 -0400] "GET /wp-admin/comment.php?action=spam&c=59 HTTP/1.1" 302 0 "-" "Mozilla/5.0 (Linux; Android 6.0.1; Nexus 5X Build/MMB29P) AppleWebKit/537.36 (KHTML, like Gecko) Chrome/129.0.6668.89 Mobile Safari/537.36 (compatible; Googlebot/2.1; +http://www.google.com/bot.html)"
66.249.68.69 - - [20/Oct/2024:17:59:23 -0400] "GET /wp-login.php?redirect_to=https%3A%2F%2Fdietcontrungnhanh.com%2Fwp-admin%2Fcomment.php%3Faction%3Dspam%26c%3D59&reauth=1 HTTP/1.1" 200 2844 "-" "Mozilla/5.0 (Linux; Android 6.0.1; Nexus 5X Build/MMB29P) AppleWebKit/537.36 (KHTML, like Gecko) Chrome/129.0.6668.89 Mobile Safari/537.36 (compatible; Googlebot/2.1; +http://www.google.com/bot.html)"
162.213.251.195 - - [20/Oct/2024:18:01:35 -0400] "POST /wp-cron.php?doing_wp_cron=1729461695.4331901073455810546875 HTTP/1.1" 200 0 "-" "WordPress/6.6.2; https://dietcontrungnhanh.com"
66.249.68.70 - - [20/Oct/2024:18:01:29 -0400] "GET /wp-admin/comment.php?action=approve&c=114 HTTP/1.1" 302 0 "-" "Mozilla/5.0 (Linux; Android 6.0.1; Nexus 5X Build/MMB29P) AppleWebKit/537.36 (KHTML, like Gecko) Chrome/129.0.6668.89 Mobile Safari/537.36 (compatible; Googlebot/2.1; +http://www.google.com/bot.html)"
162.213.251.195 - - [20/Oct/2024:18:01:36 -0400] "POST /wp-cron.php?doing_wp_cron=1729461696.3994550704956054687500 HTTP/1.1" 200 0 "-" "WordPress/6.6.2; https://dietcontrungnhanh.com"
66.249.68.68 - - [20/Oct/2024:18:01:36 -0400] "GET /wp-login.php?redirect_to=https%3A%2F%2Fdietcontrungnhanh.com%2Fwp-admin%2Fcomment.php%3Faction%3Dapprove%26c%3D114&reauth=1 HTTP/1.1" 200 2847 "-" "Mozilla/5.0 (Linux; Android 6.0.1; Nexus 5X Build/MMB29P) AppleWebKit/537.36 (KHTML, like Gecko) Chrome/129.0.6668.89 Mobile Safari/537.36 (compatible; Googlebot/2.1; +http://www.google.com/bot.html)"
66.249.68.68 - - [20/Oct/2024:18:04:37 -0400] "GET /wp-admin/comment.php?action=approve&c=65 HTTP/1.1" 302 0 "-" "Mozilla/5.0 (Linux; Android 6.0.1; Nexus 5X Build/MMB29P) AppleWebKit/537.36 (KHTML, like Gecko) Chrome/129.0.6668.89 Mobile Safari/537.36 (compatible; Googlebot/2.1; +http://www.google.com/bot.html)"
162.213.251.195 - - [20/Oct/2024:18:04:42 -0400] "POST /wp-cron.php?doing_wp_cron=1729461882.4318668842315673828125 HTTP/1.1" 200 0 "-" "WordPress/6.6.2; https://dietcontrungnhanh.com"
66.249.68.68 - - [20/Oct/2024:18:04:42 -0400] "GET /wp-login.php?redirect_to=https%3A%2F%2Fdietcontrungnhanh.com%2Fwp-admin%2Fcomment.php%3Faction%3Dapprove%26c%3D65&reauth=1 HTTP/1.1" 200 2833 "-" "Mozilla/5.0 (Linux; Android 6.0.1; Nexus 5X Build/MMB29P) AppleWebKit/537.36 (KHTML, like Gecko) Chrome/129.0.6668.89 Mobile Safari/537.36 (compatible; Googlebot/2.1; +http://www.google.com/bot.html)"
66.249.68.70 - - [20/Oct/2024:18:04:38 -0400] "GET /robots.php HTTP/1.1" 404 16531 "-" "Mozilla/5.0 (Linux; Android 6.0.1; Nexus 5X Build/MMB29P) AppleWebKit/537.36 (KHTML, like Gecko) Chrome/129.0.6668.89 Mobile Safari/537.36 (compatible; Googlebot/2.1; +http://www.google.com/bot.html)"
162.213.251.195 - - [20/Oct/2024:18:05:42 -0400] "POST /wp-cron.php?doing_wp_cron=1729461941.7740910053253173828125 HTTP/1.1" 200 0 "-" "WordPress/6.6.2; https://dietcontrungnhanh.com"
20.171.206.128 - - [20/Oct/2024:18:05:33 -0400] "GET /?s=%7Bsearch_term_string%7D HTTP/1.1" 200 19996 "-" "Mozilla/5.0 AppleWebKit/537.36 (KHTML, like Gecko; compatible; GPTBot/1.2; +https://openai.com/gptbot)"
162.213.251.195 - - [20/Oct/2024:18:09:41 -0400] "POST /wp-cron.php?doing_wp_cron=1729462180.9304959774017333984375 HTTP/1.1" 200 0 "-" "WordPress/6.6.2; https://dietcontrungnhanh.com"
199.195.251.210 - - [20/Oct/2024:18:09:35 -0400] "GET /wp-login.php HTTP/1.1" 200 2812 "-" "Mozilla/5.0 (Macintosh; Intel Mac OS X 10_9_2) AppleWebKit/537.36 (KHTML, like Gecko) Chrome/36.0.1985.125 Safari/537.36"
199.195.251.210 - - [20/Oct/2024:18:09:41 -0400] "POST /wp-login.php HTTP/1.1" 200 2998 "-" "Mozilla/5.0 (Macintosh; Intel Mac OS X 10_9_2) AppleWebKit/537.36 (KHTML, like Gecko) Chrome/36.0.1985.125 Safari/537.36"
162.213.251.195 - - [20/Oct/2024:18:16:41 -0400] "POST /wp-cron.php?doing_wp_cron=1729462600.7584519386291503906250 HTTP/1.1" 200 0 "-" "WordPress/6.6.2; https://dietcontrungnhanh.com"
66.249.68.69 - - [20/Oct/2024:18:16:35 -0400] "GET /wp-admin/comment.php?action=spam&c=112 HTTP/1.1" 302 0 "-" "Mozilla/5.0 (Linux; Android 6.0.1; Nexus 5X Build/MMB29P) AppleWebKit/537.36 (KHTML, like Gecko) Chrome/129.0.6668.89 Mobile Safari/537.36 (compatible; Googlebot/2.1; +http://www.google.com/bot.html)"
66.249.68.68 - - [20/Oct/2024:18:16:41 -0400] "GET /wp-login.php?redirect_to=https%3A%2F%2Fdietcontrungnhanh.com%2Fwp-admin%2Fcomment.php%3Faction%3Dspam%26c%3D112&reauth=1 HTTP/1.1" 200 2849 "-" "Mozilla/5.0 (Linux; Android 6.0.1; Nexus 5X Build/MMB29P) AppleWebKit/537.36 (KHTML, like Gecko) Chrome/129.0.6668.89 Mobile Safari/537.36 (compatible; Googlebot/2.1; +http://www.google.com/bot.html)"
162.213.251.195 - - [20/Oct/2024:18:28:49 -0400] "POST /wp-cron.php?doing_wp_cron=1729463328.8961479663848876953125 HTTP/1.1" 200 0 "-" "WordPress/6.6.2; https://dietcontrungnhanh.com"
66.249.68.70 - - [20/Oct/2024:18:28:44 -0400] "GET /wp-admin/comment.php?action=trash&c=92 HTTP/1.1" 302 0 "-" "Mozilla/5.0 (Linux; Android 6.0.1; Nexus 5X Build/MMB29P) AppleWebKit/537.36 (KHTML, like Gecko) Chrome/129.0.6668.89 Mobile Safari/537.36 (compatible; Googlebot/2.1; +http://www.google.com/bot.html)"
162.213.251.195 - - [20/Oct/2024:18:28:50 -0400] "POST /wp-cron.php?doing_wp_cron=1729463329.8054440021514892578125 HTTP/1.1" 200 0 "-" "WordPress/6.6.2; https://dietcontrungnhanh.com"
66.249.68.68 - - [20/Oct/2024:18:28:49 -0400] "GET /wp-login.php?redirect_to=https%3A%2F%2Fdietcontrungnhanh.com%2Fwp-admin%2Fcomment.php%3Faction%3Dtrash%26c%3D92&reauth=1 HTTP/1.1" 200 2853 "-" "Mozilla/5.0 (Linux; Android 6.0.1; Nexus 5X Build/MMB29P) AppleWebKit/537.36 (KHTML, like Gecko) Chrome/129.0.6668.89 Mobile Safari/537.36 (compatible; Googlebot/2.1; +http://www.google.com/bot.html)"
162.213.251.195 - - [20/Oct/2024:18:29:03 -0400] "POST /wp-cron.php?doing_wp_cron=1729463343.3893580436706542968750 HTTP/1.1" 200 0 "-" "WordPress/6.6.2; https://dietcontrungnhanh.com"
176.97.122.93 - - [20/Oct/2024:18:29:03 -0400] "GET / HTTP/1.1" 200 27123 "-" "Mozilla/5.0 (X11; U; Linux i686; en-US; rv:0.9.3) Gecko/20010801"
162.213.251.195 - - [20/Oct/2024:18:29:11 -0400] "POST /wp-cron.php?doing_wp_cron=1729463351.6116509437561035156250 HTTP/1.1" 200 0 "-" "WordPress/6.6.2; https://dietcontrungnhanh.com"
176.97.122.93 - - [20/Oct/2024:18:29:11 -0400] "GET / HTTP/1.1" 200 27055 "-" "Mozilla/5.0 (X11; U; Linux i686; en-US; rv:0.9.3) Gecko/20010801"

Youez - 2016 - github.com/yon3zu
LinuXploit