66.249.68.64 - - [20/Oct/2024:13:24:55 -0400] "GET /wp-content/plugins/easy-table-of-contents/vendor/sticky-kit/jquery.sticky-kit.min.js?ver=1.9.2 HTTP/1.1" 200 1180 "https://dietcontrungnhanh.com/dich-vu-diet-chuot-quan-8/" "Mozilla/5.0 (Linux; Android 6.0.1; Nexus 5X Build/MMB29P) AppleWebKit/537.36 (KHTML, like Gecko) Chrome/129.0.6668.89 Mobile Safari/537.36 (compatible; Googlebot/2.1; +http://www.google.com/bot.html)"
66.249.68.64 - - [20/Oct/2024:13:24:55 -0400] "GET /wp-content/plugins/easy-table-of-contents/assets/js/front.min.js?ver=2.0.68.1-1722997104 HTTP/1.1" 200 1328 "https://dietcontrungnhanh.com/dich-vu-diet-chuot-quan-8/" "Mozilla/5.0 (Linux; Android 6.0.1; Nexus 5X Build/MMB29P) AppleWebKit/537.36 (KHTML, like Gecko) Chrome/129.0.6668.89 Mobile Safari/537.36 (compatible; Googlebot/2.1; +http://www.google.com/bot.html)"
162.213.251.195 - - [20/Oct/2024:13:25:02 -0400] "POST /wp-cron.php?doing_wp_cron=1729445101.1432070732116699218750 HTTP/1.1" 200 0 "-" "WordPress/6.6.2; https://dietcontrungnhanh.com"
66.249.68.71 - - [20/Oct/2024:13:24:56 -0400] "POST /?wc-ajax=get_refreshed_fragments HTTP/1.1" 200 1500 "https://dietcontrungnhanh.com/dich-vu-diet-chuot-quan-8/" "Mozilla/5.0 (Linux; Android 6.0.1; Nexus 5X Build/MMB29P) AppleWebKit/537.36 (KHTML, like Gecko) Chrome/129.0.6668.89 Mobile Safari/537.36 (compatible; Googlebot/2.1; +http://www.google.com/bot.html)"
66.249.68.64 - - [20/Oct/2024:13:25:17 -0400] "GET /dup-installer/main.installer.php HTTP/1.1" 404 16550 "-" "Mozilla/5.0 (Linux; Android 6.0.1; Nexus 5X Build/MMB29P) AppleWebKit/537.36 (KHTML, like Gecko) Chrome/129.0.6668.89 Mobile Safari/537.36 (compatible; Googlebot/2.1; +http://www.google.com/bot.html)"
162.213.251.195 - - [20/Oct/2024:13:27:58 -0400] "POST /wp-cron.php?doing_wp_cron=1729445277.8300170898437500000000 HTTP/1.1" 200 0 "-" "WordPress/6.6.2; https://dietcontrungnhanh.com"
209.141.58.36 - - [20/Oct/2024:13:27:55 -0400] "GET /wp-login.php HTTP/1.1" 200 2812 "-" "Mozilla/5.0 (X11; Ubuntu; Linux x86_64; rv:31.0) Gecko/20100101 Firefox/31.0"
162.213.251.195 - - [20/Oct/2024:13:28:02 -0400] "POST /wp-cron.php?doing_wp_cron=1729445282.1265308856964111328125 HTTP/1.1" 200 0 "-" "WordPress/6.6.2; https://dietcontrungnhanh.com"
209.141.58.36 - - [20/Oct/2024:13:28:01 -0400] "POST /wp-login.php HTTP/1.1" 200 2998 "-" "Mozilla/5.0 (X11; Ubuntu; Linux x86_64; rv:31.0) Gecko/20100101 Firefox/31.0"
162.213.251.195 - - [20/Oct/2024:13:48:52 -0400] "POST /wp-cron.php?doing_wp_cron=1729446532.2498710155487060546875 HTTP/1.1" 200 0 "-" "WordPress/6.6.2; https://dietcontrungnhanh.com"
66.249.68.71 - - [20/Oct/2024:13:48:47 -0400] "GET /?p=1655 HTTP/1.1" 301 0 "-" "Mozilla/5.0 (Linux; Android 6.0.1; Nexus 5X Build/MMB29P) AppleWebKit/537.36 (KHTML, like Gecko) Chrome/129.0.6668.89 Mobile Safari/537.36 (compatible; Googlebot/2.1; +http://www.google.com/bot.html)"
162.213.251.195 - - [20/Oct/2024:13:48:53 -0400] "POST /wp-cron.php?doing_wp_cron=1729446533.1709709167480468750000 HTTP/1.1" 200 0 "-" "WordPress/6.6.2; https://dietcontrungnhanh.com"
66.249.68.64 - - [20/Oct/2024:13:48:52 -0400] "GET /dich-vu-diet-chuot-quan-8/ HTTP/1.1" 200 26563 "-" "Mozilla/5.0 (Linux; Android 6.0.1; Nexus 5X Build/MMB29P) AppleWebKit/537.36 (KHTML, like Gecko) Chrome/129.0.6668.89 Mobile Safari/537.36 (compatible; Googlebot/2.1; +http://www.google.com/bot.html)"
66.249.68.71 - - [20/Oct/2024:13:48:58 -0400] "GET /wp-content/themes/flatsome/assets/css/flatsome.css?ver=3.18.7 HTTP/1.1" 200 28781 "https://dietcontrungnhanh.com/dich-vu-diet-chuot-quan-8/" "Mozilla/5.0 (Linux; Android 6.0.1; Nexus 5X Build/MMB29P) AppleWebKit/537.36 (KHTML, like Gecko) Chrome/129.0.6668.89 Mobile Safari/537.36 (compatible; Googlebot/2.1; +http://www.google.com/bot.html)"
66.249.68.71 - - [20/Oct/2024:13:48:59 -0400] "GET /wp-content/themes/flatsome/assets/css/flatsome-shop.css?ver=3.18.7 HTTP/1.1" 200 6391 "https://dietcontrungnhanh.com/dich-vu-diet-chuot-quan-8/" "Mozilla/5.0 (Linux; Android 6.0.1; Nexus 5X Build/MMB29P) AppleWebKit/537.36 (KHTML, like Gecko) Chrome/129.0.6668.89 Mobile Safari/537.36 (compatible; Googlebot/2.1; +http://www.google.com/bot.html)"
66.249.68.71 - - [20/Oct/2024:13:48:59 -0400] "GET /wp-content/plugins/contact-form-7/includes/css/styles.css?ver=5.9.8 HTTP/1.1" 200 890 "https://dietcontrungnhanh.com/dich-vu-diet-chuot-quan-8/" "Mozilla/5.0 (Linux; Android 6.0.1; Nexus 5X Build/MMB29P) AppleWebKit/537.36 (KHTML, like Gecko) Chrome/129.0.6668.89 Mobile Safari/537.36 (compatible; Googlebot/2.1; +http://www.google.com/bot.html)"
66.249.68.71 - - [20/Oct/2024:13:48:59 -0400] "GET /wp-content/plugins/woocommerce/assets/js/jquery-blockui/jquery.blockUI.min.js?ver=2.7.0-wc.9.1.4 HTTP/1.1" 200 3277 "https://dietcontrungnhanh.com/dich-vu-diet-chuot-quan-8/" "Mozilla/5.0 (Linux; Android 6.0.1; Nexus 5X Build/MMB29P) AppleWebKit/537.36 (KHTML, like Gecko) Chrome/129.0.6668.89 Mobile Safari/537.36 (compatible; Googlebot/2.1; +http://www.google.com/bot.html)"
66.249.68.71 - - [20/Oct/2024:13:49:00 -0400] "GET /wp-content/plugins/woocommerce/assets/js/frontend/add-to-cart.min.js?ver=9.1.4 HTTP/1.1" 200 989 "https://dietcontrungnhanh.com/dich-vu-diet-chuot-quan-8/" "Mozilla/5.0 (Linux; Android 6.0.1; Nexus 5X Build/MMB29P) AppleWebKit/537.36 (KHTML, like Gecko) Chrome/129.0.6668.89 Mobile Safari/537.36 (compatible; Googlebot/2.1; +http://www.google.com/bot.html)"
66.249.68.71 - - [20/Oct/2024:13:49:02 -0400] "GET /wp-content/plugins/woocommerce/assets/js/frontend/cart-fragments.min.js?ver=9.1.4 HTTP/1.1" 200 943 "https://dietcontrungnhanh.com/dich-vu-diet-chuot-quan-8/" "Mozilla/5.0 (Linux; Android 6.0.1; Nexus 5X Build/MMB29P) AppleWebKit/537.36 (KHTML, like Gecko) Chrome/129.0.6668.89 Mobile Safari/537.36 (compatible; Googlebot/2.1; +http://www.google.com/bot.html)"
66.249.68.71 - - [20/Oct/2024:13:49:03 -0400] "GET /wp-content/plugins/contact-form-7/includes/swv/js/index.js?ver=5.9.8 HTTP/1.1" 200 3228 "https://dietcontrungnhanh.com/dich-vu-diet-chuot-quan-8/" "Mozilla/5.0 (Linux; Android 6.0.1; Nexus 5X Build/MMB29P) AppleWebKit/537.36 (KHTML, like Gecko) Chrome/129.0.6668.89 Mobile Safari/537.36 (compatible; Googlebot/2.1; +http://www.google.com/bot.html)"
66.249.68.71 - - [20/Oct/2024:13:49:07 -0400] "GET /wp-content/themes/flatsome/inc/extensions/flatsome-live-search/flatsome-live-search.js?ver=3.18.7 HTTP/1.1" 200 4709 "https://dietcontrungnhanh.com/dich-vu-diet-chuot-quan-8/" "Mozilla/5.0 (Linux; Android 6.0.1; Nexus 5X Build/MMB29P) AppleWebKit/537.36 (KHTML, like Gecko) Chrome/129.0.6668.89 Mobile Safari/537.36 (compatible; Googlebot/2.1; +http://www.google.com/bot.html)"
66.249.68.71 - - [20/Oct/2024:13:49:08 -0400] "GET /wp-content/themes/flatsome/assets/js/chunk.popups.js?ver=3.18.7 HTTP/1.1" 200 6941 "https://dietcontrungnhanh.com/dich-vu-diet-chuot-quan-8/" "Mozilla/5.0 (Linux; Android 6.0.1; Nexus 5X Build/MMB29P) AppleWebKit/537.36 (KHTML, like Gecko) Chrome/129.0.6668.89 Mobile Safari/537.36 (compatible; Googlebot/2.1; +http://www.google.com/bot.html)"
66.249.68.71 - - [20/Oct/2024:13:49:10 -0400] "GET /wp-includes/js/hoverIntent.min.js?ver=1.10.2 HTTP/1.1" 200 668 "https://dietcontrungnhanh.com/dich-vu-diet-chuot-quan-8/" "Mozilla/5.0 (Linux; Android 6.0.1; Nexus 5X Build/MMB29P) AppleWebKit/537.36 (KHTML, like Gecko) Chrome/129.0.6668.89 Mobile Safari/537.36 (compatible; Googlebot/2.1; +http://www.google.com/bot.html)"
162.213.251.195 - - [20/Oct/2024:13:53:01 -0400] "POST /wp-cron.php?doing_wp_cron=1729446780.9828820228576660156250 HTTP/1.1" 200 0 "-" "WordPress/6.6.2; https://dietcontrungnhanh.com"
66.249.68.71 - - [20/Oct/2024:13:52:58 -0400] "GET /chien-luoc-marketing-cua-chanel-bi-quyet-de-tro-thanh-de-vuong/ HTTP/1.1" 404 18754 "-" "Mozilla/5.0 (Linux; Android 6.0.1; Nexus 5X Build/MMB29P) AppleWebKit/537.36 (KHTML, like Gecko) Chrome/129.0.6668.89 Mobile Safari/537.36 (compatible; Googlebot/2.1; +http://www.google.com/bot.html)"
162.213.251.195 - - [20/Oct/2024:13:55:08 -0400] "POST /wp-cron.php?doing_wp_cron=1729446906.6651120185852050781250 HTTP/1.1" 200 0 "-" "WordPress/6.6.2; https://dietcontrungnhanh.com"
66.249.68.68 - - [20/Oct/2024:13:55:02 -0400] "GET /wp-content/am.php HTTP/1.1" 404 16527 "-" "Mozilla/5.0 (Linux; Android 6.0.1; Nexus 5X Build/MMB29P) AppleWebKit/537.36 (KHTML, like Gecko) Chrome/129.0.6668.89 Mobile Safari/537.36 (compatible; Googlebot/2.1; +http://www.google.com/bot.html)"
162.213.251.195 - - [20/Oct/2024:13:56:40 -0400] "POST /wp-cron.php?doing_wp_cron=1729447000.2203810214996337890625 HTTP/1.1" 200 0 "-" "WordPress/6.6.2; https://dietcontrungnhanh.com"
45.61.185.119 - - [20/Oct/2024:13:56:37 -0400] "GET /wp-login.php HTTP/1.1" 200 2800 "-" "Mozilla/5.0 (iPhone; CPU iPhone OS 7_1 like Mac OS X) AppleWebKit/537.51.2 (KHTML, like Gecko) Version/7.0 Mobile/11D167 Safari/9537.53"
45.61.185.119 - - [20/Oct/2024:13:56:41 -0400] "POST /wp-login.php HTTP/1.1" 200 2955 "-" "Mozilla/5.0 (iPhone; CPU iPhone OS 7_1 like Mac OS X) AppleWebKit/537.51.2 (KHTML, like Gecko) Version/7.0 Mobile/11D167 Safari/9537.53"
162.213.251.195 - - [20/Oct/2024:14:07:22 -0400] "POST /wp-cron.php?doing_wp_cron=1729447641.7285120487213134765625 HTTP/1.1" 200 0 "-" "WordPress/6.6.2; https://dietcontrungnhanh.com"
209.141.44.130 - - [20/Oct/2024:14:07:15 -0400] "GET /wp-login.php HTTP/1.1" 200 2812 "-" "Mozilla/5.0 (Macintosh; Intel Mac OS X 10.8; rv:31.0) Gecko/20100101 Firefox/31.0"
162.213.251.195 - - [20/Oct/2024:14:07:24 -0400] "POST /wp-cron.php?doing_wp_cron=1729447644.5026829242706298828125 HTTP/1.1" 200 0 "-" "WordPress/6.6.2; https://dietcontrungnhanh.com"
209.141.44.130 - - [20/Oct/2024:14:07:24 -0400] "POST /wp-login.php HTTP/1.1" 200 2964 "-" "Mozilla/5.0 (Macintosh; Intel Mac OS X 10.8; rv:31.0) Gecko/20100101 Firefox/31.0"
162.213.251.195 - - [20/Oct/2024:14:09:13 -0400] "POST /wp-cron.php?doing_wp_cron=1729447752.5369560718536376953125 HTTP/1.1" 200 0 "-" "WordPress/6.6.2; https://dietcontrungnhanh.com"
66.249.68.68 - - [20/Oct/2024:14:09:09 -0400] "GET /wp-admin/admin.php?page=3Dits= HTTP/1.1" 302 0 "-" "Mozilla/5.0 (Linux; Android 6.0.1; Nexus 5X Build/MMB29P) AppleWebKit/537.36 (KHTML, like Gecko) Chrome/129.0.6668.89 Mobile Safari/537.36 (compatible; Googlebot/2.1; +http://www.google.com/bot.html)"
162.213.251.195 - - [20/Oct/2024:14:09:14 -0400] "POST /wp-cron.php?doing_wp_cron=1729447754.2907319068908691406250 HTTP/1.1" 200 0 "-" "WordPress/6.6.2; https://dietcontrungnhanh.com"
66.249.68.68 - - [20/Oct/2024:14:09:13 -0400] "GET /wp-login.php?redirect_to=https%3A%2F%2Fdietcontrungnhanh.com%2Fwp-admin%2Fadmin.php%3Fpage%3D3Dits%3D&reauth=1 HTTP/1.1" 200 2832 "-" "Mozilla/5.0 (Linux; Android 6.0.1; Nexus 5X Build/MMB29P) AppleWebKit/537.36 (KHTML, like Gecko) Chrome/129.0.6668.89 Mobile Safari/537.36 (compatible; Googlebot/2.1; +http://www.google.com/bot.html)"
162.213.251.195 - - [20/Oct/2024:14:12:03 -0400] "POST /wp-cron.php?doing_wp_cron=1729447923.0292139053344726562500 HTTP/1.1" 200 0 "-" "WordPress/6.6.2; https://dietcontrungnhanh.com"
205.185.115.168 - - [20/Oct/2024:14:12:00 -0400] "GET /wp-login.php HTTP/1.1" 200 2812 "-" "Mozilla/5.0 (Windows NT 6.1) AppleWebKit/537.36 (KHTML, like Gecko) Chrome/35.0.1916.153 Safari/537.36"
205.185.115.168 - - [20/Oct/2024:14:12:03 -0400] "POST /wp-login.php HTTP/1.1" 200 2964 "-" "Mozilla/5.0 (Windows NT 6.1) AppleWebKit/537.36 (KHTML, like Gecko) Chrome/35.0.1916.153 Safari/537.36"
162.213.251.195 - - [20/Oct/2024:14:24:39 -0400] "POST /wp-cron.php?doing_wp_cron=1729448679.5550220012664794921875 HTTP/1.1" 200 0 "-" "WordPress/6.6.2; https://dietcontrungnhanh.com"
198.98.62.41 - - [20/Oct/2024:14:24:34 -0400] "GET /wp-login.php HTTP/1.1" 200 2812 "-" "Mozilla/5.0 (Windows NT 6.3; WOW64) AppleWebKit/537.36 (KHTML, like Gecko) Chrome/35.0.1916.153 Safari/537.36"
198.98.62.41 - - [20/Oct/2024:14:24:40 -0400] "POST /wp-login.php HTTP/1.1" 200 2963 "-" "Mozilla/5.0 (Windows NT 6.3; WOW64) AppleWebKit/537.36 (KHTML, like Gecko) Chrome/35.0.1916.153 Safari/537.36"
162.213.251.195 - - [20/Oct/2024:14:25:17 -0400] "POST /wp-cron.php?doing_wp_cron=1729448717.1276879310607910156250 HTTP/1.1" 200 0 "-" "WordPress/6.6.2; https://dietcontrungnhanh.com"
66.249.68.69 - - [20/Oct/2024:14:25:16 -0400] "GET /wp-content/kk.php HTTP/1.1" 404 16556 "-" "Mozilla/5.0 (Linux; Android 6.0.1; Nexus 5X Build/MMB29P) AppleWebKit/537.36 (KHTML, like Gecko) Chrome/129.0.6668.89 Mobile Safari/537.36 (compatible; Googlebot/2.1; +http://www.google.com/bot.html)"
162.213.251.195 - - [20/Oct/2024:14:29:33 -0400] "POST /wp-cron.php?doing_wp_cron=1729448972.8240029811859130859375 HTTP/1.1" 200 0 "-" "WordPress/6.6.2; https://dietcontrungnhanh.com"
209.141.44.130 - - [20/Oct/2024:14:29:30 -0400] "GET /wp-login.php HTTP/1.1" 200 2812 "-" "Mozilla/5.0 (Macintosh; Intel Mac OS X 10_9_4) AppleWebKit/537.78.2 (KHTML, like Gecko) Version/7.0.6 Safari/537.78.2"
209.141.44.130 - - [20/Oct/2024:14:29:33 -0400] "POST /wp-login.php HTTP/1.1" 200 2998 "-" "Mozilla/5.0 (Macintosh; Intel Mac OS X 10_9_4) AppleWebKit/537.78.2 (KHTML, like Gecko) Version/7.0.6 Safari/537.78.2"
45.227.254.34 - - [20/Oct/2024:14:31:30 -0400] "POST /wp-content/plugins/askim/cache/up.php HTTP/1.1" 403 1242 "-" "Mozilla/5.0 (Macintosh; Intel Mac OS X 10_15_7) AppleWebKit/537.36 (KHTML, like Gecko) Chrome/120.0.0.0 Safari/537.36"
162.213.251.195 - - [20/Oct/2024:14:38:21 -0400] "POST /wp-cron.php?doing_wp_cron=1729449500.9513089656829833984375 HTTP/1.1" 200 0 "-" "WordPress/6.6.2; https://dietcontrungnhanh.com"
66.249.68.65 - - [20/Oct/2024:14:38:18 -0400] "GET /wp-admin/update-core.php HTTP/1.1" 302 0 "-" "Mozilla/5.0 (Linux; Android 6.0.1; Nexus 5X Build/MMB29P) AppleWebKit/537.36 (KHTML, like Gecko) Chrome/129.0.6668.89 Mobile Safari/537.36 (compatible; Googlebot/2.1; +http://www.google.com/bot.html)"
162.213.251.195 - - [20/Oct/2024:14:38:22 -0400] "POST /wp-cron.php?doing_wp_cron=1729449501.8917551040649414062500 HTTP/1.1" 200 0 "-" "WordPress/6.6.2; https://dietcontrungnhanh.com"
66.249.68.71 - - [20/Oct/2024:14:38:21 -0400] "GET /wp-login.php?redirect_to=https%3A%2F%2Fdietcontrungnhanh.com%2Fwp-admin%2Fupdate-core.php&reauth=1 HTTP/1.1" 200 2838 "-" "Mozilla/5.0 (Linux; Android 6.0.1; Nexus 5X Build/MMB29P) AppleWebKit/537.36 (KHTML, like Gecko) Chrome/129.0.6668.89 Mobile Safari/537.36 (compatible; Googlebot/2.1; +http://www.google.com/bot.html)"
162.213.251.195 - - [20/Oct/2024:14:40:46 -0400] "POST /wp-cron.php?doing_wp_cron=1729449645.7761530876159667968750 HTTP/1.1" 200 0 "-" "WordPress/6.6.2; https://dietcontrungnhanh.com"
45.61.185.127 - - [20/Oct/2024:14:40:43 -0400] "GET /wp-login.php HTTP/1.1" 200 2800 "-" "Mozilla/5.0 (Windows NT 6.1; WOW64) AppleWebKit/537.36 (KHTML, like Gecko) Chrome/36.0.1985.125 Safari/537.36"
45.61.185.127 - - [20/Oct/2024:14:40:46 -0400] "POST /wp-login.php HTTP/1.1" 200 3002 "-" "Mozilla/5.0 (Windows NT 6.1; WOW64) AppleWebKit/537.36 (KHTML, like Gecko) Chrome/36.0.1985.125 Safari/537.36"
162.213.251.195 - - [20/Oct/2024:14:45:23 -0400] "POST /wp-cron.php?doing_wp_cron=1729449922.6979219913482666015625 HTTP/1.1" 200 0 "-" "WordPress/6.6.2; https://dietcontrungnhanh.com"
66.249.68.64 - - [20/Oct/2024:14:45:18 -0400] "GET /1234.php HTTP/1.1" 404 16526 "-" "Mozilla/5.0 (Linux; Android 6.0.1; Nexus 5X Build/MMB29P) AppleWebKit/537.36 (KHTML, like Gecko) Chrome/129.0.6668.89 Mobile Safari/537.36 (compatible; Googlebot/2.1; +http://www.google.com/bot.html)"
162.213.251.195 - - [20/Oct/2024:14:45:25 -0400] "POST /wp-cron.php?doing_wp_cron=1729449925.4395389556884765625000 HTTP/1.1" 200 0 "-" "WordPress/6.6.2; https://dietcontrungnhanh.com"
66.249.68.71 - - [20/Oct/2024:14:45:24 -0400] "GET /504.php HTTP/1.1" 404 16545 "-" "Mozilla/5.0 (Linux; Android 6.0.1; Nexus 5X Build/MMB29P) AppleWebKit/537.36 (KHTML, like Gecko) Chrome/129.0.6668.89 Mobile Safari/537.36 (compatible; Googlebot/2.1; +http://www.google.com/bot.html)"
162.213.251.195 - - [20/Oct/2024:14:53:34 -0400] "POST /wp-cron.php?doing_wp_cron=1729450414.0795838832855224609375 HTTP/1.1" 200 0 "-" "WordPress/6.6.2; https://dietcontrungnhanh.com"
66.249.68.68 - - [20/Oct/2024:14:53:26 -0400] "GET /wp-admin/comment.php?action=approve&c=121 HTTP/1.1" 302 0 "-" "Mozilla/5.0 (Linux; Android 6.0.1; Nexus 5X Build/MMB29P) AppleWebKit/537.36 (KHTML, like Gecko) Chrome/129.0.6668.89 Mobile Safari/537.36 (compatible; Googlebot/2.1; +http://www.google.com/bot.html)"
66.249.68.69 - - [20/Oct/2024:14:53:35 -0400] "GET /wp-login.php?redirect_to=https%3A%2F%2Fdietcontrungnhanh.com%2Fwp-admin%2Fcomment.php%3Faction%3Dapprove%26c%3D121&reauth=1 HTTP/1.1" 200 2837 "-" "Mozilla/5.0 (Linux; Android 6.0.1; Nexus 5X Build/MMB29P) AppleWebKit/537.36 (KHTML, like Gecko) Chrome/129.0.6668.89 Mobile Safari/537.36 (compatible; Googlebot/2.1; +http://www.google.com/bot.html)"
162.213.251.195 - - [20/Oct/2024:14:54:38 -0400] "POST /wp-cron.php?doing_wp_cron=1729450478.0495889186859130859375 HTTP/1.1" 200 0 "-" "WordPress/6.6.2; https://dietcontrungnhanh.com"
66.249.68.69 - - [20/Oct/2024:14:54:37 -0400] "GET /madmailer.php HTTP/1.1" 404 16536 "-" "Mozilla/5.0 (Linux; Android 6.0.1; Nexus 5X Build/MMB29P) AppleWebKit/537.36 (KHTML, like Gecko) Chrome/129.0.6668.89 Mobile Safari/537.36 (compatible; Googlebot/2.1; +http://www.google.com/bot.html)"
162.213.251.195 - - [20/Oct/2024:14:54:40 -0400] "POST /wp-cron.php?doing_wp_cron=1729450480.2556259632110595703125 HTTP/1.1" 200 0 "-" "WordPress/6.6.2; https://dietcontrungnhanh.com"
66.249.68.69 - - [20/Oct/2024:14:54:39 -0400] "GET /upload/image/ HTTP/1.1" 404 18737 "-" "Mozilla/5.0 (Linux; Android 6.0.1; Nexus 5X Build/MMB29P) AppleWebKit/537.36 (KHTML, like Gecko) Chrome/129.0.6668.89 Mobile Safari/537.36 (compatible; Googlebot/2.1; +http://www.google.com/bot.html)"
162.213.251.195 - - [20/Oct/2024:14:55:42 -0400] "POST /wp-cron.php?doing_wp_cron=1729450542.3053750991821289062500 HTTP/1.1" 200 0 "-" "WordPress/6.6.2; https://dietcontrungnhanh.com"
66.249.68.69 - - [20/Oct/2024:14:55:41 -0400] "GET /wp-admin/network/amaxx.php HTTP/1.1" 404 17374 "-" "Mozilla/5.0 (Linux; Android 6.0.1; Nexus 5X Build/MMB29P) AppleWebKit/537.36 (KHTML, like Gecko) Chrome/129.0.6668.89 Mobile Safari/537.36 (compatible; Googlebot/2.1; +http://www.google.com/bot.html)"
47.88.90.156 - - [20/Oct/2024:14:58:30 -0400] "GET / HTTP/1.1" 301 0 "-" "Mozilla/5.0 (Linux; Android 11; M2004J15SC) AppleWebKit/537.36 (KHTML, like Gecko) Chrome/103.0.5060.114 Mobile Safari/537.36"
162.213.251.195 - - [20/Oct/2024:14:58:33 -0400] "POST /wp-cron.php?doing_wp_cron=1729450713.5692729949951171875000 HTTP/1.1" 200 0 "-" "WordPress/6.6.2; https://dietcontrungnhanh.com"
47.88.86.63 - - [20/Oct/2024:14:58:27 -0400] "GET / HTTP/1.1" 200 26990 "-" "Mozilla/5.0 (Linux; Android 11; M2004J15SC) AppleWebKit/537.36 (KHTML, like Gecko) Chrome/103.0.5060.114 Mobile Safari/537.36"
47.88.78.6 - - [20/Oct/2024:14:58:28 -0400] "GET / HTTP/1.1" 200 27003 "-" "Mozilla/5.0 (Linux; Android 11; M2004J15SC) AppleWebKit/537.36 (KHTML, like Gecko) Chrome/103.0.5060.114 Mobile Safari/537.36"
162.213.251.195 - - [20/Oct/2024:14:58:36 -0400] "POST /wp-cron.php?doing_wp_cron=1729450715.6655130386352539062500 HTTP/1.1" 200 0 "-" "WordPress/6.6.2; https://dietcontrungnhanh.com"
47.254.25.10 - - [20/Oct/2024:14:58:35 -0400] "GET / HTTP/1.1" 200 27052 "https://www.dietcontrungnhanh.com/" "Mozilla/5.0 (Linux; Android 11; M2004J15SC) AppleWebKit/537.36 (KHTML, like Gecko) Chrome/103.0.5060.114 Mobile Safari/537.36"
162.213.251.195 - - [20/Oct/2024:14:58:52 -0400] "POST /wp-cron.php?doing_wp_cron=1729450732.2507009506225585937500 HTTP/1.1" 200 0 "-" "WordPress/6.6.2; https://dietcontrungnhanh.com"
47.89.193.239 - - [20/Oct/2024:14:58:51 -0400] "GET /Public/home/js/check.js HTTP/1.1" 404 19575 "-" "Mozilla/5.0 (Linux; Android 11; M2004J15SC) AppleWebKit/537.36 (KHTML, like Gecko) Chrome/103.0.5060.114 Mobile Safari/537.36"
162.213.251.195 - - [20/Oct/2024:14:59:22 -0400] "POST /wp-cron.php?doing_wp_cron=1729450762.5822770595550537109375 HTTP/1.1" 200 0 "-" "WordPress/6.6.2; https://dietcontrungnhanh.com"
47.88.87.97 - - [20/Oct/2024:14:59:22 -0400] "GET /Public/home/js/check.js HTTP/1.1" 404 19599 "-" "Mozilla/5.0 (Linux; Android 11; M2004J15SC) AppleWebKit/537.36 (KHTML, like Gecko) Chrome/103.0.5060.114 Mobile Safari/537.36"
162.213.251.195 - - [20/Oct/2024:14:59:27 -0400] "POST /wp-cron.php?doing_wp_cron=1729450767.6161971092224121093750 HTTP/1.1" 200 0 "-" "WordPress/6.6.2; https://dietcontrungnhanh.com"
47.88.6.178 - - [20/Oct/2024:14:59:27 -0400] "GET /static/admin/javascript/hetong.js HTTP/1.1" 404 19620 "-" "Mozilla/5.0 (Linux; Android 11; M2004J15SC) AppleWebKit/537.36 (KHTML, like Gecko) Chrome/103.0.5060.114 Mobile Safari/537.36"
162.213.251.195 - - [20/Oct/2024:15:00:02 -0400] "POST /wp-cron.php?doing_wp_cron=1729450801.5610699653625488281250 HTTP/1.1" 200 0 "-" "WordPress/6.6.2; https://dietcontrungnhanh.com"
47.88.94.161 - - [20/Oct/2024:15:00:00 -0400] "GET /Public/home/js/check.js HTTP/1.1" 301 0 "-" "Mozilla/5.0 (Linux; Android 11; M2004J15SC) AppleWebKit/537.36 (KHTML, like Gecko) Chrome/103.0.5060.114 Mobile Safari/537.36"
162.213.251.195 - - [20/Oct/2024:15:00:13 -0400] "POST /wp-cron.php?doing_wp_cron=1729450813.3390510082244873046875 HTTP/1.1" 200 0 "-" "WordPress/6.6.2; https://dietcontrungnhanh.com"
47.251.11.3 - - [20/Oct/2024:15:00:12 -0400] "GET /Public/home/js/check.js HTTP/1.1" 404 19595 "https://www.dietcontrungnhanh.com/Public/home/js/check.js" "Mozilla/5.0 (Linux; Android 11; M2004J15SC) AppleWebKit/537.36 (KHTML, like Gecko) Chrome/103.0.5060.114 Mobile Safari/537.36"
162.213.251.195 - - [20/Oct/2024:15:00:23 -0400] "POST /wp-cron.php?doing_wp_cron=1729450822.7153100967407226562500 HTTP/1.1" 200 0 "-" "WordPress/6.6.2; https://dietcontrungnhanh.com"
47.88.86.63 - - [20/Oct/2024:15:00:21 -0400] "GET /static/admin/javascript/hetong.js HTTP/1.1" 301 0 "-" "Mozilla/5.0 (Linux; Android 11; M2004J15SC) AppleWebKit/537.36 (KHTML, like Gecko) Chrome/103.0.5060.114 Mobile Safari/537.36"
162.213.251.195 - - [20/Oct/2024:15:00:26 -0400] "POST /wp-cron.php?doing_wp_cron=1729450826.6857979297637939453125 HTTP/1.1" 200 0 "-" "WordPress/6.6.2; https://dietcontrungnhanh.com"
47.89.193.239 - - [20/Oct/2024:15:00:26 -0400] "GET /static/admin/javascript/hetong.js HTTP/1.1" 404 19592 "https://www.dietcontrungnhanh.com/static/admin/javascript/hetong.js" "Mozilla/5.0 (Linux; Android 11; M2004J15SC) AppleWebKit/537.36 (KHTML, like Gecko) Chrome/103.0.5060.114 Mobile Safari/537.36"
66.249.68.69 - - [20/Oct/2024:15:03:45 -0400] "GET /wp-admin/comment.php?action=approve&c=80 HTTP/1.1" 302 0 "-" "Mozilla/5.0 (Linux; Android 6.0.1; Nexus 5X Build/MMB29P) AppleWebKit/537.36 (KHTML, like Gecko) Chrome/129.0.6668.89 Mobile Safari/537.36 (compatible; Googlebot/2.1; +http://www.google.com/bot.html)"
162.213.251.195 - - [20/Oct/2024:15:03:51 -0400] "POST /wp-cron.php?doing_wp_cron=1729451031.2109520435333251953125 HTTP/1.1" 200 0 "-" "WordPress/6.6.2; https://dietcontrungnhanh.com"
66.249.68.69 - - [20/Oct/2024:15:03:44 -0400] "GET /wp-admin= HTTP/1.1" 404 18727 "-" "Mozilla/5.0 (Linux; Android 6.0.1; Nexus 5X Build/MMB29P) AppleWebKit/537.36 (KHTML, like Gecko) Chrome/129.0.6668.89 Mobile Safari/537.36 (compatible; Googlebot/2.1; +http://www.google.com/bot.html)"
66.249.68.69 - - [20/Oct/2024:15:03:51 -0400] "GET /wp-login.php?redirect_to=https%3A%2F%2Fdietcontrungnhanh.com%2Fwp-admin%2Fcomment.php%3Faction%3Dapprove%26c%3D80&reauth=1 HTTP/1.1" 200 2832 "-" "Mozilla/5.0 (Linux; Android 6.0.1; Nexus 5X Build/MMB29P) AppleWebKit/537.36 (KHTML, like Gecko) Chrome/129.0.6668.89 Mobile Safari/537.36 (compatible; Googlebot/2.1; +http://www.google.com/bot.html)"
162.213.251.195 - - [20/Oct/2024:15:03:53 -0400] "POST /wp-cron.php?doing_wp_cron=1729451033.5578389167785644531250 HTTP/1.1" 200 0 "-" "WordPress/6.6.2; https://dietcontrungnhanh.com"
66.249.68.69 - - [20/Oct/2024:15:03:52 -0400] "GET /vendor/htmlawed/htmlawed/gel4y.php HTTP/1.1" 404 17397 "-" "Mozilla/5.0 (Linux; Android 6.0.1; Nexus 5X Build/MMB29P) AppleWebKit/537.36 (KHTML, like Gecko) Chrome/129.0.6668.89 Mobile Safari/537.36 (compatible; Googlebot/2.1; +http://www.google.com/bot.html)"
162.213.251.195 - - [20/Oct/2024:15:09:58 -0400] "POST /wp-cron.php?doing_wp_cron=1729451398.6892559528350830078125 HTTP/1.1" 200 0 "-" "WordPress/6.6.2; https://dietcontrungnhanh.com"
162.213.251.195 - - [20/Oct/2024:15:09:59 -0400] "POST /wp-cron.php?doing_wp_cron=1729451398.6924450397491455078125 HTTP/1.1" 200 0 "-" "WordPress/6.6.2; https://dietcontrungnhanh.com"
66.249.68.64 - - [20/Oct/2024:15:09:55 -0400] "GET /robots.txt HTTP/1.1" 200 116 "-" "Mozilla/5.0 (compatible; Googlebot/2.1; +http://www.google.com/bot.html)"
66.249.68.64 - - [20/Oct/2024:15:09:55 -0400] "GET /wp-admin/comment.php?action=spam&c=80 HTTP/1.1" 302 0 "-" "Mozilla/5.0 (Linux; Android 6.0.1; Nexus 5X Build/MMB29P) AppleWebKit/537.36 (KHTML, like Gecko) Chrome/129.0.6668.89 Mobile Safari/537.36 (compatible; Googlebot/2.1; +http://www.google.com/bot.html)"
162.213.251.195 - - [20/Oct/2024:15:10:00 -0400] "POST /wp-cron.php?doing_wp_cron=1729451399.9422650337219238281250 HTTP/1.1" 200 0 "-" "WordPress/6.6.2; https://dietcontrungnhanh.com"
66.249.68.64 - - [20/Oct/2024:15:09:59 -0400] "GET /wp-login.php?redirect_to=https%3A%2F%2Fdietcontrungnhanh.com%2Fwp-admin%2Fcomment.php%3Faction%3Dspam%26c%3D80&reauth=1 HTTP/1.1" 200 2844 "-" "Mozilla/5.0 (Linux; Android 6.0.1; Nexus 5X Build/MMB29P) AppleWebKit/537.36 (KHTML, like Gecko) Chrome/129.0.6668.89 Mobile Safari/537.36 (compatible; Googlebot/2.1; +http://www.google.com/bot.html)"
162.213.251.195 - - [20/Oct/2024:15:11:43 -0400] "POST /wp-cron.php?doing_wp_cron=1729451503.0816030502319335937500 HTTP/1.1" 200 0 "-" "WordPress/6.6.2; https://dietcontrungnhanh.com"
114.119.175.163 - - [20/Oct/2024:15:11:40 -0400] "GET /dich-vu-lap-dat-sua-chua-camera-hoc-mon/ HTTP/1.1" 404 18735 "-" "Mozilla/5.0 (Windows NT 10.0; Win64; x64) AppleWebKit/537.36 (KHTML, like Gecko) Chrome/110.0.0.0 Safari/537.36"
66.249.68.65 - - [20/Oct/2024:15:13:01 -0400] "GET /robot.php HTTP/1.1" 404 16548 "-" "Mozilla/5.0 (Linux; Android 6.0.1; Nexus 5X Build/MMB29P) AppleWebKit/537.36 (KHTML, like Gecko) Chrome/129.0.6668.89 Mobile Safari/537.36 (compatible; Googlebot/2.1; +http://www.google.com/bot.html)"
162.213.251.195 - - [20/Oct/2024:15:13:02 -0400] "POST /wp-cron.php?doing_wp_cron=1729451581.8225939273834228515625 HTTP/1.1" 200 0 "-" "WordPress/6.6.2; https://dietcontrungnhanh.com"
66.249.68.64 - - [20/Oct/2024:15:13:01 -0400] "GET /robots.txt HTTP/1.1" 200 116 "-" "Mozilla/5.0 (compatible; Googlebot/2.1; +http://www.google.com/bot.html)"
162.213.251.195 - - [20/Oct/2024:15:14:48 -0400] "POST /wp-cron.php?doing_wp_cron=1729451688.0942370891571044921875 HTTP/1.1" 200 0 "-" "WordPress/6.6.2; https://dietcontrungnhanh.com"
45.61.185.119 - - [20/Oct/2024:15:14:45 -0400] "GET /wp-login.php HTTP/1.1" 200 2812 "-" "Mozilla/5.0 (X11; Linux x86_64) AppleWebKit/537.36 (KHTML, like Gecko) Chrome/35.0.1916.153 Safari/537.36"
162.213.251.195 - - [20/Oct/2024:15:14:50 -0400] "POST /wp-cron.php?doing_wp_cron=1729451689.5694100856781005859375 HTTP/1.1" 200 0 "-" "WordPress/6.6.2; https://dietcontrungnhanh.com"
45.61.185.119 - - [20/Oct/2024:15:14:48 -0400] "POST /wp-login.php HTTP/1.1" 200 2966 "-" "Mozilla/5.0 (X11; Linux x86_64) AppleWebKit/537.36 (KHTML, like Gecko) Chrome/35.0.1916.153 Safari/537.36"
66.249.68.65 - - [20/Oct/2024:15:16:17 -0400] "GET /wp-admin/comment.php?action=spam&c=83 HTTP/1.1" 302 0 "-" "Mozilla/5.0 (Linux; Android 6.0.1; Nexus 5X Build/MMB29P) AppleWebKit/537.36 (KHTML, like Gecko) Chrome/129.0.6668.89 Mobile Safari/537.36 (compatible; Googlebot/2.1; +http://www.google.com/bot.html)"
162.213.251.195 - - [20/Oct/2024:15:16:19 -0400] "POST /wp-cron.php?doing_wp_cron=1729451779.3638510704040527343750 HTTP/1.1" 200 0 "-" "WordPress/6.6.2; https://dietcontrungnhanh.com"
66.249.68.65 - - [20/Oct/2024:15:16:17 -0400] "GET /robots.txt HTTP/1.1" 200 116 "-" "Mozilla/5.0 (compatible; Googlebot/2.1; +http://www.google.com/bot.html)"
66.249.68.71 - - [20/Oct/2024:15:16:19 -0400] "GET /wp-login.php?redirect_to=https%3A%2F%2Fdietcontrungnhanh.com%2Fwp-admin%2Fcomment.php%3Faction%3Dspam%26c%3D83&reauth=1 HTTP/1.1" 200 2844 "-" "Mozilla/5.0 (Linux; Android 6.0.1; Nexus 5X Build/MMB29P) AppleWebKit/537.36 (KHTML, like Gecko) Chrome/129.0.6668.89 Mobile Safari/537.36 (compatible; Googlebot/2.1; +http://www.google.com/bot.html)"
66.249.68.65 - - [20/Oct/2024:15:19:20 -0400] "GET /wp-admin/edit-comments.php?comment_status=moderated HTTP/1.1" 302 0 "-" "Mozilla/5.0 (Linux; Android 6.0.1; Nexus 5X Build/MMB29P) AppleWebKit/537.36 (KHTML, like Gecko) Chrome/129.0.6668.89 Mobile Safari/537.36 (compatible; Googlebot/2.1; +http://www.google.com/bot.html)"
162.213.251.195 - - [20/Oct/2024:15:19:24 -0400] "POST /wp-cron.php?doing_wp_cron=1729451964.5016639232635498046875 HTTP/1.1" 200 0 "-" "WordPress/6.6.2; https://dietcontrungnhanh.com"
66.249.68.71 - - [20/Oct/2024:15:19:21 -0400] "GET /wp-admin/comment.php?action=trash&c=80 HTTP/1.1" 302 0 "-" "Mozilla/5.0 (Linux; Android 6.0.1; Nexus 5X Build/MMB29P) AppleWebKit/537.36 (KHTML, like Gecko) Chrome/129.0.6668.89 Mobile Safari/537.36 (compatible; Googlebot/2.1; +http://www.google.com/bot.html)"
66.249.68.71 - - [20/Oct/2024:15:19:25 -0400] "GET /wp-login.php?redirect_to=https%3A%2F%2Fdietcontrungnhanh.com%2Fwp-admin%2Fcomment.php%3Faction%3Dtrash%26c%3D80&reauth=1 HTTP/1.1" 200 2850 "-" "Mozilla/5.0 (Linux; Android 6.0.1; Nexus 5X Build/MMB29P) AppleWebKit/537.36 (KHTML, like Gecko) Chrome/129.0.6668.89 Mobile Safari/537.36 (compatible; Googlebot/2.1; +http://www.google.com/bot.html)"
66.249.68.71 - - [20/Oct/2024:15:19:25 -0400] "GET /wp-login.php?redirect_to=https%3A%2F%2Fdietcontrungnhanh.com%2Fwp-admin%2Fedit-comments.php%3Fcomment_status%3Dmoderated&reauth=1 HTTP/1.1" 200 2839 "-" "Mozilla/5.0 (Linux; Android 6.0.1; Nexus 5X Build/MMB29P) AppleWebKit/537.36 (KHTML, like Gecko) Chrome/129.0.6668.89 Mobile Safari/537.36 (compatible; Googlebot/2.1; +http://www.google.com/bot.html)"
162.213.251.195 - - [20/Oct/2024:15:22:21 -0400] "POST /wp-cron.php?doing_wp_cron=1729452141.2671499252319335937500 HTTP/1.1" 200 0 "-" "WordPress/6.6.2; https://dietcontrungnhanh.com"
66.249.68.70 - - [20/Oct/2024:15:22:17 -0400] "GET /wp-admin/comment.php?action=approve&c=83 HTTP/1.1" 302 0 "-" "Mozilla/5.0 (Linux; Android 6.0.1; Nexus 5X Build/MMB29P) AppleWebKit/537.36 (KHTML, like Gecko) Chrome/129.0.6668.89 Mobile Safari/537.36 (compatible; Googlebot/2.1; +http://www.google.com/bot.html)"
162.213.251.195 - - [20/Oct/2024:15:22:22 -0400] "POST /wp-cron.php?doing_wp_cron=1729452142.6377580165863037109375 HTTP/1.1" 200 0 "-" "WordPress/6.6.2; https://dietcontrungnhanh.com"
66.249.68.69 - - [20/Oct/2024:15:22:22 -0400] "GET /wp-login.php?redirect_to=https%3A%2F%2Fdietcontrungnhanh.com%2Fwp-admin%2Fcomment.php%3Faction%3Dapprove%26c%3D83&reauth=1 HTTP/1.1" 200 2832 "-" "Mozilla/5.0 (Linux; Android 6.0.1; Nexus 5X Build/MMB29P) AppleWebKit/537.36 (KHTML, like Gecko) Chrome/129.0.6668.89 Mobile Safari/537.36 (compatible; Googlebot/2.1; +http://www.google.com/bot.html)"
162.213.251.195 - - [20/Oct/2024:15:23:40 -0400] "POST /wp-cron.php?doing_wp_cron=1729452219.7944350242614746093750 HTTP/1.1" 200 0 "-" "WordPress/6.6.2; https://dietcontrungnhanh.com"
87.236.176.35 - - [20/Oct/2024:15:23:39 -0400] "GET / HTTP/1.1" 301 0 "http://www.dietcontrungnhanh.com" "Mozilla/5.0 (compatible; InternetMeasurement/1.0; +https://internet-measurement.com/)"
162.213.251.195 - - [20/Oct/2024:15:23:42 -0400] "POST /wp-cron.php?doing_wp_cron=1729452222.2782590389251708984375 HTTP/1.1" 200 0 "-" "WordPress/6.6.2; https://dietcontrungnhanh.com"
87.236.176.35 - - [20/Oct/2024:15:23:41 -0400] "GET / HTTP/1.1" 200 27122 "https://www.dietcontrungnhanh.com/" "Mozilla/5.0 (compatible; InternetMeasurement/1.0; +https://internet-measurement.com/)"
87.236.176.217 - - [20/Oct/2024:15:23:47 -0400] "GET /favicon.ico HTTP/1.1" 404 1251 "-" "Mozilla/5.0 (compatible; InternetMeasurement/1.0; +https://internet-measurement.com/)"
87.236.176.174 - - [20/Oct/2024:15:23:47 -0400] "GET /favicon.ico HTTP/1.1" 404 1251 "-" "Mozilla/5.0 (compatible; InternetMeasurement/1.0; +https://internet-measurement.com/)"
87.236.176.227 - - [20/Oct/2024:15:23:47 -0400] "GET /wp-content/uploads/2023/12/cropped-Logo-dctn-chinh-180x180.png HTTP/1.1" 200 6966 "-" "Mozilla/5.0 (compatible; InternetMeasurement/1.0; +https://internet-measurement.com/)"
87.236.176.84 - - [20/Oct/2024:15:23:47 -0400] "GET /wp-content/uploads/2023/12/cropped-Logo-dctn-chinh-192x192.png HTTP/1.1" 200 7477 "-" "Mozilla/5.0 (compatible; InternetMeasurement/1.0; +https://internet-measurement.com/)"
87.236.176.44 - - [20/Oct/2024:15:23:47 -0400] "GET /wp-content/uploads/2023/12/cropped-Logo-dctn-chinh-270x270.png HTTP/1.1" 200 10911 "-" "Mozilla/5.0 (compatible; InternetMeasurement/1.0; +https://internet-measurement.com/)"
87.236.176.163 - - [20/Oct/2024:15:23:47 -0400] "GET /wp-content/uploads/2023/12/cropped-Logo-dctn-chinh-32x32.png HTTP/1.1" 200 1719 "-" "Mozilla/5.0 (compatible; InternetMeasurement/1.0; +https://internet-measurement.com/)"
2a03:b0c0:2:d0::157c:a001 - - [20/Oct/2024:15:23:47 -0400] "GET /favicon.ico HTTP/1.1" 404 1251 "-" "Mozilla/5.0 (compatible; InternetMeasurement/1.0; +https://internet-measurement.com/)"
2604:a880:800:10::c55:5001 - - [20/Oct/2024:15:23:47 -0400] "GET /favicon.ico HTTP/1.1" 404 1251 "-" "Mozilla/5.0 (compatible; InternetMeasurement/1.0; +https://internet-measurement.com/)"
185.220.100.249 - - [20/Oct/2024:15:23:48 -0400] "GET /favicon.ico HTTP/1.1" 404 1251 "-" "Mozilla/5.0 (Windows NT 10.0; Win64; x64) AppleWebKit/537.36 (KHTML, like Gecko) Chrome/95.0.4638.69 Safari/537.36"
188.165.200.97 - - [20/Oct/2024:15:23:49 -0400] "GET /favicon.ico HTTP/1.1" 404 1251 "-" "Mozilla/5.0 (Windows NT 10.0; Win64; x64) AppleWebKit/537.36 (KHTML, like Gecko) Chrome/95.0.4638.69 Safari/537.36"
162.213.251.195 - - [20/Oct/2024:15:25:52 -0400] "POST /wp-cron.php?doing_wp_cron=1729452352.1219489574432373046875 HTTP/1.1" 200 0 "-" "WordPress/6.6.2; https://dietcontrungnhanh.com"
43.135.134.127 - - [20/Oct/2024:15:25:47 -0400] "GET / HTTP/1.1" 301 0 "http://www.dietcontrungnhanh.com" "Mozilla/5.0 (iPhone; CPU iPhone OS 13_2_3 like Mac OS X) AppleWebKit/605.1.15 (KHTML, like Gecko) Version/13.0.3 Mobile/15E148 Safari/604.1"
162.213.251.195 - - [20/Oct/2024:15:25:55 -0400] "POST /wp-cron.php?doing_wp_cron=1729452354.6958150863647460937500 HTTP/1.1" 200 0 "-" "WordPress/6.6.2; https://dietcontrungnhanh.com"
43.135.134.127 - - [20/Oct/2024:15:25:54 -0400] "GET / HTTP/1.1" 200 27021 "https://www.dietcontrungnhanh.com/" "Mozilla/5.0 (iPhone; CPU iPhone OS 13_2_3 like Mac OS X) AppleWebKit/605.1.15 (KHTML, like Gecko) Version/13.0.3 Mobile/15E148 Safari/604.1"
162.213.251.195 - - [20/Oct/2024:15:28:25 -0400] "POST /wp-cron.php?doing_wp_cron=1729452505.0514960289001464843750 HTTP/1.1" 200 0 "-" "WordPress/6.6.2; https://dietcontrungnhanh.com"
66.249.68.71 - - [20/Oct/2024:15:28:17 -0400] "GET /wp-admin/comment.php?action=trash&c=83 HTTP/1.1" 302 0 "-" "Mozilla/5.0 (Linux; Android 6.0.1; Nexus 5X Build/MMB29P) AppleWebKit/537.36 (KHTML, like Gecko) Chrome/129.0.6668.89 Mobile Safari/537.36 (compatible; Googlebot/2.1; +http://www.google.com/bot.html)"
162.213.251.195 - - [20/Oct/2024:15:28:27 -0400] "POST /wp-cron.php?doing_wp_cron=1729452507.2907390594482421875000 HTTP/1.1" 200 0 "-" "WordPress/6.6.2; https://dietcontrungnhanh.com"
66.249.68.64 - - [20/Oct/2024:15:28:26 -0400] "GET /wp-login.php?redirect_to=https%3A%2F%2Fdietcontrungnhanh.com%2Fwp-admin%2Fcomment.php%3Faction%3Dtrash%26c%3D83&reauth=1 HTTP/1.1" 200 2840 "-" "Mozilla/5.0 (Linux; Android 6.0.1; Nexus 5X Build/MMB29P) AppleWebKit/537.36 (KHTML, like Gecko) Chrome/129.0.6668.89 Mobile Safari/537.36 (compatible; Googlebot/2.1; +http://www.google.com/bot.html)"
162.213.251.195 - - [20/Oct/2024:15:33:31 -0400] "POST /wp-cron.php?doing_wp_cron=1729452811.7460920810699462890625 HTTP/1.1" 200 0 "-" "WordPress/6.6.2; https://dietcontrungnhanh.com"
209.141.48.88 - - [20/Oct/2024:15:33:26 -0400] "GET /wp-login.php HTTP/1.1" 200 2800 "-" "Mozilla/5.0 (Macintosh; Intel Mac OS X 10.7; rv:31.0) Gecko/20100101 Firefox/31.0"
162.213.251.195 - - [20/Oct/2024:15:33:33 -0400] "POST /wp-cron.php?doing_wp_cron=1729452812.7960710525512695312500 HTTP/1.1" 200 0 "-" "WordPress/6.6.2; https://dietcontrungnhanh.com"
209.141.48.88 - - [20/Oct/2024:15:33:32 -0400] "POST /wp-login.php HTTP/1.1" 200 2964 "-" "Mozilla/5.0 (Macintosh; Intel Mac OS X 10.7; rv:31.0) Gecko/20100101 Firefox/31.0"
162.213.251.195 - - [20/Oct/2024:15:34:24 -0400] "POST /wp-cron.php?doing_wp_cron=1729452863.9587669372558593750000 HTTP/1.1" 200 0 "-" "WordPress/6.6.2; https://dietcontrungnhanh.com"
162.213.251.195 - - [20/Oct/2024:15:34:26 -0400] "POST /wp-cron.php?doing_wp_cron=1729452866.3368990421295166015625 HTTP/1.1" 200 0 "-" "WordPress/6.6.2; https://dietcontrungnhanh.com"
66.249.68.68 - - [20/Oct/2024:15:34:23 -0400] "GET /wp-admin/adm= HTTP/1.1" 404 18722 "-" "Mozilla/5.0 (Linux; Android 6.0.1; Nexus 5X Build/MMB29P) AppleWebKit/537.36 (KHTML, like Gecko) Chrome/129.0.6668.89 Mobile Safari/537.36 (compatible; Googlebot/2.1; +http://www.google.com/bot.html)"
66.249.68.68 - - [20/Oct/2024:15:34:22 -0400] "GET /wp-admin/comment.php?action=spam&c=29 HTTP/1.1" 302 0 "-" "Mozilla/5.0 (Linux; Android 6.0.1; Nexus 5X Build/MMB29P) AppleWebKit/537.36 (KHTML, like Gecko) Chrome/129.0.6668.89 Mobile Safari/537.36 (compatible; Googlebot/2.1; +http://www.google.com/bot.html)"
162.213.251.195 - - [20/Oct/2024:15:34:28 -0400] "POST /wp-cron.php?doing_wp_cron=1729452867.9643659591674804687500 HTTP/1.1" 200 0 "-" "WordPress/6.6.2; https://dietcontrungnhanh.com"
66.249.68.68 - - [20/Oct/2024:15:34:27 -0400] "GET /wp-login.php?redirect_to=https%3A%2F%2Fdietcontrungnhanh.com%2Fwp-admin%2Fcomment.php%3Faction%3Dspam%26c%3D29&reauth=1 HTTP/1.1" 200 2844 "-" "Mozilla/5.0 (Linux; Android 6.0.1; Nexus 5X Build/MMB29P) AppleWebKit/537.36 (KHTML, like Gecko) Chrome/129.0.6668.89 Mobile Safari/537.36 (compatible; Googlebot/2.1; +http://www.google.com/bot.html)"
162.213.251.195 - - [20/Oct/2024:15:34:47 -0400] "POST /wp-cron.php?doing_wp_cron=1729452886.9510109424591064453125 HTTP/1.1" 200 0 "-" "WordPress/6.6.2; https://dietcontrungnhanh.com"
209.141.51.75 - - [20/Oct/2024:15:34:46 -0400] "GET /wp-login.php HTTP/1.1" 200 2812 "-" "Mozilla/5.0 (Macintosh; Intel Mac OS X 10_9_4) AppleWebKit/537.77.4 (KHTML, like Gecko) Version/7.0.5 Safari/537.77.4"
209.141.51.75 - - [20/Oct/2024:15:34:47 -0400] "POST /wp-login.php HTTP/1.1" 200 2963 "-" "Mozilla/5.0 (Macintosh; Intel Mac OS X 10_9_4) AppleWebKit/537.77.4 (KHTML, like Gecko) Version/7.0.5 Safari/537.77.4"
162.213.251.195 - - [20/Oct/2024:15:35:26 -0400] "POST /wp-cron.php?doing_wp_cron=1729452926.6016490459442138671875 HTTP/1.1" 200 0 "-" "WordPress/6.6.2; https://dietcontrungnhanh.com"
104.244.76.114 - - [20/Oct/2024:15:35:26 -0400] "GET /wp-login.php HTTP/1.1" 200 2800 "-" "Mozilla/5.0 (Windows NT 6.1; WOW64; rv:30.0) Gecko/20100101 Firefox/30.0"
162.213.251.195 - - [20/Oct/2024:15:35:27 -0400] "POST /wp-cron.php?doing_wp_cron=1729452927.5477709770202636718750 HTTP/1.1" 200 0 "-" "WordPress/6.6.2; https://dietcontrungnhanh.com"
104.244.76.114 - - [20/Oct/2024:15:35:27 -0400] "POST /wp-login.php HTTP/1.1" 200 3001 "-" "Mozilla/5.0 (Windows NT 6.1; WOW64; rv:30.0) Gecko/20100101 Firefox/30.0"
162.213.251.195 - - [20/Oct/2024:15:41:15 -0400] "POST /wp-cron.php?doing_wp_cron=1729453275.0530619621276855468750 HTTP/1.1" 200 0 "-" "WordPress/6.6.2; https://dietcontrungnhanh.com"
66.249.68.64 - - [20/Oct/2024:15:41:09 -0400] "GET /wp-admin/comment.php?action=approve&c=29 HTTP/1.1" 302 0 "-" "Mozilla/5.0 (Linux; Android 6.0.1; Nexus 5X Build/MMB29P) AppleWebKit/537.36 (KHTML, like Gecko) Chrome/129.0.6668.89 Mobile Safari/537.36 (compatible; Googlebot/2.1; +http://www.google.com/bot.html)"
66.249.68.64 - - [20/Oct/2024:15:41:15 -0400] "GET /wp-login.php?redirect_to=https%3A%2F%2Fdietcontrungnhanh.com%2Fwp-admin%2Fcomment.php%3Faction%3Dapprove%26c%3D29&reauth=1 HTTP/1.1" 200 2832 "-" "Mozilla/5.0 (Linux; Android 6.0.1; Nexus 5X Build/MMB29P) AppleWebKit/537.36 (KHTML, like Gecko) Chrome/129.0.6668.89 Mobile Safari/537.36 (compatible; Googlebot/2.1; +http://www.google.com/bot.html)"
162.213.251.195 - - [20/Oct/2024:15:45:22 -0400] "POST /wp-cron.php?doing_wp_cron=1729453522.2123239040374755859375 HTTP/1.1" 200 0 "-" "WordPress/6.6.2; https://dietcontrungnhanh.com"
66.249.68.64 - - [20/Oct/2024:15:45:18 -0400] "GET /o.php HTTP/1.1" 404 16547 "-" "Mozilla/5.0 (Linux; Android 6.0.1; Nexus 5X Build/MMB29P) AppleWebKit/537.36 (KHTML, like Gecko) Chrome/129.0.6668.89 Mobile Safari/537.36 (compatible; GoogleOther)"
2400:8d60:8::61f8:79ff - - [20/Oct/2024:15:45:53 -0400] "GET /.env HTTP/1.1" 403 1242 "-" "Mozilla/5.0 (Macintosh; Intel Mac OS X 10.15; rv:77.0) Gecko/20100101 Firefox/77.0"
162.213.251.195 - - [20/Oct/2024:15:47:56 -0400] "POST /wp-cron.php?doing_wp_cron=1729453675.9665889739990234375000 HTTP/1.1" 200 0 "-" "WordPress/6.6.2; https://dietcontrungnhanh.com"
216.244.66.234 - - [20/Oct/2024:15:47:53 -0400] "GET /dich-vu-diet-chuot-tai-ho-chi-minh/ HTTP/1.1" 200 27440 "-" "Mozilla/5.0 (compatible; DotBot/1.2; +https://opensiteexplorer.org/dotbot; [email protected])"
162.213.251.195 - - [20/Oct/2024:15:50:21 -0400] "POST /wp-cron.php?doing_wp_cron=1729453820.6677539348602294921875 HTTP/1.1" 200 0 "-" "WordPress/6.6.2; https://dietcontrungnhanh.com"
66.249.68.71 - - [20/Oct/2024:15:50:16 -0400] "GET /wp-admin/admin.php?page=3Ditsec-vul= HTTP/1.1" 302 0 "-" "Mozilla/5.0 (Linux; Android 6.0.1; Nexus 5X Build/MMB29P) AppleWebKit/537.36 (KHTML, like Gecko) Chrome/129.0.6668.89 Mobile Safari/537.36 (compatible; Googlebot/2.1; +http://www.google.com/bot.html)"
162.213.251.195 - - [20/Oct/2024:15:50:22 -0400] "POST /wp-cron.php?doing_wp_cron=1729453822.5015919208526611328125 HTTP/1.1" 200 0 "-" "WordPress/6.6.2; https://dietcontrungnhanh.com"
66.249.68.64 - - [20/Oct/2024:15:50:21 -0400] "GET /wp-login.php?redirect_to=https%3A%2F%2Fdietcontrungnhanh.com%2Fwp-admin%2Fadmin.php%3Fpage%3D3Ditsec-vul%3D&reauth=1 HTTP/1.1" 200 2833 "-" "Mozilla/5.0 (Linux; Android 6.0.1; Nexus 5X Build/MMB29P) AppleWebKit/537.36 (KHTML, like Gecko) Chrome/129.0.6668.89 Mobile Safari/537.36 (compatible; Googlebot/2.1; +http://www.google.com/bot.html)"
66.249.68.71 - - [20/Oct/2024:15:50:28 -0400] "GET /wp-admin/css/login.min.css?ver=6.6.2 HTTP/1.1" 200 1981 "https://dietcontrungnhanh.com/wp-login.php?redirect_to=https%3A%2F%2Fdietcontrungnhanh.com%2Fwp-admin%2Fadmin.php%3Fpage%3D3Ditsec-vul%3D&reauth=1" "Mozilla/5.0 (Linux; Android 6.0.1; Nexus 5X Build/MMB29P) AppleWebKit/537.36 (KHTML, like Gecko) Chrome/129.0.6668.89 Mobile Safari/537.36 (compatible; Googlebot/2.1; +http://www.google.com/bot.html)"
66.249.68.71 - - [20/Oct/2024:15:50:29 -0400] "GET /wp-includes/css/dashicons.min.css?ver=6.6.2 HTTP/1.1" 200 35110 "https://dietcontrungnhanh.com/wp-login.php?redirect_to=https%3A%2F%2Fdietcontrungnhanh.com%2Fwp-admin%2Fadmin.php%3Fpage%3D3Ditsec-vul%3D&reauth=1" "Mozilla/5.0 (Linux; Android 6.0.1; Nexus 5X Build/MMB29P) AppleWebKit/537.36 (KHTML, like Gecko) Chrome/129.0.6668.89 Mobile Safari/537.36 (compatible; Googlebot/2.1; +http://www.google.com/bot.html)"
66.249.68.71 - - [20/Oct/2024:15:50:29 -0400] "GET /wp-admin/css/forms.min.css?ver=6.6.2 HTTP/1.1" 200 6418 "https://dietcontrungnhanh.com/wp-login.php?redirect_to=https%3A%2F%2Fdietcontrungnhanh.com%2Fwp-admin%2Fadmin.php%3Fpage%3D3Ditsec-vul%3D&reauth=1" "Mozilla/5.0 (Linux; Android 6.0.1; Nexus 5X Build/MMB29P) AppleWebKit/537.36 (KHTML, like Gecko) Chrome/129.0.6668.89 Mobile Safari/537.36 (compatible; Googlebot/2.1; +http://www.google.com/bot.html)"
66.249.68.71 - - [20/Oct/2024:15:50:29 -0400] "GET /wp-includes/js/wp-util.min.js?ver=6.6.2 HTTP/1.1" 200 690 "https://dietcontrungnhanh.com/wp-login.php?redirect_to=https%3A%2F%2Fdietcontrungnhanh.com%2Fwp-admin%2Fadmin.php%3Fpage%3D3Ditsec-vul%3D&reauth=1" "Mozilla/5.0 (Linux; Android 6.0.1; Nexus 5X Build/MMB29P) AppleWebKit/537.36 (KHTML, like Gecko) Chrome/129.0.6668.89 Mobile Safari/537.36 (compatible; Googlebot/2.1; +http://www.google.com/bot.html)"
66.249.68.71 - - [20/Oct/2024:15:50:30 -0400] "GET /wp-includes/css/buttons.min.css?ver=6.6.2 HTTP/1.1" 200 1275 "https://dietcontrungnhanh.com/wp-login.php?redirect_to=https%3A%2F%2Fdietcontrungnhanh.com%2Fwp-admin%2Fadmin.php%3Fpage%3D3Ditsec-vul%3D&reauth=1" "Mozilla/5.0 (Linux; Android 6.0.1; Nexus 5X Build/MMB29P) AppleWebKit/537.36 (KHTML, like Gecko) Chrome/129.0.6668.89 Mobile Safari/537.36 (compatible; Googlebot/2.1; +http://www.google.com/bot.html)"
66.249.68.71 - - [20/Oct/2024:15:50:32 -0400] "GET /wp-admin/js/password-strength-meter.min.js?ver=6.6.2 HTTP/1.1" 200 558 "https://dietcontrungnhanh.com/wp-login.php?redirect_to=https%3A%2F%2Fdietcontrungnhanh.com%2Fwp-admin%2Fadmin.php%3Fpage%3D3Ditsec-vul%3D&reauth=1" "Mozilla/5.0 (Linux; Android 6.0.1; Nexus 5X Build/MMB29P) AppleWebKit/537.36 (KHTML, like Gecko) Chrome/129.0.6668.89 Mobile Safari/537.36 (compatible; Googlebot/2.1; +http://www.google.com/bot.html)"
66.249.68.71 - - [20/Oct/2024:15:50:33 -0400] "GET /wp-admin/js/user-profile.min.js?ver=6.6.2 HTTP/1.1" 200 2257 "https://dietcontrungnhanh.com/wp-login.php?redirect_to=https%3A%2F%2Fdietcontrungnhanh.com%2Fwp-admin%2Fadmin.php%3Fpage%3D3Ditsec-vul%3D&reauth=1" "Mozilla/5.0 (Linux; Android 6.0.1; Nexus 5X Build/MMB29P) AppleWebKit/537.36 (KHTML, like Gecko) Chrome/129.0.6668.89 Mobile Safari/537.36 (compatible; Googlebot/2.1; +http://www.google.com/bot.html)"
66.249.68.71 - - [20/Oct/2024:15:50:35 -0400] "GET /wp-includes/js/underscore.min.js?ver=1.13.4 HTTP/1.1" 200 7179 "https://dietcontrungnhanh.com/wp-login.php?redirect_to=https%3A%2F%2Fdietcontrungnhanh.com%2Fwp-admin%2Fadmin.php%3Fpage%3D3Ditsec-vul%3D&reauth=1" "Mozilla/5.0 (Linux; Android 6.0.1; Nexus 5X Build/MMB29P) AppleWebKit/537.36 (KHTML, like Gecko) Chrome/129.0.6668.89 Mobile Safari/537.36 (compatible; Googlebot/2.1; +http://www.google.com/bot.html)"
66.249.68.71 - - [20/Oct/2024:15:50:36 -0400] "GET /wp-admin/css/l10n.min.css?ver=6.6.2 HTTP/1.1" 200 675 "https://dietcontrungnhanh.com/wp-login.php?redirect_to=https%3A%2F%2Fdietcontrungnhanh.com%2Fwp-admin%2Fadmin.php%3Fpage%3D3Ditsec-vul%3D&reauth=1" "Mozilla/5.0 (Linux; Android 6.0.1; Nexus 5X Build/MMB29P) AppleWebKit/537.36 (KHTML, like Gecko) Chrome/129.0.6668.89 Mobile Safari/537.36 (compatible; Googlebot/2.1; +http://www.google.com/bot.html)"
66.249.68.71 - - [20/Oct/2024:15:50:38 -0400] "GET /wp-includes/js/zxcvbn-async.min.js?ver=1.0 HTTP/1.1" 200 187 "https://dietcontrungnhanh.com/wp-login.php?redirect_to=https%3A%2F%2Fdietcontrungnhanh.com%2Fwp-admin%2Fadmin.php%3Fpage%3D3Ditsec-vul%3D&reauth=1" "Mozilla/5.0 (Linux; Android 6.0.1; Nexus 5X Build/MMB29P) AppleWebKit/537.36 (KHTML, like Gecko) Chrome/129.0.6668.89 Mobile Safari/537.36 (compatible; Googlebot/2.1; +http://www.google.com/bot.html)"
66.249.68.71 - - [20/Oct/2024:15:50:39 -0400] "GET /wp-admin/images/wordpress-logo.svg?ver=20131107 HTTP/1.1" 200 759 "https://dietcontrungnhanh.com/wp-admin/css/login.min.css?ver=6.6.2" "Mozilla/5.0 (Linux; Android 6.0.1; Nexus 5X Build/MMB29P) AppleWebKit/537.36 (KHTML, like Gecko) Chrome/129.0.6668.89 Mobile Safari/537.36 (compatible; Googlebot/2.1; +http://www.google.com/bot.html)"
66.249.68.71 - - [20/Oct/2024:15:50:40 -0400] "GET /wp-includes/js/zxcvbn.min.js HTTP/1.1" 200 389493 "https://dietcontrungnhanh.com/wp-login.php?redirect_to=https%3A%2F%2Fdietcontrungnhanh.com%2Fwp-admin%2Fadmin.php%3Fpage%3D3Ditsec-vul%3D&reauth=1" "Mozilla/5.0 (Linux; Android 6.0.1; Nexus 5X Build/MMB29P) AppleWebKit/537.36 (KHTML, like Gecko) Chrome/129.0.6668.89 Mobile Safari/537.36 (compatible; Googlebot/2.1; +http://www.google.com/bot.html)"
162.213.251.195 - - [20/Oct/2024:15:52:26 -0400] "POST /wp-cron.php?doing_wp_cron=1729453946.1325840950012207031250 HTTP/1.1" 200 0 "-" "WordPress/6.6.2; https://dietcontrungnhanh.com"
66.249.68.64 - - [20/Oct/2024:15:52:23 -0400] "GET /wp-admin/comment.php?action=trash&c=29 HTTP/1.1" 302 0 "-" "Mozilla/5.0 (Linux; Android 6.0.1; Nexus 5X Build/MMB29P) AppleWebKit/537.36 (KHTML, like Gecko) Chrome/129.0.6668.89 Mobile Safari/537.36 (compatible; Googlebot/2.1; +http://www.google.com/bot.html)"
162.213.251.195 - - [20/Oct/2024:15:52:27 -0400] "POST /wp-cron.php?doing_wp_cron=1729453947.5214819908142089843750 HTTP/1.1" 200 0 "-" "WordPress/6.6.2; https://dietcontrungnhanh.com"
66.249.68.65 - - [20/Oct/2024:15:52:27 -0400] "GET /wp-login.php?redirect_to=https%3A%2F%2Fdietcontrungnhanh.com%2Fwp-admin%2Fcomment.php%3Faction%3Dtrash%26c%3D29&reauth=1 HTTP/1.1" 200 2851 "-" "Mozilla/5.0 (Linux; Android 6.0.1; Nexus 5X Build/MMB29P) AppleWebKit/537.36 (KHTML, like Gecko) Chrome/129.0.6668.89 Mobile Safari/537.36 (compatible; Googlebot/2.1; +http://www.google.com/bot.html)"
162.213.251.195 - - [20/Oct/2024:15:54:46 -0400] "POST /wp-cron.php?doing_wp_cron=1729454086.5461010932922363281250 HTTP/1.1" 200 0 "-" "WordPress/6.6.2; https://dietcontrungnhanh.com"
157.55.39.48 - - [20/Oct/2024:15:54:43 -0400] "GET /san-pham/binh-4-lit-phun-diet-con-trung-08/ HTTP/1.1" 200 27256 "-" "Mozilla/5.0 AppleWebKit/537.36 (KHTML, like Gecko; compatible; bingbot/2.0; +http://www.bing.com/bingbot.htm) Chrome/116.0.1938.76 Safari/537.36"
162.213.251.195 - - [20/Oct/2024:16:02:35 -0400] "POST /wp-cron.php?doing_wp_cron=1729454555.4779260158538818359375 HTTP/1.1" 200 0 "-" "WordPress/6.6.2; https://dietcontrungnhanh.com"
