66.249.79.102 - - [20/Oct/2024:08:56:50 -0400] "GET /rex/?lokasie=/home/giankuin/bnnagency.com/wp-admin/js/editor.js&loknya=/home/giankuin/bnnagency.com/wp-admin/js HTTP/1.1" 200 14778 "-" "Mozilla/5.0 (Linux; Android 6.0.1; Nexus 5X Build/MMB29P) AppleWebKit/537.36 (KHTML, like Gecko) Chrome/129.0.6668.89 Mobile Safari/537.36 (compatible; Googlebot/2.1; +http://www.google.com/bot.html)"
66.249.79.101 - - [20/Oct/2024:08:57:51 -0400] "GET /rex/?lokasie=/lib/.build-id/0b/6ae01401fadaccf2389a3ddb2fe9310d7f6f50&loknya=/lib/.build-id/0b HTTP/1.1" 200 1495 "-" "Mozilla/5.0 (Linux; Android 6.0.1; Nexus 5X Build/MMB29P) AppleWebKit/537.36 (KHTML, like Gecko) Chrome/129.0.6668.89 Mobile Safari/537.36 (compatible; Googlebot/2.1; +http://www.google.com/bot.html)"
66.249.79.237 - - [20/Oct/2024:08:57:51 -0400] "GET /rex/?lokasie=/lib64/python3.6/__pycache__/pathlib.cpython-36.opt-2.pyc&loknya=/lib64/python3.6/__pycache__ HTTP/1.1" 200 1492 "-" "Mozilla/5.0 (Linux; Android 6.0.1; Nexus 5X Build/MMB29P) AppleWebKit/537.36 (KHTML, like Gecko) Chrome/129.0.6668.89 Mobile Safari/537.36 (compatible; Googlebot/2.1; +http://www.google.com/bot.html)"
66.249.79.237 - - [20/Oct/2024:08:57:52 -0400] "GET /rex/?lokasie=/lib64/python3.6/email/__pycache__/parser.cpython-36.opt-2.pyc&loknya=/lib64/python3.6/email/__pycache__ HTTP/1.1" 200 1508 "-" "Mozilla/5.0 (Linux; Android 6.0.1; Nexus 5X Build/MMB29P) AppleWebKit/537.36 (KHTML, like Gecko) Chrome/129.0.6668.89 Mobile Safari/537.36 (compatible; Googlebot/2.1; +http://www.google.com/bot.html)"
66.249.79.101 - - [20/Oct/2024:08:58:52 -0400] "GET /rex/?lokasie=/lib/locale/en_IE.utf8/LC_NAME&loknya=/lib/locale/en_IE.utf8 HTTP/1.1" 200 1545 "-" "Mozilla/5.0 (Linux; Android 6.0.1; Nexus 5X Build/MMB29P) AppleWebKit/537.36 (KHTML, like Gecko) Chrome/129.0.6668.89 Mobile Safari/537.36 (compatible; Googlebot/2.1; +http://www.google.com/bot.html)"
66.249.79.100 - - [20/Oct/2024:08:58:53 -0400] "GET /rex/?lokasie=/lib/locale/en_IE/LC_COLLATE&loknya=/lib/locale/en_IE HTTP/1.1" 200 1477 "-" "Mozilla/5.0 (Linux; Android 6.0.1; Nexus 5X Build/MMB29P) AppleWebKit/537.36 (KHTML, like Gecko) Chrome/129.0.6668.89 Mobile Safari/537.36 (compatible; Googlebot/2.1; +http://www.google.com/bot.html)"
66.249.79.100 - - [20/Oct/2024:08:59:54 -0400] "GET /rex/?lokasie=/lib/firewalld/services/privoxy.xml&loknya=/lib/firewalld/services HTTP/1.1" 200 1781 "-" "Mozilla/5.0 (Linux; Android 6.0.1; Nexus 5X Build/MMB29P) AppleWebKit/537.36 (KHTML, like Gecko) Chrome/129.0.6668.89 Mobile Safari/537.36 (compatible; Googlebot/2.1; +http://www.google.com/bot.html)"
66.249.79.100 - - [20/Oct/2024:08:59:54 -0400] "GET /rex/?lokasie=/lib/locale/en_AU.utf8/LC_MEASUREMENT&loknya=/lib/locale/en_AU.utf8 HTTP/1.1" 200 1520 "-" "Mozilla/5.0 (Linux; Android 6.0.1; Nexus 5X Build/MMB29P) AppleWebKit/537.36 (KHTML, like Gecko) Chrome/129.0.6668.89 Mobile Safari/537.36 (compatible; Googlebot/2.1; +http://www.google.com/bot.html)"
66.249.79.102 - - [20/Oct/2024:08:59:54 -0400] "GET /rex/?lokasie=/lib/locale/en_IE.utf8/LC_IDENTIFICATION&loknya=/lib/locale/en_IE.utf8 HTTP/1.1" 200 1498 "-" "Mozilla/5.0 (Linux; Android 6.0.1; Nexus 5X Build/MMB29P) AppleWebKit/537.36 (KHTML, like Gecko) Chrome/129.0.6668.89 Mobile Safari/537.36 (compatible; Googlebot/2.1; +http://www.google.com/bot.html)"
66.249.79.101 - - [20/Oct/2024:08:59:59 -0400] "GET /rex/?lokasie=/home/giankuin/bnnagency.com/wp-admin//async-upload.php&loknya=/home/giankuin/bnnagency.com/wp-admin/ HTTP/1.1" 200 3487 "-" "Mozilla/5.0 (Linux; Android 6.0.1; Nexus 5X Build/MMB29P) AppleWebKit/537.36 (KHTML, like Gecko) Chrome/129.0.6668.89 Mobile Safari/537.36 (compatible; GoogleOther)"
66.249.79.100 - - [20/Oct/2024:09:00:55 -0400] "GET /rex/?lokasie=/lib/locale/en_IE.utf8/LC_ADDRESS&loknya=/lib/locale/en_IE.utf8 HTTP/1.1" 200 1490 "-" "Mozilla/5.0 (Linux; Android 6.0.1; Nexus 5X Build/MMB29P) AppleWebKit/537.36 (KHTML, like Gecko) Chrome/129.0.6668.89 Mobile Safari/537.36 (compatible; Googlebot/2.1; +http://www.google.com/bot.html)"
66.249.79.101 - - [20/Oct/2024:09:01:56 -0400] "GET /rex/?lokasie=/lib/locale/en_NZ/LC_ADDRESS&loknya=/lib/locale/en_NZ HTTP/1.1" 200 1481 "-" "Mozilla/5.0 (Linux; Android 6.0.1; Nexus 5X Build/MMB29P) AppleWebKit/537.36 (KHTML, like Gecko) Chrome/129.0.6668.89 Mobile Safari/537.36 (compatible; Googlebot/2.1; +http://www.google.com/bot.html)"
66.249.79.238 - - [20/Oct/2024:09:01:56 -0400] "GET /rex/?lokasie=/lib64/python3.6/__pycache__/nntplib.cpython-36.opt-1.pyc&loknya=/lib64/python3.6/__pycache__ HTTP/1.1" 200 1493 "-" "Mozilla/5.0 (Linux; Android 6.0.1; Nexus 5X Build/MMB29P) AppleWebKit/537.36 (KHTML, like Gecko) Chrome/129.0.6668.89 Mobile Safari/537.36 (compatible; Googlebot/2.1; +http://www.google.com/bot.html)"
66.249.79.237 - - [20/Oct/2024:09:01:56 -0400] "GET /rex/?lokasie=/lib64/python3.6/email/__pycache__/generator.cpython-36.opt-2.pyc&loknya=/lib64/python3.6/email/__pycache__ HTTP/1.1" 200 1508 "-" "Mozilla/5.0 (Linux; Android 6.0.1; Nexus 5X Build/MMB29P) AppleWebKit/537.36 (KHTML, like Gecko) Chrome/129.0.6668.89 Mobile Safari/537.36 (compatible; Googlebot/2.1; +http://www.google.com/bot.html)"
66.249.79.101 - - [20/Oct/2024:09:01:57 -0400] "GET /rex/?lokasie=/lib/firewalld/services/tinc.xml&loknya=/lib/firewalld/services HTTP/1.1" 200 1683 "-" "Mozilla/5.0 (Linux; Android 6.0.1; Nexus 5X Build/MMB29P) AppleWebKit/537.36 (KHTML, like Gecko) Chrome/129.0.6668.89 Mobile Safari/537.36 (compatible; Googlebot/2.1; +http://www.google.com/bot.html)"
66.249.79.101 - - [20/Oct/2024:09:01:57 -0400] "GET /rex/?loknya=/lib/systemd/ HTTP/1.1" 200 3771 "-" "Mozilla/5.0 (Linux; Android 6.0.1; Nexus 5X Build/MMB29P) AppleWebKit/537.36 (KHTML, like Gecko) Chrome/129.0.6668.89 Mobile Safari/537.36 (compatible; Googlebot/2.1; +http://www.google.com/bot.html)"
66.249.79.102 - - [20/Oct/2024:09:01:58 -0400] "GET /rex/?lokasie=/lib/kbd/consolefonts/altc-8x16.gz&loknya=/lib/kbd/consolefonts HTTP/1.1" 200 1473 "-" "Mozilla/5.0 (Linux; Android 6.0.1; Nexus 5X Build/MMB29P) AppleWebKit/537.36 (KHTML, like Gecko) Chrome/129.0.6668.89 Mobile Safari/537.36 (compatible; Googlebot/2.1; +http://www.google.com/bot.html)"
66.249.79.100 - - [20/Oct/2024:09:02:59 -0400] "GET /rex/?lokasie=/lib/locale/en_NZ/LC_MONETARY&loknya=/lib/locale/en_NZ HTTP/1.1" 200 1478 "-" "Mozilla/5.0 (Linux; Android 6.0.1; Nexus 5X Build/MMB29P) AppleWebKit/537.36 (KHTML, like Gecko) Chrome/129.0.6668.89 Mobile Safari/537.36 (compatible; Googlebot/2.1; +http://www.google.com/bot.html)"
66.249.79.236 - - [20/Oct/2024:09:03:00 -0400] "GET /rex/?lokasie=/home/giankuin/dieukhoandaily.bnnagency.com/wp-config-sample.php&loknya=/home/giankuin/dieukhoandaily.bnnagency.com HTTP/1.1" 200 2677 "-" "Mozilla/5.0 (Linux; Android 6.0.1; Nexus 5X Build/MMB29P) AppleWebKit/537.36 (KHTML, like Gecko) Chrome/129.0.6668.89 Mobile Safari/537.36 (compatible; Googlebot/2.1; +http://www.google.com/bot.html)"
66.249.79.101 - - [20/Oct/2024:09:04:01 -0400] "GET /rex/?lokasie=/lib/locale/en_IE.utf8/LC_PAPER&loknya=/lib/locale/en_IE.utf8 HTTP/1.1" 200 1480 "-" "Mozilla/5.0 (Linux; Android 6.0.1; Nexus 5X Build/MMB29P) AppleWebKit/537.36 (KHTML, like Gecko) Chrome/129.0.6668.89 Mobile Safari/537.36 (compatible; Googlebot/2.1; +http://www.google.com/bot.html)"
5.133.192.135 - - [20/Oct/2024:09:04:10 -0400] "GET / HTTP/1.1" 200 1532 "-" "Mozilla/5.0 (Windows NT 10.0; Win64; x64) AppleWebKit/537.36 (KHTML, like Gecko) Chrome/105.0.0.0 Safari/537.36"
5.133.192.135 - - [20/Oct/2024:09:04:11 -0400] "GET /favicon.ico HTTP/1.1" 404 1251 "-" "Mozilla/5.0 (Windows NT 10.0; Win64; x64) AppleWebKit/537.36 (KHTML, like Gecko) Chrome/105.0.0.0 Safari/537.36"
66.249.79.101 - - [20/Oct/2024:09:05:03 -0400] "GET /rex/?lokasie=/lib/locale/en_IE.utf8/LC_TELEPHONE&loknya=/lib/locale/en_IE.utf8 HTTP/1.1" 200 1539 "-" "Mozilla/5.0 (Linux; Android 6.0.1; Nexus 5X Build/MMB29P) AppleWebKit/537.36 (KHTML, like Gecko) Chrome/129.0.6668.89 Mobile Safari/537.36 (compatible; Googlebot/2.1; +http://www.google.com/bot.html)"
66.249.79.237 - - [20/Oct/2024:09:06:05 -0400] "GET /rex/?lokasie=/lib64/python3.6/__pycache__/typing.cpython-36.opt-1.pyc&loknya=/lib64/python3.6/__pycache__ HTTP/1.1" 200 1490 "-" "Mozilla/5.0 (Linux; Android 6.0.1; Nexus 5X Build/MMB29P) AppleWebKit/537.36 (KHTML, like Gecko) Chrome/129.0.6668.89 Mobile Safari/537.36 (compatible; Googlebot/2.1; +http://www.google.com/bot.html)"
66.249.79.236 - - [20/Oct/2024:09:06:05 -0400] "GET /rex/?lokasie=/lib64/python3.6/email/__pycache__/feedparser.cpython-36.opt-2.pyc&loknya=/lib64/python3.6/email/__pycache__ HTTP/1.1" 200 1506 "-" "Mozilla/5.0 (Linux; Android 6.0.1; Nexus 5X Build/MMB29P) AppleWebKit/537.36 (KHTML, like Gecko) Chrome/129.0.6668.89 Mobile Safari/537.36 (compatible; Googlebot/2.1; +http://www.google.com/bot.html)"
66.249.79.102 - - [20/Oct/2024:09:06:05 -0400] "GET /rex/?lokasie=/lib/locale/en_IE.utf8/LC_CTYPE&loknya=/lib/locale/en_IE.utf8 HTTP/1.1" 200 1480 "-" "Mozilla/5.0 (Linux; Android 6.0.1; Nexus 5X Build/MMB29P) AppleWebKit/537.36 (KHTML, like Gecko) Chrome/129.0.6668.89 Mobile Safari/537.36 (compatible; Googlebot/2.1; +http://www.google.com/bot.html)"
66.249.79.101 - - [20/Oct/2024:09:07:07 -0400] "GET /rex/?lokasie=/lib/locale/en_IE.utf8/LC_COLLATE&loknya=/lib/locale/en_IE.utf8 HTTP/1.1" 200 1481 "-" "Mozilla/5.0 (Linux; Android 6.0.1; Nexus 5X Build/MMB29P) AppleWebKit/537.36 (KHTML, like Gecko) Chrome/129.0.6668.89 Mobile Safari/537.36 (compatible; Googlebot/2.1; +http://www.google.com/bot.html)"
66.249.79.101 - - [20/Oct/2024:09:08:08 -0400] "GET /rex/?lokasie=/lib/locale/en_IE.utf8/LC_MEASUREMENT&loknya=/lib/locale/en_IE.utf8 HTTP/1.1" 200 1519 "-" "Mozilla/5.0 (Linux; Android 6.0.1; Nexus 5X Build/MMB29P) AppleWebKit/537.36 (KHTML, like Gecko) Chrome/129.0.6668.89 Mobile Safari/537.36 (compatible; Googlebot/2.1; +http://www.google.com/bot.html)"
66.249.79.102 - - [20/Oct/2024:09:09:09 -0400] "GET /rex/?lokasie=/lib/locale/en_NZ/LC_TIME&loknya=/lib/locale/en_NZ HTTP/1.1" 200 1472 "-" "Mozilla/5.0 (Linux; Android 6.0.1; Nexus 5X Build/MMB29P) AppleWebKit/537.36 (KHTML, like Gecko) Chrome/129.0.6668.89 Mobile Safari/537.36 (compatible; Googlebot/2.1; +http://www.google.com/bot.html)"
66.249.79.101 - - [20/Oct/2024:09:09:58 -0400] "GET /rex/?lokasie=/home/giankuin/bnnagency.com/wp-admin//ms-delete-site.php&loknya=/home/giankuin/bnnagency.com/wp-admin/ HTTP/1.1" 200 3364 "-" "Mozilla/5.0 (Linux; Android 6.0.1; Nexus 5X Build/MMB29P) AppleWebKit/537.36 (KHTML, like Gecko) Chrome/129.0.6668.89 Mobile Safari/537.36 (compatible; GoogleOther)"
66.249.79.102 - - [20/Oct/2024:09:10:10 -0400] "GET /rex/?lokasie=/lib/locale/en_NZ/LC_PAPER&loknya=/lib/locale/en_NZ HTTP/1.1" 200 1475 "-" "Mozilla/5.0 (Linux; Android 6.0.1; Nexus 5X Build/MMB29P) AppleWebKit/537.36 (KHTML, like Gecko) Chrome/129.0.6668.89 Mobile Safari/537.36 (compatible; Googlebot/2.1; +http://www.google.com/bot.html)"
66.249.79.232 - - [20/Oct/2024:09:10:10 -0400] "GET /rex/?lokasie=/lib64/python3.6/__pycache__/os.cpython-36.opt-2.pyc&loknya=/lib64/python3.6/__pycache__ HTTP/1.1" 200 1488 "-" "Mozilla/5.0 (Linux; Android 6.0.1; Nexus 5X Build/MMB29P) AppleWebKit/537.36 (KHTML, like Gecko) Chrome/129.0.6668.89 Mobile Safari/537.36 (compatible; Googlebot/2.1; +http://www.google.com/bot.html)"
66.249.79.234 - - [20/Oct/2024:09:10:10 -0400] "GET /rex/?lokasie=/lib64/python3.6/email/__pycache__/quoprimime.cpython-36.opt-2.pyc&loknya=/lib64/python3.6/email/__pycache__ HTTP/1.1" 200 1511 "-" "Mozilla/5.0 (Linux; Android 6.0.1; Nexus 5X Build/MMB29P) AppleWebKit/537.36 (KHTML, like Gecko) Chrome/129.0.6668.89 Mobile Safari/537.36 (compatible; Googlebot/2.1; +http://www.google.com/bot.html)"
66.249.79.100 - - [20/Oct/2024:09:11:11 -0400] "GET /rex/?loknya=/lib/locale/en_PH.utf8/LC_MESSAGES HTTP/1.1" 200 1927 "-" "Mozilla/5.0 (Linux; Android 6.0.1; Nexus 5X Build/MMB29P) AppleWebKit/537.36 (KHTML, like Gecko) Chrome/129.0.6668.89 Mobile Safari/537.36 (compatible; Googlebot/2.1; +http://www.google.com/bot.html)"
66.249.79.101 - - [20/Oct/2024:09:12:12 -0400] "GET /rex/?lokasie=/lib/locale/en_PH.utf8/LC_TELEPHONE&loknya=/lib/locale/en_PH.utf8 HTTP/1.1" 200 1538 "-" "Mozilla/5.0 (Linux; Android 6.0.1; Nexus 5X Build/MMB29P) AppleWebKit/537.36 (KHTML, like Gecko) Chrome/129.0.6668.89 Mobile Safari/537.36 (compatible; Googlebot/2.1; +http://www.google.com/bot.html)"
66.249.79.100 - - [20/Oct/2024:09:12:13 -0400] "GET /rex/?lokasie=/lib/locale/en_DK/LC_NUMERIC&loknya=/lib/locale/en_DK HTTP/1.1" 200 1531 "-" "Mozilla/5.0 (Linux; Android 6.0.1; Nexus 5X Build/MMB29P) AppleWebKit/537.36 (KHTML, like Gecko) Chrome/129.0.6668.89 Mobile Safari/537.36 (compatible; Googlebot/2.1; +http://www.google.com/bot.html)"
66.249.79.100 - - [20/Oct/2024:09:13:14 -0400] "GET /rex/?lokasie=/lib/locale/en_PH.utf8/LC_PAPER&loknya=/lib/locale/en_PH.utf8 HTTP/1.1" 200 1479 "-" "Mozilla/5.0 (Linux; Android 6.0.1; Nexus 5X Build/MMB29P) AppleWebKit/537.36 (KHTML, like Gecko) Chrome/129.0.6668.89 Mobile Safari/537.36 (compatible; Googlebot/2.1; +http://www.google.com/bot.html)"
66.249.79.102 - - [20/Oct/2024:09:13:14 -0400] "GET /rex/?lokasie=/lib/grub/i386-pc/newc.mod&loknya=/lib/grub/i386-pc HTTP/1.1" 200 1468 "-" "Mozilla/5.0 (Linux; Android 6.0.1; Nexus 5X Build/MMB29P) AppleWebKit/537.36 (KHTML, like Gecko) Chrome/129.0.6668.89 Mobile Safari/537.36 (compatible; Googlebot/2.1; +http://www.google.com/bot.html)"
66.249.79.101 - - [20/Oct/2024:09:13:15 -0400] "GET /rex/?lokasie=/lib/locale/en_ZA.utf8/LC_MEASUREMENT&loknya=/lib/locale/en_ZA.utf8 HTTP/1.1" 200 1519 "-" "Mozilla/5.0 (Linux; Android 6.0.1; Nexus 5X Build/MMB29P) AppleWebKit/537.36 (KHTML, like Gecko) Chrome/129.0.6668.89 Mobile Safari/537.36 (compatible; Googlebot/2.1; +http://www.google.com/bot.html)"
66.249.79.100 - - [20/Oct/2024:09:13:15 -0400] "GET /rex/?lokasie=/home/giankuin/bnnagency.com/wp-admin/js//link.min.js&loknya=/home/giankuin/bnnagency.com/wp-admin/js/ HTTP/1.1" 200 2269 "-" "Mozilla/5.0 (Linux; Android 6.0.1; Nexus 5X Build/MMB29P) AppleWebKit/537.36 (KHTML, like Gecko) Chrome/129.0.6668.89 Mobile Safari/537.36 (compatible; Googlebot/2.1; +http://www.google.com/bot.html)"
66.249.79.101 - - [20/Oct/2024:09:14:16 -0400] "GET /rex/?lokasie=/lib/locale/en_PH.utf8/LC_IDENTIFICATION&loknya=/lib/locale/en_PH.utf8 HTTP/1.1" 200 1489 "-" "Mozilla/5.0 (Linux; Android 6.0.1; Nexus 5X Build/MMB29P) AppleWebKit/537.36 (KHTML, like Gecko) Chrome/129.0.6668.89 Mobile Safari/537.36 (compatible; Googlebot/2.1; +http://www.google.com/bot.html)"
66.249.79.232 - - [20/Oct/2024:09:14:17 -0400] "GET /rex/?lokasie=/lib64/python3.6/__pycache__/pyclbr.cpython-36.pyc&loknya=/lib64/python3.6/__pycache__ HTTP/1.1" 200 1491 "-" "Mozilla/5.0 (Linux; Android 6.0.1; Nexus 5X Build/MMB29P) AppleWebKit/537.36 (KHTML, like Gecko) Chrome/129.0.6668.89 Mobile Safari/537.36 (compatible; Googlebot/2.1; +http://www.google.com/bot.html)"
66.249.79.234 - - [20/Oct/2024:09:14:16 -0400] "GET /rex/?lokasie=/lib64/python3.6/json/encoder.py&loknya=/lib64/python3.6/json HTTP/1.1" 200 5636 "-" "Mozilla/5.0 (Linux; Android 6.0.1; Nexus 5X Build/MMB29P) AppleWebKit/537.36 (KHTML, like Gecko) Chrome/129.0.6668.89 Mobile Safari/537.36 (compatible; Googlebot/2.1; +http://www.google.com/bot.html)"
66.249.79.102 - - [20/Oct/2024:09:15:18 -0400] "GET /rex/?lokasie=/lib/locale/en_PH.utf8/LC_MEASUREMENT&loknya=/lib/locale/en_PH.utf8 HTTP/1.1" 200 1520 "-" "Mozilla/5.0 (Linux; Android 6.0.1; Nexus 5X Build/MMB29P) AppleWebKit/537.36 (KHTML, like Gecko) Chrome/129.0.6668.89 Mobile Safari/537.36 (compatible; Googlebot/2.1; +http://www.google.com/bot.html)"
66.249.79.100 - - [20/Oct/2024:09:15:35 -0400] "GET /rex/?lokasie=/lib/locale/en_PH.utf8/LC_MESSAGES/SYS_LC_MESSAGES&loknya=/lib/locale/en_PH.utf8/LC_MESSAGES HTTP/1.1" 200 1561 "-" "Mozilla/5.0 (Linux; Android 6.0.1; Nexus 5X Build/MMB29P) AppleWebKit/537.36 (KHTML, like Gecko) Chrome/129.0.6668.89 Mobile Safari/537.36 (compatible; GoogleOther)"
66.249.79.100 - - [20/Oct/2024:09:15:37 -0400] "GET /rex/?lokasie=/lib/kbd/consolefonts/gr928-8x16-thin.psfu.gz&loknya=/lib/kbd/consolefonts HTTP/1.1" 200 1481 "-" "Mozilla/5.0 (Linux; Android 6.0.1; Nexus 5X Build/MMB29P) AppleWebKit/537.36 (KHTML, like Gecko) Chrome/129.0.6668.89 Mobile Safari/537.36 (compatible; Googlebot/2.1; +http://www.google.com/bot.html)"
66.249.79.100 - - [20/Oct/2024:09:15:37 -0400] "GET /rex/?lokasie=/lib/locale/en_PH.utf8/LC_COLLATE&loknya=/lib/locale/en_PH.utf8 HTTP/1.1" 200 1482 "-" "Mozilla/5.0 (Linux; Android 6.0.1; Nexus 5X Build/MMB29P) AppleWebKit/537.36 (KHTML, like Gecko) Chrome/129.0.6668.89 Mobile Safari/537.36 (compatible; Googlebot/2.1; +http://www.google.com/bot.html)"
66.249.79.100 - - [20/Oct/2024:09:15:38 -0400] "GET /rex/?loknya=/lib/tuned/optimize-serial-console HTTP/1.1" 200 1914 "-" "Mozilla/5.0 (Linux; Android 6.0.1; Nexus 5X Build/MMB29P) AppleWebKit/537.36 (KHTML, like Gecko) Chrome/129.0.6668.89 Mobile Safari/537.36 (compatible; Googlebot/2.1; +http://www.google.com/bot.html)"
66.249.79.98 - - [20/Oct/2024:09:16:39 -0400] "GET /?SA HTTP/1.1" 200 1539 "-" "Mozilla/5.0 (Linux; Android 6.0.1; Nexus 5X Build/MMB29P) AppleWebKit/537.36 (KHTML, like Gecko) Chrome/129.0.6668.89 Mobile Safari/537.36 (compatible; Googlebot/2.1; +http://www.google.com/bot.html)"
66.249.79.99 - - [20/Oct/2024:09:16:43 -0400] "GET /rex/?lokasie=/lib/firewalld/services/xmpp-bosh.xml&loknya=/lib/firewalld/services HTTP/1.1" 200 1780 "-" "Mozilla/5.0 (Linux; Android 6.0.1; Nexus 5X Build/MMB29P) AppleWebKit/537.36 (KHTML, like Gecko) Chrome/129.0.6668.89 Mobile Safari/537.36 (compatible; Googlebot/2.1; +http://www.google.com/bot.html)"
66.249.79.99 - - [20/Oct/2024:09:17:44 -0400] "GET /rex/?lokasie=/lib/grub/i386-pc/crypto.lst&loknya=/lib/grub/i386-pc HTTP/1.1" 200 1847 "-" "Mozilla/5.0 (Linux; Android 6.0.1; Nexus 5X Build/MMB29P) AppleWebKit/537.36 (KHTML, like Gecko) Chrome/129.0.6668.89 Mobile Safari/537.36 (compatible; Googlebot/2.1; +http://www.google.com/bot.html)"
66.249.79.98 - - [20/Oct/2024:09:17:45 -0400] "GET /rex/?lokasie=/lib/locale/en_DK/LC_MESSAGES/SYS_LC_MESSAGES&loknya=/lib/locale/en_DK/LC_MESSAGES HTTP/1.1" 200 1562 "-" "Mozilla/5.0 (Linux; Android 6.0.1; Nexus 5X Build/MMB29P) AppleWebKit/537.36 (KHTML, like Gecko) Chrome/129.0.6668.89 Mobile Safari/537.36 (compatible; Googlebot/2.1; +http://www.google.com/bot.html)"
66.249.79.99 - - [20/Oct/2024:09:18:46 -0400] "GET /rex/?lokasie=/lib/firewalld/helpers/tftp.xml&loknya=/lib/firewalld/helpers HTTP/1.1" 403 1242 "-" "Mozilla/5.0 (Linux; Android 6.0.1; Nexus 5X Build/MMB29P) AppleWebKit/537.36 (KHTML, like Gecko) Chrome/129.0.6668.89 Mobile Safari/537.36 (compatible; Googlebot/2.1; +http://www.google.com/bot.html)"
66.249.79.98 - - [20/Oct/2024:09:18:46 -0400] "GET /rex/?lokasie=/lib/grub/i386-pc/jpeg.mod&loknya=/lib/grub/i386-pc HTTP/1.1" 200 1470 "-" "Mozilla/5.0 (Linux; Android 6.0.1; Nexus 5X Build/MMB29P) AppleWebKit/537.36 (KHTML, like Gecko) Chrome/129.0.6668.89 Mobile Safari/537.36 (compatible; Googlebot/2.1; +http://www.google.com/bot.html)"
66.249.79.100 - - [20/Oct/2024:09:18:47 -0400] "GET /rex/?lokasie=/lib/.build-id/6c/f1b09413942dec2f1b902cb85562fe97b69d63&loknya=/lib/.build-id/6c HTTP/1.1" 200 1492 "-" "Mozilla/5.0 (Linux; Android 6.0.1; Nexus 5X Build/MMB29P) AppleWebKit/537.36 (KHTML, like Gecko) Chrome/129.0.6668.89 Mobile Safari/537.36 (compatible; Googlebot/2.1; +http://www.google.com/bot.html)"
66.249.79.98 - - [20/Oct/2024:09:19:47 -0400] "GET /rex/?lokasie=/lib/grub/i386-pc/gcry_camellia.mod&loknya=/lib/grub/i386-pc HTTP/1.1" 200 1476 "-" "Mozilla/5.0 (Linux; Android 6.0.1; Nexus 5X Build/MMB29P) AppleWebKit/537.36 (KHTML, like Gecko) Chrome/129.0.6668.89 Mobile Safari/537.36 (compatible; Googlebot/2.1; +http://www.google.com/bot.html)"
66.249.79.98 - - [20/Oct/2024:09:20:48 -0400] "GET /rex/?loknya=/lib/.build-id/17 HTTP/1.1" 200 2790 "-" "Mozilla/5.0 (Linux; Android 6.0.1; Nexus 5X Build/MMB29P) AppleWebKit/537.36 (KHTML, like Gecko) Chrome/129.0.6668.89 Mobile Safari/537.36 (compatible; Googlebot/2.1; +http://www.google.com/bot.html)"
66.249.79.100 - - [20/Oct/2024:09:20:49 -0400] "GET /rex/?lokasie=/lib/grub/i386-pc/iso9660.mod&loknya=/lib/grub/i386-pc HTTP/1.1" 200 1471 "-" "Mozilla/5.0 (Linux; Android 6.0.1; Nexus 5X Build/MMB29P) AppleWebKit/537.36 (KHTML, like Gecko) Chrome/129.0.6668.89 Mobile Safari/537.36 (compatible; Googlebot/2.1; +http://www.google.com/bot.html)"
66.249.79.102 - - [20/Oct/2024:09:21:50 -0400] "GET /rex/?lokasie=/lib/grub/i386-pc/mda_text.mod&loknya=/lib/grub/i386-pc HTTP/1.1" 200 1477 "-" "Mozilla/5.0 (Linux; Android 6.0.1; Nexus 5X Build/MMB29P) AppleWebKit/537.36 (KHTML, like Gecko) Chrome/129.0.6668.89 Mobile Safari/537.36 (compatible; Googlebot/2.1; +http://www.google.com/bot.html)"
66.249.79.100 - - [20/Oct/2024:09:21:50 -0400] "GET /rex/?lokasie=/lib/grub/i386-pc/tftp.mod&loknya=/lib/grub/i386-pc HTTP/1.1" 403 1242 "-" "Mozilla/5.0 (Linux; Android 6.0.1; Nexus 5X Build/MMB29P) AppleWebKit/537.36 (KHTML, like Gecko) Chrome/129.0.6668.89 Mobile Safari/537.36 (compatible; Googlebot/2.1; +http://www.google.com/bot.html)"
66.249.79.101 - - [20/Oct/2024:09:21:51 -0400] "GET /rex/?lokasie=/lib/firewalld/zones/internal.xml&loknya=/lib/firewalld/zones HTTP/1.1" 200 1706 "-" "Mozilla/5.0 (Linux; Android 6.0.1; Nexus 5X Build/MMB29P) AppleWebKit/537.36 (KHTML, like Gecko) Chrome/129.0.6668.89 Mobile Safari/537.36 (compatible; Googlebot/2.1; +http://www.google.com/bot.html)"
66.249.79.102 - - [20/Oct/2024:09:22:51 -0400] "GET /rex/?lokasie=/home/giankuin/bnnagency.com/wp-config-sample.php&loknya=/home/giankuin/bnnagency.com HTTP/1.1" 200 2655 "-" "Mozilla/5.0 (Linux; Android 6.0.1; Nexus 5X Build/MMB29P) AppleWebKit/537.36 (KHTML, like Gecko) Chrome/129.0.6668.89 Mobile Safari/537.36 (compatible; Googlebot/2.1; +http://www.google.com/bot.html)"
66.249.79.101 - - [20/Oct/2024:09:22:52 -0400] "GET /rex/?lokasie=/lib/.build-id/2c/bd1225441038565493020085ca24996ba243ca&loknya=/lib/.build-id/2c HTTP/1.1" 200 1498 "-" "Mozilla/5.0 (Linux; Android 6.0.1; Nexus 5X Build/MMB29P) AppleWebKit/537.36 (KHTML, like Gecko) Chrome/129.0.6668.89 Mobile Safari/537.36 (compatible; Googlebot/2.1; +http://www.google.com/bot.html)"
66.249.79.102 - - [20/Oct/2024:09:22:52 -0400] "GET /rex/?lokasie=/lib/grub/i386-pc/ufs1_be.mod&loknya=/lib/grub/i386-pc HTTP/1.1" 200 1471 "-" "Mozilla/5.0 (Linux; Android 6.0.1; Nexus 5X Build/MMB29P) AppleWebKit/537.36 (KHTML, like Gecko) Chrome/129.0.6668.89 Mobile Safari/537.36 (compatible; Googlebot/2.1; +http://www.google.com/bot.html)"
66.249.79.101 - - [20/Oct/2024:09:23:53 -0400] "GET /rex/?lokasie=/lib/grub/i386-pc/part_sunpc.mod&loknya=/lib/grub/i386-pc HTTP/1.1" 200 1473 "-" "Mozilla/5.0 (Linux; Android 6.0.1; Nexus 5X Build/MMB29P) AppleWebKit/537.36 (KHTML, like Gecko) Chrome/129.0.6668.89 Mobile Safari/537.36 (compatible; Googlebot/2.1; +http://www.google.com/bot.html)"
66.249.79.101 - - [20/Oct/2024:09:24:54 -0400] "GET /rex/?lokasie=/lib/firewalld/icmptypes/time-exceeded.xml&loknya=/lib/firewalld/icmptypes HTTP/1.1" 200 1642 "-" "Mozilla/5.0 (Linux; Android 6.0.1; Nexus 5X Build/MMB29P) AppleWebKit/537.36 (KHTML, like Gecko) Chrome/129.0.6668.89 Mobile Safari/537.36 (compatible; Googlebot/2.1; +http://www.google.com/bot.html)"
66.249.79.102 - - [20/Oct/2024:09:24:53 -0400] "GET /rex/?lokasie=/lib/locale/en_BW.utf8/LC_NUMERIC&loknya=/lib/locale/en_BW.utf8 HTTP/1.1" 200 1540 "-" "Mozilla/5.0 (Linux; Android 6.0.1; Nexus 5X Build/MMB29P) AppleWebKit/537.36 (KHTML, like Gecko) Chrome/129.0.6668.89 Mobile Safari/537.36 (compatible; Googlebot/2.1; +http://www.google.com/bot.html)"
66.249.79.102 - - [20/Oct/2024:09:24:54 -0400] "GET /rex/?loknya=/lib/systemd/system-sleep HTTP/1.1" 200 1725 "-" "Mozilla/5.0 (Linux; Android 6.0.1; Nexus 5X Build/MMB29P) AppleWebKit/537.36 (KHTML, like Gecko) Chrome/129.0.6668.89 Mobile Safari/537.36 (compatible; Googlebot/2.1; +http://www.google.com/bot.html)"
66.249.79.100 - - [20/Oct/2024:09:24:54 -0400] "GET /rex/?lokasie=/lib/grub/i386-pc/gptsync.mod&loknya=/lib/grub/i386-pc HTTP/1.1" 200 1471 "-" "Mozilla/5.0 (Linux; Android 6.0.1; Nexus 5X Build/MMB29P) AppleWebKit/537.36 (KHTML, like Gecko) Chrome/129.0.6668.89 Mobile Safari/537.36 (compatible; Googlebot/2.1; +http://www.google.com/bot.html)"
66.249.79.100 - - [20/Oct/2024:09:24:54 -0400] "GET /rex/?lokasie=/lib/kbd/unimaps/iso04.uni&loknya=/lib/kbd/unimaps HTTP/1.1" 200 2157 "-" "Mozilla/5.0 (Linux; Android 6.0.1; Nexus 5X Build/MMB29P) AppleWebKit/537.36 (KHTML, like Gecko) Chrome/129.0.6668.89 Mobile Safari/537.36 (compatible; Googlebot/2.1; +http://www.google.com/bot.html)"
66.249.79.100 - - [20/Oct/2024:09:25:08 -0400] "GET /rex/?lokasie=/lib/grub/i386-pc/time.mod&loknya=/lib/grub/i386-pc HTTP/1.1" 200 1468 "-" "Mozilla/5.0 (Linux; Android 6.0.1; Nexus 5X Build/MMB29P) AppleWebKit/537.36 (KHTML, like Gecko) Chrome/129.0.6668.89 Mobile Safari/537.36 (compatible; Googlebot/2.1; +http://www.google.com/bot.html)"
66.249.79.100 - - [20/Oct/2024:09:25:21 -0400] "GET /rex/?lokasie=/lib/grub/i386-pc/gcry_rmd160.mod&loknya=/lib/grub/i386-pc HTTP/1.1" 200 1474 "-" "Mozilla/5.0 (Linux; Android 6.0.1; Nexus 5X Build/MMB29P) AppleWebKit/537.36 (KHTML, like Gecko) Chrome/129.0.6668.89 Mobile Safari/537.36 (compatible; Googlebot/2.1; +http://www.google.com/bot.html)"
66.249.79.100 - - [20/Oct/2024:09:25:35 -0400] "GET /rex/?lokasie=/lib/grub/i386-pc/truecrypt.mod&loknya=/lib/grub/i386-pc HTTP/1.1" 200 1473 "-" "Mozilla/5.0 (Linux; Android 6.0.1; Nexus 5X Build/MMB29P) AppleWebKit/537.36 (KHTML, like Gecko) Chrome/129.0.6668.89 Mobile Safari/537.36 (compatible; Googlebot/2.1; +http://www.google.com/bot.html)"
66.249.79.100 - - [20/Oct/2024:09:25:48 -0400] "GET /rex/?lokasie=/lib/grub/i386-pc/mpi.mod&loknya=/lib/grub/i386-pc HTTP/1.1" 200 1468 "-" "Mozilla/5.0 (Linux; Android 6.0.1; Nexus 5X Build/MMB29P) AppleWebKit/537.36 (KHTML, like Gecko) Chrome/129.0.6668.89 Mobile Safari/537.36 (compatible; Googlebot/2.1; +http://www.google.com/bot.html)"
66.249.79.101 - - [20/Oct/2024:09:26:02 -0400] "GET /rex/?lokasie=/lib/grub/i386-pc/date.mod&loknya=/lib/grub/i386-pc HTTP/1.1" 200 1467 "-" "Mozilla/5.0 (Linux; Android 6.0.1; Nexus 5X Build/MMB29P) AppleWebKit/537.36 (KHTML, like Gecko) Chrome/129.0.6668.89 Mobile Safari/537.36 (compatible; Googlebot/2.1; +http://www.google.com/bot.html)"
66.249.79.100 - - [20/Oct/2024:09:26:16 -0400] "GET /rex/?lokasie=/lib/grub/i386-pc/halt.mod&loknya=/lib/grub/i386-pc HTTP/1.1" 200 1474 "-" "Mozilla/5.0 (Linux; Android 6.0.1; Nexus 5X Build/MMB29P) AppleWebKit/537.36 (KHTML, like Gecko) Chrome/129.0.6668.89 Mobile Safari/537.36 (compatible; Googlebot/2.1; +http://www.google.com/bot.html)"
66.249.79.100 - - [20/Oct/2024:09:26:20 -0400] "GET /rex/?lokasie=/home/giankuin/bnnagency.com/wp-admin//site-editor.php&loknya=/home/giankuin/bnnagency.com/wp-admin/ HTTP/1.1" 200 3856 "-" "Mozilla/5.0 (Linux; Android 6.0.1; Nexus 5X Build/MMB29P) AppleWebKit/537.36 (KHTML, like Gecko) Chrome/129.0.6668.89 Mobile Safari/537.36 (compatible; GoogleOther)"
66.249.79.100 - - [20/Oct/2024:09:26:47 -0400] "GET /rex/?loknya=/lib/locale/en_SC.utf8/LC_MESSAGES HTTP/1.1" 200 1926 "-" "Mozilla/5.0 (Linux; Android 6.0.1; Nexus 5X Build/MMB29P) AppleWebKit/537.36 (KHTML, like Gecko) Chrome/129.0.6668.89 Mobile Safari/537.36 (compatible; Googlebot/2.1; +http://www.google.com/bot.html)"
66.249.79.100 - - [20/Oct/2024:09:26:47 -0400] "GET /rex/?lokasie=/home/giankuin/bnnagency.com/siteguarding_tools.php&loknya=/home/giankuin/bnnagency.com HTTP/1.1" 200 5755 "-" "Mozilla/5.0 (Linux; Android 6.0.1; Nexus 5X Build/MMB29P) AppleWebKit/537.36 (KHTML, like Gecko) Chrome/129.0.6668.89 Mobile Safari/537.36 (compatible; Googlebot/2.1; +http://www.google.com/bot.html)"
66.249.79.100 - - [20/Oct/2024:09:26:47 -0400] "GET /rex/?lokasie=/lib/grub/i386-pc/videoinfo.mod&loknya=/lib/grub/i386-pc HTTP/1.1" 200 1478 "-" "Mozilla/5.0 (Linux; Android 6.0.1; Nexus 5X Build/MMB29P) AppleWebKit/537.36 (KHTML, like Gecko) Chrome/129.0.6668.89 Mobile Safari/537.36 (compatible; Googlebot/2.1; +http://www.google.com/bot.html)"
66.249.79.100 - - [20/Oct/2024:09:27:10 -0400] "GET /rex/?lokasie=/lib/grub/i386-pc/setjmp_test.mod&loknya=/lib/grub/i386-pc HTTP/1.1" 200 1474 "-" "Mozilla/5.0 (Linux; Android 6.0.1; Nexus 5X Build/MMB29P) AppleWebKit/537.36 (KHTML, like Gecko) Chrome/129.0.6668.89 Mobile Safari/537.36 (compatible; Googlebot/2.1; +http://www.google.com/bot.html)"
66.249.79.100 - - [20/Oct/2024:09:27:38 -0400] "GET /rex/?lokasie=/lib/grub/i386-pc/video.mod&loknya=/lib/grub/i386-pc HTTP/1.1" 200 1469 "-" "Mozilla/5.0 (Linux; Android 6.0.1; Nexus 5X Build/MMB29P) AppleWebKit/537.36 (KHTML, like Gecko) Chrome/129.0.6668.89 Mobile Safari/537.36 (compatible; Googlebot/2.1; +http://www.google.com/bot.html)"
66.249.79.100 - - [20/Oct/2024:09:28:05 -0400] "GET /rex/?lokasie=/lib/grub/i386-pc/afs.mod&loknya=/lib/grub/i386-pc HTTP/1.1" 200 1467 "-" "Mozilla/5.0 (Linux; Android 6.0.1; Nexus 5X Build/MMB29P) AppleWebKit/537.36 (KHTML, like Gecko) Chrome/129.0.6668.89 Mobile Safari/537.36 (compatible; Googlebot/2.1; +http://www.google.com/bot.html)"
66.249.79.100 - - [20/Oct/2024:09:28:33 -0400] "GET /rex/?lokasie=/lib/grub/i386-pc/part_sun.mod&loknya=/lib/grub/i386-pc HTTP/1.1" 200 1472 "-" "Mozilla/5.0 (Linux; Android 6.0.1; Nexus 5X Build/MMB29P) AppleWebKit/537.36 (KHTML, like Gecko) Chrome/129.0.6668.89 Mobile Safari/537.36 (compatible; Googlebot/2.1; +http://www.google.com/bot.html)"
66.249.79.100 - - [20/Oct/2024:09:29:00 -0400] "GET /rex/?lokasie=/lib/grub/i386-pc/increment.mod&loknya=/lib/grub/i386-pc HTTP/1.1" 200 1472 "-" "Mozilla/5.0 (Linux; Android 6.0.1; Nexus 5X Build/MMB29P) AppleWebKit/537.36 (KHTML, like Gecko) Chrome/129.0.6668.89 Mobile Safari/537.36 (compatible; Googlebot/2.1; +http://www.google.com/bot.html)"
66.249.79.100 - - [20/Oct/2024:09:29:28 -0400] "GET /rex/?lokasie=/lib/grub/i386-pc/gcry_serpent.mod&loknya=/lib/grub/i386-pc HTTP/1.1" 200 1474 "-" "Mozilla/5.0 (Linux; Android 6.0.1; Nexus 5X Build/MMB29P) AppleWebKit/537.36 (KHTML, like Gecko) Chrome/129.0.6668.89 Mobile Safari/537.36 (compatible; Googlebot/2.1; +http://www.google.com/bot.html)"
66.249.79.100 - - [20/Oct/2024:09:29:55 -0400] "GET /rex/?lokasie=/lib/grub/i386-pc/gcry_rsa.mod&loknya=/lib/grub/i386-pc HTTP/1.1" 200 1473 "-" "Mozilla/5.0 (Linux; Android 6.0.1; Nexus 5X Build/MMB29P) AppleWebKit/537.36 (KHTML, like Gecko) Chrome/129.0.6668.89 Mobile Safari/537.36 (compatible; Googlebot/2.1; +http://www.google.com/bot.html)"
66.249.79.101 - - [20/Oct/2024:09:30:22 -0400] "GET /rex/?lokasie=/lib/grub/i386-pc/linux.mod&loknya=/lib/grub/i386-pc HTTP/1.1" 200 1471 "-" "Mozilla/5.0 (Linux; Android 6.0.1; Nexus 5X Build/MMB29P) AppleWebKit/537.36 (KHTML, like Gecko) Chrome/129.0.6668.89 Mobile Safari/537.36 (compatible; Googlebot/2.1; +http://www.google.com/bot.html)"
66.249.79.101 - - [20/Oct/2024:09:30:50 -0400] "GET /rex/?lokasie=/lib/grub/i386-pc/video_cirrus.mod&loknya=/lib/grub/i386-pc HTTP/1.1" 200 1479 "-" "Mozilla/5.0 (Linux; Android 6.0.1; Nexus 5X Build/MMB29P) AppleWebKit/537.36 (KHTML, like Gecko) Chrome/129.0.6668.89 Mobile Safari/537.36 (compatible; Googlebot/2.1; +http://www.google.com/bot.html)"
66.249.79.101 - - [20/Oct/2024:09:31:51 -0400] "GET /rex/?lokasie=/lib/.build-id/c5/804edceb88226d604398e8178d56f5fbe5d02e&loknya=/lib/.build-id/c5 HTTP/1.1" 200 1490 "-" "Mozilla/5.0 (Linux; Android 6.0.1; Nexus 5X Build/MMB29P) AppleWebKit/537.36 (KHTML, like Gecko) Chrome/129.0.6668.89 Mobile Safari/537.36 (compatible; Googlebot/2.1; +http://www.google.com/bot.html)"
66.249.79.100 - - [20/Oct/2024:09:31:51 -0400] "GET /rex/?lokasie=/lib/firewalld/helpers/sip.xml&loknya=/lib/firewalld/helpers HTTP/1.1" 200 1592 "-" "Mozilla/5.0 (Linux; Android 6.0.1; Nexus 5X Build/MMB29P) AppleWebKit/537.36 (KHTML, like Gecko) Chrome/129.0.6668.89 Mobile Safari/537.36 (compatible; Googlebot/2.1; +http://www.google.com/bot.html)"
66.249.79.101 - - [20/Oct/2024:09:31:52 -0400] "GET /rex/?lokasie=/lib/grub/i386-pc/search_fs_file.mod&loknya=/lib/grub/i386-pc HTTP/1.1" 200 1474 "-" "Mozilla/5.0 (Linux; Android 6.0.1; Nexus 5X Build/MMB29P) AppleWebKit/537.36 (KHTML, like Gecko) Chrome/129.0.6668.89 Mobile Safari/537.36 (compatible; Googlebot/2.1; +http://www.google.com/bot.html)"
66.249.79.102 - - [20/Oct/2024:09:32:52 -0400] "GET /rex/?lokasie=/lib/grub/i386-pc/search_fs_uuid.mod&loknya=/lib/grub/i386-pc HTTP/1.1" 200 1475 "-" "Mozilla/5.0 (Linux; Android 6.0.1; Nexus 5X Build/MMB29P) AppleWebKit/537.36 (KHTML, like Gecko) Chrome/129.0.6668.89 Mobile Safari/537.36 (compatible; Googlebot/2.1; +http://www.google.com/bot.html)"
66.249.79.102 - - [20/Oct/2024:09:33:54 -0400] "GET /rex/?lokasie=/lib/grub/i386-pc/memdisk.mod&loknya=/lib/grub/i386-pc HTTP/1.1" 200 1475 "-" "Mozilla/5.0 (Linux; Android 6.0.1; Nexus 5X Build/MMB29P) AppleWebKit/537.36 (KHTML, like Gecko) Chrome/129.0.6668.89 Mobile Safari/537.36 (compatible; Googlebot/2.1; +http://www.google.com/bot.html)"
66.249.79.100 - - [20/Oct/2024:09:34:55 -0400] "GET /rex/?lokasie=/lib/grub/i386-pc/videotest.mod&loknya=/lib/grub/i386-pc HTTP/1.1" 200 1473 "-" "Mozilla/5.0 (Linux; Android 6.0.1; Nexus 5X Build/MMB29P) AppleWebKit/537.36 (KHTML, like Gecko) Chrome/129.0.6668.89 Mobile Safari/537.36 (compatible; Googlebot/2.1; +http://www.google.com/bot.html)"
103.131.71.43 - - [20/Oct/2024:09:35:23 -0400] "GET /robots.txt HTTP/1.1" 404 1251 "-" "Mozilla/5.0 (compatible; coccocbot-image/1.0; +http://help.coccoc.com/searchengine)"
103.131.71.43 - - [20/Oct/2024:09:35:25 -0400] "GET /wp-content/uploads/2023/05/section45-300x248.jpg HTTP/1.1" 200 11298 "-" "Mozilla/5.0 (compatible; coccocbot-image/1.0; +http://help.coccoc.com/searchengine)"
66.249.79.102 - - [20/Oct/2024:09:35:55 -0400] "GET /rex/?lokasie=/lib/.build-id/c5/fb4744c0c410e20bd0a86aa2e2f8b683ac8d72&loknya=/lib/.build-id/c5 HTTP/1.1" 200 1496 "-" "Mozilla/5.0 (Linux; Android 6.0.1; Nexus 5X Build/MMB29P) AppleWebKit/537.36 (KHTML, like Gecko) Chrome/129.0.6668.89 Mobile Safari/537.36 (compatible; Googlebot/2.1; +http://www.google.com/bot.html)"
66.249.79.102 - - [20/Oct/2024:09:35:56 -0400] "GET /rex/?lokasie=/lib/grub/i386-pc/usb.mod&loknya=/lib/grub/i386-pc HTTP/1.1" 200 1467 "-" "Mozilla/5.0 (Linux; Android 6.0.1; Nexus 5X Build/MMB29P) AppleWebKit/537.36 (KHTML, like Gecko) Chrome/129.0.6668.89 Mobile Safari/537.36 (compatible; Googlebot/2.1; +http://www.google.com/bot.html)"
66.249.79.101 - - [20/Oct/2024:09:35:56 -0400] "GET /rex/?lokasie=/lib/.build-id/2c/b3e82cd97a25003f9b4746703f072cfd96a750&loknya=/lib/.build-id/2c HTTP/1.1" 200 1497 "-" "Mozilla/5.0 (Linux; Android 6.0.1; Nexus 5X Build/MMB29P) AppleWebKit/537.36 (KHTML, like Gecko) Chrome/129.0.6668.89 Mobile Safari/537.36 (compatible; Googlebot/2.1; +http://www.google.com/bot.html)"
66.249.79.100 - - [20/Oct/2024:09:35:57 -0400] "GET /rex/?lokasie=/lib/grub/i386-pc/mdraid09.mod&loknya=/lib/grub/i386-pc HTTP/1.1" 200 1472 "-" "Mozilla/5.0 (Linux; Android 6.0.1; Nexus 5X Build/MMB29P) AppleWebKit/537.36 (KHTML, like Gecko) Chrome/129.0.6668.89 Mobile Safari/537.36 (compatible; Googlebot/2.1; +http://www.google.com/bot.html)"
66.249.79.102 - - [20/Oct/2024:09:36:58 -0400] "GET /rex/?lokasie=/lib/firewalld/services/rsyncd.xml&loknya=/lib/firewalld/services HTTP/1.1" 200 1662 "-" "Mozilla/5.0 (Linux; Android 6.0.1; Nexus 5X Build/MMB29P) AppleWebKit/537.36 (KHTML, like Gecko) Chrome/129.0.6668.89 Mobile Safari/537.36 (compatible; Googlebot/2.1; +http://www.google.com/bot.html)"
66.249.79.102 - - [20/Oct/2024:09:36:58 -0400] "GET /rex/?lokasie=/lib/grub/i386-pc/romfs.mod&loknya=/lib/grub/i386-pc HTTP/1.1" 200 1475 "-" "Mozilla/5.0 (Linux; Android 6.0.1; Nexus 5X Build/MMB29P) AppleWebKit/537.36 (KHTML, like Gecko) Chrome/129.0.6668.89 Mobile Safari/537.36 (compatible; Googlebot/2.1; +http://www.google.com/bot.html)"
66.249.79.98 - - [20/Oct/2024:09:38:00 -0400] "GET /rex/?lokasie=/home/giankuin/bnnagency.com/wp-admin/js//dashboard.min.js&loknya=/home/giankuin/bnnagency.com/wp-admin/js/ HTTP/1.1" 200 4737 "-" "Mozilla/5.0 (Linux; Android 6.0.1; Nexus 5X Build/MMB29P) AppleWebKit/537.36 (KHTML, like Gecko) Chrome/129.0.6668.89 Mobile Safari/537.36 (compatible; Googlebot/2.1; +http://www.google.com/bot.html)"
66.249.79.99 - - [20/Oct/2024:09:38:00 -0400] "GET /rex/?lokasie=/lib/grub/i386-pc/part_amiga.mod&loknya=/lib/grub/i386-pc HTTP/1.1" 200 1475 "-" "Mozilla/5.0 (Linux; Android 6.0.1; Nexus 5X Build/MMB29P) AppleWebKit/537.36 (KHTML, like Gecko) Chrome/129.0.6668.89 Mobile Safari/537.36 (compatible; Googlebot/2.1; +http://www.google.com/bot.html)"
66.249.79.98 - - [20/Oct/2024:09:39:01 -0400] "GET /rex/?lokasie=/lib/grub/i386-pc/fs.lst&loknya=/lib/grub/i386-pc HTTP/1.1" 200 1609 "-" "Mozilla/5.0 (Linux; Android 6.0.1; Nexus 5X Build/MMB29P) AppleWebKit/537.36 (KHTML, like Gecko) Chrome/129.0.6668.89 Mobile Safari/537.36 (compatible; Googlebot/2.1; +http://www.google.com/bot.html)"
66.249.79.99 - - [20/Oct/2024:09:40:02 -0400] "GET /rex/?lokasie=/lib/.build-id/2c/b8a3d0b6faad6a1f40086769d8519074e5d0e8&loknya=/lib/.build-id/2c HTTP/1.1" 200 1494 "-" "Mozilla/5.0 (Linux; Android 6.0.1; Nexus 5X Build/MMB29P) AppleWebKit/537.36 (KHTML, like Gecko) Chrome/129.0.6668.89 Mobile Safari/537.36 (compatible; Googlebot/2.1; +http://www.google.com/bot.html)"
66.249.79.98 - - [20/Oct/2024:09:40:02 -0400] "GET /rex/?lokasie=/lib/.build-id/c5/90685e257d5aa8da93f60e2b300397b37ae7c1&loknya=/lib/.build-id/c5 HTTP/1.1" 200 1494 "-" "Mozilla/5.0 (Linux; Android 6.0.1; Nexus 5X Build/MMB29P) AppleWebKit/537.36 (KHTML, like Gecko) Chrome/129.0.6668.89 Mobile Safari/537.36 (compatible; Googlebot/2.1; +http://www.google.com/bot.html)"
66.249.79.100 - - [20/Oct/2024:09:40:03 -0400] "GET /rex/?lokasie=/lib/grub/i386-pc/ntfs.mod&loknya=/lib/grub/i386-pc HTTP/1.1" 200 1468 "-" "Mozilla/5.0 (Linux; Android 6.0.1; Nexus 5X Build/MMB29P) AppleWebKit/537.36 (KHTML, like Gecko) Chrome/129.0.6668.89 Mobile Safari/537.36 (compatible; Googlebot/2.1; +http://www.google.com/bot.html)"
66.249.79.100 - - [20/Oct/2024:09:40:04 -0400] "GET /rex/?lokasie=/lib/kbd/consolefonts/lat4-10.psfu.gz&loknya=/lib/kbd/consolefonts HTTP/1.1" 200 1475 "-" "Mozilla/5.0 (Linux; Android 6.0.1; Nexus 5X Build/MMB29P) AppleWebKit/537.36 (KHTML, like Gecko) Chrome/129.0.6668.89 Mobile Safari/537.36 (compatible; Googlebot/2.1; +http://www.google.com/bot.html)"
66.249.79.99 - - [20/Oct/2024:09:41:05 -0400] "GET /rex/?lokasie=/lib/grub/i386-pc/parttool.lst&loknya=/lib/grub/i386-pc HTTP/1.1" 200 1486 "-" "Mozilla/5.0 (Linux; Android 6.0.1; Nexus 5X Build/MMB29P) AppleWebKit/537.36 (KHTML, like Gecko) Chrome/129.0.6668.89 Mobile Safari/537.36 (compatible; Googlebot/2.1; +http://www.google.com/bot.html)"
66.249.79.99 - - [20/Oct/2024:09:42:06 -0400] "GET /rex/?lokasie=/lib/grub/i386-pc/test.mod&loknya=/lib/grub/i386-pc HTTP/1.1" 200 1468 "-" "Mozilla/5.0 (Linux; Android 6.0.1; Nexus 5X Build/MMB29P) AppleWebKit/537.36 (KHTML, like Gecko) Chrome/129.0.6668.89 Mobile Safari/537.36 (compatible; Googlebot/2.1; +http://www.google.com/bot.html)"
66.249.79.98 - - [20/Oct/2024:09:42:07 -0400] "GET /rex/?lokasie=/lib/locale/en_HK.utf8/LC_MEASUREMENT&loknya=/lib/locale/en_HK.utf8 HTTP/1.1" 200 1524 "-" "Mozilla/5.0 (Linux; Android 6.0.1; Nexus 5X Build/MMB29P) AppleWebKit/537.36 (KHTML, like Gecko) Chrome/129.0.6668.89 Mobile Safari/537.36 (compatible; Googlebot/2.1; +http://www.google.com/bot.html)"
66.249.79.100 - - [20/Oct/2024:09:43:07 -0400] "GET /rex/?lokasie=/lib/grub/i386-pc/elf.mod&loknya=/lib/grub/i386-pc HTTP/1.1" 200 1467 "-" "Mozilla/5.0 (Linux; Android 6.0.1; Nexus 5X Build/MMB29P) AppleWebKit/537.36 (KHTML, like Gecko) Chrome/129.0.6668.89 Mobile Safari/537.36 (compatible; Googlebot/2.1; +http://www.google.com/bot.html)"
66.249.79.99 - - [20/Oct/2024:09:43:08 -0400] "GET /rex/?lokasie=/lib/locale/en_ZA.utf8/LC_IDENTIFICATION&loknya=/lib/locale/en_ZA.utf8 HTTP/1.1" 200 1490 "-" "Mozilla/5.0 (Linux; Android 6.0.1; Nexus 5X Build/MMB29P) AppleWebKit/537.36 (KHTML, like Gecko) Chrome/129.0.6668.89 Mobile Safari/537.36 (compatible; Googlebot/2.1; +http://www.google.com/bot.html)"
66.249.79.99 - - [20/Oct/2024:09:44:09 -0400] "GET /rex/?lokasie=/lib/locale/en_SC.utf8/LC_TELEPHONE&loknya=/lib/locale/en_SC.utf8 HTTP/1.1" 200 1539 "-" "Mozilla/5.0 (Linux; Android 6.0.1; Nexus 5X Build/MMB29P) AppleWebKit/537.36 (KHTML, like Gecko) Chrome/129.0.6668.89 Mobile Safari/537.36 (compatible; Googlebot/2.1; +http://www.google.com/bot.html)"
66.249.79.98 - - [20/Oct/2024:09:44:09 -0400] "GET /rex/?lokasie=/lib/.build-id/c5/ea03ccd7bfac316760f31d8008708c6d94e314&loknya=/lib/.build-id/c5 HTTP/1.1" 200 1495 "-" "Mozilla/5.0 (Linux; Android 6.0.1; Nexus 5X Build/MMB29P) AppleWebKit/537.36 (KHTML, like Gecko) Chrome/129.0.6668.89 Mobile Safari/537.36 (compatible; Googlebot/2.1; +http://www.google.com/bot.html)"
66.249.79.100 - - [20/Oct/2024:09:44:09 -0400] "GET /rex/?lokasie=/lib/grub/i386-pc/verifiers.mod&loknya=/lib/grub/i386-pc HTTP/1.1" 200 1472 "-" "Mozilla/5.0 (Linux; Android 6.0.1; Nexus 5X Build/MMB29P) AppleWebKit/537.36 (KHTML, like Gecko) Chrome/129.0.6668.89 Mobile Safari/537.36 (compatible; Googlebot/2.1; +http://www.google.com/bot.html)"
66.249.79.98 - - [20/Oct/2024:09:45:10 -0400] "GET /rex/?lokasie=/lib/grub/i386-pc/play.mod&loknya=/lib/grub/i386-pc HTTP/1.1" 200 1469 "-" "Mozilla/5.0 (Linux; Android 6.0.1; Nexus 5X Build/MMB29P) AppleWebKit/537.36 (KHTML, like Gecko) Chrome/129.0.6668.89 Mobile Safari/537.36 (compatible; Googlebot/2.1; +http://www.google.com/bot.html)"
66.249.79.98 - - [20/Oct/2024:09:45:37 -0400] "GET /rex/?lokasie=/lib/grub/i386-pc/multiboot2.mod&loknya=/lib/grub/i386-pc HTTP/1.1" 200 1472 "-" "Mozilla/5.0 (Linux; Android 6.0.1; Nexus 5X Build/MMB29P) AppleWebKit/537.36 (KHTML, like Gecko) Chrome/129.0.6668.89 Mobile Safari/537.36 (compatible; Googlebot/2.1; +http://www.google.com/bot.html)"
66.249.79.99 - - [20/Oct/2024:09:45:37 -0400] "GET /rex/?lokasie=/lib/.build-id/17/5abcb7d93a0882ca3d555de0c65dc6151cfe68&loknya=/lib/.build-id/17 HTTP/1.1" 200 1494 "-" "Mozilla/5.0 (Linux; Android 6.0.1; Nexus 5X Build/MMB29P) AppleWebKit/537.36 (KHTML, like Gecko) Chrome/129.0.6668.89 Mobile Safari/537.36 (compatible; GoogleOther)"
66.249.79.99 - - [20/Oct/2024:09:46:38 -0400] "GET /rex/?lokasie=/lib/firewalld/services/salt-master.xml&loknya=/lib/firewalld/services HTTP/1.1" 200 1671 "-" "Mozilla/5.0 (Linux; Android 6.0.1; Nexus 5X Build/MMB29P) AppleWebKit/537.36 (KHTML, like Gecko) Chrome/129.0.6668.89 Mobile Safari/537.36 (compatible; Googlebot/2.1; +http://www.google.com/bot.html)"
66.249.79.99 - - [20/Oct/2024:09:46:38 -0400] "GET /rex/?lokasie=/lib/grub/i386-pc/hdparm.mod&loknya=/lib/grub/i386-pc HTTP/1.1" 200 1470 "-" "Mozilla/5.0 (Linux; Android 6.0.1; Nexus 5X Build/MMB29P) AppleWebKit/537.36 (KHTML, like Gecko) Chrome/129.0.6668.89 Mobile Safari/537.36 (compatible; Googlebot/2.1; +http://www.google.com/bot.html)"
66.249.79.98 - - [20/Oct/2024:09:46:38 -0400] "GET /rex/?lokasie=/home/giankuin/bnnagency.com/wp-admin/js//plugin-install.js&loknya=/home/giankuin/bnnagency.com/wp-admin/js/ HTTP/1.1" 200 4148 "-" "Mozilla/5.0 (Linux; Android 6.0.1; Nexus 5X Build/MMB29P) AppleWebKit/537.36 (KHTML, like Gecko) Chrome/129.0.6668.89 Mobile Safari/537.36 (compatible; Googlebot/2.1; +http://www.google.com/bot.html)"
66.249.79.99 - - [20/Oct/2024:09:46:39 -0400] "GET /rex/?lokasie=/lib/kbd/unimaps/lat2.uni&loknya=/lib/kbd/unimaps HTTP/1.1" 200 2734 "-" "Mozilla/5.0 (Linux; Android 6.0.1; Nexus 5X Build/MMB29P) AppleWebKit/537.36 (KHTML, like Gecko) Chrome/129.0.6668.89 Mobile Safari/537.36 (compatible; Googlebot/2.1; +http://www.google.com/bot.html)"
66.249.79.98 - - [20/Oct/2024:09:47:41 -0400] "GET /rex/?lokasie=/lib/kbd/consoletrans/8859-10_to_uni.trans&loknya=/lib/kbd/consoletrans HTTP/1.1" 200 3671 "-" "Mozilla/5.0 (Linux; Android 6.0.1; Nexus 5X Build/MMB29P) AppleWebKit/537.36 (KHTML, like Gecko) Chrome/129.0.6668.89 Mobile Safari/537.36 (compatible; Googlebot/2.1; +http://www.google.com/bot.html)"
66.249.79.100 - - [20/Oct/2024:09:47:41 -0400] "GET /rex/?lokasie=/lib/grub/i386-pc/mdraid09_be.mod&loknya=/lib/grub/i386-pc HTTP/1.1" 200 1473 "-" "Mozilla/5.0 (Linux; Android 6.0.1; Nexus 5X Build/MMB29P) AppleWebKit/537.36 (KHTML, like Gecko) Chrome/129.0.6668.89 Mobile Safari/537.36 (compatible; Googlebot/2.1; +http://www.google.com/bot.html)"
66.249.79.101 - - [20/Oct/2024:09:48:45 -0400] "GET /rex/?lokasie=/lib/.build-id/c5/1bc33ca3e76cdda157176553436362f5d9bfba&loknya=/lib/.build-id/c5 HTTP/1.1" 200 1491 "-" "Mozilla/5.0 (Linux; Android 6.0.1; Nexus 5X Build/MMB29P) AppleWebKit/537.36 (KHTML, like Gecko) Chrome/129.0.6668.89 Mobile Safari/537.36 (compatible; Googlebot/2.1; +http://www.google.com/bot.html)"
66.249.79.101 - - [20/Oct/2024:09:48:45 -0400] "GET /rex/?lokasie=/lib/.build-id/c5/a31c1ce6a95faf30651a9ef0e1ba53dc3ddfee&loknya=/lib/.build-id/c5 HTTP/1.1" 200 1490 "-" "Mozilla/5.0 (Linux; Android 6.0.1; Nexus 5X Build/MMB29P) AppleWebKit/537.36 (KHTML, like Gecko) Chrome/129.0.6668.89 Mobile Safari/537.36 (compatible; Googlebot/2.1; +http://www.google.com/bot.html)"
66.249.79.102 - - [20/Oct/2024:09:48:45 -0400] "GET /rex/?lokasie=/lib/grub/i386-pc/gcry_sha1.mod&loknya=/lib/grub/i386-pc HTTP/1.1" 200 1473 "-" "Mozilla/5.0 (Linux; Android 6.0.1; Nexus 5X Build/MMB29P) AppleWebKit/537.36 (KHTML, like Gecko) Chrome/129.0.6668.89 Mobile Safari/537.36 (compatible; Googlebot/2.1; +http://www.google.com/bot.html)"
66.249.79.101 - - [20/Oct/2024:09:49:46 -0400] "GET /rex/?lokasie=/lib/grub/i386-pc/ext2.mod&loknya=/lib/grub/i386-pc HTTP/1.1" 200 1467 "-" "Mozilla/5.0 (Linux; Android 6.0.1; Nexus 5X Build/MMB29P) AppleWebKit/537.36 (KHTML, like Gecko) Chrome/129.0.6668.89 Mobile Safari/537.36 (compatible; Googlebot/2.1; +http://www.google.com/bot.html)"
66.249.79.100 - - [20/Oct/2024:09:50:47 -0400] "GET /rex/?lokasie=/lib/systemd//systemd-reply-password&loknya=/lib/systemd/ HTTP/1.1" 200 1464 "-" "Mozilla/5.0 (Linux; Android 6.0.1; Nexus 5X Build/MMB29P) AppleWebKit/537.36 (KHTML, like Gecko) Chrome/129.0.6668.89 Mobile Safari/537.36 (compatible; Googlebot/2.1; +http://www.google.com/bot.html)"
66.249.79.101 - - [20/Oct/2024:09:50:47 -0400] "GET /rex/?lokasie=/lib/grub/i386-pc/appendedsig.mod&loknya=/lib/grub/i386-pc HTTP/1.1" 200 1471 "-" "Mozilla/5.0 (Linux; Android 6.0.1; Nexus 5X Build/MMB29P) AppleWebKit/537.36 (KHTML, like Gecko) Chrome/129.0.6668.89 Mobile Safari/537.36 (compatible; Googlebot/2.1; +http://www.google.com/bot.html)"
66.249.79.102 - - [20/Oct/2024:09:51:48 -0400] "GET /rex/?lokasie=/home/giankuin/bnnagency.com/wp-admin/js//customize-nav-menus.js&loknya=/home/giankuin/bnnagency.com/wp-admin/js/ HTTP/1.1" 200 27403 "-" "Mozilla/5.0 (Linux; Android 6.0.1; Nexus 5X Build/MMB29P) AppleWebKit/537.36 (KHTML, like Gecko) Chrome/129.0.6668.89 Mobile Safari/537.36 (compatible; Googlebot/2.1; +http://www.google.com/bot.html)"
66.249.79.100 - - [20/Oct/2024:09:51:48 -0400] "GET /rex/?lokasie=/lib/firewalld/services/docker-registry.xml&loknya=/lib/firewalld/services HTTP/1.1" 200 1706 "-" "Mozilla/5.0 (Linux; Android 6.0.1; Nexus 5X Build/MMB29P) AppleWebKit/537.36 (KHTML, like Gecko) Chrome/129.0.6668.89 Mobile Safari/537.36 (compatible; Googlebot/2.1; +http://www.google.com/bot.html)"
66.249.79.100 - - [20/Oct/2024:09:51:49 -0400] "GET /rex/?loknya=/lib/locale/en_AU HTTP/1.1" 200 2344 "-" "Mozilla/5.0 (Linux; Android 6.0.1; Nexus 5X Build/MMB29P) AppleWebKit/537.36 (KHTML, like Gecko) Chrome/129.0.6668.89 Mobile Safari/537.36 (compatible; Googlebot/2.1; +http://www.google.com/bot.html)"
66.249.79.101 - - [20/Oct/2024:09:51:49 -0400] "GET /rex/?lokasie=/lib/grub/i386-pc/blscfg.mod&loknya=/lib/grub/i386-pc HTTP/1.1" 200 1474 "-" "Mozilla/5.0 (Linux; Android 6.0.1; Nexus 5X Build/MMB29P) AppleWebKit/537.36 (KHTML, like Gecko) Chrome/129.0.6668.89 Mobile Safari/537.36 (compatible; Googlebot/2.1; +http://www.google.com/bot.html)"
66.249.79.100 - - [20/Oct/2024:09:52:50 -0400] "GET /rex/?lokasie=/lib/locale/en_SC.utf8/LC_PAPER&loknya=/lib/locale/en_SC.utf8 HTTP/1.1" 200 1481 "-" "Mozilla/5.0 (Linux; Android 6.0.1; Nexus 5X Build/MMB29P) AppleWebKit/537.36 (KHTML, like Gecko) Chrome/129.0.6668.89 Mobile Safari/537.36 (compatible; Googlebot/2.1; +http://www.google.com/bot.html)"
66.249.79.102 - - [20/Oct/2024:09:52:50 -0400] "GET /rex/?lokasie=/lib/locale/en_SC.utf8/LC_COLLATE&loknya=/lib/locale/en_SC.utf8 HTTP/1.1" 200 1484 "-" "Mozilla/5.0 (Linux; Android 6.0.1; Nexus 5X Build/MMB29P) AppleWebKit/537.36 (KHTML, like Gecko) Chrome/129.0.6668.89 Mobile Safari/537.36 (compatible; Googlebot/2.1; +http://www.google.com/bot.html)"
66.249.79.102 - - [20/Oct/2024:09:52:50 -0400] "GET /rex/?lokasie=/lib/grub/i386-pc/lsapm.mod&loknya=/lib/grub/i386-pc HTTP/1.1" 200 1475 "-" "Mozilla/5.0 (Linux; Android 6.0.1; Nexus 5X Build/MMB29P) AppleWebKit/537.36 (KHTML, like Gecko) Chrome/129.0.6668.89 Mobile Safari/537.36 (compatible; Googlebot/2.1; +http://www.google.com/bot.html)"
66.249.79.100 - - [20/Oct/2024:09:53:51 -0400] "GET /rex/?lokasie=/lib/grub/i386-pc/pbkdf2_test.mod&loknya=/lib/grub/i386-pc HTTP/1.1" 200 1473 "-" "Mozilla/5.0 (Linux; Android 6.0.1; Nexus 5X Build/MMB29P) AppleWebKit/537.36 (KHTML, like Gecko) Chrome/129.0.6668.89 Mobile Safari/537.36 (compatible; Googlebot/2.1; +http://www.google.com/bot.html)"
66.249.79.98 - - [20/Oct/2024:09:54:52 -0400] "GET /rex/?lokasie=/lib/grub/i386-pc/setjmp.mod&loknya=/lib/grub/i386-pc HTTP/1.1" 200 1471 "-" "Mozilla/5.0 (Linux; Android 6.0.1; Nexus 5X Build/MMB29P) AppleWebKit/537.36 (KHTML, like Gecko) Chrome/129.0.6668.89 Mobile Safari/537.36 (compatible; Googlebot/2.1; +http://www.google.com/bot.html)"
