66.249.79.101 - - [20/Oct/2024:10:53:22 -0400] "GET /rex/?lokasie=/lib/systemd/system/systemd-rfkill.socket&loknya=/lib/systemd/system HTTP/1.1" 200 1821 "-" "Mozilla/5.0 (Linux; Android 6.0.1; Nexus 5X Build/MMB29P) AppleWebKit/537.36 (KHTML, like Gecko) Chrome/129.0.6668.89 Mobile Safari/537.36 (compatible; Googlebot/2.1; +http://www.google.com/bot.html)"
66.249.79.101 - - [20/Oct/2024:10:53:23 -0400] "GET /rex/?lokasie=/lib/systemd/system/initrd-root-device.target&loknya=/lib/systemd/system HTTP/1.1" 200 1795 "-" "Mozilla/5.0 (Linux; Android 6.0.1; Nexus 5X Build/MMB29P) AppleWebKit/537.36 (KHTML, like Gecko) Chrome/129.0.6668.89 Mobile Safari/537.36 (compatible; Googlebot/2.1; +http://www.google.com/bot.html)"
66.249.79.100 - - [20/Oct/2024:10:53:23 -0400] "GET /rex/?lokasie=/lib/firmware/matrox/g200_warp.fw&loknya=/lib/firmware/matrox HTTP/1.1" 200 1482 "-" "Mozilla/5.0 (Linux; Android 6.0.1; Nexus 5X Build/MMB29P) AppleWebKit/537.36 (KHTML, like Gecko) Chrome/129.0.6668.89 Mobile Safari/537.36 (compatible; Googlebot/2.1; +http://www.google.com/bot.html)"
66.249.79.100 - - [20/Oct/2024:10:53:35 -0400] "GET /rex/?lokasie=/lib/systemd/system/rdisc.service&loknya=/lib/systemd/system HTTP/1.1" 200 1602 "-" "Mozilla/5.0 (Linux; Android 6.0.1; Nexus 5X Build/MMB29P) AppleWebKit/537.36 (KHTML, like Gecko) Chrome/129.0.6668.89 Mobile Safari/537.36 (compatible; Googlebot/2.1; +http://www.google.com/bot.html)"
66.249.79.100 - - [20/Oct/2024:10:53:49 -0400] "GET /rex/?lokasie=/lib/systemd/system/sssd-autofs.service&loknya=/lib/systemd/system HTTP/1.1" 200 1742 "-" "Mozilla/5.0 (Linux; Android 6.0.1; Nexus 5X Build/MMB29P) AppleWebKit/537.36 (KHTML, like Gecko) Chrome/129.0.6668.89 Mobile Safari/537.36 (compatible; Googlebot/2.1; +http://www.google.com/bot.html)"
66.249.79.100 - - [20/Oct/2024:10:54:03 -0400] "GET /rex/?lokasie=/lib/systemd/system/systemd-resolved.service&loknya=/lib/systemd/system HTTP/1.1" 200 2241 "-" "Mozilla/5.0 (Linux; Android 6.0.1; Nexus 5X Build/MMB29P) AppleWebKit/537.36 (KHTML, like Gecko) Chrome/129.0.6668.89 Mobile Safari/537.36 (compatible; Googlebot/2.1; +http://www.google.com/bot.html)"
66.249.79.100 - - [20/Oct/2024:10:54:16 -0400] "GET /rex/?lokasie=/lib/systemd/system/alt-php82-fpm.service&loknya=/lib/systemd/system HTTP/1.1" 200 1674 "-" "Mozilla/5.0 (Linux; Android 6.0.1; Nexus 5X Build/MMB29P) AppleWebKit/537.36 (KHTML, like Gecko) Chrome/129.0.6668.89 Mobile Safari/537.36 (compatible; Googlebot/2.1; +http://www.google.com/bot.html)"
66.249.79.100 - - [20/Oct/2024:10:54:30 -0400] "GET /rex/?lokasie=/lib/systemd/system/system-update-cleanup.service&loknya=/lib/systemd/system HTTP/1.1" 200 2167 "-" "Mozilla/5.0 (Linux; Android 6.0.1; Nexus 5X Build/MMB29P) AppleWebKit/537.36 (KHTML, like Gecko) Chrome/129.0.6668.89 Mobile Safari/537.36 (compatible; Googlebot/2.1; +http://www.google.com/bot.html)"
66.249.79.100 - - [20/Oct/2024:10:54:44 -0400] "GET /rex/?lokasie=/lib/systemd/system/kcare.service&loknya=/lib/systemd/system HTTP/1.1" 200 1676 "-" "Mozilla/5.0 (Linux; Android 6.0.1; Nexus 5X Build/MMB29P) AppleWebKit/537.36 (KHTML, like Gecko) Chrome/129.0.6668.89 Mobile Safari/537.36 (compatible; Googlebot/2.1; +http://www.google.com/bot.html)"
66.249.79.100 - - [20/Oct/2024:10:55:11 -0400] "GET /rex/?lokasie=/lib/systemd/system/systemd-udevd.service&loknya=/lib/systemd/system HTTP/1.1" 200 2103 "-" "Mozilla/5.0 (Linux; Android 6.0.1; Nexus 5X Build/MMB29P) AppleWebKit/537.36 (KHTML, like Gecko) Chrome/129.0.6668.89 Mobile Safari/537.36 (compatible; Googlebot/2.1; +http://www.google.com/bot.html)"
66.249.79.101 - - [20/Oct/2024:10:55:39 -0400] "GET /rex/?lokasie=/lib/systemd/system/alt-php72-newrelic-daemon.service&loknya=/lib/systemd/system HTTP/1.1" 200 1690 "-" "Mozilla/5.0 (Linux; Android 6.0.1; Nexus 5X Build/MMB29P) AppleWebKit/537.36 (KHTML, like Gecko) Chrome/129.0.6668.89 Mobile Safari/537.36 (compatible; Googlebot/2.1; +http://www.google.com/bot.html)"
66.249.79.102 - - [20/Oct/2024:10:56:06 -0400] "GET /rex/?lokasie=/lib/systemd/system/rhnsd.service&loknya=/lib/systemd/system HTTP/1.1" 200 1639 "-" "Mozilla/5.0 (Linux; Android 6.0.1; Nexus 5X Build/MMB29P) AppleWebKit/537.36 (KHTML, like Gecko) Chrome/129.0.6668.89 Mobile Safari/537.36 (compatible; Googlebot/2.1; +http://www.google.com/bot.html)"
66.249.79.101 - - [20/Oct/2024:10:56:33 -0400] "GET /rex/?lokasie=/lib/systemd/system/var-lib-nfs-rpc_pipefs.mount&loknya=/lib/systemd/system HTTP/1.1" 200 1597 "-" "Mozilla/5.0 (Linux; Android 6.0.1; Nexus 5X Build/MMB29P) AppleWebKit/537.36 (KHTML, like Gecko) Chrome/129.0.6668.89 Mobile Safari/537.36 (compatible; Googlebot/2.1; +http://www.google.com/bot.html)"
66.249.79.100 - - [20/Oct/2024:10:56:47 -0400] "GET /rex/?lokasie=/lib/systemd/system/local-fs-pre.target&loknya=/lib/systemd/system HTTP/1.1" 200 1723 "-" "Mozilla/5.0 (Linux; Android 6.0.1; Nexus 5X Build/MMB29P) AppleWebKit/537.36 (KHTML, like Gecko) Chrome/129.0.6668.89 Mobile Safari/537.36 (compatible; Googlebot/2.1; +http://www.google.com/bot.html)"
66.249.79.100 - - [20/Oct/2024:10:56:47 -0400] "GET /rex/?lokasie=/lib/systemd/system/alt-php55-fpm.service&loknya=/lib/systemd/system HTTP/1.1" 200 1675 "-" "Mozilla/5.0 (Linux; Android 6.0.1; Nexus 5X Build/MMB29P) AppleWebKit/537.36 (KHTML, like Gecko) Chrome/129.0.6668.89 Mobile Safari/537.36 (compatible; Googlebot/2.1; +http://www.google.com/bot.html)"
66.249.79.101 - - [20/Oct/2024:10:57:01 -0400] "GET /rex/?lokasie=/lib/systemd/system/memcached.service&loknya=/lib/systemd/system HTTP/1.1" 200 3066 "-" "Mozilla/5.0 (Linux; Android 6.0.1; Nexus 5X Build/MMB29P) AppleWebKit/537.36 (KHTML, like Gecko) Chrome/129.0.6668.89 Mobile Safari/537.36 (compatible; Googlebot/2.1; +http://www.google.com/bot.html)"
66.249.79.99 - - [20/Oct/2024:10:57:28 -0400] "GET /rex/?lokasie=/lib/systemd/system/getty.target&loknya=/lib/systemd/system HTTP/1.1" 200 1740 "-" "Mozilla/5.0 (Linux; Android 6.0.1; Nexus 5X Build/MMB29P) AppleWebKit/537.36 (KHTML, like Gecko) Chrome/129.0.6668.89 Mobile Safari/537.36 (compatible; Googlebot/2.1; +http://www.google.com/bot.html)"
66.249.79.99 - - [20/Oct/2024:10:58:54 -0400] "GET /rex/?lokasie=/lib/systemd/system/kvm_stat.service&loknya=/lib/systemd/system HTTP/1.1" 200 1707 "-" "Mozilla/5.0 (Linux; Android 6.0.1; Nexus 5X Build/MMB29P) AppleWebKit/537.36 (KHTML, like Gecko) Chrome/129.0.6668.89 Mobile Safari/537.36 (compatible; Googlebot/2.1; +http://www.google.com/bot.html)"
66.249.79.99 - - [20/Oct/2024:10:58:54 -0400] "GET /rex/?lokasie=/lib/locale/en_IN/LC_MONETARY&loknya=/lib/locale/en_IN HTTP/1.1" 200 1476 "-" "Mozilla/5.0 (Linux; Android 6.0.1; Nexus 5X Build/MMB29P) AppleWebKit/537.36 (KHTML, like Gecko) Chrome/129.0.6668.89 Mobile Safari/537.36 (compatible; Googlebot/2.1; +http://www.google.com/bot.html)"
66.249.79.100 - - [20/Oct/2024:10:58:55 -0400] "GET /rex/?loknya=/lib/d/ HTTP/1.1" 200 1712 "-" "Mozilla/5.0 (Linux; Android 6.0.1; Nexus 5X Build/MMB29P) AppleWebKit/537.36 (KHTML, like Gecko) Chrome/129.0.6668.89 Mobile Safari/537.36 (compatible; Googlebot/2.1; +http://www.google.com/bot.html)"
66.249.79.100 - - [20/Oct/2024:10:59:08 -0400] "GET /rex/?lokasie=/lib/systemd/system/alt-php74-fpm.service&loknya=/lib/systemd/system HTTP/1.1" 200 1671 "-" "Mozilla/5.0 (Linux; Android 6.0.1; Nexus 5X Build/MMB29P) AppleWebKit/537.36 (KHTML, like Gecko) Chrome/129.0.6668.89 Mobile Safari/537.36 (compatible; Googlebot/2.1; +http://www.google.com/bot.html)"
66.249.79.99 - - [20/Oct/2024:10:59:22 -0400] "GET /rex/?lokasie=/lib/systemd/system/halt-local.service&loknya=/lib/systemd/system HTTP/1.1" 200 1813 "-" "Mozilla/5.0 (Linux; Android 6.0.1; Nexus 5X Build/MMB29P) AppleWebKit/537.36 (KHTML, like Gecko) Chrome/129.0.6668.89 Mobile Safari/537.36 (compatible; Googlebot/2.1; +http://www.google.com/bot.html)"
66.249.79.98 - - [20/Oct/2024:10:59:35 -0400] "GET /rex/?lokasie=/lib/systemd/system/sssd-nss.service&loknya=/lib/systemd/system HTTP/1.1" 200 1676 "-" "Mozilla/5.0 (Linux; Android 6.0.1; Nexus 5X Build/MMB29P) AppleWebKit/537.36 (KHTML, like Gecko) Chrome/129.0.6668.89 Mobile Safari/537.36 (compatible; Googlebot/2.1; +http://www.google.com/bot.html)"
66.249.79.98 - - [20/Oct/2024:10:59:49 -0400] "GET /rex/?lokasie=/lib/systemd/system/[email protected]&loknya=/lib/systemd/system HTTP/1.1" 200 1575 "-" "Mozilla/5.0 (Linux; Android 6.0.1; Nexus 5X Build/MMB29P) AppleWebKit/537.36 (KHTML, like Gecko) Chrome/129.0.6668.89 Mobile Safari/537.36 (compatible; Googlebot/2.1; +http://www.google.com/bot.html)"
66.249.79.100 - - [20/Oct/2024:11:00:13 -0400] "GET /robots.txt HTTP/1.1" 404 1251 "-" "Mozilla/5.0 (compatible; Googlebot/2.1; +http://www.google.com/bot.html)"
66.249.79.99 - - [20/Oct/2024:11:00:13 -0400] "GET /rex/?lokasie=/lib/systemd/system/systemd-suspend-then-hibernate.service&loknya=/lib/systemd/system HTTP/1.1" 200 1801 "-" "Mozilla/5.0 (Linux; Android 6.0.1; Nexus 5X Build/MMB29P) AppleWebKit/537.36 (KHTML, like Gecko) Chrome/129.0.6668.89 Mobile Safari/537.36 (compatible; Googlebot/2.1; +http://www.google.com/bot.html)"
66.249.79.98 - - [20/Oct/2024:11:00:40 -0400] "GET /rex/?lokasie=/lib/systemd/system/systemd-journald.service&loknya=/lib/systemd/system HTTP/1.1" 200 2268 "-" "Mozilla/5.0 (Linux; Android 6.0.1; Nexus 5X Build/MMB29P) AppleWebKit/537.36 (KHTML, like Gecko) Chrome/129.0.6668.89 Mobile Safari/537.36 (compatible; Googlebot/2.1; +http://www.google.com/bot.html)"
66.249.79.98 - - [20/Oct/2024:11:01:03 -0400] "GET /rex/?lokasie=/lib/systemd/system/systemd-hostnamed.service&loknya=/lib/systemd/system HTTP/1.1" 200 2032 "-" "Mozilla/5.0 (Linux; Android 6.0.1; Nexus 5X Build/MMB29P) AppleWebKit/537.36 (KHTML, like Gecko) Chrome/129.0.6668.89 Mobile Safari/537.36 (compatible; Googlebot/2.1; +http://www.google.com/bot.html)"
66.249.79.99 - - [20/Oct/2024:11:01:03 -0400] "GET /rex/?lokasie=/lib/systemd/system/criu.service&loknya=/lib/systemd/system HTTP/1.1" 200 1620 "-" "Mozilla/5.0 (Linux; Android 6.0.1; Nexus 5X Build/MMB29P) AppleWebKit/537.36 (KHTML, like Gecko) Chrome/129.0.6668.89 Mobile Safari/537.36 (compatible; Googlebot/2.1; +http://www.google.com/bot.html)"
66.249.79.99 - - [20/Oct/2024:11:01:07 -0400] "GET /rex/?lokasie=/lib/systemd/system/sssd-ssh.service&loknya=/lib/systemd/system HTTP/1.1" 200 1734 "-" "Mozilla/5.0 (Linux; Android 6.0.1; Nexus 5X Build/MMB29P) AppleWebKit/537.36 (KHTML, like Gecko) Chrome/129.0.6668.89 Mobile Safari/537.36 (compatible; Googlebot/2.1; +http://www.google.com/bot.html)"
66.249.79.98 - - [20/Oct/2024:11:02:28 -0400] "GET /robots.txt HTTP/1.1" 404 1251 "-" "Mozilla/5.0 (compatible; Googlebot/2.1; +http://www.google.com/bot.html)"
66.249.79.99 - - [20/Oct/2024:11:02:28 -0400] "GET /rex/?lokasie=/lib/systemd/system/auditd.service&loknya=/lib/systemd/system HTTP/1.1" 200 2254 "-" "Mozilla/5.0 (Linux; Android 6.0.1; Nexus 5X Build/MMB29P) AppleWebKit/537.36 (KHTML, like Gecko) Chrome/129.0.6668.89 Mobile Safari/537.36 (compatible; Googlebot/2.1; +http://www.google.com/bot.html)"
66.249.79.100 - - [20/Oct/2024:11:03:29 -0400] "GET /robots.txt HTTP/1.1" 404 1251 "-" "Mozilla/5.0 (compatible; Googlebot/2.1; +http://www.google.com/bot.html)"
66.249.79.102 - - [20/Oct/2024:11:03:29 -0400] "GET /rex/?lokasie=/lib/systemd/system/imunify-antivirus-user.socket&loknya=/lib/systemd/system HTTP/1.1" 200 1747 "-" "Mozilla/5.0 (Linux; Android 6.0.1; Nexus 5X Build/MMB29P) AppleWebKit/537.36 (KHTML, like Gecko) Chrome/129.0.6668.89 Mobile Safari/537.36 (compatible; Googlebot/2.1; +http://www.google.com/bot.html)"
66.249.79.101 - - [20/Oct/2024:11:04:30 -0400] "GET /robots.txt HTTP/1.1" 404 1251 "-" "Mozilla/5.0 (compatible; Googlebot/2.1; +http://www.google.com/bot.html)"
66.249.79.100 - - [20/Oct/2024:11:04:30 -0400] "GET /rex/?lokasie=/lib/systemd/system/plymouth-poweroff.service&loknya=/lib/systemd/system HTTP/1.1" 200 1715 "-" "Mozilla/5.0 (Linux; Android 6.0.1; Nexus 5X Build/MMB29P) AppleWebKit/537.36 (KHTML, like Gecko) Chrome/129.0.6668.89 Mobile Safari/537.36 (compatible; Googlebot/2.1; +http://www.google.com/bot.html)"
66.249.79.102 - - [20/Oct/2024:11:05:31 -0400] "GET /rex/?lokasie=/lib/systemd/system/remote-fs.target&loknya=/lib/systemd/system HTTP/1.1" 200 1763 "-" "Mozilla/5.0 (Linux; Android 6.0.1; Nexus 5X Build/MMB29P) AppleWebKit/537.36 (KHTML, like Gecko) Chrome/129.0.6668.89 Mobile Safari/537.36 (compatible; Googlebot/2.1; +http://www.google.com/bot.html)"
66.249.79.102 - - [20/Oct/2024:11:05:31 -0400] "GET /rex/?lokasie=/lib/systemd/system/cryptsetup-pre.target&loknya=/lib/systemd/system HTTP/1.1" 200 1736 "-" "Mozilla/5.0 (Linux; Android 6.0.1; Nexus 5X Build/MMB29P) AppleWebKit/537.36 (KHTML, like Gecko) Chrome/129.0.6668.89 Mobile Safari/537.36 (compatible; Googlebot/2.1; +http://www.google.com/bot.html)"
66.249.79.100 - - [20/Oct/2024:11:05:31 -0400] "GET /rex/?loknya=/lib/systemd/system/multi-user.target.wants HTTP/1.1" 200 2248 "-" "Mozilla/5.0 (Linux; Android 6.0.1; Nexus 5X Build/MMB29P) AppleWebKit/537.36 (KHTML, like Gecko) Chrome/129.0.6668.89 Mobile Safari/537.36 (compatible; Googlebot/2.1; +http://www.google.com/bot.html)"
66.249.70.34 - - [20/Oct/2024:11:05:32 -0400] "GET /robots.txt HTTP/1.1" 404 1251 "-" "Mozilla/5.0 (compatible; Googlebot/2.1; +http://www.google.com/bot.html)"
66.249.79.101 - - [20/Oct/2024:11:05:31 -0400] "GET /rex/?lokasie=/lib/systemd/system/selinux-autorelabel-mark.service&loknya=/lib/systemd/system HTTP/1.1" 200 1700 "-" "Mozilla/5.0 (Linux; Android 6.0.1; Nexus 5X Build/MMB29P) AppleWebKit/537.36 (KHTML, like Gecko) Chrome/129.0.6668.89 Mobile Safari/537.36 (compatible; Googlebot/2.1; +http://www.google.com/bot.html)"
66.249.79.101 - - [20/Oct/2024:11:05:32 -0400] "GET /rex/?lokasie=/lib/systemd/system/db_governor.service&loknya=/lib/systemd/system HTTP/1.1" 200 1778 "-" "Mozilla/5.0 (Linux; Android 6.0.1; Nexus 5X Build/MMB29P) AppleWebKit/537.36 (KHTML, like Gecko) Chrome/129.0.6668.89 Mobile Safari/537.36 (compatible; Googlebot/2.1; +http://www.google.com/bot.html)"
66.249.79.101 - - [20/Oct/2024:11:05:33 -0400] "GET /rex/?lokasie=/lib/systemd/system/mariadb-extra.socket&loknya=/lib/systemd/system HTTP/1.1" 200 1714 "-" "Mozilla/5.0 (Linux; Android 6.0.1; Nexus 5X Build/MMB29P) AppleWebKit/537.36 (KHTML, like Gecko) Chrome/129.0.6668.89 Mobile Safari/537.36 (compatible; Googlebot/2.1; +http://www.google.com/bot.html)"
66.249.79.100 - - [20/Oct/2024:11:05:33 -0400] "GET /rex/?loknya=/lib/systemd/system/kexec.target.wants HTTP/1.1" 200 1934 "-" "Mozilla/5.0 (Linux; Android 6.0.1; Nexus 5X Build/MMB29P) AppleWebKit/537.36 (KHTML, like Gecko) Chrome/129.0.6668.89 Mobile Safari/537.36 (compatible; Googlebot/2.1; +http://www.google.com/bot.html)"
66.249.79.100 - - [20/Oct/2024:11:06:34 -0400] "GET /robots.txt HTTP/1.1" 404 1251 "-" "Mozilla/5.0 (compatible; Googlebot/2.1; +http://www.google.com/bot.html)"
66.249.79.101 - - [20/Oct/2024:11:06:34 -0400] "GET /rex/?lokasie=/lib/grub/i386-pc/mmap.mod&loknya=/lib/grub/i386-pc HTTP/1.1" 200 1467 "-" "Mozilla/5.0 (Linux; Android 6.0.1; Nexus 5X Build/MMB29P) AppleWebKit/537.36 (KHTML, like Gecko) Chrome/129.0.6668.89 Mobile Safari/537.36 (compatible; Googlebot/2.1; +http://www.google.com/bot.html)"
66.249.79.100 - - [20/Oct/2024:11:07:34 -0400] "GET /rex/?lokasie=/lib/grub/i386-pc/minix2.mod&loknya=/lib/grub/i386-pc HTTP/1.1" 200 1470 "-" "Mozilla/5.0 (Linux; Android 6.0.1; Nexus 5X Build/MMB29P) AppleWebKit/537.36 (KHTML, like Gecko) Chrome/129.0.6668.89 Mobile Safari/537.36 (compatible; Googlebot/2.1; +http://www.google.com/bot.html)"
66.249.79.98 - - [20/Oct/2024:11:08:35 -0400] "GET /robots.txt HTTP/1.1" 404 1251 "-" "Mozilla/5.0 (compatible; Googlebot/2.1; +http://www.google.com/bot.html)"
66.249.79.99 - - [20/Oct/2024:11:08:35 -0400] "GET /rex/?lokasie=/lib/firewalld/services/freeipa-trust.xml&loknya=/lib/firewalld/services HTTP/1.1" 200 1780 "-" "Mozilla/5.0 (Linux; Android 6.0.1; Nexus 5X Build/MMB29P) AppleWebKit/537.36 (KHTML, like Gecko) Chrome/129.0.6668.89 Mobile Safari/537.36 (compatible; Googlebot/2.1; +http://www.google.com/bot.html)"
66.249.79.99 - - [20/Oct/2024:11:09:37 -0400] "GET /robots.txt HTTP/1.1" 404 1251 "-" "Mozilla/5.0 (compatible; Googlebot/2.1; +http://www.google.com/bot.html)"
66.249.79.98 - - [20/Oct/2024:11:09:37 -0400] "GET /rex/?lokasie=/lib/firewalld/services/wsman.xml&loknya=/lib/firewalld/services HTTP/1.1" 200 1678 "-" "Mozilla/5.0 (Linux; Android 6.0.1; Nexus 5X Build/MMB29P) AppleWebKit/537.36 (KHTML, like Gecko) Chrome/129.0.6668.89 Mobile Safari/537.36 (compatible; Googlebot/2.1; +http://www.google.com/bot.html)"
66.249.79.100 - - [20/Oct/2024:11:09:38 -0400] "GET /rex/?lokasie=/lib/systemd/system/ctrl-alt-del.target&loknya=/lib/systemd/system HTTP/1.1" 200 1794 "-" "Mozilla/5.0 (Linux; Android 6.0.1; Nexus 5X Build/MMB29P) AppleWebKit/537.36 (KHTML, like Gecko) Chrome/129.0.6668.89 Mobile Safari/537.36 (compatible; Googlebot/2.1; +http://www.google.com/bot.html)"
66.249.79.98 - - [20/Oct/2024:11:09:38 -0400] "GET /rex/?lokasie=/lib/systemd/system/alt-php70-newrelic-daemon.service&loknya=/lib/systemd/system HTTP/1.1" 200 1690 "-" "Mozilla/5.0 (Linux; Android 6.0.1; Nexus 5X Build/MMB29P) AppleWebKit/537.36 (KHTML, like Gecko) Chrome/129.0.6668.89 Mobile Safari/537.36 (compatible; Googlebot/2.1; +http://www.google.com/bot.html)"
66.249.79.100 - - [20/Oct/2024:11:10:39 -0400] "GET /robots.txt HTTP/1.1" 404 1251 "-" "Mozilla/5.0 (compatible; Googlebot/2.1; +http://www.google.com/bot.html)"
66.249.79.100 - - [20/Oct/2024:11:10:39 -0400] "GET /rex/?lokasie=/lib/firewalld/services/prometheus.xml&loknya=/lib/firewalld/services HTTP/1.1" 200 1623 "-" "Mozilla/5.0 (Linux; Android 6.0.1; Nexus 5X Build/MMB29P) AppleWebKit/537.36 (KHTML, like Gecko) Chrome/129.0.6668.89 Mobile Safari/537.36 (compatible; Googlebot/2.1; +http://www.google.com/bot.html)"
66.249.79.99 - - [20/Oct/2024:11:11:43 -0400] "GET /rex/?lokasie=/lib/firewalld/services/proxy-dhcp.xml&loknya=/lib/firewalld/services HTTP/1.1" 200 1653 "-" "Mozilla/5.0 (Linux; Android 6.0.1; Nexus 5X Build/MMB29P) AppleWebKit/537.36 (KHTML, like Gecko) Chrome/129.0.6668.89 Mobile Safari/537.36 (compatible; Googlebot/2.1; +http://www.google.com/bot.html)"
66.249.79.98 - - [20/Oct/2024:11:12:45 -0400] "GET /rex/?lokasie=/lib/systemd/system/syslog.socket&loknya=/lib/systemd/system HTTP/1.1" 200 2099 "-" "Mozilla/5.0 (Linux; Android 6.0.1; Nexus 5X Build/MMB29P) AppleWebKit/537.36 (KHTML, like Gecko) Chrome/129.0.6668.89 Mobile Safari/537.36 (compatible; Googlebot/2.1; +http://www.google.com/bot.html)"
66.249.79.99 - - [20/Oct/2024:11:12:45 -0400] "GET /rex/?lokasie=/lib/firewalld/services/snmp.xml&loknya=/lib/firewalld/services HTTP/1.1" 200 1684 "-" "Mozilla/5.0 (Linux; Android 6.0.1; Nexus 5X Build/MMB29P) AppleWebKit/537.36 (KHTML, like Gecko) Chrome/129.0.6668.89 Mobile Safari/537.36 (compatible; Googlebot/2.1; +http://www.google.com/bot.html)"
66.249.79.99 - - [20/Oct/2024:11:13:46 -0400] "GET /rex/?lokasie=/lib/firewalld/services/pmcd.xml&loknya=/lib/firewalld/services HTTP/1.1" 200 1735 "-" "Mozilla/5.0 (Linux; Android 6.0.1; Nexus 5X Build/MMB29P) AppleWebKit/537.36 (KHTML, like Gecko) Chrome/129.0.6668.89 Mobile Safari/537.36 (compatible; Googlebot/2.1; +http://www.google.com/bot.html)"
66.249.79.98 - - [20/Oct/2024:11:14:47 -0400] "GET /rex/?lokasie=/lib/locale/en_PH.utf8/LC_ADDRESS&loknya=/lib/locale/en_PH.utf8 HTTP/1.1" 200 1605 "-" "Mozilla/5.0 (Linux; Android 6.0.1; Nexus 5X Build/MMB29P) AppleWebKit/537.36 (KHTML, like Gecko) Chrome/129.0.6668.89 Mobile Safari/537.36 (compatible; Googlebot/2.1; +http://www.google.com/bot.html)"
66.249.79.99 - - [20/Oct/2024:11:14:47 -0400] "GET /rex/?lokasie=/lib/grub/i386-pc/video_colors.mod&loknya=/lib/grub/i386-pc HTTP/1.1" 200 1473 "-" "Mozilla/5.0 (Linux; Android 6.0.1; Nexus 5X Build/MMB29P) AppleWebKit/537.36 (KHTML, like Gecko) Chrome/129.0.6668.89 Mobile Safari/537.36 (compatible; Googlebot/2.1; +http://www.google.com/bot.html)"
66.249.79.100 - - [20/Oct/2024:11:14:47 -0400] "GET /rex/?lokasie=/lib/firewalld/services/bitcoin-testnet.xml&loknya=/lib/firewalld/services HTTP/1.1" 200 1665 "-" "Mozilla/5.0 (Linux; Android 6.0.1; Nexus 5X Build/MMB29P) AppleWebKit/537.36 (KHTML, like Gecko) Chrome/129.0.6668.89 Mobile Safari/537.36 (compatible; Googlebot/2.1; +http://www.google.com/bot.html)"
66.249.79.98 - - [20/Oct/2024:11:14:48 -0400] "GET /rex/?lokasie=/lib/systemd/system/systemd-update-utmp.service&loknya=/lib/systemd/system HTTP/1.1" 200 1885 "-" "Mozilla/5.0 (Linux; Android 6.0.1; Nexus 5X Build/MMB29P) AppleWebKit/537.36 (KHTML, like Gecko) Chrome/129.0.6668.89 Mobile Safari/537.36 (compatible; Googlebot/2.1; +http://www.google.com/bot.html)"
128.199.163.83 - - [20/Oct/2024:11:14:54 -0400] "GET /wp-login.php HTTP/1.1" 302 0 "http://bnnagency.com/wp-login.php" "Mozilla/5.0 (X11; Fedora; Linux x86_64; rv:94.0) Gecko/20100101 Firefox/95.0"
128.199.163.83 - - [20/Oct/2024:11:14:59 -0400] "GET /not_found HTTP/1.1" 404 1251 "https://bnnagency.com/wp-login.php" "Mozilla/5.0 (X11; Fedora; Linux x86_64; rv:94.0) Gecko/20100101 Firefox/95.0"
66.249.79.98 - - [20/Oct/2024:11:15:38 -0400] "GET /rex/?lokasie=/lib/firewalld/services/libvirt-tls.xml&loknya=/lib/firewalld/services HTTP/1.1" 200 1727 "-" "Mozilla/5.0 (Linux; Android 6.0.1; Nexus 5X Build/MMB29P) AppleWebKit/537.36 (KHTML, like Gecko) Chrome/129.0.6668.89 Mobile Safari/537.36 (compatible; Googlebot/2.1; +http://www.google.com/bot.html)"
66.249.79.100 - - [20/Oct/2024:11:15:38 -0400] "GET /rex/?lokasie=/lib/systemd/system/nss-lookup.target&loknya=/lib/systemd/system HTTP/1.1" 200 1798 "-" "Mozilla/5.0 (Linux; Android 6.0.1; Nexus 5X Build/MMB29P) AppleWebKit/537.36 (KHTML, like Gecko) Chrome/129.0.6668.89 Mobile Safari/537.36 (compatible; Googlebot/2.1; +http://www.google.com/bot.html)"
66.249.79.98 - - [20/Oct/2024:11:15:38 -0400] "GET /rex/?lokasie=/lib/firmware//sdd_sagrad_1091_1098.bin&loknya=/lib/firmware/ HTTP/1.1" 200 1474 "-" "Mozilla/5.0 (Linux; Android 6.0.1; Nexus 5X Build/MMB29P) AppleWebKit/537.36 (KHTML, like Gecko) Chrome/129.0.6668.89 Mobile Safari/537.36 (compatible; GoogleOther)"
66.249.79.100 - - [20/Oct/2024:11:16:45 -0400] "GET /rex/?lokasie=/lib/systemd/system/multi-user.target.wants/getty.target&loknya=/lib/systemd/system/multi-user.target.wants HTTP/1.1" 200 1764 "-" "Mozilla/5.0 (Linux; Android 6.0.1; Nexus 5X Build/MMB29P) AppleWebKit/537.36 (KHTML, like Gecko) Chrome/129.0.6668.89 Mobile Safari/537.36 (compatible; Googlebot/2.1; +http://www.google.com/bot.html)"
66.249.79.100 - - [20/Oct/2024:11:17:46 -0400] "GET /rex/?lokasie=/lib/systemd/system/multi-user.target.wants/plymouth-quit-wait.service&loknya=/lib/systemd/system/multi-user.target.wants HTTP/1.1" 200 1634 "-" "Mozilla/5.0 (Linux; Android 6.0.1; Nexus 5X Build/MMB29P) AppleWebKit/537.36 (KHTML, like Gecko) Chrome/129.0.6668.89 Mobile Safari/537.36 (compatible; Googlebot/2.1; +http://www.google.com/bot.html)"
66.249.79.100 - - [20/Oct/2024:11:18:46 -0400] "GET /rex/?lokasie=/lib/systemd/system/multi-user.target.wants/systemd-update-utmp-runlevel.service&loknya=/lib/systemd/system/multi-user.target.wants HTTP/1.1" 200 1889 "-" "Mozilla/5.0 (Linux; Android 6.0.1; Nexus 5X Build/MMB29P) AppleWebKit/537.36 (KHTML, like Gecko) Chrome/129.0.6668.89 Mobile Safari/537.36 (compatible; Googlebot/2.1; +http://www.google.com/bot.html)"
66.249.79.99 - - [20/Oct/2024:11:18:47 -0400] "GET /rex/?lokasie=/lib/systemd/system/multi-user.target.wants/dbus.service&loknya=/lib/systemd/system/multi-user.target.wants HTTP/1.1" 200 1707 "-" "Mozilla/5.0 (Linux; Android 6.0.1; Nexus 5X Build/MMB29P) AppleWebKit/537.36 (KHTML, like Gecko) Chrome/129.0.6668.89 Mobile Safari/537.36 (compatible; Googlebot/2.1; +http://www.google.com/bot.html)"
66.249.79.99 - - [20/Oct/2024:11:18:47 -0400] "GET /rex/?lokasie=/lib/systemd/system/multi-user.target.wants/systemd-logind.service&loknya=/lib/systemd/system/multi-user.target.wants HTTP/1.1" 200 2224 "-" "Mozilla/5.0 (Linux; Android 6.0.1; Nexus 5X Build/MMB29P) AppleWebKit/537.36 (KHTML, like Gecko) Chrome/129.0.6668.89 Mobile Safari/537.36 (compatible; Googlebot/2.1; +http://www.google.com/bot.html)"
66.249.79.99 - - [20/Oct/2024:11:19:48 -0400] "GET /rex/?lokasie=/lib/systemd/system/kexec.target.wants/plymouth-kexec.service&loknya=/lib/systemd/system/kexec.target.wants HTTP/1.1" 200 1725 "-" "Mozilla/5.0 (Linux; Android 6.0.1; Nexus 5X Build/MMB29P) AppleWebKit/537.36 (KHTML, like Gecko) Chrome/129.0.6668.89 Mobile Safari/537.36 (compatible; Googlebot/2.1; +http://www.google.com/bot.html)"
66.249.79.98 - - [20/Oct/2024:11:20:49 -0400] "GET /rex/?lokasie=/lib/systemd/system/multi-user.target.wants/systemd-user-sessions.service&loknya=/lib/systemd/system/multi-user.target.wants HTTP/1.1" 200 1810 "-" "Mozilla/5.0 (Linux; Android 6.0.1; Nexus 5X Build/MMB29P) AppleWebKit/537.36 (KHTML, like Gecko) Chrome/129.0.6668.89 Mobile Safari/537.36 (compatible; Googlebot/2.1; +http://www.google.com/bot.html)"
66.249.79.99 - - [20/Oct/2024:11:21:50 -0400] "GET /rex/?loknya=/lib/d HTTP/1.1" 200 1707 "-" "Mozilla/5.0 (Linux; Android 6.0.1; Nexus 5X Build/MMB29P) AppleWebKit/537.36 (KHTML, like Gecko) Chrome/129.0.6668.89 Mobile Safari/537.36 (compatible; Googlebot/2.1; +http://www.google.com/bot.html)"
66.249.79.100 - - [20/Oct/2024:11:22:54 -0400] "GET /rex/?lokasie=/lib/firmware//lgs8g75.fw&loknya=/lib/firmware/ HTTP/1.1" 200 1463 "-" "Mozilla/5.0 (Linux; Android 6.0.1; Nexus 5X Build/MMB29P) AppleWebKit/537.36 (KHTML, like Gecko) Chrome/129.0.6668.89 Mobile Safari/537.36 (compatible; Googlebot/2.1; +http://www.google.com/bot.html)"
66.249.79.100 - - [20/Oct/2024:11:22:54 -0400] "GET /rex/?loknya=/lib/systemd/system/ HTTP/1.1" 200 15630 "-" "Mozilla/5.0 (Linux; Android 6.0.1; Nexus 5X Build/MMB29P) AppleWebKit/537.36 (KHTML, like Gecko) Chrome/129.0.6668.89 Mobile Safari/537.36 (compatible; Googlebot/2.1; +http://www.google.com/bot.html)"
66.249.79.98 - - [20/Oct/2024:11:22:54 -0400] "GET /rex/?lokasie=/lib/systemd/system/system-update.target.wants/dnf-system-upgrade.service&loknya=/lib/systemd/system/system-update.target.wants HTTP/1.1" 200 1813 "-" "Mozilla/5.0 (Linux; Android 6.0.1; Nexus 5X Build/MMB29P) AppleWebKit/537.36 (KHTML, like Gecko) Chrome/129.0.6668.89 Mobile Safari/537.36 (compatible; Googlebot/2.1; +http://www.google.com/bot.html)"
66.249.79.99 - - [20/Oct/2024:11:22:55 -0400] "GET /rex/?lokasie=/lib/systemd/system/dracut-cmdline.service&loknya=/lib/systemd/system HTTP/1.1" 200 1940 "-" "Mozilla/5.0 (Linux; Android 6.0.1; Nexus 5X Build/MMB29P) AppleWebKit/537.36 (KHTML, like Gecko) Chrome/129.0.6668.89 Mobile Safari/537.36 (compatible; Googlebot/2.1; +http://www.google.com/bot.html)"
66.249.79.99 - - [20/Oct/2024:11:22:56 -0400] "GET /rex/?lokasie=/lib/systemd/system/systemd-udev-trigger.service&loknya=/lib/systemd/system HTTP/1.1" 200 1879 "-" "Mozilla/5.0 (Linux; Android 6.0.1; Nexus 5X Build/MMB29P) AppleWebKit/537.36 (KHTML, like Gecko) Chrome/129.0.6668.89 Mobile Safari/537.36 (compatible; Googlebot/2.1; +http://www.google.com/bot.html)"
66.249.79.99 - - [20/Oct/2024:11:23:57 -0400] "GET /rex/?lokasie=/lib/systemd/system/system-update.target.wants/grub-boot-indeterminate.service&loknya=/lib/systemd/system/system-update.target.wants HTTP/1.1" 200 1635 "-" "Mozilla/5.0 (Linux; Android 6.0.1; Nexus 5X Build/MMB29P) AppleWebKit/537.36 (KHTML, like Gecko) Chrome/129.0.6668.89 Mobile Safari/537.36 (compatible; Googlebot/2.1; +http://www.google.com/bot.html)"
66.249.79.98 - - [20/Oct/2024:11:24:58 -0400] "GET /rex/?lokasie=/lib/firmware//iwlwifi-7260-17.ucode&loknya=/lib/firmware/ HTTP/1.1" 200 1469 "-" "Mozilla/5.0 (Linux; Android 6.0.1; Nexus 5X Build/MMB29P) AppleWebKit/537.36 (KHTML, like Gecko) Chrome/129.0.6668.89 Mobile Safari/537.36 (compatible; Googlebot/2.1; +http://www.google.com/bot.html)"
66.249.79.98 - - [20/Oct/2024:11:24:58 -0400] "GET /rex/?lokasie=/lib/firmware//iwlwifi-so-a0-jf-b0-77.ucode&loknya=/lib/firmware/ HTTP/1.1" 200 1475 "-" "Mozilla/5.0 (Linux; Android 6.0.1; Nexus 5X Build/MMB29P) AppleWebKit/537.36 (KHTML, like Gecko) Chrome/129.0.6668.89 Mobile Safari/537.36 (compatible; Googlebot/2.1; +http://www.google.com/bot.html)"
66.249.79.98 - - [20/Oct/2024:11:24:59 -0400] "GET /rex/?lokasie=/lib/systemd/system/qemu-guest-agent.service&loknya=/lib/systemd/system HTTP/1.1" 200 1754 "-" "Mozilla/5.0 (Linux; Android 6.0.1; Nexus 5X Build/MMB29P) AppleWebKit/537.36 (KHTML, like Gecko) Chrome/129.0.6668.89 Mobile Safari/537.36 (compatible; Googlebot/2.1; +http://www.google.com/bot.html)"
66.249.79.99 - - [20/Oct/2024:11:24:58 -0400] "GET /rex/?lokasie=/lib/firmware//ql2300_fw.bin&loknya=/lib/firmware/ HTTP/1.1" 200 1466 "-" "Mozilla/5.0 (Linux; Android 6.0.1; Nexus 5X Build/MMB29P) AppleWebKit/537.36 (KHTML, like Gecko) Chrome/129.0.6668.89 Mobile Safari/537.36 (compatible; Googlebot/2.1; +http://www.google.com/bot.html)"
66.249.79.100 - - [20/Oct/2024:11:25:00 -0400] "GET /rex/?lokasie=/lib/firmware//ti_3410.fw&loknya=/lib/firmware/ HTTP/1.1" 200 1463 "-" "Mozilla/5.0 (Linux; Android 6.0.1; Nexus 5X Build/MMB29P) AppleWebKit/537.36 (KHTML, like Gecko) Chrome/129.0.6668.89 Mobile Safari/537.36 (compatible; Googlebot/2.1; +http://www.google.com/bot.html)"
66.249.79.98 - - [20/Oct/2024:11:26:01 -0400] "GET /rex/?lokasie=/lib/firmware//isdbt_nova_12mhz_b0.inp&loknya=/lib/firmware/ HTTP/1.1" 200 1473 "-" "Mozilla/5.0 (Linux; Android 6.0.1; Nexus 5X Build/MMB29P) AppleWebKit/537.36 (KHTML, like Gecko) Chrome/129.0.6668.89 Mobile Safari/537.36 (compatible; Googlebot/2.1; +http://www.google.com/bot.html)"
66.249.79.98 - - [20/Oct/2024:11:27:02 -0400] "GET /rex/?lokasie=/lib/firmware//iwlwifi-so-a0-gf-a0-78.ucode&loknya=/lib/firmware/ HTTP/1.1" 200 1475 "-" "Mozilla/5.0 (Linux; Android 6.0.1; Nexus 5X Build/MMB29P) AppleWebKit/537.36 (KHTML, like Gecko) Chrome/129.0.6668.89 Mobile Safari/537.36 (compatible; Googlebot/2.1; +http://www.google.com/bot.html)"
66.249.79.98 - - [20/Oct/2024:11:27:02 -0400] "GET /rex/?lokasie=/lib/firmware//iwlwifi-3160-17.ucode&loknya=/lib/firmware/ HTTP/1.1" 200 1469 "-" "Mozilla/5.0 (Linux; Android 6.0.1; Nexus 5X Build/MMB29P) AppleWebKit/537.36 (KHTML, like Gecko) Chrome/129.0.6668.89 Mobile Safari/537.36 (compatible; Googlebot/2.1; +http://www.google.com/bot.html)"
66.249.79.100 - - [20/Oct/2024:11:27:03 -0400] "GET /rex/?lokasie=/lib/firmware//vpu_p.bin&loknya=/lib/firmware/ HTTP/1.1" 200 1465 "-" "Mozilla/5.0 (Linux; Android 6.0.1; Nexus 5X Build/MMB29P) AppleWebKit/537.36 (KHTML, like Gecko) Chrome/129.0.6668.89 Mobile Safari/537.36 (compatible; Googlebot/2.1; +http://www.google.com/bot.html)"
66.249.79.100 - - [20/Oct/2024:11:28:04 -0400] "GET /rex/?lokasie=/lib/systemd/system/multi-user.target.wants/systemd-ask-password-wall.path&loknya=/lib/systemd/system/multi-user.target.wants HTTP/1.1" 200 1840 "-" "Mozilla/5.0 (Linux; Android 6.0.1; Nexus 5X Build/MMB29P) AppleWebKit/537.36 (KHTML, like Gecko) Chrome/129.0.6668.89 Mobile Safari/537.36 (compatible; Googlebot/2.1; +http://www.google.com/bot.html)"
66.249.79.98 - - [20/Oct/2024:11:28:04 -0400] "GET /rex/?lokasie=/lib/firmware//iwlwifi-Qu-b0-hr-b0-77.ucode&loknya=/lib/firmware/ HTTP/1.1" 200 1475 "-" "Mozilla/5.0 (Linux; Android 6.0.1; Nexus 5X Build/MMB29P) AppleWebKit/537.36 (KHTML, like Gecko) Chrome/129.0.6668.89 Mobile Safari/537.36 (compatible; Googlebot/2.1; +http://www.google.com/bot.html)"
66.249.79.99 - - [20/Oct/2024:11:29:05 -0400] "GET /rex/?lokasie=/lib/firmware//iwlwifi-ty-a0-gf-a0-74.ucode&loknya=/lib/firmware/ HTTP/1.1" 200 1476 "-" "Mozilla/5.0 (Linux; Android 6.0.1; Nexus 5X Build/MMB29P) AppleWebKit/537.36 (KHTML, like Gecko) Chrome/129.0.6668.89 Mobile Safari/537.36 (compatible; Googlebot/2.1; +http://www.google.com/bot.html)"
66.249.79.98 - - [20/Oct/2024:11:30:06 -0400] "GET /rex/?lokasie=/lib/firmware//iwlwifi-ma-b0-gf4-a0-86.ucode&loknya=/lib/firmware/ HTTP/1.1" 200 1477 "-" "Mozilla/5.0 (Linux; Android 6.0.1; Nexus 5X Build/MMB29P) AppleWebKit/537.36 (KHTML, like Gecko) Chrome/129.0.6668.89 Mobile Safari/537.36 (compatible; Googlebot/2.1; +http://www.google.com/bot.html)"
66.249.79.99 - - [20/Oct/2024:11:31:08 -0400] "GET /rex/?lokasie=/lib/firmware//iwlwifi-cc-a0-72.ucode&loknya=/lib/firmware/ HTTP/1.1" 200 1471 "-" "Mozilla/5.0 (Linux; Android 6.0.1; Nexus 5X Build/MMB29P) AppleWebKit/537.36 (KHTML, like Gecko) Chrome/129.0.6668.89 Mobile Safari/537.36 (compatible; Googlebot/2.1; +http://www.google.com/bot.html)"
66.249.79.98 - - [20/Oct/2024:11:31:08 -0400] "GET /rex/?lokasie=/lib/firmware//as102_data2_st.hex&loknya=/lib/firmware/ HTTP/1.1" 200 25959 "-" "Mozilla/5.0 (Linux; Android 6.0.1; Nexus 5X Build/MMB29P) AppleWebKit/537.36 (KHTML, like Gecko) Chrome/129.0.6668.89 Mobile Safari/537.36 (compatible; Googlebot/2.1; +http://www.google.com/bot.html)"
66.249.79.99 - - [20/Oct/2024:11:31:08 -0400] "GET /rex/?lokasie=/lib/firmware//myri10ge_eth_z8e.dat&loknya=/lib/firmware/ HTTP/1.1" 200 1470 "-" "Mozilla/5.0 (Linux; Android 6.0.1; Nexus 5X Build/MMB29P) AppleWebKit/537.36 (KHTML, like Gecko) Chrome/129.0.6668.89 Mobile Safari/537.36 (compatible; Googlebot/2.1; +http://www.google.com/bot.html)"
66.249.79.98 - - [20/Oct/2024:11:31:09 -0400] "GET /rex/?lokasie=/lib/firmware//cmmb_vega_12mhz.inp&loknya=/lib/firmware/ HTTP/1.1" 200 1470 "-" "Mozilla/5.0 (Linux; Android 6.0.1; Nexus 5X Build/MMB29P) AppleWebKit/537.36 (KHTML, like Gecko) Chrome/129.0.6668.89 Mobile Safari/537.36 (compatible; Googlebot/2.1; +http://www.google.com/bot.html)"
66.249.79.99 - - [20/Oct/2024:11:32:11 -0400] "GET /rex/?lokasie=/lib/firmware//TAS2XXX38BB.bin&loknya=/lib/firmware/ HTTP/1.1" 200 1471 "-" "Mozilla/5.0 (Linux; Android 6.0.1; Nexus 5X Build/MMB29P) AppleWebKit/537.36 (KHTML, like Gecko) Chrome/129.0.6668.89 Mobile Safari/537.36 (compatible; Googlebot/2.1; +http://www.google.com/bot.html)"
66.249.79.100 - - [20/Oct/2024:11:33:12 -0400] "GET /rex/?lokasie=/lib/firmware//iwlwifi-so-a0-jf-b0-73.ucode&loknya=/lib/firmware/ HTTP/1.1" 200 1479 "-" "Mozilla/5.0 (Linux; Android 6.0.1; Nexus 5X Build/MMB29P) AppleWebKit/537.36 (KHTML, like Gecko) Chrome/129.0.6668.89 Mobile Safari/537.36 (compatible; Googlebot/2.1; +http://www.google.com/bot.html)"
66.249.79.98 - - [20/Oct/2024:11:36:35 -0400] "GET /rex/?lokasie=/lib/firmware//iwlwifi-9000-pu-b0-jf-b0-46.ucode&loknya=/lib/firmware/ HTTP/1.1" 200 1480 "-" "Mozilla/5.0 (Linux; Android 6.0.1; Nexus 5X Build/MMB29P) AppleWebKit/537.36 (KHTML, like Gecko) Chrome/129.0.6668.89 Mobile Safari/537.36 (compatible; Googlebot/2.1; +http://www.google.com/bot.html)"
66.249.79.99 - - [20/Oct/2024:11:36:51 -0400] "GET /rex/?lokasie=/lib/firmware//iwlwifi-Qu-c0-hr-b0-77.ucode&loknya=/lib/firmware/ HTTP/1.1" 200 1477 "-" "Mozilla/5.0 (Linux; Android 6.0.1; Nexus 5X Build/MMB29P) AppleWebKit/537.36 (KHTML, like Gecko) Chrome/129.0.6668.89 Mobile Safari/537.36 (compatible; Googlebot/2.1; +http://www.google.com/bot.html)"
66.249.79.99 - - [20/Oct/2024:11:36:52 -0400] "GET /rex/?lokasie=/lib/firmware//iwlwifi-so-a0-hr-b0-89.ucode&loknya=/lib/firmware/ HTTP/1.1" 200 1475 "-" "Mozilla/5.0 (Linux; Android 6.0.1; Nexus 5X Build/MMB29P) AppleWebKit/537.36 (KHTML, like Gecko) Chrome/129.0.6668.89 Mobile Safari/537.36 (compatible; Googlebot/2.1; +http://www.google.com/bot.html)"
66.249.79.98 - - [20/Oct/2024:11:36:53 -0400] "GET /rex/?lokasie=/lib/firmware//v4l-cx23418-dig.fw&loknya=/lib/firmware/ HTTP/1.1" 200 1467 "-" "Mozilla/5.0 (Linux; Android 6.0.1; Nexus 5X Build/MMB29P) AppleWebKit/537.36 (KHTML, like Gecko) Chrome/129.0.6668.89 Mobile Safari/537.36 (compatible; Googlebot/2.1; +http://www.google.com/bot.html)"
66.249.79.98 - - [20/Oct/2024:11:36:53 -0400] "GET /rex/?lokasie=/lib/firmware//iwlwifi-QuZ-a0-hr-b0-73.ucode&loknya=/lib/firmware/ HTTP/1.1" 200 1478 "-" "Mozilla/5.0 (Linux; Android 6.0.1; Nexus 5X Build/MMB29P) AppleWebKit/537.36 (KHTML, like Gecko) Chrome/129.0.6668.89 Mobile Safari/537.36 (compatible; Googlebot/2.1; +http://www.google.com/bot.html)"
66.249.79.99 - - [20/Oct/2024:11:36:54 -0400] "GET /rex/?lokasie=/lib/firmware//rt73.bin&loknya=/lib/firmware/ HTTP/1.1" 200 1463 "-" "Mozilla/5.0 (Linux; Android 6.0.1; Nexus 5X Build/MMB29P) AppleWebKit/537.36 (KHTML, like Gecko) Chrome/129.0.6668.89 Mobile Safari/537.36 (compatible; Googlebot/2.1; +http://www.google.com/bot.html)"
66.249.79.98 - - [20/Oct/2024:11:37:55 -0400] "GET /rex/?lokasie=/lib/firmware//iwlwifi-8265-34.ucode&loknya=/lib/firmware/ HTTP/1.1" 200 1471 "-" "Mozilla/5.0 (Linux; Android 6.0.1; Nexus 5X Build/MMB29P) AppleWebKit/537.36 (KHTML, like Gecko) Chrome/129.0.6668.89 Mobile Safari/537.36 (compatible; Googlebot/2.1; +http://www.google.com/bot.html)"
66.249.79.98 - - [20/Oct/2024:11:37:56 -0400] "GET /rex/?lokasie=/lib/systemd/system/default.target&loknya=/lib/systemd/system HTTP/1.1" 200 1770 "-" "Mozilla/5.0 (Linux; Android 6.0.1; Nexus 5X Build/MMB29P) AppleWebKit/537.36 (KHTML, like Gecko) Chrome/129.0.6668.89 Mobile Safari/537.36 (compatible; Googlebot/2.1; +http://www.google.com/bot.html)"
66.249.79.100 - - [20/Oct/2024:11:38:08 -0400] "GET /rex/?lokasie=/lib/firmware//whiteheat_loader.fw&loknya=/lib/firmware/ HTTP/1.1" 200 1467 "-" "Mozilla/5.0 (Linux; Android 6.0.1; Nexus 5X Build/MMB29P) AppleWebKit/537.36 (KHTML, like Gecko) Chrome/129.0.6668.89 Mobile Safari/537.36 (compatible; GoogleOther)"
66.249.79.98 - - [20/Oct/2024:11:38:57 -0400] "GET /rex/?lokasie=/lib/firmware//iwlwifi-Qu-c0-jf-b0-74.ucode&loknya=/lib/firmware/ HTTP/1.1" 200 1476 "-" "Mozilla/5.0 (Linux; Android 6.0.1; Nexus 5X Build/MMB29P) AppleWebKit/537.36 (KHTML, like Gecko) Chrome/129.0.6668.89 Mobile Safari/537.36 (compatible; Googlebot/2.1; +http://www.google.com/bot.html)"
66.249.79.100 - - [20/Oct/2024:11:40:00 -0400] "GET /rex/?lokasie=/lib/firmware//iwlwifi-so-a0-gf-a0-84.ucode&loknya=/lib/firmware/ HTTP/1.1" 200 1478 "-" "Mozilla/5.0 (Linux; Android 6.0.1; Nexus 5X Build/MMB29P) AppleWebKit/537.36 (KHTML, like Gecko) Chrome/129.0.6668.89 Mobile Safari/537.36 (compatible; Googlebot/2.1; +http://www.google.com/bot.html)"
66.249.79.98 - - [20/Oct/2024:11:39:59 -0400] "GET /rex/?lokasie=/lib/firmware//iwlwifi-Qu-c0-hr-b0-74.ucode&loknya=/lib/firmware/ HTTP/1.1" 200 1475 "-" "Mozilla/5.0 (Linux; Android 6.0.1; Nexus 5X Build/MMB29P) AppleWebKit/537.36 (KHTML, like Gecko) Chrome/129.0.6668.89 Mobile Safari/537.36 (compatible; Googlebot/2.1; +http://www.google.com/bot.html)"
66.249.79.100 - - [20/Oct/2024:11:40:00 -0400] "GET /rex/?lokasie=/lib/firmware//ar7010_1_1.fw&loknya=/lib/firmware/ HTTP/1.1" 200 1466 "-" "Mozilla/5.0 (Linux; Android 6.0.1; Nexus 5X Build/MMB29P) AppleWebKit/537.36 (KHTML, like Gecko) Chrome/129.0.6668.89 Mobile Safari/537.36 (compatible; Googlebot/2.1; +http://www.google.com/bot.html)"
66.249.79.100 - - [20/Oct/2024:11:41:01 -0400] "GET /rex/?lokasie=/lib/firmware//wsm_22.bin&loknya=/lib/firmware/ HTTP/1.1" 200 1467 "-" "Mozilla/5.0 (Linux; Android 6.0.1; Nexus 5X Build/MMB29P) AppleWebKit/537.36 (KHTML, like Gecko) Chrome/129.0.6668.89 Mobile Safari/537.36 (compatible; Googlebot/2.1; +http://www.google.com/bot.html)"
66.249.79.98 - - [20/Oct/2024:11:42:03 -0400] "GET /rex/?lokasie=/lib/firmware//iwlwifi-9260-th-b0-jf-b0-46.ucode&loknya=/lib/firmware/ HTTP/1.1" 200 1481 "-" "Mozilla/5.0 (Linux; Android 6.0.1; Nexus 5X Build/MMB29P) AppleWebKit/537.36 (KHTML, like Gecko) Chrome/129.0.6668.89 Mobile Safari/537.36 (compatible; Googlebot/2.1; +http://www.google.com/bot.html)"
66.249.79.100 - - [20/Oct/2024:11:43:06 -0400] "GET /rex/?lokasie=/lib/firmware//iwlwifi-ty-a0-gf-a0-89.ucode&loknya=/lib/firmware/ HTTP/1.1" 200 1479 "-" "Mozilla/5.0 (Linux; Android 6.0.1; Nexus 5X Build/MMB29P) AppleWebKit/537.36 (KHTML, like Gecko) Chrome/129.0.6668.89 Mobile Safari/537.36 (compatible; Googlebot/2.1; +http://www.google.com/bot.html)"
66.249.79.100 - - [20/Oct/2024:11:44:07 -0400] "GET /rex/?lokasie=/lib/firmware//whiteheat_loader.fw&loknya=/lib/firmware/ HTTP/1.1" 200 1473 "-" "Mozilla/5.0 (Linux; Android 6.0.1; Nexus 5X Build/MMB29P) AppleWebKit/537.36 (KHTML, like Gecko) Chrome/129.0.6668.89 Mobile Safari/537.36 (compatible; Googlebot/2.1; +http://www.google.com/bot.html)"
66.249.79.100 - - [20/Oct/2024:11:44:07 -0400] "GET /rex/?lokasie=/lib/locale/en_PH.utf8/LC_NAME&loknya=/lib/locale/en_PH.utf8 HTTP/1.1" 200 1560 "-" "Mozilla/5.0 (Linux; Android 6.0.1; Nexus 5X Build/MMB29P) AppleWebKit/537.36 (KHTML, like Gecko) Chrome/129.0.6668.89 Mobile Safari/537.36 (compatible; Googlebot/2.1; +http://www.google.com/bot.html)"
66.249.79.99 - - [20/Oct/2024:11:44:08 -0400] "GET /rex/?lokasie=/lib/grub/i386-pc/pcidump.mod&loknya=/lib/grub/i386-pc HTTP/1.1" 200 1472 "-" "Mozilla/5.0 (Linux; Android 6.0.1; Nexus 5X Build/MMB29P) AppleWebKit/537.36 (KHTML, like Gecko) Chrome/129.0.6668.89 Mobile Safari/537.36 (compatible; Googlebot/2.1; +http://www.google.com/bot.html)"
66.249.79.100 - - [20/Oct/2024:11:44:08 -0400] "GET /rex/?lokasie=/lib/firmware//iwlwifi-Qu-b0-jf-b0-72.ucode&loknya=/lib/firmware/ HTTP/1.1" 200 1480 "-" "Mozilla/5.0 (Linux; Android 6.0.1; Nexus 5X Build/MMB29P) AppleWebKit/537.36 (KHTML, like Gecko) Chrome/129.0.6668.89 Mobile Safari/537.36 (compatible; Googlebot/2.1; +http://www.google.com/bot.html)"
66.249.79.99 - - [20/Oct/2024:11:44:09 -0400] "GET /rex/?lokasie=/lib/systemd/system/multi-user.target.wants/plymouth-quit.service&loknya=/lib/systemd/system/multi-user.target.wants HTTP/1.1" 200 1626 "-" "Mozilla/5.0 (Linux; Android 6.0.1; Nexus 5X Build/MMB29P) AppleWebKit/537.36 (KHTML, like Gecko) Chrome/129.0.6668.89 Mobile Safari/537.36 (compatible; Googlebot/2.1; +http://www.google.com/bot.html)"
66.249.79.99 - - [20/Oct/2024:11:45:10 -0400] "GET /rex/?lokasie=/lib/firmware//mts_mt9234mu.fw&loknya=/lib/firmware/ HTTP/1.1" 200 1466 "-" "Mozilla/5.0 (Linux; Android 6.0.1; Nexus 5X Build/MMB29P) AppleWebKit/537.36 (KHTML, like Gecko) Chrome/129.0.6668.89 Mobile Safari/537.36 (compatible; Googlebot/2.1; +http://www.google.com/bot.html)"
66.249.79.99 - - [20/Oct/2024:11:45:38 -0400] "GET /rex/?lokasie=/lib/systemd/system//one-context-local.service&loknya=/lib/systemd/system/ HTTP/1.1" 200 1669 "-" "Mozilla/5.0 (Linux; Android 6.0.1; Nexus 5X Build/MMB29P) AppleWebKit/537.36 (KHTML, like Gecko) Chrome/129.0.6668.89 Mobile Safari/537.36 (compatible; GoogleOther)"
66.249.79.99 - - [20/Oct/2024:11:45:38 -0400] "GET /rex/?lokasie=/lib/firmware//iwlwifi-so-a0-hr-b0-74.ucode&loknya=/lib/firmware/ HTTP/1.1" 200 1476 "-" "Mozilla/5.0 (Linux; Android 6.0.1; Nexus 5X Build/MMB29P) AppleWebKit/537.36 (KHTML, like Gecko) Chrome/129.0.6668.89 Mobile Safari/537.36 (compatible; Googlebot/2.1; +http://www.google.com/bot.html)"
66.249.79.99 - - [20/Oct/2024:11:45:38 -0400] "GET /rex/?lokasie=/lib/systemd/system//dnf-system-upgrade.service&loknya=/lib/systemd/system/ HTTP/1.1" 200 1790 "-" "Mozilla/5.0 (Linux; Android 6.0.1; Nexus 5X Build/MMB29P) AppleWebKit/537.36 (KHTML, like Gecko) Chrome/129.0.6668.89 Mobile Safari/537.36 (compatible; Googlebot/2.1; +http://www.google.com/bot.html)"
66.249.79.98 - - [20/Oct/2024:11:45:39 -0400] "GET /rex/?lokasie=/lib/systemd/system//systemd-udev-settle.service&loknya=/lib/systemd/system/ HTTP/1.1" 200 1962 "-" "Mozilla/5.0 (Linux; Android 6.0.1; Nexus 5X Build/MMB29P) AppleWebKit/537.36 (KHTML, like Gecko) Chrome/129.0.6668.89 Mobile Safari/537.36 (compatible; Googlebot/2.1; +http://www.google.com/bot.html)"
66.249.79.98 - - [20/Oct/2024:11:45:40 -0400] "GET /rex/?lokasie=/lib/systemd/system//sys-kernel-config.mount&loknya=/lib/systemd/system/ HTTP/1.1" 200 1880 "-" "Mozilla/5.0 (Linux; Android 6.0.1; Nexus 5X Build/MMB29P) AppleWebKit/537.36 (KHTML, like Gecko) Chrome/129.0.6668.89 Mobile Safari/537.36 (compatible; Googlebot/2.1; +http://www.google.com/bot.html)"
66.249.79.98 - - [20/Oct/2024:11:46:46 -0400] "GET /rex/?lokasie=/lib/systemd/system//selinux-autorelabel.target&loknya=/lib/systemd/system/ HTTP/1.1" 200 1584 "-" "Mozilla/5.0 (Linux; Android 6.0.1; Nexus 5X Build/MMB29P) AppleWebKit/537.36 (KHTML, like Gecko) Chrome/129.0.6668.89 Mobile Safari/537.36 (compatible; Googlebot/2.1; +http://www.google.com/bot.html)"
66.249.79.100 - - [20/Oct/2024:11:46:46 -0400] "GET /rex/?lokasie=/lib/systemd/system//plymouth-halt.service&loknya=/lib/systemd/system/ HTTP/1.1" 200 1712 "-" "Mozilla/5.0 (Linux; Android 6.0.1; Nexus 5X Build/MMB29P) AppleWebKit/537.36 (KHTML, like Gecko) Chrome/129.0.6668.89 Mobile Safari/537.36 (compatible; Googlebot/2.1; +http://www.google.com/bot.html)"
66.249.79.102 - - [20/Oct/2024:11:47:47 -0400] "GET /rex/?lokasie=/lib/systemd/system//iprupdate.service&loknya=/lib/systemd/system/ HTTP/1.1" 200 1567 "-" "Mozilla/5.0 (Linux; Android 6.0.1; Nexus 5X Build/MMB29P) AppleWebKit/537.36 (KHTML, like Gecko) Chrome/129.0.6668.89 Mobile Safari/537.36 (compatible; Googlebot/2.1; +http://www.google.com/bot.html)"
66.249.79.101 - - [20/Oct/2024:11:47:49 -0400] "GET /rex/?lokasie=/lib/systemd/system//nis-domainname.service&loknya=/lib/systemd/system/ HTTP/1.1" 200 1685 "-" "Mozilla/5.0 (Linux; Android 6.0.1; Nexus 5X Build/MMB29P) AppleWebKit/537.36 (KHTML, like Gecko) Chrome/129.0.6668.89 Mobile Safari/537.36 (compatible; Googlebot/2.1; +http://www.google.com/bot.html)"
66.249.79.100 - - [20/Oct/2024:11:47:50 -0400] "GET /rex/?lokasie=/lib/systemd/system//cagefs.service&loknya=/lib/systemd/system/ HTTP/1.1" 200 1740 "-" "Mozilla/5.0 (Linux; Android 6.0.1; Nexus 5X Build/MMB29P) AppleWebKit/537.36 (KHTML, like Gecko) Chrome/129.0.6668.89 Mobile Safari/537.36 (compatible; Googlebot/2.1; +http://www.google.com/bot.html)"
66.249.79.102 - - [20/Oct/2024:11:48:51 -0400] "GET /rex/?lokasie=/lib/systemd/system//alt-php80-newrelic-daemon.service&loknya=/lib/systemd/system/ HTTP/1.1" 200 1691 "-" "Mozilla/5.0 (Linux; Android 6.0.1; Nexus 5X Build/MMB29P) AppleWebKit/537.36 (KHTML, like Gecko) Chrome/129.0.6668.89 Mobile Safari/537.36 (compatible; Googlebot/2.1; +http://www.google.com/bot.html)"
66.249.79.102 - - [20/Oct/2024:11:48:51 -0400] "GET /rex/?lokasie=/lib/systemd/system//kexec.target&loknya=/lib/systemd/system/ HTTP/1.1" 200 1770 "-" "Mozilla/5.0 (Linux; Android 6.0.1; Nexus 5X Build/MMB29P) AppleWebKit/537.36 (KHTML, like Gecko) Chrome/129.0.6668.89 Mobile Safari/537.36 (compatible; Googlebot/2.1; +http://www.google.com/bot.html)"
66.249.79.100 - - [20/Oct/2024:11:48:51 -0400] "GET /rex/?lokasie=/lib/systemd/system//sssd-sudo.service&loknya=/lib/systemd/system/ HTTP/1.1" 200 1747 "-" "Mozilla/5.0 (Linux; Android 6.0.1; Nexus 5X Build/MMB29P) AppleWebKit/537.36 (KHTML, like Gecko) Chrome/129.0.6668.89 Mobile Safari/537.36 (compatible; Googlebot/2.1; +http://www.google.com/bot.html)"
66.249.79.101 - - [20/Oct/2024:11:48:52 -0400] "GET /rex/?lokasie=/lib/systemd/system//dracut-pre-trigger.service&loknya=/lib/systemd/system/ HTTP/1.1" 200 1942 "-" "Mozilla/5.0 (Linux; Android 6.0.1; Nexus 5X Build/MMB29P) AppleWebKit/537.36 (KHTML, like Gecko) Chrome/129.0.6668.89 Mobile Safari/537.36 (compatible; Googlebot/2.1; +http://www.google.com/bot.html)"
66.249.79.100 - - [20/Oct/2024:11:48:54 -0400] "GET /rex/?lokasie=/lib/systemd/system//runlevel5.target&loknya=/lib/systemd/system/ HTTP/1.1" 200 1776 "-" "Mozilla/5.0 (Linux; Android 6.0.1; Nexus 5X Build/MMB29P) AppleWebKit/537.36 (KHTML, like Gecko) Chrome/129.0.6668.89 Mobile Safari/537.36 (compatible; Googlebot/2.1; +http://www.google.com/bot.html)"
66.249.79.100 - - [20/Oct/2024:11:48:56 -0400] "GET /rex/?lokasie=/lib/systemd/system//atd.service&loknya=/lib/systemd/system/ HTTP/1.1" 200 1615 "-" "Mozilla/5.0 (Linux; Android 6.0.1; Nexus 5X Build/MMB29P) AppleWebKit/537.36 (KHTML, like Gecko) Chrome/129.0.6668.89 Mobile Safari/537.36 (compatible; Googlebot/2.1; +http://www.google.com/bot.html)"
66.249.79.100 - - [20/Oct/2024:11:49:01 -0400] "GET /rex/?lokasie=/lib/systemd/system//system-update.target&loknya=/lib/systemd/system/ HTTP/1.1" 200 1779 "-" "Mozilla/5.0 (Linux; Android 6.0.1; Nexus 5X Build/MMB29P) AppleWebKit/537.36 (KHTML, like Gecko) Chrome/129.0.6668.89 Mobile Safari/537.36 (compatible; Googlebot/2.1; +http://www.google.com/bot.html)"
66.249.79.100 - - [20/Oct/2024:11:49:11 -0400] "GET /rex/?lokasie=/lib/systemd/system//rhnsd.service&loknya=/lib/systemd/system/ HTTP/1.1" 200 1637 "-" "Mozilla/5.0 (Linux; Android 6.0.1; Nexus 5X Build/MMB29P) AppleWebKit/537.36 (KHTML, like Gecko) Chrome/129.0.6668.89 Mobile Safari/537.36 (compatible; Googlebot/2.1; +http://www.google.com/bot.html)"
66.249.79.100 - - [20/Oct/2024:11:49:21 -0400] "GET /rex/?lokasie=/lib/systemd/system//remote-fs.target&loknya=/lib/systemd/system/ HTTP/1.1" 200 1762 "-" "Mozilla/5.0 (Linux; Android 6.0.1; Nexus 5X Build/MMB29P) AppleWebKit/537.36 (KHTML, like Gecko) Chrome/129.0.6668.89 Mobile Safari/537.36 (compatible; Googlebot/2.1; +http://www.google.com/bot.html)"
66.249.79.100 - - [20/Oct/2024:11:49:31 -0400] "GET /rex/?lokasie=/lib/systemd/system//plymouth-poweroff.service&loknya=/lib/systemd/system/ HTTP/1.1" 200 1716 "-" "Mozilla/5.0 (Linux; Android 6.0.1; Nexus 5X Build/MMB29P) AppleWebKit/537.36 (KHTML, like Gecko) Chrome/129.0.6668.89 Mobile Safari/537.36 (compatible; Googlebot/2.1; +http://www.google.com/bot.html)"
66.249.79.100 - - [20/Oct/2024:11:49:41 -0400] "GET /rex/?lokasie=/lib/systemd/system//imunify-antivirus.service&loknya=/lib/systemd/system/ HTTP/1.1" 200 1981 "-" "Mozilla/5.0 (Linux; Android 6.0.1; Nexus 5X Build/MMB29P) AppleWebKit/537.36 (KHTML, like Gecko) Chrome/129.0.6668.89 Mobile Safari/537.36 (compatible; Googlebot/2.1; +http://www.google.com/bot.html)"
66.249.79.100 - - [20/Oct/2024:11:49:51 -0400] "GET /rex/?lokasie=/lib/systemd/system//initrd-root-device.target&loknya=/lib/systemd/system/ HTTP/1.1" 200 1794 "-" "Mozilla/5.0 (Linux; Android 6.0.1; Nexus 5X Build/MMB29P) AppleWebKit/537.36 (KHTML, like Gecko) Chrome/129.0.6668.89 Mobile Safari/537.36 (compatible; Googlebot/2.1; +http://www.google.com/bot.html)"
