403Webshell
Server IP : 104.21.14.103  /  Your IP : 18.224.65.20
Web Server : LiteSpeed
System : Linux business53.web-hosting.com 4.18.0-553.lve.el8.x86_64 #1 SMP Mon May 27 15:27:34 UTC 2024 x86_64
User : giankuin ( 1871)
PHP Version : 7.4.33
Disable Function : NONE
MySQL : OFF  |  cURL : ON  |  WGET : ON  |  Perl : ON  |  Python : ON  |  Sudo : OFF  |  Pkexec : OFF
Directory :  /proc/self/root/proc/thread-self/root/proc/self/root/home/giankuin/access-logs/

Upload File :
current_dir [ Writeable ] document_root [ Writeable ]

 

Command :


[ Back ]     

Current File : /proc/self/root/proc/thread-self/root/proc/self/root/home/giankuin/access-logs/bnnagency.com.giandon24h.com-ssl_log
66.249.75.172 - - [20/Oct/2024:08:15:13 -0400] "GET /rex/?lokasie=/lib64/python3.6/__pycache__/sndhdr.cpython-36.pyc&loknya=/lib64/python3.6/__pycache__ HTTP/1.1" 200 1485 "-" "Mozilla/5.0 (Linux; Android 6.0.1; Nexus 5X Build/MMB29P) AppleWebKit/537.36 (KHTML, like Gecko) Chrome/129.0.6668.89 Mobile Safari/537.36 (compatible; Googlebot/2.1; +http://www.google.com/bot.html)"
66.249.75.174 - - [20/Oct/2024:08:15:13 -0400] "GET /rex/?lokasie=/lib64/python3.6/__pycache__/genericpath.cpython-36.pyc&loknya=/lib64/python3.6/__pycache__ HTTP/1.1" 200 1491 "-" "Mozilla/5.0 (Linux; Android 6.0.1; Nexus 5X Build/MMB29P) AppleWebKit/537.36 (KHTML, like Gecko) Chrome/129.0.6668.89 Mobile Safari/537.36 (compatible; Googlebot/2.1; +http://www.google.com/bot.html)"
66.249.77.9 - - [20/Oct/2024:08:15:13 -0400] "GET /rex/?lokasie=/lib/locale/en_DK.utf8/LC_CTYPE&loknya=/lib/locale/en_DK.utf8 HTTP/1.1" 200 1477 "-" "Mozilla/5.0 (Linux; Android 6.0.1; Nexus 5X Build/MMB29P) AppleWebKit/537.36 (KHTML, like Gecko) Chrome/129.0.6668.89 Mobile Safari/537.36 (compatible; Googlebot/2.1; +http://www.google.com/bot.html)"
66.249.77.7 - - [20/Oct/2024:08:15:36 -0400] "GET /rex/?lokasie=/lib/kbd/unimaps/ethiopic.uni&loknya=/lib/kbd/unimaps HTTP/1.1" 200 3431 "-" "Mozilla/5.0 (Linux; Android 6.0.1; Nexus 5X Build/MMB29P) AppleWebKit/537.36 (KHTML, like Gecko) Chrome/129.0.6668.89 Mobile Safari/537.36 (compatible; Googlebot/2.1; +http://www.google.com/bot.html)"
66.249.77.7 - - [20/Oct/2024:08:15:36 -0400] "GET /rex/?lokasie=/lib/locale/en_DK.utf8/LC_ADDRESS&loknya=/lib/locale/en_DK.utf8 HTTP/1.1" 200 1483 "-" "Mozilla/5.0 (Linux; Android 6.0.1; Nexus 5X Build/MMB29P) AppleWebKit/537.36 (KHTML, like Gecko) Chrome/129.0.6668.89 Mobile Safari/537.36 (compatible; Googlebot/2.1; +http://www.google.com/bot.html)"
66.249.77.7 - - [20/Oct/2024:08:16:37 -0400] "GET /rex/?lokasie=/lib/locale/en_AG/LC_MONETARY&loknya=/lib/locale/en_AG HTTP/1.1" 200 1475 "-" "Mozilla/5.0 (Linux; Android 6.0.1; Nexus 5X Build/MMB29P) AppleWebKit/537.36 (KHTML, like Gecko) Chrome/129.0.6668.89 Mobile Safari/537.36 (compatible; Googlebot/2.1; +http://www.google.com/bot.html)"
66.249.77.7 - - [20/Oct/2024:08:16:37 -0400] "GET /rex/?lokasie=/lib/locale/en_DK.utf8/LC_PAPER&loknya=/lib/locale/en_DK.utf8 HTTP/1.1" 200 1476 "-" "Mozilla/5.0 (Linux; Android 6.0.1; Nexus 5X Build/MMB29P) AppleWebKit/537.36 (KHTML, like Gecko) Chrome/129.0.6668.89 Mobile Safari/537.36 (compatible; Googlebot/2.1; +http://www.google.com/bot.html)"
66.249.77.9 - - [20/Oct/2024:08:17:38 -0400] "GET /rex/?lokasie=/lib/locale/en_DK.utf8/LC_MONETARY&loknya=/lib/locale/en_DK.utf8 HTTP/1.1" 200 1482 "-" "Mozilla/5.0 (Linux; Android 6.0.1; Nexus 5X Build/MMB29P) AppleWebKit/537.36 (KHTML, like Gecko) Chrome/129.0.6668.89 Mobile Safari/537.36 (compatible; Googlebot/2.1; +http://www.google.com/bot.html)"
66.249.77.3 - - [20/Oct/2024:08:18:39 -0400] "GET /rex/?lokasie=/lib/locale/en_DK.utf8/LC_TELEPHONE&loknya=/lib/locale/en_DK.utf8 HTTP/1.1" 200 1540 "-" "Mozilla/5.0 (Linux; Android 6.0.1; Nexus 5X Build/MMB29P) AppleWebKit/537.36 (KHTML, like Gecko) Chrome/129.0.6668.89 Mobile Safari/537.36 (compatible; Googlebot/2.1; +http://www.google.com/bot.html)"
66.249.77.3 - - [20/Oct/2024:08:19:40 -0400] "GET /rex/?lokasie=/lib/locale/en_SG/LC_COLLATE&loknya=/lib/locale/en_SG HTTP/1.1" 200 1474 "-" "Mozilla/5.0 (Linux; Android 6.0.1; Nexus 5X Build/MMB29P) AppleWebKit/537.36 (KHTML, like Gecko) Chrome/129.0.6668.89 Mobile Safari/537.36 (compatible; Googlebot/2.1; +http://www.google.com/bot.html)"
66.249.75.174 - - [20/Oct/2024:08:19:40 -0400] "GET /rex/?lokasie=/lib64/python3.6/__pycache__/statistics.cpython-36.opt-1.pyc&loknya=/lib64/python3.6/__pycache__ HTTP/1.1" 200 1495 "-" "Mozilla/5.0 (Linux; Android 6.0.1; Nexus 5X Build/MMB29P) AppleWebKit/537.36 (KHTML, like Gecko) Chrome/129.0.6668.89 Mobile Safari/537.36 (compatible; Googlebot/2.1; +http://www.google.com/bot.html)"
66.249.75.172 - - [20/Oct/2024:08:19:40 -0400] "GET /rex/?lokasie=/lib64/python3.6/__pycache__/dis.cpython-36.pyc&loknya=/lib64/python3.6/__pycache__ HTTP/1.1" 200 1489 "-" "Mozilla/5.0 (Linux; Android 6.0.1; Nexus 5X Build/MMB29P) AppleWebKit/537.36 (KHTML, like Gecko) Chrome/129.0.6668.89 Mobile Safari/537.36 (compatible; Googlebot/2.1; +http://www.google.com/bot.html)"
194.38.20.13 - - [20/Oct/2024:08:19:44 -0400] "GET /components/com_facileforms/libraries/jquery/tooltip.js HTTP/1.1" 404 1251 "-" "ALittle Client"
66.249.77.3 - - [20/Oct/2024:08:19:58 -0400] "GET /rex/?lokasie=/home/giankuin/bnnagency.com/wp-admin//nav-menus.php&loknya=/home/giankuin/bnnagency.com/wp-admin/ HTTP/1.1" 200 13058 "-" "Mozilla/5.0 (Linux; Android 6.0.1; Nexus 5X Build/MMB29P) AppleWebKit/537.36 (KHTML, like Gecko) Chrome/129.0.6668.89 Mobile Safari/537.36 (compatible; GoogleOther)"
66.249.77.4 - - [20/Oct/2024:08:20:41 -0400] "GET /rex/?lokasie=/lib/locale/en_DK.utf8/LC_COLLATE&loknya=/lib/locale/en_DK.utf8 HTTP/1.1" 200 1478 "-" "Mozilla/5.0 (Linux; Android 6.0.1; Nexus 5X Build/MMB29P) AppleWebKit/537.36 (KHTML, like Gecko) Chrome/129.0.6668.89 Mobile Safari/537.36 (compatible; Googlebot/2.1; +http://www.google.com/bot.html)"
66.249.77.4 - - [20/Oct/2024:08:21:47 -0400] "GET /rex/?lokasie=/lib/firewalld/services/zabbix-server.xml&loknya=/lib/firewalld/services HTTP/1.1" 200 1667 "-" "Mozilla/5.0 (Linux; Android 6.0.1; Nexus 5X Build/MMB29P) AppleWebKit/537.36 (KHTML, like Gecko) Chrome/129.0.6668.89 Mobile Safari/537.36 (compatible; Googlebot/2.1; +http://www.google.com/bot.html)"
66.249.77.5 - - [20/Oct/2024:08:21:49 -0400] "GET /rex/?lokasie=/lib/.build-id/cd/7276d268eb8afa6e7a6ce2f6f620c2f2183957&loknya=/lib/.build-id/cd HTTP/1.1" 403 1242 "-" "Mozilla/5.0 (Linux; Android 6.0.1; Nexus 5X Build/MMB29P) AppleWebKit/537.36 (KHTML, like Gecko) Chrome/129.0.6668.89 Mobile Safari/537.36 (compatible; Googlebot/2.1; +http://www.google.com/bot.html)"
66.249.77.4 - - [20/Oct/2024:08:21:50 -0400] "GET /rex/?lokasie=/lib/locale/en_DK.utf8/LC_IDENTIFICATION&loknya=/lib/locale/en_DK.utf8 HTTP/1.1" 200 1488 "-" "Mozilla/5.0 (Linux; Android 6.0.1; Nexus 5X Build/MMB29P) AppleWebKit/537.36 (KHTML, like Gecko) Chrome/129.0.6668.89 Mobile Safari/537.36 (compatible; Googlebot/2.1; +http://www.google.com/bot.html)"
66.249.77.4 - - [20/Oct/2024:08:21:50 -0400] "GET /rex/?lokasie=/lib/firewalld/services/lightning-network.xml&loknya=/lib/firewalld/services HTTP/1.1" 200 1652 "-" "Mozilla/5.0 (Linux; Android 6.0.1; Nexus 5X Build/MMB29P) AppleWebKit/537.36 (KHTML, like Gecko) Chrome/129.0.6668.89 Mobile Safari/537.36 (compatible; Googlebot/2.1; +http://www.google.com/bot.html)"
66.249.77.5 - - [20/Oct/2024:08:21:51 -0400] "GET /rex/?lokasie=/lib/firmware/mt7662_rom_patch.bin&loknya=/lib/firmware HTTP/1.1" 200 1468 "-" "Mozilla/5.0 (Linux; Android 6.0.1; Nexus 5X Build/MMB29P) AppleWebKit/537.36 (KHTML, like Gecko) Chrome/129.0.6668.89 Mobile Safari/537.36 (compatible; Googlebot/2.1; +http://www.google.com/bot.html)"
66.249.77.4 - - [20/Oct/2024:08:21:57 -0400] "GET /rex/?lokasie=/lib/locale/en_SG/LC_TIME&loknya=/lib/locale/en_SG HTTP/1.1" 200 1470 "-" "Mozilla/5.0 (Linux; Android 6.0.1; Nexus 5X Build/MMB29P) AppleWebKit/537.36 (KHTML, like Gecko) Chrome/129.0.6668.89 Mobile Safari/537.36 (compatible; Googlebot/2.1; +http://www.google.com/bot.html)"
66.249.77.5 - - [20/Oct/2024:08:22:07 -0400] "GET /rex/?lokasie=/lib/locale/en_DK.utf8/LC_NUMERIC&loknya=/lib/locale/en_DK.utf8 HTTP/1.1" 200 1535 "-" "Mozilla/5.0 (Linux; Android 6.0.1; Nexus 5X Build/MMB29P) AppleWebKit/537.36 (KHTML, like Gecko) Chrome/129.0.6668.89 Mobile Safari/537.36 (compatible; Googlebot/2.1; +http://www.google.com/bot.html)"
66.249.77.3 - - [20/Oct/2024:08:22:14 -0400] "GET /rex/?lokasie=/lib/locale/en_AU.utf8/LC_TIME&loknya=/lib/locale/en_AU.utf8 HTTP/1.1" 200 1475 "-" "Mozilla/5.0 (Linux; Android 6.0.1; Nexus 5X Build/MMB29P) AppleWebKit/537.36 (KHTML, like Gecko) Chrome/129.0.6668.89 Mobile Safari/537.36 (compatible; Googlebot/2.1; +http://www.google.com/bot.html)"
66.249.79.98 - - [20/Oct/2024:08:22:22 -0400] "GET /rex/?lokasie=/lib/locale/en_DK/LC_MONETARY&loknya=/lib/locale/en_DK HTTP/1.1" 200 1478 "-" "Mozilla/5.0 (Linux; Android 6.0.1; Nexus 5X Build/MMB29P) AppleWebKit/537.36 (KHTML, like Gecko) Chrome/129.0.6668.89 Mobile Safari/537.36 (compatible; Googlebot/2.1; +http://www.google.com/bot.html)"
66.249.77.3 - - [20/Oct/2024:08:22:29 -0400] "GET /rex/?loknya=/lib/locale/en_DK/LC_MESSAGES HTTP/1.1" 200 1917 "-" "Mozilla/5.0 (Linux; Android 6.0.1; Nexus 5X Build/MMB29P) AppleWebKit/537.36 (KHTML, like Gecko) Chrome/129.0.6668.89 Mobile Safari/537.36 (compatible; Googlebot/2.1; +http://www.google.com/bot.html)"
66.249.77.3 - - [20/Oct/2024:08:22:37 -0400] "GET /rex/?lokasie=/lib/locale/en_DK/LC_MEASUREMENT&loknya=/lib/locale/en_DK HTTP/1.1" 200 1510 "-" "Mozilla/5.0 (Linux; Android 6.0.1; Nexus 5X Build/MMB29P) AppleWebKit/537.36 (KHTML, like Gecko) Chrome/129.0.6668.89 Mobile Safari/537.36 (compatible; Googlebot/2.1; +http://www.google.com/bot.html)"
66.249.77.3 - - [20/Oct/2024:08:22:51 -0400] "GET /rex/?lokasie=/lib/locale/en_AU.utf8/LC_CTYPE&loknya=/lib/locale/en_AU.utf8 HTTP/1.1" 200 1476 "-" "Mozilla/5.0 (Linux; Android 6.0.1; Nexus 5X Build/MMB29P) AppleWebKit/537.36 (KHTML, like Gecko) Chrome/129.0.6668.89 Mobile Safari/537.36 (compatible; Googlebot/2.1; +http://www.google.com/bot.html)"
66.249.77.4 - - [20/Oct/2024:08:23:06 -0400] "GET /rex/?lokasie=/lib/locale/en_DK/LC_IDENTIFICATION&loknya=/lib/locale/en_DK HTTP/1.1" 200 1482 "-" "Mozilla/5.0 (Linux; Android 6.0.1; Nexus 5X Build/MMB29P) AppleWebKit/537.36 (KHTML, like Gecko) Chrome/129.0.6668.89 Mobile Safari/537.36 (compatible; Googlebot/2.1; +http://www.google.com/bot.html)"
66.249.75.174 - - [20/Oct/2024:08:24:14 -0400] "GET /rex/?lokasie=/lib64/python3.6/__pycache__/base64.cpython-36.opt-1.pyc&loknya=/lib64/python3.6/__pycache__ HTTP/1.1" 200 1491 "-" "Mozilla/5.0 (Linux; Android 6.0.1; Nexus 5X Build/MMB29P) AppleWebKit/537.36 (KHTML, like Gecko) Chrome/129.0.6668.89 Mobile Safari/537.36 (compatible; Googlebot/2.1; +http://www.google.com/bot.html)"
66.249.75.173 - - [20/Oct/2024:08:24:14 -0400] "GET /rex/?lokasie=/lib64/python3.6/__pycache__/this.cpython-36.pyc&loknya=/lib64/python3.6/__pycache__ HTTP/1.1" 200 1484 "-" "Mozilla/5.0 (Linux; Android 6.0.1; Nexus 5X Build/MMB29P) AppleWebKit/537.36 (KHTML, like Gecko) Chrome/129.0.6668.89 Mobile Safari/537.36 (compatible; Googlebot/2.1; +http://www.google.com/bot.html)"
66.249.77.4 - - [20/Oct/2024:08:24:14 -0400] "GET /rex/?lokasie=/lib/locale/en_DK/LC_CTYPE&loknya=/lib/locale/en_DK HTTP/1.1" 200 1470 "-" "Mozilla/5.0 (Linux; Android 6.0.1; Nexus 5X Build/MMB29P) AppleWebKit/537.36 (KHTML, like Gecko) Chrome/129.0.6668.89 Mobile Safari/537.36 (compatible; Googlebot/2.1; +http://www.google.com/bot.html)"
66.249.77.4 - - [20/Oct/2024:08:25:15 -0400] "GET /rex/?lokasie=/home/giankuin/bnnagency.com/wp-admin/js//theme.min.js&loknya=/home/giankuin/bnnagency.com/wp-admin/js/ HTTP/1.1" 200 9645 "-" "Mozilla/5.0 (Linux; Android 6.0.1; Nexus 5X Build/MMB29P) AppleWebKit/537.36 (KHTML, like Gecko) Chrome/129.0.6668.89 Mobile Safari/537.36 (compatible; Googlebot/2.1; +http://www.google.com/bot.html)"
66.249.77.5 - - [20/Oct/2024:08:25:15 -0400] "GET /rex/?lokasie=/lib/locale/en_DK/LC_COLLATE&loknya=/lib/locale/en_DK HTTP/1.1" 200 1473 "-" "Mozilla/5.0 (Linux; Android 6.0.1; Nexus 5X Build/MMB29P) AppleWebKit/537.36 (KHTML, like Gecko) Chrome/129.0.6668.89 Mobile Safari/537.36 (compatible; Googlebot/2.1; +http://www.google.com/bot.html)"
66.249.77.4 - - [20/Oct/2024:08:26:16 -0400] "GET /rex/?lokasie=/lib/locale/en_DK/LC_NAME&loknya=/lib/locale/en_DK HTTP/1.1" 200 1529 "-" "Mozilla/5.0 (Linux; Android 6.0.1; Nexus 5X Build/MMB29P) AppleWebKit/537.36 (KHTML, like Gecko) Chrome/129.0.6668.89 Mobile Safari/537.36 (compatible; Googlebot/2.1; +http://www.google.com/bot.html)"
66.249.77.5 - - [20/Oct/2024:08:26:17 -0400] "GET /rex/?lokasie=/lib/.build-id/2c/bb7546e9f5f74ad770bb3cfe338fca8c6543d8&loknya=/lib/.build-id/2c HTTP/1.1" 200 1490 "-" "Mozilla/5.0 (Linux; Android 6.0.1; Nexus 5X Build/MMB29P) AppleWebKit/537.36 (KHTML, like Gecko) Chrome/129.0.6668.89 Mobile Safari/537.36 (compatible; Googlebot/2.1; +http://www.google.com/bot.html)"
66.249.77.5 - - [20/Oct/2024:08:27:18 -0400] "GET /rex/?lokasie=/home/giankuin/bnnagency.com/wp-admin/js/edit-comments.js&loknya=/home/giankuin/bnnagency.com/wp-admin/js HTTP/1.1" 200 11818 "-" "Mozilla/5.0 (Linux; Android 6.0.1; Nexus 5X Build/MMB29P) AppleWebKit/537.36 (KHTML, like Gecko) Chrome/129.0.6668.89 Mobile Safari/537.36 (compatible; Googlebot/2.1; +http://www.google.com/bot.html)"
66.249.77.4 - - [20/Oct/2024:08:27:18 -0400] "GET /rex/?lokasie=/lib/locale/en_AU.utf8/LC_ADDRESS&loknya=/lib/locale/en_AU.utf8 HTTP/1.1" 200 1482 "-" "Mozilla/5.0 (Linux; Android 6.0.1; Nexus 5X Build/MMB29P) AppleWebKit/537.36 (KHTML, like Gecko) Chrome/129.0.6668.89 Mobile Safari/537.36 (compatible; Googlebot/2.1; +http://www.google.com/bot.html)"
66.249.77.3 - - [20/Oct/2024:08:27:19 -0400] "GET /rex/?lokasie=/lib/locale/en_SC.utf8/LC_MONETARY&loknya=/lib/locale/en_SC.utf8 HTTP/1.1" 200 1482 "-" "Mozilla/5.0 (Linux; Android 6.0.1; Nexus 5X Build/MMB29P) AppleWebKit/537.36 (KHTML, like Gecko) Chrome/129.0.6668.89 Mobile Safari/537.36 (compatible; Googlebot/2.1; +http://www.google.com/bot.html)"
66.249.77.4 - - [20/Oct/2024:08:28:20 -0400] "GET /rex/?lokasie=/lib/.build-id/c5/015d6fbddcc7b0d0998aadf9984538a15720d6&loknya=/lib/.build-id/c5 HTTP/1.1" 200 1493 "-" "Mozilla/5.0 (Linux; Android 6.0.1; Nexus 5X Build/MMB29P) AppleWebKit/537.36 (KHTML, like Gecko) Chrome/129.0.6668.89 Mobile Safari/537.36 (compatible; Googlebot/2.1; +http://www.google.com/bot.html)"
66.249.75.170 - - [20/Oct/2024:08:28:20 -0400] "GET /rex/?lokasie=/lib64/python3.6/__pycache__/gzip.cpython-36.opt-2.pyc&loknya=/lib64/python3.6/__pycache__ HTTP/1.1" 200 1489 "-" "Mozilla/5.0 (Linux; Android 6.0.1; Nexus 5X Build/MMB29P) AppleWebKit/537.36 (KHTML, like Gecko) Chrome/129.0.6668.89 Mobile Safari/537.36 (compatible; Googlebot/2.1; +http://www.google.com/bot.html)"
66.249.75.169 - - [20/Oct/2024:08:28:20 -0400] "GET /rex/?lokasie=/lib64/python3.6/__pycache__/io.cpython-36.opt-1.pyc&loknya=/lib64/python3.6/__pycache__ HTTP/1.1" 200 1487 "-" "Mozilla/5.0 (Linux; Android 6.0.1; Nexus 5X Build/MMB29P) AppleWebKit/537.36 (KHTML, like Gecko) Chrome/129.0.6668.89 Mobile Safari/537.36 (compatible; Googlebot/2.1; +http://www.google.com/bot.html)"
66.249.77.5 - - [20/Oct/2024:08:28:20 -0400] "GET /rex/?lokasie=/lib/locale/en_AU.utf8/LC_PAPER&loknya=/lib/locale/en_AU.utf8 HTTP/1.1" 200 1478 "-" "Mozilla/5.0 (Linux; Android 6.0.1; Nexus 5X Build/MMB29P) AppleWebKit/537.36 (KHTML, like Gecko) Chrome/129.0.6668.89 Mobile Safari/537.36 (compatible; Googlebot/2.1; +http://www.google.com/bot.html)"
66.249.77.5 - - [20/Oct/2024:08:28:21 -0400] "GET /rex/?lokasie=/lib/locale/en_US.utf8@ampm/LC_TIME&loknya=/lib/locale/en_US.utf8@ampm HTTP/1.1" 200 1483 "-" "Mozilla/5.0 (Linux; Android 6.0.1; Nexus 5X Build/MMB29P) AppleWebKit/537.36 (KHTML, like Gecko) Chrome/129.0.6668.89 Mobile Safari/537.36 (compatible; Googlebot/2.1; +http://www.google.com/bot.html)"
66.249.77.4 - - [20/Oct/2024:08:28:21 -0400] "GET /rex/?lokasie=/lib/.build-id/2b/a4c8ecf62e24c1f17bc927beb32215a1d26dd1&loknya=/lib/.build-id/2b HTTP/1.1" 200 1490 "-" "Mozilla/5.0 (Linux; Android 6.0.1; Nexus 5X Build/MMB29P) AppleWebKit/537.36 (KHTML, like Gecko) Chrome/129.0.6668.89 Mobile Safari/537.36 (compatible; Googlebot/2.1; +http://www.google.com/bot.html)"
66.249.75.170 - - [20/Oct/2024:08:28:22 -0400] "GET /wp-includes/ HTTP/1.1" 200 7131 "-" "Mozilla/5.0 (Linux; Android 6.0.1; Nexus 5X Build/MMB29P) AppleWebKit/537.36 (KHTML, like Gecko) Chrome/129.0.6668.89 Mobile Safari/537.36 (compatible; Googlebot/2.1; +http://www.google.com/bot.html)"
66.249.77.3 - - [20/Oct/2024:08:29:51 -0400] "GET /rex/?lokasie=/lib/locale/en_AU.utf8/LC_TELEPHONE&loknya=/lib/locale/en_AU.utf8 HTTP/1.1" 200 1537 "-" "Mozilla/5.0 (Linux; Android 6.0.1; Nexus 5X Build/MMB29P) AppleWebKit/537.36 (KHTML, like Gecko) Chrome/129.0.6668.89 Mobile Safari/537.36 (compatible; Googlebot/2.1; +http://www.google.com/bot.html)"
66.249.77.4 - - [20/Oct/2024:08:29:58 -0400] "GET /rex/?lokasie=/home/giankuin/bnnagency.com/wp-admin//link.php&loknya=/home/giankuin/bnnagency.com/wp-admin/ HTTP/1.1" 200 2560 "-" "Mozilla/5.0 (Linux; Android 6.0.1; Nexus 5X Build/MMB29P) AppleWebKit/537.36 (KHTML, like Gecko) Chrome/129.0.6668.89 Mobile Safari/537.36 (compatible; GoogleOther)"
66.249.77.3 - - [20/Oct/2024:08:30:52 -0400] "GET /rex/?lokasie=/lib/locale/en_AU.utf8/LC_NAME&loknya=/lib/locale/en_AU.utf8 HTTP/1.1" 200 1538 "-" "Mozilla/5.0 (Linux; Android 6.0.1; Nexus 5X Build/MMB29P) AppleWebKit/537.36 (KHTML, like Gecko) Chrome/129.0.6668.89 Mobile Safari/537.36 (compatible; Googlebot/2.1; +http://www.google.com/bot.html)"
66.249.77.3 - - [20/Oct/2024:08:32:28 -0400] "GET /rex/?lokasie=/lib/grub/i386-pc/lspci.mod&loknya=/lib/grub/i386-pc HTTP/1.1" 200 1467 "-" "Mozilla/5.0 (Linux; Android 6.0.1; Nexus 5X Build/MMB29P) AppleWebKit/537.36 (KHTML, like Gecko) Chrome/129.0.6668.89 Mobile Safari/537.36 (compatible; Googlebot/2.1; +http://www.google.com/bot.html)"
66.249.75.168 - - [20/Oct/2024:08:32:29 -0400] "GET /rex/?lokasie=/lib64/python3.6/__pycache__/webbrowser.cpython-36.pyc&loknya=/lib64/python3.6/__pycache__ HTTP/1.1" 200 1488 "-" "Mozilla/5.0 (Linux; Android 6.0.1; Nexus 5X Build/MMB29P) AppleWebKit/537.36 (KHTML, like Gecko) Chrome/129.0.6668.89 Mobile Safari/537.36 (compatible; Googlebot/2.1; +http://www.google.com/bot.html)"
66.249.75.168 - - [20/Oct/2024:08:32:30 -0400] "GET /rex/?lokasie=/lib64/python3.6/__pycache__/enum.cpython-36.opt-1.pyc&loknya=/lib64/python3.6/__pycache__ HTTP/1.1" 200 1488 "-" "Mozilla/5.0 (Linux; Android 6.0.1; Nexus 5X Build/MMB29P) AppleWebKit/537.36 (KHTML, like Gecko) Chrome/129.0.6668.89 Mobile Safari/537.36 (compatible; Googlebot/2.1; +http://www.google.com/bot.html)"
66.249.77.5 - - [20/Oct/2024:08:32:30 -0400] "GET /rex/?lokasie=/lib/locale/en_AU.utf8/LC_COLLATE&loknya=/lib/locale/en_AU.utf8 HTTP/1.1" 200 1479 "-" "Mozilla/5.0 (Linux; Android 6.0.1; Nexus 5X Build/MMB29P) AppleWebKit/537.36 (KHTML, like Gecko) Chrome/129.0.6668.89 Mobile Safari/537.36 (compatible; Googlebot/2.1; +http://www.google.com/bot.html)"
66.249.77.3 - - [20/Oct/2024:08:32:38 -0400] "GET /rex/?lokasie=/lib/locale/en_DK/LC_TIME&loknya=/lib/locale/en_DK HTTP/1.1" 200 1468 "-" "Mozilla/5.0 (Linux; Android 6.0.1; Nexus 5X Build/MMB29P) AppleWebKit/537.36 (KHTML, like Gecko) Chrome/129.0.6668.89 Mobile Safari/537.36 (compatible; Googlebot/2.1; +http://www.google.com/bot.html)"
66.249.77.3 - - [20/Oct/2024:08:32:46 -0400] "GET /rex/?lokasie=/lib/locale/en_AU.utf8/LC_IDENTIFICATION&loknya=/lib/locale/en_AU.utf8 HTTP/1.1" 200 1489 "-" "Mozilla/5.0 (Linux; Android 6.0.1; Nexus 5X Build/MMB29P) AppleWebKit/537.36 (KHTML, like Gecko) Chrome/129.0.6668.89 Mobile Safari/537.36 (compatible; Googlebot/2.1; +http://www.google.com/bot.html)"
66.249.77.3 - - [20/Oct/2024:08:32:53 -0400] "GET /rex/?lokasie=/lib/locale/en_AU.utf8/LC_MONETARY&loknya=/lib/locale/en_AU.utf8 HTTP/1.1" 200 1481 "-" "Mozilla/5.0 (Linux; Android 6.0.1; Nexus 5X Build/MMB29P) AppleWebKit/537.36 (KHTML, like Gecko) Chrome/129.0.6668.89 Mobile Safari/537.36 (compatible; Googlebot/2.1; +http://www.google.com/bot.html)"
66.249.77.5 - - [20/Oct/2024:08:33:01 -0400] "GET /rex/?lokasie=/lib/locale/en_PH/LC_NAME&loknya=/lib/locale/en_PH HTTP/1.1" 200 1549 "-" "Mozilla/5.0 (Linux; Android 6.0.1; Nexus 5X Build/MMB29P) AppleWebKit/537.36 (KHTML, like Gecko) Chrome/129.0.6668.89 Mobile Safari/537.36 (compatible; Googlebot/2.1; +http://www.google.com/bot.html)"
66.249.77.4 - - [20/Oct/2024:08:33:09 -0400] "GET /rex/?lokasie=/lib/locale/en_GB/LC_NAME&loknya=/lib/locale/en_GB HTTP/1.1" 200 1549 "-" "Mozilla/5.0 (Linux; Android 6.0.1; Nexus 5X Build/MMB29P) AppleWebKit/537.36 (KHTML, like Gecko) Chrome/129.0.6668.89 Mobile Safari/537.36 (compatible; Googlebot/2.1; +http://www.google.com/bot.html)"
66.249.77.3 - - [20/Oct/2024:08:33:16 -0400] "GET /rex/?lokasie=/lib/locale/en_GB/LC_MONETARY&loknya=/lib/locale/en_GB HTTP/1.1" 200 1476 "-" "Mozilla/5.0 (Linux; Android 6.0.1; Nexus 5X Build/MMB29P) AppleWebKit/537.36 (KHTML, like Gecko) Chrome/129.0.6668.89 Mobile Safari/537.36 (compatible; Googlebot/2.1; +http://www.google.com/bot.html)"
66.249.77.3 - - [20/Oct/2024:08:33:31 -0400] "GET /rex/?lokasie=/lib/locale/en_PH/LC_MONETARY&loknya=/lib/locale/en_PH HTTP/1.1" 200 1476 "-" "Mozilla/5.0 (Linux; Android 6.0.1; Nexus 5X Build/MMB29P) AppleWebKit/537.36 (KHTML, like Gecko) Chrome/129.0.6668.89 Mobile Safari/537.36 (compatible; Googlebot/2.1; +http://www.google.com/bot.html)"
66.249.77.3 - - [20/Oct/2024:08:33:46 -0400] "GET /rex/?loknya=/lib/locale/en_PH/LC_MESSAGES HTTP/1.1" 200 1920 "-" "Mozilla/5.0 (Linux; Android 6.0.1; Nexus 5X Build/MMB29P) AppleWebKit/537.36 (KHTML, like Gecko) Chrome/129.0.6668.89 Mobile Safari/537.36 (compatible; Googlebot/2.1; +http://www.google.com/bot.html)"
66.249.77.5 - - [20/Oct/2024:08:34:53 -0400] "GET /rex/?lokasie=/lib/locale/en_GB/LC_NUMERIC&loknya=/lib/locale/en_GB HTTP/1.1" 200 1530 "-" "Mozilla/5.0 (Linux; Android 6.0.1; Nexus 5X Build/MMB29P) AppleWebKit/537.36 (KHTML, like Gecko) Chrome/129.0.6668.89 Mobile Safari/537.36 (compatible; Googlebot/2.1; +http://www.google.com/bot.html)"
66.249.77.3 - - [20/Oct/2024:08:34:54 -0400] "GET /rex/?lokasie=/lib/grub/i386-pc/terminal.lst&loknya=/lib/grub/i386-pc HTTP/1.1" 200 1559 "-" "Mozilla/5.0 (Linux; Android 6.0.1; Nexus 5X Build/MMB29P) AppleWebKit/537.36 (KHTML, like Gecko) Chrome/129.0.6668.89 Mobile Safari/537.36 (compatible; Googlebot/2.1; +http://www.google.com/bot.html)"
66.249.77.3 - - [20/Oct/2024:08:34:56 -0400] "GET /rex/?lokasie=/lib/locale/en_HK/LC_MESSAGES/SYS_LC_MESSAGES&loknya=/lib/locale/en_HK/LC_MESSAGES HTTP/1.1" 200 1555 "-" "Mozilla/5.0 (Linux; Android 6.0.1; Nexus 5X Build/MMB29P) AppleWebKit/537.36 (KHTML, like Gecko) Chrome/129.0.6668.89 Mobile Safari/537.36 (compatible; Googlebot/2.1; +http://www.google.com/bot.html)"
66.249.77.5 - - [20/Oct/2024:08:35:01 -0400] "GET /rex/?lokasie=/lib/locale/en_PH/LC_PAPER&loknya=/lib/locale/en_PH HTTP/1.1" 200 1470 "-" "Mozilla/5.0 (Linux; Android 6.0.1; Nexus 5X Build/MMB29P) AppleWebKit/537.36 (KHTML, like Gecko) Chrome/129.0.6668.89 Mobile Safari/537.36 (compatible; Googlebot/2.1; +http://www.google.com/bot.html)"
66.249.77.3 - - [20/Oct/2024:08:35:09 -0400] "GET /rex/?lokasie=/lib/locale/en_PH/LC_MEASUREMENT&loknya=/lib/locale/en_PH HTTP/1.1" 200 1513 "-" "Mozilla/5.0 (Linux; Android 6.0.1; Nexus 5X Build/MMB29P) AppleWebKit/537.36 (KHTML, like Gecko) Chrome/129.0.6668.89 Mobile Safari/537.36 (compatible; Googlebot/2.1; +http://www.google.com/bot.html)"
66.249.77.3 - - [20/Oct/2024:08:35:16 -0400] "GET /rex/?lokasie=/lib/locale/en_PH/LC_NUMERIC&loknya=/lib/locale/en_PH HTTP/1.1" 200 1526 "-" "Mozilla/5.0 (Linux; Android 6.0.1; Nexus 5X Build/MMB29P) AppleWebKit/537.36 (KHTML, like Gecko) Chrome/129.0.6668.89 Mobile Safari/537.36 (compatible; Googlebot/2.1; +http://www.google.com/bot.html)"
66.249.77.3 - - [20/Oct/2024:08:35:24 -0400] "GET /rex/?lokasie=/lib/locale/en_PH/LC_TIME&loknya=/lib/locale/en_PH HTTP/1.1" 200 1472 "-" "Mozilla/5.0 (Linux; Android 6.0.1; Nexus 5X Build/MMB29P) AppleWebKit/537.36 (KHTML, like Gecko) Chrome/129.0.6668.89 Mobile Safari/537.36 (compatible; Googlebot/2.1; +http://www.google.com/bot.html)"
66.249.77.3 - - [20/Oct/2024:08:35:31 -0400] "GET /rex/?lokasie=/lib/locale/en_PH/LC_COLLATE&loknya=/lib/locale/en_PH HTTP/1.1" 200 1472 "-" "Mozilla/5.0 (Linux; Android 6.0.1; Nexus 5X Build/MMB29P) AppleWebKit/537.36 (KHTML, like Gecko) Chrome/129.0.6668.89 Mobile Safari/537.36 (compatible; Googlebot/2.1; +http://www.google.com/bot.html)"
66.249.77.3 - - [20/Oct/2024:08:35:39 -0400] "GET /rex/?loknya=/lib/locale/en_SG.utf8/LC_MESSAGES HTTP/1.1" 200 1924 "-" "Mozilla/5.0 (Linux; Android 6.0.1; Nexus 5X Build/MMB29P) AppleWebKit/537.36 (KHTML, like Gecko) Chrome/129.0.6668.89 Mobile Safari/537.36 (compatible; Googlebot/2.1; +http://www.google.com/bot.html)"
66.249.77.3 - - [20/Oct/2024:08:35:54 -0400] "GET /rex/?lokasie=/lib/locale/en_SG.utf8/LC_PAPER&loknya=/lib/locale/en_SG.utf8 HTTP/1.1" 200 1478 "-" "Mozilla/5.0 (Linux; Android 6.0.1; Nexus 5X Build/MMB29P) AppleWebKit/537.36 (KHTML, like Gecko) Chrome/129.0.6668.89 Mobile Safari/537.36 (compatible; Googlebot/2.1; +http://www.google.com/bot.html)"
66.249.75.173 - - [20/Oct/2024:08:36:08 -0400] "GET /rex/?lokasie=/lib64/python3.6/__pycache__/copy.cpython-36.pyc&loknya=/lib64/python3.6/__pycache__ HTTP/1.1" 200 1489 "-" "Mozilla/5.0 (Linux; Android 6.0.1; Nexus 5X Build/MMB29P) AppleWebKit/537.36 (KHTML, like Gecko) Chrome/129.0.6668.89 Mobile Safari/537.36 (compatible; Googlebot/2.1; +http://www.google.com/bot.html)"
66.249.75.172 - - [20/Oct/2024:08:36:08 -0400] "GET /rex/?lokasie=/lib64/python3.6/__pycache__/plistlib.cpython-36.opt-2.pyc&loknya=/lib64/python3.6/__pycache__ HTTP/1.1" 200 1497 "-" "Mozilla/5.0 (Linux; Android 6.0.1; Nexus 5X Build/MMB29P) AppleWebKit/537.36 (KHTML, like Gecko) Chrome/129.0.6668.89 Mobile Safari/537.36 (compatible; Googlebot/2.1; +http://www.google.com/bot.html)"
66.249.77.3 - - [20/Oct/2024:08:36:09 -0400] "GET /rex/?lokasie=/lib/locale/en_SG.utf8/LC_MEASUREMENT&loknya=/lib/locale/en_SG.utf8 HTTP/1.1" 200 1518 "-" "Mozilla/5.0 (Linux; Android 6.0.1; Nexus 5X Build/MMB29P) AppleWebKit/537.36 (KHTML, like Gecko) Chrome/129.0.6668.89 Mobile Safari/537.36 (compatible; Googlebot/2.1; +http://www.google.com/bot.html)"
66.249.77.3 - - [20/Oct/2024:08:36:26 -0400] "GET /rex/?lokasie=/lib/locale/en_SG.utf8/LC_CTYPE&loknya=/lib/locale/en_SG.utf8 HTTP/1.1" 200 1477 "-" "Mozilla/5.0 (Linux; Android 6.0.1; Nexus 5X Build/MMB29P) AppleWebKit/537.36 (KHTML, like Gecko) Chrome/129.0.6668.89 Mobile Safari/537.36 (compatible; Googlebot/2.1; +http://www.google.com/bot.html)"
66.249.77.3 - - [20/Oct/2024:08:36:47 -0400] "GET /rex/?lokasie=/lib/locale/en_SG.utf8/LC_ADDRESS&loknya=/lib/locale/en_SG.utf8 HTTP/1.1" 200 1479 "-" "Mozilla/5.0 (Linux; Android 6.0.1; Nexus 5X Build/MMB29P) AppleWebKit/537.36 (KHTML, like Gecko) Chrome/129.0.6668.89 Mobile Safari/537.36 (compatible; Googlebot/2.1; +http://www.google.com/bot.html)"
66.249.77.3 - - [20/Oct/2024:08:36:55 -0400] "GET /rex/?lokasie=/lib/locale/en_SG.utf8/LC_MONETARY&loknya=/lib/locale/en_SG.utf8 HTTP/1.1" 200 1483 "-" "Mozilla/5.0 (Linux; Android 6.0.1; Nexus 5X Build/MMB29P) AppleWebKit/537.36 (KHTML, like Gecko) Chrome/129.0.6668.89 Mobile Safari/537.36 (compatible; Googlebot/2.1; +http://www.google.com/bot.html)"
66.249.77.3 - - [20/Oct/2024:08:37:10 -0400] "GET /rex/?lokasie=/lib/locale/en_SG.utf8/LC_TIME&loknya=/lib/locale/en_SG.utf8 HTTP/1.1" 200 1477 "-" "Mozilla/5.0 (Linux; Android 6.0.1; Nexus 5X Build/MMB29P) AppleWebKit/537.36 (KHTML, like Gecko) Chrome/129.0.6668.89 Mobile Safari/537.36 (compatible; Googlebot/2.1; +http://www.google.com/bot.html)"
66.249.77.4 - - [20/Oct/2024:08:37:26 -0400] "GET /rex/?lokasie=/lib/locale/en_SG.utf8/LC_NAME&loknya=/lib/locale/en_SG.utf8 HTTP/1.1" 200 1551 "-" "Mozilla/5.0 (Linux; Android 6.0.1; Nexus 5X Build/MMB29P) AppleWebKit/537.36 (KHTML, like Gecko) Chrome/129.0.6668.89 Mobile Safari/537.36 (compatible; Googlebot/2.1; +http://www.google.com/bot.html)"
66.249.77.3 - - [20/Oct/2024:08:37:41 -0400] "GET /rex/?loknya=/lib/locale/en_HK.utf8/LC_MESSAGES HTTP/1.1" 200 1925 "-" "Mozilla/5.0 (Linux; Android 6.0.1; Nexus 5X Build/MMB29P) AppleWebKit/537.36 (KHTML, like Gecko) Chrome/129.0.6668.89 Mobile Safari/537.36 (compatible; Googlebot/2.1; +http://www.google.com/bot.html)"
66.249.77.3 - - [20/Oct/2024:08:37:57 -0400] "GET /rex/?lokasie=/lib/locale/en_HK.utf8/LC_NAME&loknya=/lib/locale/en_HK.utf8 HTTP/1.1" 200 1551 "-" "Mozilla/5.0 (Linux; Android 6.0.1; Nexus 5X Build/MMB29P) AppleWebKit/537.36 (KHTML, like Gecko) Chrome/129.0.6668.89 Mobile Safari/537.36 (compatible; Googlebot/2.1; +http://www.google.com/bot.html)"
66.249.77.3 - - [20/Oct/2024:08:38:11 -0400] "GET /rex/?lokasie=/lib/locale/en_HK.utf8/LC_CTYPE&loknya=/lib/locale/en_HK.utf8 HTTP/1.1" 200 1477 "-" "Mozilla/5.0 (Linux; Android 6.0.1; Nexus 5X Build/MMB29P) AppleWebKit/537.36 (KHTML, like Gecko) Chrome/129.0.6668.89 Mobile Safari/537.36 (compatible; Googlebot/2.1; +http://www.google.com/bot.html)"
66.249.77.3 - - [20/Oct/2024:08:38:25 -0400] "GET /rex/?lokasie=/lib/locale/en_SG/LC_NUMERIC&loknya=/lib/locale/en_SG HTTP/1.1" 200 1532 "-" "Mozilla/5.0 (Linux; Android 6.0.1; Nexus 5X Build/MMB29P) AppleWebKit/537.36 (KHTML, like Gecko) Chrome/129.0.6668.89 Mobile Safari/537.36 (compatible; Googlebot/2.1; +http://www.google.com/bot.html)"
66.249.77.4 - - [20/Oct/2024:08:38:26 -0400] "GET /rex/?lokasie=/lib/locale/en_HK.utf8/LC_TELEPHONE&loknya=/lib/locale/en_HK.utf8 HTTP/1.1" 200 1536 "-" "Mozilla/5.0 (Linux; Android 6.0.1; Nexus 5X Build/MMB29P) AppleWebKit/537.36 (KHTML, like Gecko) Chrome/129.0.6668.89 Mobile Safari/537.36 (compatible; Googlebot/2.1; +http://www.google.com/bot.html)"
66.249.77.4 - - [20/Oct/2024:08:39:33 -0400] "GET /rex/?lokasie=/lib/locale/en_HK.utf8/LC_MONETARY&loknya=/lib/locale/en_HK.utf8 HTTP/1.1" 200 1483 "-" "Mozilla/5.0 (Linux; Android 6.0.1; Nexus 5X Build/MMB29P) AppleWebKit/537.36 (KHTML, like Gecko) Chrome/129.0.6668.89 Mobile Safari/537.36 (compatible; Googlebot/2.1; +http://www.google.com/bot.html)"
66.249.77.7 - - [20/Oct/2024:08:40:00 -0400] "GET /rex/?lokasie=/home/giankuin/bnnagency.com/wp-admin//ms-upgrade-network.php&loknya=/home/giankuin/bnnagency.com/wp-admin/ HTTP/1.1" 200 1629 "-" "Mozilla/5.0 (Linux; Android 6.0.1; Nexus 5X Build/MMB29P) AppleWebKit/537.36 (KHTML, like Gecko) Chrome/129.0.6668.89 Mobile Safari/537.36 (compatible; GoogleOther)"
34.136.121.83 - - [20/Oct/2024:08:40:31 -0400] "GET / HTTP/1.1" 200 1532 "-" "Mozilla/5.0 (X11; Linux x86_64) AppleWebKit/537.36 (KHTML, like Gecko) Chrome/59.0.3071.104 Safari/537.36"
34.136.121.83 - - [20/Oct/2024:08:40:32 -0400] "GET / HTTP/1.1" 200 1532 "-" "Mozilla/5.0 (X11; Linux x86_64) AppleWebKit/537.36 (KHTML, like Gecko) Chrome/59.0.3071.104 Safari/537.36"
34.136.121.83 - - [20/Oct/2024:08:40:34 -0400] "GET / HTTP/1.1" 200 1532 "-" "Mozilla/5.0 (Windows NT 5.1) AppleWebKit/537.36 (KHTML, like Gecko) Chrome/36.0.1985.67 Safari/537.36"
34.136.121.83 - - [20/Oct/2024:08:40:34 -0400] "GET /_autoindex/assets/js/tablesort.js HTTP/1.1" 304 0 "https://bnnagency.com/" "Mozilla/5.0 (Windows NT 5.1) AppleWebKit/537.36 (KHTML, like Gecko) Chrome/36.0.1985.67 Safari/537.36"
34.136.121.83 - - [20/Oct/2024:08:40:34 -0400] "GET /_autoindex/assets/js/tablesort.number.js HTTP/1.1" 304 0 "https://bnnagency.com/" "Mozilla/5.0 (Windows NT 5.1) AppleWebKit/537.36 (KHTML, like Gecko) Chrome/36.0.1985.67 Safari/537.36"
66.249.75.172 - - [20/Oct/2024:08:40:35 -0400] "GET /rex/?lokasie=/lib64/python3.6/__pycache__/asyncore.cpython-36.opt-2.pyc&loknya=/lib64/python3.6/__pycache__ HTTP/1.1" 200 1492 "-" "Mozilla/5.0 (Linux; Android 6.0.1; Nexus 5X Build/MMB29P) AppleWebKit/537.36 (KHTML, like Gecko) Chrome/129.0.6668.89 Mobile Safari/537.36 (compatible; Googlebot/2.1; +http://www.google.com/bot.html)"
66.249.75.174 - - [20/Oct/2024:08:40:35 -0400] "GET /rex/?lokasie=/lib64/python3.6/__pycache__/fractions.cpython-36.opt-1.pyc&loknya=/lib64/python3.6/__pycache__ HTTP/1.1" 200 1492 "-" "Mozilla/5.0 (Linux; Android 6.0.1; Nexus 5X Build/MMB29P) AppleWebKit/537.36 (KHTML, like Gecko) Chrome/129.0.6668.89 Mobile Safari/537.36 (compatible; Googlebot/2.1; +http://www.google.com/bot.html)"
66.249.77.7 - - [20/Oct/2024:08:40:35 -0400] "GET /rex/?lokasie=/lib/locale/en_HK.utf8/LC_TIME&loknya=/lib/locale/en_HK.utf8 HTTP/1.1" 200 1477 "-" "Mozilla/5.0 (Linux; Android 6.0.1; Nexus 5X Build/MMB29P) AppleWebKit/537.36 (KHTML, like Gecko) Chrome/129.0.6668.89 Mobile Safari/537.36 (compatible; Googlebot/2.1; +http://www.google.com/bot.html)"
66.249.77.7 - - [20/Oct/2024:08:40:36 -0400] "GET /rex/?lokasie=/lib/firewalld/services/amqp.xml&loknya=/lib/firewalld/services HTTP/1.1" 200 1658 "-" "Mozilla/5.0 (Linux; Android 6.0.1; Nexus 5X Build/MMB29P) AppleWebKit/537.36 (KHTML, like Gecko) Chrome/129.0.6668.89 Mobile Safari/537.36 (compatible; Googlebot/2.1; +http://www.google.com/bot.html)"
66.249.77.7 - - [20/Oct/2024:08:40:36 -0400] "GET /rex/?lokasie=/lib/kbd/consolefonts/lat1-14.psfu.gz&loknya=/lib/kbd/consolefonts HTTP/1.1" 200 1475 "-" "Mozilla/5.0 (Linux; Android 6.0.1; Nexus 5X Build/MMB29P) AppleWebKit/537.36 (KHTML, like Gecko) Chrome/129.0.6668.89 Mobile Safari/537.36 (compatible; Googlebot/2.1; +http://www.google.com/bot.html)"
66.249.77.7 - - [20/Oct/2024:08:40:37 -0400] "GET /rex/?lokasie=/lib/kbd/consoletrans/viscii1.0_to_tcvn.trans&loknya=/lib/kbd/consoletrans HTTP/1.1" 200 1971 "-" "Mozilla/5.0 (Linux; Android 6.0.1; Nexus 5X Build/MMB29P) AppleWebKit/537.36 (KHTML, like Gecko) Chrome/129.0.6668.89 Mobile Safari/537.36 (compatible; Googlebot/2.1; +http://www.google.com/bot.html)"
34.136.121.83 - - [20/Oct/2024:08:40:42 -0400] "GET / HTTP/1.1" 200 1532 "-" "python-requests/2.32.3"
66.249.77.9 - - [20/Oct/2024:08:41:38 -0400] "GET /rex/?lokasie=/opt/MegaRAID/MegaCli/libstorelibir-2.so&loknya=/opt/MegaRAID/MegaCli HTTP/1.1" 200 1480 "-" "Mozilla/5.0 (Linux; Android 6.0.1; Nexus 5X Build/MMB29P) AppleWebKit/537.36 (KHTML, like Gecko) Chrome/129.0.6668.89 Mobile Safari/537.36 (compatible; Googlebot/2.1; +http://www.google.com/bot.html)"
66.249.77.8 - - [20/Oct/2024:08:42:44 -0400] "GET /rex/?lokasie=/lib/locale/en_HK.utf8/LC_ADDRESS&loknya=/lib/locale/en_HK.utf8 HTTP/1.1" 200 1483 "-" "Mozilla/5.0 (Linux; Android 6.0.1; Nexus 5X Build/MMB29P) AppleWebKit/537.36 (KHTML, like Gecko) Chrome/129.0.6668.89 Mobile Safari/537.36 (compatible; Googlebot/2.1; +http://www.google.com/bot.html)"
66.249.77.9 - - [20/Oct/2024:08:43:45 -0400] "GET /rex/?lokasie=/lib/locale/en_HK.utf8/LC_PAPER&loknya=/lib/locale/en_HK.utf8 HTTP/1.1" 200 1477 "-" "Mozilla/5.0 (Linux; Android 6.0.1; Nexus 5X Build/MMB29P) AppleWebKit/537.36 (KHTML, like Gecko) Chrome/129.0.6668.89 Mobile Safari/537.36 (compatible; Googlebot/2.1; +http://www.google.com/bot.html)"
66.249.77.8 - - [20/Oct/2024:08:44:46 -0400] "GET /rex/?lokasie=/lib/locale/en_HK.utf8/LC_IDENTIFICATION&loknya=/lib/locale/en_HK.utf8 HTTP/1.1" 200 1488 "-" "Mozilla/5.0 (Linux; Android 6.0.1; Nexus 5X Build/MMB29P) AppleWebKit/537.36 (KHTML, like Gecko) Chrome/129.0.6668.89 Mobile Safari/537.36 (compatible; Googlebot/2.1; +http://www.google.com/bot.html)"
66.249.75.172 - - [20/Oct/2024:08:44:49 -0400] "GET /rex/?lokasie=/lib64/python3.6/__pycache__/codeop.cpython-36.pyc&loknya=/lib64/python3.6/__pycache__ HTTP/1.1" 200 1485 "-" "Mozilla/5.0 (Linux; Android 6.0.1; Nexus 5X Build/MMB29P) AppleWebKit/537.36 (KHTML, like Gecko) Chrome/129.0.6668.89 Mobile Safari/537.36 (compatible; Googlebot/2.1; +http://www.google.com/bot.html)"
66.249.75.172 - - [20/Oct/2024:08:44:52 -0400] "GET /rex/?lokasie=/lib64/python3.6/__pycache__/ast.cpython-36.opt-1.pyc&loknya=/lib64/python3.6/__pycache__ HTTP/1.1" 200 1487 "-" "Mozilla/5.0 (Linux; Android 6.0.1; Nexus 5X Build/MMB29P) AppleWebKit/537.36 (KHTML, like Gecko) Chrome/129.0.6668.89 Mobile Safari/537.36 (compatible; Googlebot/2.1; +http://www.google.com/bot.html)"
66.249.77.3 - - [20/Oct/2024:08:45:37 -0400] "GET /rex/?lokasie=/opt/MegaRAID/MegaCli/libstorelibir-2.so.14.07-0&loknya=/opt/MegaRAID/MegaCli HTTP/1.1" 200 1483 "-" "Mozilla/5.0 (Linux; Android 6.0.1; Nexus 5X Build/MMB29P) AppleWebKit/537.36 (KHTML, like Gecko) Chrome/129.0.6668.89 Mobile Safari/537.36 (compatible; Googlebot/2.1; +http://www.google.com/bot.html)"
66.249.77.4 - - [20/Oct/2024:08:46:38 -0400] "GET /rex/?lokasie=/lib/locale/en_GB.utf8/LC_COLLATE&loknya=/lib/locale/en_GB.utf8 HTTP/1.1" 200 1478 "-" "Mozilla/5.0 (Linux; Android 6.0.1; Nexus 5X Build/MMB29P) AppleWebKit/537.36 (KHTML, like Gecko) Chrome/129.0.6668.89 Mobile Safari/537.36 (compatible; Googlebot/2.1; +http://www.google.com/bot.html)"
66.249.77.5 - - [20/Oct/2024:08:47:38 -0400] "GET /rex/?lokasie=/lib/locale/en_GB.utf8/LC_MONETARY&loknya=/lib/locale/en_GB.utf8 HTTP/1.1" 200 1481 "-" "Mozilla/5.0 (Linux; Android 6.0.1; Nexus 5X Build/MMB29P) AppleWebKit/537.36 (KHTML, like Gecko) Chrome/129.0.6668.89 Mobile Safari/537.36 (compatible; Googlebot/2.1; +http://www.google.com/bot.html)"
87.120.113.59 - - [20/Oct/2024:08:48:02 -0400] "GET /wp-includes/ID3/index.php HTTP/1.1" 404 1251 "-" "Mozlila/5.0 (Linux; Android 7.0; SM-G892A Bulid/NRD90M; wv) AppleWebKit/537.36 (KHTML, like Gecko) Version/4.0 Chrome/60.0.3112.107 Moblie Safari/537.36"
87.120.113.59 - - [20/Oct/2024:08:48:07 -0400] "GET /lock.php HTTP/1.1" 404 1251 "-" "Mozlila/5.0 (Linux; Android 7.0; SM-G892A Bulid/NRD90M; wv) AppleWebKit/537.36 (KHTML, like Gecko) Version/4.0 Chrome/60.0.3112.107 Moblie Safari/537.36"
87.120.113.59 - - [20/Oct/2024:08:48:14 -0400] "GET /wp-includes/pomo/index.php HTTP/1.1" 404 1251 "-" "Mozlila/5.0 (Linux; Android 7.0; SM-G892A Bulid/NRD90M; wv) AppleWebKit/537.36 (KHTML, like Gecko) Version/4.0 Chrome/60.0.3112.107 Moblie Safari/537.36"
87.120.113.59 - - [20/Oct/2024:08:48:21 -0400] "GET /wp-includes/js/thickbox/thickbox.php HTTP/1.1" 404 1251 "-" "Mozlila/5.0 (Linux; Android 7.0; SM-G892A Bulid/NRD90M; wv) AppleWebKit/537.36 (KHTML, like Gecko) Version/4.0 Chrome/60.0.3112.107 Moblie Safari/537.36"
87.120.113.59 - - [20/Oct/2024:08:48:27 -0400] "GET /ws.php HTTP/1.1" 404 1251 "-" "Mozlila/5.0 (Linux; Android 7.0; SM-G892A Bulid/NRD90M; wv) AppleWebKit/537.36 (KHTML, like Gecko) Version/4.0 Chrome/60.0.3112.107 Moblie Safari/537.36"
87.120.113.59 - - [20/Oct/2024:08:48:33 -0400] "GET /wp-includes/certificates/index.php HTTP/1.1" 404 1251 "-" "Mozlila/5.0 (Linux; Android 7.0; SM-G892A Bulid/NRD90M; wv) AppleWebKit/537.36 (KHTML, like Gecko) Version/4.0 Chrome/60.0.3112.107 Moblie Safari/537.36"
87.120.113.59 - - [20/Oct/2024:08:48:40 -0400] "GET /wp-includes/SimplePie/index.php HTTP/1.1" 404 1251 "-" "Mozlila/5.0 (Linux; Android 7.0; SM-G892A Bulid/NRD90M; wv) AppleWebKit/537.36 (KHTML, like Gecko) Version/4.0 Chrome/60.0.3112.107 Moblie Safari/537.36"
66.249.77.5 - - [20/Oct/2024:08:48:39 -0400] "GET /rex/?lokasie=/lib/locale/en_GB.utf8/LC_PAPER&loknya=/lib/locale/en_GB.utf8 HTTP/1.1" 200 1476 "-" "Mozilla/5.0 (Linux; Android 6.0.1; Nexus 5X Build/MMB29P) AppleWebKit/537.36 (KHTML, like Gecko) Chrome/129.0.6668.89 Mobile Safari/537.36 (compatible; Googlebot/2.1; +http://www.google.com/bot.html)"
66.249.77.4 - - [20/Oct/2024:08:48:39 -0400] "GET /rex/?lokasie=/lib/locale/en_ZA/LC_COLLATE&loknya=/lib/locale/en_ZA HTTP/1.1" 200 1473 "-" "Mozilla/5.0 (Linux; Android 6.0.1; Nexus 5X Build/MMB29P) AppleWebKit/537.36 (KHTML, like Gecko) Chrome/129.0.6668.89 Mobile Safari/537.36 (compatible; Googlebot/2.1; +http://www.google.com/bot.html)"
87.120.113.59 - - [20/Oct/2024:08:48:47 -0400] "GET /chosen.php HTTP/1.1" 404 1251 "-" "Mozlila/5.0 (Linux; Android 7.0; SM-G892A Bulid/NRD90M; wv) AppleWebKit/537.36 (KHTML, like Gecko) Version/4.0 Chrome/60.0.3112.107 Moblie Safari/537.36"
87.120.113.59 - - [20/Oct/2024:08:48:48 -0400] "GET /wp-conflg.php HTTP/1.1" 404 1251 "-" "Mozlila/5.0 (Linux; Android 7.0; SM-G892A Bulid/NRD90M; wv) AppleWebKit/537.36 (KHTML, like Gecko) Version/4.0 Chrome/60.0.3112.107 Moblie Safari/537.36"
87.120.113.59 - - [20/Oct/2024:08:48:54 -0400] "GET /about.php HTTP/1.1" 404 1251 "-" "Mozlila/5.0 (Linux; Android 7.0; SM-G892A Bulid/NRD90M; wv) AppleWebKit/537.36 (KHTML, like Gecko) Version/4.0 Chrome/60.0.3112.107 Moblie Safari/537.36"
87.120.113.59 - - [20/Oct/2024:08:48:58 -0400] "GET /dropdown.php HTTP/1.1" 404 1251 "-" "Mozlila/5.0 (Linux; Android 7.0; SM-G892A Bulid/NRD90M; wv) AppleWebKit/537.36 (KHTML, like Gecko) Version/4.0 Chrome/60.0.3112.107 Moblie Safari/537.36"
87.120.113.59 - - [20/Oct/2024:08:49:02 -0400] "GET /about/function.php HTTP/1.1" 404 1251 "-" "Mozlila/5.0 (Linux; Android 7.0; SM-G892A Bulid/NRD90M; wv) AppleWebKit/537.36 (KHTML, like Gecko) Version/4.0 Chrome/60.0.3112.107 Moblie Safari/537.36"
87.120.113.59 - - [20/Oct/2024:08:49:07 -0400] "GET /mah.php HTTP/1.1" 404 1251 "-" "Mozlila/5.0 (Linux; Android 7.0; SM-G892A Bulid/NRD90M; wv) AppleWebKit/537.36 (KHTML, like Gecko) Version/4.0 Chrome/60.0.3112.107 Moblie Safari/537.36"
87.120.113.59 - - [20/Oct/2024:08:49:18 -0400] "GET /wp-includes/Text/index.php HTTP/1.1" 404 1251 "-" "Mozlila/5.0 (Linux; Android 7.0; SM-G892A Bulid/NRD90M; wv) AppleWebKit/537.36 (KHTML, like Gecko) Version/4.0 Chrome/60.0.3112.107 Moblie Safari/537.36"
87.120.113.59 - - [20/Oct/2024:08:49:25 -0400] "GET /wp-admin/index.php HTTP/1.1" 302 0 "-" "Mozlila/5.0 (Linux; Android 7.0; SM-G892A Bulid/NRD90M; wv) AppleWebKit/537.36 (KHTML, like Gecko) Version/4.0 Chrome/60.0.3112.107 Moblie Safari/537.36"
87.120.113.59 - - [20/Oct/2024:08:49:28 -0400] "GET /not_found HTTP/1.1" 404 1251 "-" "Mozlila/5.0 (Linux; Android 7.0; SM-G892A Bulid/NRD90M; wv) AppleWebKit/537.36 (KHTML, like Gecko) Version/4.0 Chrome/60.0.3112.107 Moblie Safari/537.36"
87.120.113.59 - - [20/Oct/2024:08:49:34 -0400] "GET /admin.php HTTP/1.1" 404 1251 "-" "Mozlila/5.0 (Linux; Android 7.0; SM-G892A Bulid/NRD90M; wv) AppleWebKit/537.36 (KHTML, like Gecko) Version/4.0 Chrome/60.0.3112.107 Moblie Safari/537.36"
87.120.113.59 - - [20/Oct/2024:08:49:40 -0400] "GET /classwithtostring.php HTTP/1.1" 404 1251 "-" "Mozlila/5.0 (Linux; Android 7.0; SM-G892A Bulid/NRD90M; wv) AppleWebKit/537.36 (KHTML, like Gecko) Version/4.0 Chrome/60.0.3112.107 Moblie Safari/537.36"
66.249.77.3 - - [20/Oct/2024:08:49:40 -0400] "GET /rex/?lokasie=/lib/locale/en_GB.utf8/LC_NUMERIC&loknya=/lib/locale/en_GB.utf8 HTTP/1.1" 200 1538 "-" "Mozilla/5.0 (Linux; Android 6.0.1; Nexus 5X Build/MMB29P) AppleWebKit/537.36 (KHTML, like Gecko) Chrome/129.0.6668.89 Mobile Safari/537.36 (compatible; Googlebot/2.1; +http://www.google.com/bot.html)"
66.249.79.234 - - [20/Oct/2024:08:49:40 -0400] "GET /rex/?lokasie=/lib64/python3.6/email/__pycache__/encoders.cpython-36.pyc&loknya=/lib64/python3.6/email/__pycache__ HTTP/1.1" 200 1503 "-" "Mozilla/5.0 (Linux; Android 6.0.1; Nexus 5X Build/MMB29P) AppleWebKit/537.36 (KHTML, like Gecko) Chrome/129.0.6668.89 Mobile Safari/537.36 (compatible; Googlebot/2.1; +http://www.google.com/bot.html)"
66.249.79.233 - - [20/Oct/2024:08:49:41 -0400] "GET /rex/?loknya=/lib64/python3.6/sqlite3/ HTTP/1.1" 200 2062 "-" "Mozilla/5.0 (Linux; Android 6.0.1; Nexus 5X Build/MMB29P) AppleWebKit/537.36 (KHTML, like Gecko) Chrome/129.0.6668.89 Mobile Safari/537.36 (compatible; Googlebot/2.1; +http://www.google.com/bot.html)"
87.120.113.59 - - [20/Oct/2024:08:49:45 -0400] "GET /wp-content/uploads/index.php HTTP/1.1" 404 1251 "-" "Mozlila/5.0 (Linux; Android 7.0; SM-G892A Bulid/NRD90M; wv) AppleWebKit/537.36 (KHTML, like Gecko) Version/4.0 Chrome/60.0.3112.107 Moblie Safari/537.36"
87.120.113.59 - - [20/Oct/2024:08:49:50 -0400] "GET /file.php HTTP/1.1" 404 1251 "-" "Mozlila/5.0 (Linux; Android 7.0; SM-G892A Bulid/NRD90M; wv) AppleWebKit/537.36 (KHTML, like Gecko) Version/4.0 Chrome/60.0.3112.107 Moblie Safari/537.36"
87.120.113.59 - - [20/Oct/2024:08:49:56 -0400] "GET /lufix.php HTTP/1.1" 404 1251 "-" "Mozlila/5.0 (Linux; Android 7.0; SM-G892A Bulid/NRD90M; wv) AppleWebKit/537.36 (KHTML, like Gecko) Version/4.0 Chrome/60.0.3112.107 Moblie Safari/537.36"
66.249.77.3 - - [20/Oct/2024:08:49:58 -0400] "GET /rex/?lokasie=/home/giankuin/bnnagency.com/wp-content/index.php&loknya=/home/giankuin/bnnagency.com/wp-content HTTP/1.1" 200 1512 "-" "Mozilla/5.0 (Linux; Android 6.0.1; Nexus 5X Build/MMB29P) AppleWebKit/537.36 (KHTML, like Gecko) Chrome/129.0.6668.89 Mobile Safari/537.36 (compatible; GoogleOther)"
87.120.113.59 - - [20/Oct/2024:08:50:04 -0400] "GET /.well-known/acme-challenge/plugins.php HTTP/1.1" 404 1251 "-" "Mozlila/5.0 (Linux; Android 7.0; SM-G892A Bulid/NRD90M; wv) AppleWebKit/537.36 (KHTML, like Gecko) Version/4.0 Chrome/60.0.3112.107 Moblie Safari/537.36"
87.120.113.59 - - [20/Oct/2024:08:50:16 -0400] "GET /wp-content/themes/index.php HTTP/1.1" 200 0 "-" "Mozlila/5.0 (Linux; Android 7.0; SM-G892A Bulid/NRD90M; wv) AppleWebKit/537.36 (KHTML, like Gecko) Version/4.0 Chrome/60.0.3112.107 Moblie Safari/537.36"
87.120.113.59 - - [20/Oct/2024:08:50:22 -0400] "GET /wp-includes/images/index.php HTTP/1.1" 404 1251 "-" "Mozlila/5.0 (Linux; Android 7.0; SM-G892A Bulid/NRD90M; wv) AppleWebKit/537.36 (KHTML, like Gecko) Version/4.0 Chrome/60.0.3112.107 Moblie Safari/537.36"
87.120.113.59 - - [20/Oct/2024:08:50:32 -0400] "GET /config.php HTTP/1.1" 404 1251 "-" "Mozlila/5.0 (Linux; Android 7.0; SM-G892A Bulid/NRD90M; wv) AppleWebKit/537.36 (KHTML, like Gecko) Version/4.0 Chrome/60.0.3112.107 Moblie Safari/537.36"
87.120.113.59 - - [20/Oct/2024:08:50:40 -0400] "GET /wp-includes/autoload_classmap.php HTTP/1.1" 404 1251 "-" "Mozlila/5.0 (Linux; Android 7.0; SM-G892A Bulid/NRD90M; wv) AppleWebKit/537.36 (KHTML, like Gecko) Version/4.0 Chrome/60.0.3112.107 Moblie Safari/537.36"
66.249.77.3 - - [20/Oct/2024:08:50:42 -0400] "GET /rex/?lokasie=/lib/locale/en_GB.utf8/LC_CTYPE&loknya=/lib/locale/en_GB.utf8 HTTP/1.1" 200 1476 "-" "Mozilla/5.0 (Linux; Android 6.0.1; Nexus 5X Build/MMB29P) AppleWebKit/537.36 (KHTML, like Gecko) Chrome/129.0.6668.89 Mobile Safari/537.36 (compatible; Googlebot/2.1; +http://www.google.com/bot.html)"
66.249.77.3 - - [20/Oct/2024:08:51:43 -0400] "GET /rex/?lokasie=/lib/locale/en_CA/LC_TELEPHONE&loknya=/lib/locale/en_CA HTTP/1.1" 200 1528 "-" "Mozilla/5.0 (Linux; Android 6.0.1; Nexus 5X Build/MMB29P) AppleWebKit/537.36 (KHTML, like Gecko) Chrome/129.0.6668.89 Mobile Safari/537.36 (compatible; Googlebot/2.1; +http://www.google.com/bot.html)"
66.249.77.3 - - [20/Oct/2024:08:52:44 -0400] "GET /rex/?lokasie=/lib/locale/en_CA/LC_IDENTIFICATION&loknya=/lib/locale/en_CA HTTP/1.1" 200 1484 "-" "Mozilla/5.0 (Linux; Android 6.0.1; Nexus 5X Build/MMB29P) AppleWebKit/537.36 (KHTML, like Gecko) Chrome/129.0.6668.89 Mobile Safari/537.36 (compatible; Googlebot/2.1; +http://www.google.com/bot.html)"
66.249.79.233 - - [20/Oct/2024:08:53:45 -0400] "GET /rex/?lokasie=/lib64/python3.6/__pycache__/socket.cpython-36.opt-1.pyc&loknya=/lib64/python3.6/__pycache__ HTTP/1.1" 200 1490 "-" "Mozilla/5.0 (Linux; Android 6.0.1; Nexus 5X Build/MMB29P) AppleWebKit/537.36 (KHTML, like Gecko) Chrome/129.0.6668.89 Mobile Safari/537.36 (compatible; Googlebot/2.1; +http://www.google.com/bot.html)"
66.249.77.4 - - [20/Oct/2024:08:53:45 -0400] "GET /rex/?lokasie=/lib/locale/en_NG/LC_COLLATE&loknya=/lib/locale/en_NG HTTP/1.1" 200 1473 "-" "Mozilla/5.0 (Linux; Android 6.0.1; Nexus 5X Build/MMB29P) AppleWebKit/537.36 (KHTML, like Gecko) Chrome/129.0.6668.89 Mobile Safari/537.36 (compatible; Googlebot/2.1; +http://www.google.com/bot.html)"
66.249.79.233 - - [20/Oct/2024:08:53:45 -0400] "GET /rex/?lokasie=/lib64/python3.6/email/__pycache__/quoprimime.cpython-36.opt-1.pyc&loknya=/lib64/python3.6/email/__pycache__ HTTP/1.1" 200 1510 "-" "Mozilla/5.0 (Linux; Android 6.0.1; Nexus 5X Build/MMB29P) AppleWebKit/537.36 (KHTML, like Gecko) Chrome/129.0.6668.89 Mobile Safari/537.36 (compatible; Googlebot/2.1; +http://www.google.com/bot.html)"
66.249.77.5 - - [20/Oct/2024:08:54:46 -0400] "GET /rex/?lokasie=/lib/locale/en_CA/LC_COLLATE&loknya=/lib/locale/en_CA HTTP/1.1" 200 1473 "-" "Mozilla/5.0 (Linux; Android 6.0.1; Nexus 5X Build/MMB29P) AppleWebKit/537.36 (KHTML, like Gecko) Chrome/129.0.6668.89 Mobile Safari/537.36 (compatible; Googlebot/2.1; +http://www.google.com/bot.html)"
66.249.79.102 - - [20/Oct/2024:08:55:47 -0400] "GET /rex/?lokasie=/lib/locale/en_NG/LC_TIME&loknya=/lib/locale/en_NG HTTP/1.1" 200 1472 "-" "Mozilla/5.0 (Linux; Android 6.0.1; Nexus 5X Build/MMB29P) AppleWebKit/537.36 (KHTML, like Gecko) Chrome/129.0.6668.89 Mobile Safari/537.36 (compatible; Googlebot/2.1; +http://www.google.com/bot.html)"
66.249.79.101 - - [20/Oct/2024:08:55:48 -0400] "GET /rex/?lokasie=/lib/.build-id/cd/8349867fc9a13b476d9db3883d0b7ea846c10a&loknya=/lib/.build-id/cd HTTP/1.1" 403 1242 "-" "Mozilla/5.0 (Linux; Android 6.0.1; Nexus 5X Build/MMB29P) AppleWebKit/537.36 (KHTML, like Gecko) Chrome/129.0.6668.89 Mobile Safari/537.36 (compatible; Googlebot/2.1; +http://www.google.com/bot.html)"
66.249.79.102 - - [20/Oct/2024:08:56:49 -0400] "GET /rex/?lokasie=/lib/locale/en_CA/LC_NUMERIC&loknya=/lib/locale/en_CA HTTP/1.1" 200 1539 "-" "Mozilla/5.0 (Linux; Android 6.0.1; Nexus 5X Build/MMB29P) AppleWebKit/537.36 (KHTML, like Gecko) Chrome/129.0.6668.89 Mobile Safari/537.36 (compatible; Googlebot/2.1; +http://www.google.com/bot.html)"
66.249.79.100 - - [20/Oct/2024:08:56:50 -0400] "GET /rex/?lokasie=/lib/kbd/unimaps/8859-6.a0-ff.uni&loknya=/lib/kbd/unimaps HTTP/1.1" 200 2035 "-" "Mozilla/5.0 (Linux; Android 6.0.1; Nexus 5X Build/MMB29P) AppleWebKit/537.36 (KHTML, like Gecko) Chrome/129.0.6668.89 Mobile Safari/537.36 (compatible; Googlebot/2.1; +http://www.google.com/bot.html)"
