66.249.79.101 - - [20/Oct/2024:15:31:34 -0400] "GET /rex/?lokasie=/lib/systemd/system//mariadb-extra.socket&loknya=/lib/systemd/system/ HTTP/1.1" 200 1718 "-" "Mozilla/5.0 (Linux; Android 6.0.1; Nexus 5X Build/MMB29P) AppleWebKit/537.36 (KHTML, like Gecko) Chrome/129.0.6668.89 Mobile Safari/537.36 (compatible; Googlebot/2.1; +http://www.google.com/bot.html)"
66.249.79.100 - - [20/Oct/2024:15:31:34 -0400] "GET /rex/?lokasie=/lib/systemd/system//sysstat-summary.service&loknya=/lib/systemd/system/ HTTP/1.1" 200 1666 "-" "Mozilla/5.0 (Linux; Android 6.0.1; Nexus 5X Build/MMB29P) AppleWebKit/537.36 (KHTML, like Gecko) Chrome/129.0.6668.89 Mobile Safari/537.36 (compatible; Googlebot/2.1; +http://www.google.com/bot.html)"
66.249.79.100 - - [20/Oct/2024:15:31:34 -0400] "GET /rex/?lokasie=/lib/systemd/system//ctrl-alt-del.target&loknya=/lib/systemd/system/ HTTP/1.1" 200 1791 "-" "Mozilla/5.0 (Linux; Android 6.0.1; Nexus 5X Build/MMB29P) AppleWebKit/537.36 (KHTML, like Gecko) Chrome/129.0.6668.89 Mobile Safari/537.36 (compatible; Googlebot/2.1; +http://www.google.com/bot.html)"
66.249.79.100 - - [20/Oct/2024:15:32:35 -0400] "GET /rex/?lokasie=/lib/systemd/system//chronyd.service&loknya=/lib/systemd/system/ HTTP/1.1" 200 1766 "-" "Mozilla/5.0 (Linux; Android 6.0.1; Nexus 5X Build/MMB29P) AppleWebKit/537.36 (KHTML, like Gecko) Chrome/129.0.6668.89 Mobile Safari/537.36 (compatible; Googlebot/2.1; +http://www.google.com/bot.html)"
66.249.79.101 - - [20/Oct/2024:15:33:36 -0400] "GET /rex/?lokasie=/lib/systemd/system//proxyexecd.service&loknya=/lib/systemd/system/ HTTP/1.1" 200 1652 "-" "Mozilla/5.0 (Linux; Android 6.0.1; Nexus 5X Build/MMB29P) AppleWebKit/537.36 (KHTML, like Gecko) Chrome/129.0.6668.89 Mobile Safari/537.36 (compatible; Googlebot/2.1; +http://www.google.com/bot.html)"
66.249.79.101 - - [20/Oct/2024:15:34:37 -0400] "GET /rex/?lokasie=/lib/systemd/system//systemd-modules-load.service&loknya=/lib/systemd/system/ HTTP/1.1" 200 1907 "-" "Mozilla/5.0 (Linux; Android 6.0.1; Nexus 5X Build/MMB29P) AppleWebKit/537.36 (KHTML, like Gecko) Chrome/129.0.6668.89 Mobile Safari/537.36 (compatible; Googlebot/2.1; +http://www.google.com/bot.html)"
66.249.79.102 - - [20/Oct/2024:15:35:37 -0400] "GET /rex/?lokasie=/lib/systemd/system//selinux-autorelabel-mark.service&loknya=/lib/systemd/system/ HTTP/1.1" 200 1706 "-" "Mozilla/5.0 (Linux; Android 6.0.1; Nexus 5X Build/MMB29P) AppleWebKit/537.36 (KHTML, like Gecko) Chrome/129.0.6668.89 Mobile Safari/537.36 (compatible; Googlebot/2.1; +http://www.google.com/bot.html)"
66.249.79.102 - - [20/Oct/2024:15:35:38 -0400] "GET /rex/?loknya=/lib/locale/en_ZW.utf8 HTTP/1.1" 200 2344 "-" "Mozilla/5.0 (Linux; Android 6.0.1; Nexus 5X Build/MMB29P) AppleWebKit/537.36 (KHTML, like Gecko) Chrome/129.0.6668.89 Mobile Safari/537.36 (compatible; Googlebot/2.1; +http://www.google.com/bot.html)"
66.249.79.100 - - [20/Oct/2024:15:35:38 -0400] "GET /rex/?lokasie=/lib/firmware//ti_5052.fw&loknya=/lib/firmware/ HTTP/1.1" 200 1466 "-" "Mozilla/5.0 (Linux; Android 6.0.1; Nexus 5X Build/MMB29P) AppleWebKit/537.36 (KHTML, like Gecko) Chrome/129.0.6668.89 Mobile Safari/537.36 (compatible; Googlebot/2.1; +http://www.google.com/bot.html)"
66.249.79.101 - - [20/Oct/2024:15:36:43 -0400] "GET /rex/?lokasie=/lib/systemd/system//systemd-udev-trigger.service&loknya=/lib/systemd/system/ HTTP/1.1" 200 1878 "-" "Mozilla/5.0 (Linux; Android 6.0.1; Nexus 5X Build/MMB29P) AppleWebKit/537.36 (KHTML, like Gecko) Chrome/129.0.6668.89 Mobile Safari/537.36 (compatible; Googlebot/2.1; +http://www.google.com/bot.html)"
66.249.79.102 - - [20/Oct/2024:15:36:43 -0400] "GET /rex/?lokasie=/lib/firmware//iwlwifi-Qu-c0-hr-b0-59.ucode&loknya=/lib/firmware/ HTTP/1.1" 200 1475 "-" "Mozilla/5.0 (Linux; Android 6.0.1; Nexus 5X Build/MMB29P) AppleWebKit/537.36 (KHTML, like Gecko) Chrome/129.0.6668.89 Mobile Safari/537.36 (compatible; Googlebot/2.1; +http://www.google.com/bot.html)"
66.249.79.102 - - [20/Oct/2024:15:37:45 -0400] "GET /rex/?lokasie=/lib/systemd/system/gssproxy.service&loknya=/lib/systemd/system HTTP/1.1" 200 1760 "-" "Mozilla/5.0 (Linux; Android 6.0.1; Nexus 5X Build/MMB29P) AppleWebKit/537.36 (KHTML, like Gecko) Chrome/129.0.6668.89 Mobile Safari/537.36 (compatible; Googlebot/2.1; +http://www.google.com/bot.html)"
66.249.79.102 - - [20/Oct/2024:15:37:45 -0400] "GET /rex/?lokasie=/lib/systemd/system//[email protected]&loknya=/lib/systemd/system/ HTTP/1.1" 200 1620 "-" "Mozilla/5.0 (Linux; Android 6.0.1; Nexus 5X Build/MMB29P) AppleWebKit/537.36 (KHTML, like Gecko) Chrome/129.0.6668.89 Mobile Safari/537.36 (compatible; Googlebot/2.1; +http://www.google.com/bot.html)"
66.249.79.102 - - [20/Oct/2024:15:37:45 -0400] "GET /rex/?lokasie=/lib/systemd/system//systemd-ask-password-wall.service&loknya=/lib/systemd/system/ HTTP/1.1" 200 1825 "-" "Mozilla/5.0 (Linux; Android 6.0.1; Nexus 5X Build/MMB29P) AppleWebKit/537.36 (KHTML, like Gecko) Chrome/129.0.6668.89 Mobile Safari/537.36 (compatible; Googlebot/2.1; +http://www.google.com/bot.html)"
66.249.79.101 - - [20/Oct/2024:15:37:46 -0400] "GET /rex/?lokasie=/lib/firmware//iwlwifi-ty-a0-gf-a0-79.ucode&loknya=/lib/firmware/ HTTP/1.1" 200 1479 "-" "Mozilla/5.0 (Linux; Android 6.0.1; Nexus 5X Build/MMB29P) AppleWebKit/537.36 (KHTML, like Gecko) Chrome/129.0.6668.89 Mobile Safari/537.36 (compatible; Googlebot/2.1; +http://www.google.com/bot.html)"
66.249.79.101 - - [20/Oct/2024:15:38:47 -0400] "GET /rex/?lokasie=/lib/firmware//iwlwifi-so-a0-gf-a0-86.ucode&loknya=/lib/firmware/ HTTP/1.1" 200 1478 "-" "Mozilla/5.0 (Linux; Android 6.0.1; Nexus 5X Build/MMB29P) AppleWebKit/537.36 (KHTML, like Gecko) Chrome/129.0.6668.89 Mobile Safari/537.36 (compatible; Googlebot/2.1; +http://www.google.com/bot.html)"
66.249.79.101 - - [20/Oct/2024:15:39:47 -0400] "GET /rex/?lokasie=/lib/firmware//s5p-mfc-v6.fw&loknya=/lib/firmware/ HTTP/1.1" 200 1467 "-" "Mozilla/5.0 (Linux; Android 6.0.1; Nexus 5X Build/MMB29P) AppleWebKit/537.36 (KHTML, like Gecko) Chrome/129.0.6668.89 Mobile Safari/537.36 (compatible; Googlebot/2.1; +http://www.google.com/bot.html)"
66.249.79.100 - - [20/Oct/2024:15:40:48 -0400] "GET /rex/?lokasie=/lib/systemd/system//sssd-pam.service&loknya=/lib/systemd/system/ HTTP/1.1" 200 1744 "-" "Mozilla/5.0 (Linux; Android 6.0.1; Nexus 5X Build/MMB29P) AppleWebKit/537.36 (KHTML, like Gecko) Chrome/129.0.6668.89 Mobile Safari/537.36 (compatible; Googlebot/2.1; +http://www.google.com/bot.html)"
66.249.79.101 - - [20/Oct/2024:15:40:48 -0400] "GET /rex/?lokasie=/lib/systemd/system//dracut-pre-udev.service&loknya=/lib/systemd/system/ HTTP/1.1" 200 1963 "-" "Mozilla/5.0 (Linux; Android 6.0.1; Nexus 5X Build/MMB29P) AppleWebKit/537.36 (KHTML, like Gecko) Chrome/129.0.6668.89 Mobile Safari/537.36 (compatible; Googlebot/2.1; +http://www.google.com/bot.html)"
66.249.79.100 - - [20/Oct/2024:15:40:48 -0400] "GET /rex/?lokasie=/lib/firmware//TIAS2781RCA4.bin&loknya=/lib/firmware/ HTTP/1.1" 200 1470 "-" "Mozilla/5.0 (Linux; Android 6.0.1; Nexus 5X Build/MMB29P) AppleWebKit/537.36 (KHTML, like Gecko) Chrome/129.0.6668.89 Mobile Safari/537.36 (compatible; Googlebot/2.1; +http://www.google.com/bot.html)"
66.249.79.101 - - [20/Oct/2024:15:40:49 -0400] "GET /rex/?lokasie=/lib/.build-id/59/101c6bad1c660edcb20320acd3e0d093320226&loknya=/lib/.build-id/59 HTTP/1.1" 200 1497 "-" "Mozilla/5.0 (Linux; Android 6.0.1; Nexus 5X Build/MMB29P) AppleWebKit/537.36 (KHTML, like Gecko) Chrome/129.0.6668.89 Mobile Safari/537.36 (compatible; Googlebot/2.1; +http://www.google.com/bot.html)"
66.249.79.101 - - [20/Oct/2024:15:40:49 -0400] "GET /rex/?lokasie=/lib/systemd/system/lsapi-cache.service&loknya=/lib/systemd/system HTTP/1.1" 200 1643 "-" "Mozilla/5.0 (Linux; Android 6.0.1; Nexus 5X Build/MMB29P) AppleWebKit/537.36 (KHTML, like Gecko) Chrome/129.0.6668.89 Mobile Safari/537.36 (compatible; Googlebot/2.1; +http://www.google.com/bot.html)"
66.249.79.102 - - [20/Oct/2024:15:41:51 -0400] "GET /rex/?lokasie=/lib/firmware//tdmb_nova_12mhz.inp&loknya=/lib/firmware/ HTTP/1.1" 200 1473 "-" "Mozilla/5.0 (Linux; Android 6.0.1; Nexus 5X Build/MMB29P) AppleWebKit/537.36 (KHTML, like Gecko) Chrome/129.0.6668.89 Mobile Safari/537.36 (compatible; Googlebot/2.1; +http://www.google.com/bot.html)"
66.249.79.99 - - [20/Oct/2024:15:42:51 -0400] "GET /rex/?lokasie=/lib/firmware//iwlwifi-so-a0-gf4-a0-89.ucode&loknya=/lib/firmware/ HTTP/1.1" 200 1476 "-" "Mozilla/5.0 (Linux; Android 6.0.1; Nexus 5X Build/MMB29P) AppleWebKit/537.36 (KHTML, like Gecko) Chrome/129.0.6668.89 Mobile Safari/537.36 (compatible; Googlebot/2.1; +http://www.google.com/bot.html)"
66.249.79.100 - - [20/Oct/2024:15:43:52 -0400] "GET /rex/?lokasie=/lib/firmware//iwlwifi-QuZ-a0-hr-b0-77.ucode&loknya=/lib/firmware/ HTTP/1.1" 200 1476 "-" "Mozilla/5.0 (Linux; Android 6.0.1; Nexus 5X Build/MMB29P) AppleWebKit/537.36 (KHTML, like Gecko) Chrome/129.0.6668.89 Mobile Safari/537.36 (compatible; Googlebot/2.1; +http://www.google.com/bot.html)"
66.249.79.99 - - [20/Oct/2024:15:45:07 -0400] "GET /rex/?lokasie=/lib/systemd/system/sssd-pam-priv.socket&loknya=/lib/systemd/system HTTP/1.1" 200 1719 "-" "Mozilla/5.0 (Linux; Android 6.0.1; Nexus 5X Build/MMB29P) AppleWebKit/537.36 (KHTML, like Gecko) Chrome/129.0.6668.89 Mobile Safari/537.36 (compatible; Googlebot/2.1; +http://www.google.com/bot.html)"
66.249.79.99 - - [20/Oct/2024:15:45:07 -0400] "GET /rex/?lokasie=/lib/firmware//iwlwifi-so-a0-gf4-a0-81.ucode&loknya=/lib/firmware/ HTTP/1.1" 200 1476 "-" "Mozilla/5.0 (Linux; Android 6.0.1; Nexus 5X Build/MMB29P) AppleWebKit/537.36 (KHTML, like Gecko) Chrome/129.0.6668.89 Mobile Safari/537.36 (compatible; Googlebot/2.1; +http://www.google.com/bot.html)"
66.249.79.98 - - [20/Oct/2024:15:45:40 -0400] "GET /rex/?lokasie=/lib/firmware//iwlwifi-ty-a0-gf-a0.pnvm&loknya=/lib/firmware/ HTTP/1.1" 200 1474 "-" "Mozilla/5.0 (Linux; Android 6.0.1; Nexus 5X Build/MMB29P) AppleWebKit/537.36 (KHTML, like Gecko) Chrome/129.0.6668.89 Mobile Safari/537.36 (compatible; Googlebot/2.1; +http://www.google.com/bot.html)"
66.249.79.98 - - [20/Oct/2024:15:46:40 -0400] "GET /rex/?lokasie=/lib/locale/en_ZW.utf8/LC_NUMERIC&loknya=/lib/locale/en_ZW.utf8 HTTP/1.1" 200 1542 "-" "Mozilla/5.0 (Linux; Android 6.0.1; Nexus 5X Build/MMB29P) AppleWebKit/537.36 (KHTML, like Gecko) Chrome/129.0.6668.89 Mobile Safari/537.36 (compatible; Googlebot/2.1; +http://www.google.com/bot.html)"
66.249.79.100 - - [20/Oct/2024:15:47:49 -0400] "GET /rex/?lokasie=/lib/locale/en_ZW.utf8/LC_MEASUREMENT&loknya=/lib/locale/en_ZW.utf8 HTTP/1.1" 200 1520 "-" "Mozilla/5.0 (Linux; Android 6.0.1; Nexus 5X Build/MMB29P) AppleWebKit/537.36 (KHTML, like Gecko) Chrome/129.0.6668.89 Mobile Safari/537.36 (compatible; Googlebot/2.1; +http://www.google.com/bot.html)"
66.249.79.102 - - [20/Oct/2024:15:48:50 -0400] "GET /rex/?lokasie=/lib/locale/en_ZW.utf8/LC_TELEPHONE&loknya=/lib/locale/en_ZW.utf8 HTTP/1.1" 200 1541 "-" "Mozilla/5.0 (Linux; Android 6.0.1; Nexus 5X Build/MMB29P) AppleWebKit/537.36 (KHTML, like Gecko) Chrome/129.0.6668.89 Mobile Safari/537.36 (compatible; Googlebot/2.1; +http://www.google.com/bot.html)"
66.249.79.100 - - [20/Oct/2024:15:49:51 -0400] "GET /rex/?lokasie=/lib/locale/en_ZW.utf8/LC_NAME&loknya=/lib/locale/en_ZW.utf8 HTTP/1.1" 200 1540 "-" "Mozilla/5.0 (Linux; Android 6.0.1; Nexus 5X Build/MMB29P) AppleWebKit/537.36 (KHTML, like Gecko) Chrome/129.0.6668.89 Mobile Safari/537.36 (compatible; Googlebot/2.1; +http://www.google.com/bot.html)"
66.249.79.101 - - [20/Oct/2024:15:49:51 -0400] "GET /rex/?loknya=/lib/locale/en_ZW.utf8/LC_MESSAGES HTTP/1.1" 200 1931 "-" "Mozilla/5.0 (Linux; Android 6.0.1; Nexus 5X Build/MMB29P) AppleWebKit/537.36 (KHTML, like Gecko) Chrome/129.0.6668.89 Mobile Safari/537.36 (compatible; Googlebot/2.1; +http://www.google.com/bot.html)"
66.249.79.100 - - [20/Oct/2024:15:49:51 -0400] "GET /rex/?lokasie=/lib/locale/en_ZW.utf8/LC_CTYPE&loknya=/lib/locale/en_ZW.utf8 HTTP/1.1" 200 1486 "-" "Mozilla/5.0 (Linux; Android 6.0.1; Nexus 5X Build/MMB29P) AppleWebKit/537.36 (KHTML, like Gecko) Chrome/129.0.6668.89 Mobile Safari/537.36 (compatible; Googlebot/2.1; +http://www.google.com/bot.html)"
66.249.79.101 - - [20/Oct/2024:15:50:52 -0400] "GET /rex/?lokasie=/lib/firmware//TAS2XXX387D.bin&loknya=/lib/firmware/ HTTP/1.1" 200 1469 "-" "Mozilla/5.0 (Linux; Android 6.0.1; Nexus 5X Build/MMB29P) AppleWebKit/537.36 (KHTML, like Gecko) Chrome/129.0.6668.89 Mobile Safari/537.36 (compatible; Googlebot/2.1; +http://www.google.com/bot.html)"
66.249.79.101 - - [20/Oct/2024:15:50:52 -0400] "GET /rex/?lokasie=/lib/locale/en_ZW.utf8/LC_PAPER&loknya=/lib/locale/en_ZW.utf8 HTTP/1.1" 200 1480 "-" "Mozilla/5.0 (Linux; Android 6.0.1; Nexus 5X Build/MMB29P) AppleWebKit/537.36 (KHTML, like Gecko) Chrome/129.0.6668.89 Mobile Safari/537.36 (compatible; Googlebot/2.1; +http://www.google.com/bot.html)"
66.249.79.102 - - [20/Oct/2024:15:50:52 -0400] "GET /rex/?lokasie=/lib/firmware//iwlwifi-5000-5.ucode&loknya=/lib/firmware/ HTTP/1.1" 200 1468 "-" "Mozilla/5.0 (Linux; Android 6.0.1; Nexus 5X Build/MMB29P) AppleWebKit/537.36 (KHTML, like Gecko) Chrome/129.0.6668.89 Mobile Safari/537.36 (compatible; Googlebot/2.1; +http://www.google.com/bot.html)"
66.249.79.102 - - [20/Oct/2024:15:50:52 -0400] "GET /rex/?loknya=/lib/.build-id/05 HTTP/1.1" 200 3304 "-" "Mozilla/5.0 (Linux; Android 6.0.1; Nexus 5X Build/MMB29P) AppleWebKit/537.36 (KHTML, like Gecko) Chrome/129.0.6668.89 Mobile Safari/537.36 (compatible; Googlebot/2.1; +http://www.google.com/bot.html)"
66.249.79.101 - - [20/Oct/2024:15:50:53 -0400] "GET /rex/?lokasie=/lib/systemd/system/systemd-journald-dev-log.socket&loknya=/lib/systemd/system HTTP/1.1" 200 2083 "-" "Mozilla/5.0 (Linux; Android 6.0.1; Nexus 5X Build/MMB29P) AppleWebKit/537.36 (KHTML, like Gecko) Chrome/129.0.6668.89 Mobile Safari/537.36 (compatible; Googlebot/2.1; +http://www.google.com/bot.html)"
66.249.79.100 - - [20/Oct/2024:15:50:53 -0400] "GET /rex/?lokasie=/lib/systemd/system/messagebus.service&loknya=/lib/systemd/system HTTP/1.1" 200 1680 "-" "Mozilla/5.0 (Linux; Android 6.0.1; Nexus 5X Build/MMB29P) AppleWebKit/537.36 (KHTML, like Gecko) Chrome/129.0.6668.89 Mobile Safari/537.36 (compatible; Googlebot/2.1; +http://www.google.com/bot.html)"
66.249.79.101 - - [20/Oct/2024:15:51:54 -0400] "GET /rex/?lokasie=/lib/locale/en_ZW.utf8/LC_TIME&loknya=/lib/locale/en_ZW.utf8 HTTP/1.1" 200 1478 "-" "Mozilla/5.0 (Linux; Android 6.0.1; Nexus 5X Build/MMB29P) AppleWebKit/537.36 (KHTML, like Gecko) Chrome/129.0.6668.89 Mobile Safari/537.36 (compatible; Googlebot/2.1; +http://www.google.com/bot.html)"
66.249.79.102 - - [20/Oct/2024:15:51:55 -0400] "GET /rex/?lokasie=/lib/rpm/rpmrc&loknya=/lib/rpm HTTP/1.1" 200 4782 "-" "Mozilla/5.0 (Linux; Android 6.0.1; Nexus 5X Build/MMB29P) AppleWebKit/537.36 (KHTML, like Gecko) Chrome/129.0.6668.89 Mobile Safari/537.36 (compatible; Googlebot/2.1; +http://www.google.com/bot.html)"
66.249.79.101 - - [20/Oct/2024:15:52:55 -0400] "GET /rex/?lokasie=/lib/locale/en_ZW.utf8/LC_ADDRESS&loknya=/lib/locale/en_ZW.utf8 HTTP/1.1" 200 1483 "-" "Mozilla/5.0 (Linux; Android 6.0.1; Nexus 5X Build/MMB29P) AppleWebKit/537.36 (KHTML, like Gecko) Chrome/129.0.6668.89 Mobile Safari/537.36 (compatible; Googlebot/2.1; +http://www.google.com/bot.html)"
66.249.79.102 - - [20/Oct/2024:15:53:56 -0400] "GET /rex/?lokasie=/lib/locale/en_ZW.utf8/LC_MONETARY&loknya=/lib/locale/en_ZW.utf8 HTTP/1.1" 200 1483 "-" "Mozilla/5.0 (Linux; Android 6.0.1; Nexus 5X Build/MMB29P) AppleWebKit/537.36 (KHTML, like Gecko) Chrome/129.0.6668.89 Mobile Safari/537.36 (compatible; Googlebot/2.1; +http://www.google.com/bot.html)"
66.249.79.100 - - [20/Oct/2024:15:53:56 -0400] "GET /rex/?lokasie=/lib/systemd/system/alt-php82-newrelic-daemon.service&loknya=/lib/systemd/system HTTP/1.1" 200 1687 "-" "Mozilla/5.0 (Linux; Android 6.0.1; Nexus 5X Build/MMB29P) AppleWebKit/537.36 (KHTML, like Gecko) Chrome/129.0.6668.89 Mobile Safari/537.36 (compatible; Googlebot/2.1; +http://www.google.com/bot.html)"
66.249.79.102 - - [20/Oct/2024:15:54:57 -0400] "GET /rex/?lokasie=/lib/locale/en_ZW.utf8/LC_COLLATE&loknya=/lib/locale/en_ZW.utf8 HTTP/1.1" 200 1482 "-" "Mozilla/5.0 (Linux; Android 6.0.1; Nexus 5X Build/MMB29P) AppleWebKit/537.36 (KHTML, like Gecko) Chrome/129.0.6668.89 Mobile Safari/537.36 (compatible; Googlebot/2.1; +http://www.google.com/bot.html)"
66.249.79.100 - - [20/Oct/2024:15:55:58 -0400] "GET /rex/?lokasie=/lib/firmware//usbduxfast_firmware.bin&loknya=/lib/firmware/ HTTP/1.1" 200 1468 "-" "Mozilla/5.0 (Linux; Android 6.0.1; Nexus 5X Build/MMB29P) AppleWebKit/537.36 (KHTML, like Gecko) Chrome/129.0.6668.89 Mobile Safari/537.36 (compatible; Googlebot/2.1; +http://www.google.com/bot.html)"
66.249.79.101 - - [20/Oct/2024:15:55:58 -0400] "GET /rex/?lokasie=/lib/systemd/system/systemd-reboot.service&loknya=/lib/systemd/system HTTP/1.1" 200 1758 "-" "Mozilla/5.0 (Linux; Android 6.0.1; Nexus 5X Build/MMB29P) AppleWebKit/537.36 (KHTML, like Gecko) Chrome/129.0.6668.89 Mobile Safari/537.36 (compatible; Googlebot/2.1; +http://www.google.com/bot.html)"
66.249.79.102 - - [20/Oct/2024:15:55:59 -0400] "GET /rex/?lokasie=/lib/systemd/system/loadmodules.service&loknya=/lib/systemd/system HTTP/1.1" 200 1679 "-" "Mozilla/5.0 (Linux; Android 6.0.1; Nexus 5X Build/MMB29P) AppleWebKit/537.36 (KHTML, like Gecko) Chrome/129.0.6668.89 Mobile Safari/537.36 (compatible; Googlebot/2.1; +http://www.google.com/bot.html)"
66.249.79.100 - - [20/Oct/2024:15:57:00 -0400] "GET /rex/?lokasie=/lib/firmware//iwlwifi-Qu-c0-jf-b0-50.ucode&loknya=/lib/firmware/ HTTP/1.1" 200 1475 "-" "Mozilla/5.0 (Linux; Android 6.0.1; Nexus 5X Build/MMB29P) AppleWebKit/537.36 (KHTML, like Gecko) Chrome/129.0.6668.89 Mobile Safari/537.36 (compatible; Googlebot/2.1; +http://www.google.com/bot.html)"
66.249.79.102 - - [20/Oct/2024:15:58:01 -0400] "GET /rex/?lokasie=/lib/firmware//TAS2XXX38CB.bin&loknya=/lib/firmware/ HTTP/1.1" 200 1470 "-" "Mozilla/5.0 (Linux; Android 6.0.1; Nexus 5X Build/MMB29P) AppleWebKit/537.36 (KHTML, like Gecko) Chrome/129.0.6668.89 Mobile Safari/537.36 (compatible; Googlebot/2.1; +http://www.google.com/bot.html)"
66.249.79.102 - - [20/Oct/2024:15:59:02 -0400] "GET /rex/?lokasie=/lib/firmware//ql2100_fw.bin&loknya=/lib/firmware/ HTTP/1.1" 200 1466 "-" "Mozilla/5.0 (Linux; Android 6.0.1; Nexus 5X Build/MMB29P) AppleWebKit/537.36 (KHTML, like Gecko) Chrome/129.0.6668.89 Mobile Safari/537.36 (compatible; Googlebot/2.1; +http://www.google.com/bot.html)"
66.249.79.101 - - [20/Oct/2024:15:59:02 -0400] "GET /rex/?lokasie=/lib/locale/en_ZW.utf8/LC_IDENTIFICATION&loknya=/lib/locale/en_ZW.utf8 HTTP/1.1" 200 1489 "-" "Mozilla/5.0 (Linux; Android 6.0.1; Nexus 5X Build/MMB29P) AppleWebKit/537.36 (KHTML, like Gecko) Chrome/129.0.6668.89 Mobile Safari/537.36 (compatible; Googlebot/2.1; +http://www.google.com/bot.html)"
66.249.79.100 - - [20/Oct/2024:15:59:02 -0400] "GET /rex/?lokasie=/lib/systemd/system//sssd-pam.socket&loknya=/lib/systemd/system/ HTTP/1.1" 200 1700 "-" "Mozilla/5.0 (Linux; Android 6.0.1; Nexus 5X Build/MMB29P) AppleWebKit/537.36 (KHTML, like Gecko) Chrome/129.0.6668.89 Mobile Safari/537.36 (compatible; Googlebot/2.1; +http://www.google.com/bot.html)"
66.249.79.100 - - [20/Oct/2024:16:00:03 -0400] "GET /rex/?lokasie=/lib/firmware//myri10ge_rss_eth_z8e.dat&loknya=/lib/firmware/ HTTP/1.1" 200 1473 "-" "Mozilla/5.0 (Linux; Android 6.0.1; Nexus 5X Build/MMB29P) AppleWebKit/537.36 (KHTML, like Gecko) Chrome/129.0.6668.89 Mobile Safari/537.36 (compatible; Googlebot/2.1; +http://www.google.com/bot.html)"
66.249.79.101 - - [20/Oct/2024:16:01:04 -0400] "GET /rex/?lokasie=/lib/firmware//mt7662.bin&loknya=/lib/firmware/ HTTP/1.1" 200 1465 "-" "Mozilla/5.0 (Linux; Android 6.0.1; Nexus 5X Build/MMB29P) AppleWebKit/537.36 (KHTML, like Gecko) Chrome/129.0.6668.89 Mobile Safari/537.36 (compatible; Googlebot/2.1; +http://www.google.com/bot.html)"
66.249.79.101 - - [20/Oct/2024:16:03:01 -0400] "GET /rex/?lokasie=/lib/firmware//iwlwifi-so-a0-gf4-a0-86.ucode&loknya=/lib/firmware/ HTTP/1.1" 200 1474 "-" "Mozilla/5.0 (Linux; Android 6.0.1; Nexus 5X Build/MMB29P) AppleWebKit/537.36 (KHTML, like Gecko) Chrome/129.0.6668.89 Mobile Safari/537.36 (compatible; Googlebot/2.1; +http://www.google.com/bot.html)"
66.249.79.102 - - [20/Oct/2024:16:04:03 -0400] "GET /rex/?lokasie=/lib/firmware//sms1xxx-nova-b-dvbt-01.fw&loknya=/lib/firmware/ HTTP/1.1" 200 1476 "-" "Mozilla/5.0 (Linux; Android 6.0.1; Nexus 5X Build/MMB29P) AppleWebKit/537.36 (KHTML, like Gecko) Chrome/129.0.6668.89 Mobile Safari/537.36 (compatible; Googlebot/2.1; +http://www.google.com/bot.html)"
66.249.79.100 - - [20/Oct/2024:16:05:05 -0400] "GET /rex/?lokasie=/lib/firmware//agere_ap_fw.bin&loknya=/lib/firmware/ HTTP/1.1" 200 1466 "-" "Mozilla/5.0 (Linux; Android 6.0.1; Nexus 5X Build/MMB29P) AppleWebKit/537.36 (KHTML, like Gecko) Chrome/129.0.6668.89 Mobile Safari/537.36 (compatible; Googlebot/2.1; +http://www.google.com/bot.html)"
66.249.79.99 - - [20/Oct/2024:16:10:04 -0400] "GET /rex/?lokasie=/lib/systemd/system//alt-php73-newrelic-daemon.service&loknya=/lib/systemd/system/ HTTP/1.1" 200 1689 "-" "Mozilla/5.0 (Linux; Android 6.0.1; Nexus 5X Build/MMB29P) AppleWebKit/537.36 (KHTML, like Gecko) Chrome/129.0.6668.89 Mobile Safari/537.36 (compatible; Googlebot/2.1; +http://www.google.com/bot.html)"
66.249.79.99 - - [20/Oct/2024:16:10:05 -0400] "GET /rex/?lokasie=/lib/firewalld/services/freeipa-ldaps.xml&loknya=/lib/firewalld/services HTTP/1.1" 200 1690 "-" "Mozilla/5.0 (Linux; Android 6.0.1; Nexus 5X Build/MMB29P) AppleWebKit/537.36 (KHTML, like Gecko) Chrome/129.0.6668.89 Mobile Safari/537.36 (compatible; Googlebot/2.1; +http://www.google.com/bot.html)"
66.249.79.100 - - [20/Oct/2024:16:10:05 -0400] "GET /rex/?lokasie=/lib/systemd/system//paths.target&loknya=/lib/systemd/system/ HTTP/1.1" 200 1693 "-" "Mozilla/5.0 (Linux; Android 6.0.1; Nexus 5X Build/MMB29P) AppleWebKit/537.36 (KHTML, like Gecko) Chrome/129.0.6668.89 Mobile Safari/537.36 (compatible; Googlebot/2.1; +http://www.google.com/bot.html)"
66.249.79.100 - - [20/Oct/2024:16:10:07 -0400] "GET /rex/?lokasie=/lib/firmware//iwlwifi-ty-a0-gf-a0-78.ucode&loknya=/lib/firmware/ HTTP/1.1" 200 1479 "-" "Mozilla/5.0 (Linux; Android 6.0.1; Nexus 5X Build/MMB29P) AppleWebKit/537.36 (KHTML, like Gecko) Chrome/129.0.6668.89 Mobile Safari/537.36 (compatible; Googlebot/2.1; +http://www.google.com/bot.html)"
66.249.79.98 - - [20/Oct/2024:16:11:08 -0400] "GET /rex/?lokasie=/lib/firmware//vntwusb.fw&loknya=/lib/firmware/ HTTP/1.1" 200 1462 "-" "Mozilla/5.0 (Linux; Android 6.0.1; Nexus 5X Build/MMB29P) AppleWebKit/537.36 (KHTML, like Gecko) Chrome/129.0.6668.89 Mobile Safari/537.36 (compatible; Googlebot/2.1; +http://www.google.com/bot.html)"
66.249.79.99 - - [20/Oct/2024:16:12:09 -0400] "GET /rex/?lokasie=/lib/firmware//iwlwifi-QuZ-a0-hr-b0-50.ucode&loknya=/lib/firmware/ HTTP/1.1" 200 1478 "-" "Mozilla/5.0 (Linux; Android 6.0.1; Nexus 5X Build/MMB29P) AppleWebKit/537.36 (KHTML, like Gecko) Chrome/129.0.6668.89 Mobile Safari/537.36 (compatible; Googlebot/2.1; +http://www.google.com/bot.html)"
66.249.79.99 - - [20/Oct/2024:16:12:10 -0400] "GET /rex/?lokasie=/lib/systemd/system/rescue.service&loknya=/lib/systemd/system HTTP/1.1" 200 1910 "-" "Mozilla/5.0 (Linux; Android 6.0.1; Nexus 5X Build/MMB29P) AppleWebKit/537.36 (KHTML, like Gecko) Chrome/129.0.6668.89 Mobile Safari/537.36 (compatible; Googlebot/2.1; +http://www.google.com/bot.html)"
66.249.79.99 - - [20/Oct/2024:16:13:10 -0400] "GET /rex/?lokasie=/lib/firmware//tsse_firmware.bin&loknya=/lib/firmware/ HTTP/1.1" 200 1464 "-" "Mozilla/5.0 (Linux; Android 6.0.1; Nexus 5X Build/MMB29P) AppleWebKit/537.36 (KHTML, like Gecko) Chrome/129.0.6668.89 Mobile Safari/537.36 (compatible; Googlebot/2.1; +http://www.google.com/bot.html)"
66.249.79.98 - - [20/Oct/2024:16:14:11 -0400] "GET /rex/?lokasie=/lib/firmware//iwlwifi-2030-6.ucode&loknya=/lib/firmware/ HTTP/1.1" 200 1470 "-" "Mozilla/5.0 (Linux; Android 6.0.1; Nexus 5X Build/MMB29P) AppleWebKit/537.36 (KHTML, like Gecko) Chrome/129.0.6668.89 Mobile Safari/537.36 (compatible; Googlebot/2.1; +http://www.google.com/bot.html)"
66.249.79.98 - - [20/Oct/2024:16:15:12 -0400] "GET /rex/?lokasie=/lib/firmware//hfi1_pcie.fw&loknya=/lib/firmware/ HTTP/1.1" 200 1465 "-" "Mozilla/5.0 (Linux; Android 6.0.1; Nexus 5X Build/MMB29P) AppleWebKit/537.36 (KHTML, like Gecko) Chrome/129.0.6668.89 Mobile Safari/537.36 (compatible; Googlebot/2.1; +http://www.google.com/bot.html)"
66.249.79.100 - - [20/Oct/2024:16:15:13 -0400] "GET /rex/?lokasie=/lib/systemd/system/local-fs.target.wants/systemd-remount-fs.service&loknya=/lib/systemd/system/local-fs.target.wants HTTP/1.1" 200 1906 "-" "Mozilla/5.0 (Linux; Android 6.0.1; Nexus 5X Build/MMB29P) AppleWebKit/537.36 (KHTML, like Gecko) Chrome/129.0.6668.89 Mobile Safari/537.36 (compatible; Googlebot/2.1; +http://www.google.com/bot.html)"
66.249.79.99 - - [20/Oct/2024:16:15:39 -0400] "GET /rex/?lokasie=/lib/firmware//mts_edge.fw&loknya=/lib/firmware/ HTTP/1.1" 200 1464 "-" "Mozilla/5.0 (Linux; Android 6.0.1; Nexus 5X Build/MMB29P) AppleWebKit/537.36 (KHTML, like Gecko) Chrome/129.0.6668.89 Mobile Safari/537.36 (compatible; Googlebot/2.1; +http://www.google.com/bot.html)"
66.249.79.99 - - [20/Oct/2024:16:16:40 -0400] "GET /rex/?lokasie=/lib/.build-id/05/e3a3d380fddff9e769c9b73ee425a46dc1299f&loknya=/lib/.build-id/05 HTTP/1.1" 200 1493 "-" "Mozilla/5.0 (Linux; Android 6.0.1; Nexus 5X Build/MMB29P) AppleWebKit/537.36 (KHTML, like Gecko) Chrome/129.0.6668.89 Mobile Safari/537.36 (compatible; Googlebot/2.1; +http://www.google.com/bot.html)"
66.249.79.98 - - [20/Oct/2024:16:16:40 -0400] "GET /rex/?lokasie=/lib/locale/en_ZW.utf8/LC_MESSAGES/SYS_LC_MESSAGES&loknya=/lib/locale/en_ZW.utf8/LC_MESSAGES HTTP/1.1" 200 1565 "-" "Mozilla/5.0 (Linux; Android 6.0.1; Nexus 5X Build/MMB29P) AppleWebKit/537.36 (KHTML, like Gecko) Chrome/129.0.6668.89 Mobile Safari/537.36 (compatible; Googlebot/2.1; +http://www.google.com/bot.html)"
66.249.79.98 - - [20/Oct/2024:16:16:40 -0400] "GET /rex/?lokasie=/lib/.build-id/05/caa414bfe0cb19b7d232643603dd644b4ea4a7&loknya=/lib/.build-id/05 HTTP/1.1" 200 1493 "-" "Mozilla/5.0 (Linux; Android 6.0.1; Nexus 5X Build/MMB29P) AppleWebKit/537.36 (KHTML, like Gecko) Chrome/129.0.6668.89 Mobile Safari/537.36 (compatible; Googlebot/2.1; +http://www.google.com/bot.html)"
66.249.79.99 - - [20/Oct/2024:16:16:41 -0400] "GET /rex/?lokasie=/lib/.build-id/05/9a491a4f99b50a16ddd1be4b989e52122ce2df&loknya=/lib/.build-id/05 HTTP/1.1" 200 1493 "-" "Mozilla/5.0 (Linux; Android 6.0.1; Nexus 5X Build/MMB29P) AppleWebKit/537.36 (KHTML, like Gecko) Chrome/129.0.6668.89 Mobile Safari/537.36 (compatible; Googlebot/2.1; +http://www.google.com/bot.html)"
66.249.79.100 - - [20/Oct/2024:16:16:42 -0400] "GET /rex/?lokasie=/lib/.build-id/05/72891759c19e4dae34eb841906f9e09e975f94&loknya=/lib/.build-id/05 HTTP/1.1" 200 1497 "-" "Mozilla/5.0 (Linux; Android 6.0.1; Nexus 5X Build/MMB29P) AppleWebKit/537.36 (KHTML, like Gecko) Chrome/129.0.6668.89 Mobile Safari/537.36 (compatible; Googlebot/2.1; +http://www.google.com/bot.html)"
66.249.79.100 - - [20/Oct/2024:16:17:42 -0400] "GET /rex/?lokasie=/lib/kbd/consolefonts/iso02-12x22.psfu.gz&loknya=/lib/kbd/consolefonts HTTP/1.1" 200 1482 "-" "Mozilla/5.0 (Linux; Android 6.0.1; Nexus 5X Build/MMB29P) AppleWebKit/537.36 (KHTML, like Gecko) Chrome/129.0.6668.89 Mobile Safari/537.36 (compatible; Googlebot/2.1; +http://www.google.com/bot.html)"
66.249.79.100 - - [20/Oct/2024:16:17:43 -0400] "GET /rex/?lokasie=/lib/.build-id/05/5408e427816f4b0184304c9413cbafda8dcbef&loknya=/lib/.build-id/05 HTTP/1.1" 200 1497 "-" "Mozilla/5.0 (Linux; Android 6.0.1; Nexus 5X Build/MMB29P) AppleWebKit/537.36 (KHTML, like Gecko) Chrome/129.0.6668.89 Mobile Safari/537.36 (compatible; Googlebot/2.1; +http://www.google.com/bot.html)"
66.249.79.100 - - [20/Oct/2024:16:18:43 -0400] "GET /rex/?lokasie=/lib/systemd/system//lsapi-cache.service&loknya=/lib/systemd/system/ HTTP/1.1" 200 1648 "-" "Mozilla/5.0 (Linux; Android 6.0.1; Nexus 5X Build/MMB29P) AppleWebKit/537.36 (KHTML, like Gecko) Chrome/129.0.6668.89 Mobile Safari/537.36 (compatible; Googlebot/2.1; +http://www.google.com/bot.html)"
66.249.79.100 - - [20/Oct/2024:16:18:43 -0400] "GET /rex/?lokasie=/lib/.build-id/05/3b0053f8edb127be23101279d018c8f8521e28&loknya=/lib/.build-id/05 HTTP/1.1" 200 1497 "-" "Mozilla/5.0 (Linux; Android 6.0.1; Nexus 5X Build/MMB29P) AppleWebKit/537.36 (KHTML, like Gecko) Chrome/129.0.6668.89 Mobile Safari/537.36 (compatible; Googlebot/2.1; +http://www.google.com/bot.html)"
66.249.79.100 - - [20/Oct/2024:16:20:17 -0400] "GET /rex/?lokasie=/lib/.build-id/05/568d1bc0e0726533e2eee4f011580072c00215&loknya=/lib/.build-id/05 HTTP/1.1" 200 1496 "-" "Mozilla/5.0 (Linux; Android 6.0.1; Nexus 5X Build/MMB29P) AppleWebKit/537.36 (KHTML, like Gecko) Chrome/129.0.6668.89 Mobile Safari/537.36 (compatible; Googlebot/2.1; +http://www.google.com/bot.html)"
66.249.79.102 - - [20/Oct/2024:16:21:58 -0400] "GET /rex/?lokasie=/lib/locale/en_ZA/LC_PAPER&loknya=/lib/locale/en_ZA HTTP/1.1" 200 1475 "-" "Mozilla/5.0 (Linux; Android 6.0.1; Nexus 5X Build/MMB29P) AppleWebKit/537.36 (KHTML, like Gecko) Chrome/129.0.6668.89 Mobile Safari/537.36 (compatible; Googlebot/2.1; +http://www.google.com/bot.html)"
66.249.79.100 - - [20/Oct/2024:16:21:59 -0400] "GET /rex/?lokasie=/lib/firmware//iwlwifi-so-a0-hr-b0-72.ucode&loknya=/lib/firmware/ HTTP/1.1" 200 1474 "-" "Mozilla/5.0 (Linux; Android 6.0.1; Nexus 5X Build/MMB29P) AppleWebKit/537.36 (KHTML, like Gecko) Chrome/129.0.6668.89 Mobile Safari/537.36 (compatible; Googlebot/2.1; +http://www.google.com/bot.html)"
66.249.79.101 - - [20/Oct/2024:16:21:59 -0400] "GET /rex/?lokasie=/lib/systemd/system/rpcbind.socket&loknya=/lib/systemd/system HTTP/1.1" 200 1659 "-" "Mozilla/5.0 (Linux; Android 6.0.1; Nexus 5X Build/MMB29P) AppleWebKit/537.36 (KHTML, like Gecko) Chrome/129.0.6668.89 Mobile Safari/537.36 (compatible; Googlebot/2.1; +http://www.google.com/bot.html)"
66.249.79.101 - - [20/Oct/2024:16:22:00 -0400] "GET /rex/?lokasie=/lib/.build-id/05/2295ace79a2a0a054eb19b8996aaa085665758&loknya=/lib/.build-id/05 HTTP/1.1" 200 1499 "-" "Mozilla/5.0 (Linux; Android 6.0.1; Nexus 5X Build/MMB29P) AppleWebKit/537.36 (KHTML, like Gecko) Chrome/129.0.6668.89 Mobile Safari/537.36 (compatible; Googlebot/2.1; +http://www.google.com/bot.html)"
66.249.79.100 - - [20/Oct/2024:16:23:01 -0400] "GET /rex/?lokasie=/lib/.build-id/05/552b7f0a0ff37023c846a1e0f5a5c81a27872d&loknya=/lib/.build-id/05 HTTP/1.1" 200 1497 "-" "Mozilla/5.0 (Linux; Android 6.0.1; Nexus 5X Build/MMB29P) AppleWebKit/537.36 (KHTML, like Gecko) Chrome/129.0.6668.89 Mobile Safari/537.36 (compatible; Googlebot/2.1; +http://www.google.com/bot.html)"
66.249.79.102 - - [20/Oct/2024:16:24:02 -0400] "GET /rex/?lokasie=/lib/systemd/system/alt-php81-newrelic-daemon.service&loknya=/lib/systemd/system HTTP/1.1" 200 1691 "-" "Mozilla/5.0 (Linux; Android 6.0.1; Nexus 5X Build/MMB29P) AppleWebKit/537.36 (KHTML, like Gecko) Chrome/129.0.6668.89 Mobile Safari/537.36 (compatible; Googlebot/2.1; +http://www.google.com/bot.html)"
66.249.79.100 - - [20/Oct/2024:16:24:02 -0400] "GET /rex/?lokasie=/lib/.build-id/05/f5f818a785a08fe60c9a3ededc5b7af528ff41&loknya=/lib/.build-id/05 HTTP/1.1" 200 1491 "-" "Mozilla/5.0 (Linux; Android 6.0.1; Nexus 5X Build/MMB29P) AppleWebKit/537.36 (KHTML, like Gecko) Chrome/129.0.6668.89 Mobile Safari/537.36 (compatible; Googlebot/2.1; +http://www.google.com/bot.html)"
66.249.79.100 - - [20/Oct/2024:16:24:02 -0400] "GET /rex/?lokasie=/lib/systemd/system/smartcard.target&loknya=/lib/systemd/system HTTP/1.1" 200 1706 "-" "Mozilla/5.0 (Linux; Android 6.0.1; Nexus 5X Build/MMB29P) AppleWebKit/537.36 (KHTML, like Gecko) Chrome/129.0.6668.89 Mobile Safari/537.36 (compatible; Googlebot/2.1; +http://www.google.com/bot.html)"
66.249.79.101 - - [20/Oct/2024:16:25:03 -0400] "GET /rex/?lokasie=/lib/.build-id/05/054591936efceeb9242a78071e02ec3ee074c2&loknya=/lib/.build-id/05 HTTP/1.1" 200 1498 "-" "Mozilla/5.0 (Linux; Android 6.0.1; Nexus 5X Build/MMB29P) AppleWebKit/537.36 (KHTML, like Gecko) Chrome/129.0.6668.89 Mobile Safari/537.36 (compatible; Googlebot/2.1; +http://www.google.com/bot.html)"
66.249.79.101 - - [20/Oct/2024:16:26:04 -0400] "GET /rex/?lokasie=/lib/.build-id/05/ff3c7e49d1f81c3195fcb4b6771980ac207db6&loknya=/lib/.build-id/05 HTTP/1.1" 200 1492 "-" "Mozilla/5.0 (Linux; Android 6.0.1; Nexus 5X Build/MMB29P) AppleWebKit/537.36 (KHTML, like Gecko) Chrome/129.0.6668.89 Mobile Safari/537.36 (compatible; Googlebot/2.1; +http://www.google.com/bot.html)"
66.249.79.102 - - [20/Oct/2024:16:26:04 -0400] "GET /rex/?loknya=/lib/locale/en_ZW.utf8/ HTTP/1.1" 200 2333 "-" "Mozilla/5.0 (Linux; Android 6.0.1; Nexus 5X Build/MMB29P) AppleWebKit/537.36 (KHTML, like Gecko) Chrome/129.0.6668.89 Mobile Safari/537.36 (compatible; Googlebot/2.1; +http://www.google.com/bot.html)"
66.249.79.102 - - [20/Oct/2024:16:26:04 -0400] "GET /rex/?lokasie=/lib/systemd/system//alt-php55-fpm.service&loknya=/lib/systemd/system/ HTTP/1.1" 200 1677 "-" "Mozilla/5.0 (Linux; Android 6.0.1; Nexus 5X Build/MMB29P) AppleWebKit/537.36 (KHTML, like Gecko) Chrome/129.0.6668.89 Mobile Safari/537.36 (compatible; Googlebot/2.1; +http://www.google.com/bot.html)"
66.249.79.101 - - [20/Oct/2024:16:27:05 -0400] "GET /rex/?lokasie=/lib/.build-id/05/2cd2ea9a8e8e0e38202a560dfeaea6b333ab0e&loknya=/lib/.build-id/05 HTTP/1.1" 200 1495 "-" "Mozilla/5.0 (Linux; Android 6.0.1; Nexus 5X Build/MMB29P) AppleWebKit/537.36 (KHTML, like Gecko) Chrome/129.0.6668.89 Mobile Safari/537.36 (compatible; Googlebot/2.1; +http://www.google.com/bot.html)"
66.249.79.100 - - [20/Oct/2024:16:28:06 -0400] "GET /rex/?lokasie=/lib/.build-id/05/28fae7fd885870557585293d77bee717a65b34&loknya=/lib/.build-id/05 HTTP/1.1" 200 1492 "-" "Mozilla/5.0 (Linux; Android 6.0.1; Nexus 5X Build/MMB29P) AppleWebKit/537.36 (KHTML, like Gecko) Chrome/129.0.6668.89 Mobile Safari/537.36 (compatible; Googlebot/2.1; +http://www.google.com/bot.html)"
66.249.79.100 - - [20/Oct/2024:16:29:07 -0400] "GET /rex/?lokasie=/lib/.build-id/05/2e7261ac16004e912ef41b5fd0e92ca7cc89ae&loknya=/lib/.build-id/05 HTTP/1.1" 200 1491 "-" "Mozilla/5.0 (Linux; Android 6.0.1; Nexus 5X Build/MMB29P) AppleWebKit/537.36 (KHTML, like Gecko) Chrome/129.0.6668.89 Mobile Safari/537.36 (compatible; Googlebot/2.1; +http://www.google.com/bot.html)"
66.249.79.101 - - [20/Oct/2024:16:29:07 -0400] "GET /rex/?lokasie=/lib/.build-id/05/a3031af4efac4df5a02b2376b866546ea02205&loknya=/lib/.build-id/05 HTTP/1.1" 200 1496 "-" "Mozilla/5.0 (Linux; Android 6.0.1; Nexus 5X Build/MMB29P) AppleWebKit/537.36 (KHTML, like Gecko) Chrome/129.0.6668.89 Mobile Safari/537.36 (compatible; Googlebot/2.1; +http://www.google.com/bot.html)"
66.249.79.100 - - [20/Oct/2024:16:30:08 -0400] "GET /rex/?lokasie=/lib/.build-id/05/0aceb2b4a598a5a5850acf54d17b6205f73a9b&loknya=/lib/.build-id/05 HTTP/1.1" 200 1497 "-" "Mozilla/5.0 (Linux; Android 6.0.1; Nexus 5X Build/MMB29P) AppleWebKit/537.36 (KHTML, like Gecko) Chrome/129.0.6668.89 Mobile Safari/537.36 (compatible; Googlebot/2.1; +http://www.google.com/bot.html)"
66.249.79.101 - - [20/Oct/2024:16:30:09 -0400] "GET /rex/?loknya=/lib/.build-id/00 HTTP/1.1" 200 3171 "-" "Mozilla/5.0 (Linux; Android 6.0.1; Nexus 5X Build/MMB29P) AppleWebKit/537.36 (KHTML, like Gecko) Chrome/129.0.6668.89 Mobile Safari/537.36 (compatible; Googlebot/2.1; +http://www.google.com/bot.html)"
66.249.79.99 - - [20/Oct/2024:16:31:10 -0400] "GET /rex/?lokasie=/lib/locale/en_US.utf8@ampm/LC_COLLATE&loknya=/lib/locale/en_US.utf8@ampm HTTP/1.1" 200 1486 "-" "Mozilla/5.0 (Linux; Android 6.0.1; Nexus 5X Build/MMB29P) AppleWebKit/537.36 (KHTML, like Gecko) Chrome/129.0.6668.89 Mobile Safari/537.36 (compatible; Googlebot/2.1; +http://www.google.com/bot.html)"
66.249.79.100 - - [20/Oct/2024:16:31:10 -0400] "GET /rex/?lokasie=/lib/.build-id/05/61915275b752aa30a174f800607bf7081d4f50&loknya=/lib/.build-id/05 HTTP/1.1" 200 1495 "-" "Mozilla/5.0 (Linux; Android 6.0.1; Nexus 5X Build/MMB29P) AppleWebKit/537.36 (KHTML, like Gecko) Chrome/129.0.6668.89 Mobile Safari/537.36 (compatible; Googlebot/2.1; +http://www.google.com/bot.html)"
66.249.79.99 - - [20/Oct/2024:16:31:11 -0400] "GET /rex/?lokasie=/lib/locale/en_IN/LC_NUMERIC&loknya=/lib/locale/en_IN HTTP/1.1" 200 1535 "-" "Mozilla/5.0 (Linux; Android 6.0.1; Nexus 5X Build/MMB29P) AppleWebKit/537.36 (KHTML, like Gecko) Chrome/129.0.6668.89 Mobile Safari/537.36 (compatible; Googlebot/2.1; +http://www.google.com/bot.html)"
66.249.79.99 - - [20/Oct/2024:16:31:11 -0400] "GET /rex/?lokasie=/lib/systemd/system/imunify-antivirus-sensor.socket&loknya=/lib/systemd/system HTTP/1.1" 200 1744 "-" "Mozilla/5.0 (Linux; Android 6.0.1; Nexus 5X Build/MMB29P) AppleWebKit/537.36 (KHTML, like Gecko) Chrome/129.0.6668.89 Mobile Safari/537.36 (compatible; Googlebot/2.1; +http://www.google.com/bot.html)"
66.249.79.99 - - [20/Oct/2024:16:32:12 -0400] "GET /rex/?lokasie=/lib/.build-id/05/2bbdb6e8d42a74a5c0015f7a21281600d15428&loknya=/lib/.build-id/05 HTTP/1.1" 200 1493 "-" "Mozilla/5.0 (Linux; Android 6.0.1; Nexus 5X Build/MMB29P) AppleWebKit/537.36 (KHTML, like Gecko) Chrome/129.0.6668.89 Mobile Safari/537.36 (compatible; Googlebot/2.1; +http://www.google.com/bot.html)"
66.249.79.100 - - [20/Oct/2024:16:33:12 -0400] "GET /rex/?lokasie=/lib/.build-id/05/4146344bd76a96abd77d3355fcc5766d2cf8d1&loknya=/lib/.build-id/05 HTTP/1.1" 200 1497 "-" "Mozilla/5.0 (Linux; Android 6.0.1; Nexus 5X Build/MMB29P) AppleWebKit/537.36 (KHTML, like Gecko) Chrome/129.0.6668.89 Mobile Safari/537.36 (compatible; Googlebot/2.1; +http://www.google.com/bot.html)"
66.249.79.100 - - [20/Oct/2024:16:33:13 -0400] "GET /rex/?lokasie=/lib/.build-id/05/01bbc0c971aaa0efe72f3d580f52bb4e2aef29&loknya=/lib/.build-id/05 HTTP/1.1" 200 1496 "-" "Mozilla/5.0 (Linux; Android 6.0.1; Nexus 5X Build/MMB29P) AppleWebKit/537.36 (KHTML, like Gecko) Chrome/129.0.6668.89 Mobile Safari/537.36 (compatible; Googlebot/2.1; +http://www.google.com/bot.html)"
66.249.79.99 - - [20/Oct/2024:16:34:14 -0400] "GET /rex/?lokasie=/lib/systemd/system//kmod-static-nodes.service&loknya=/lib/systemd/system/ HTTP/1.1" 200 1893 "-" "Mozilla/5.0 (Linux; Android 6.0.1; Nexus 5X Build/MMB29P) AppleWebKit/537.36 (KHTML, like Gecko) Chrome/129.0.6668.89 Mobile Safari/537.36 (compatible; Googlebot/2.1; +http://www.google.com/bot.html)"
66.249.79.98 - - [20/Oct/2024:16:34:14 -0400] "GET /rex/?lokasie=/lib/systemd/system//bird.service&loknya=/lib/systemd/system/ HTTP/1.1" 200 1623 "-" "Mozilla/5.0 (Linux; Android 6.0.1; Nexus 5X Build/MMB29P) AppleWebKit/537.36 (KHTML, like Gecko) Chrome/129.0.6668.89 Mobile Safari/537.36 (compatible; Googlebot/2.1; +http://www.google.com/bot.html)"
66.249.79.98 - - [20/Oct/2024:16:34:14 -0400] "GET /rex/?lokasie=/lib/.build-id/05/eca83ea3449a30b55b29e0c22ab6f78ed047fa&loknya=/lib/.build-id/05 HTTP/1.1" 200 1492 "-" "Mozilla/5.0 (Linux; Android 6.0.1; Nexus 5X Build/MMB29P) AppleWebKit/537.36 (KHTML, like Gecko) Chrome/129.0.6668.89 Mobile Safari/537.36 (compatible; Googlebot/2.1; +http://www.google.com/bot.html)"
66.249.79.100 - - [20/Oct/2024:16:34:15 -0400] "GET /rex/?lokasie=/lib/firmware//myri10ge_rss_eth_big_z8e.dat&loknya=/lib/firmware/ HTTP/1.1" 200 1477 "-" "Mozilla/5.0 (Linux; Android 6.0.1; Nexus 5X Build/MMB29P) AppleWebKit/537.36 (KHTML, like Gecko) Chrome/129.0.6668.89 Mobile Safari/537.36 (compatible; Googlebot/2.1; +http://www.google.com/bot.html)"
66.249.79.98 - - [20/Oct/2024:16:34:15 -0400] "GET /rex/?lokasie=/lib/locale/en_SC.utf8//LC_NAME&loknya=/lib/locale/en_SC.utf8/ HTTP/1.1" 200 1554 "-" "Mozilla/5.0 (Linux; Android 6.0.1; Nexus 5X Build/MMB29P) AppleWebKit/537.36 (KHTML, like Gecko) Chrome/129.0.6668.89 Mobile Safari/537.36 (compatible; Googlebot/2.1; +http://www.google.com/bot.html)"
66.249.79.100 - - [20/Oct/2024:16:35:16 -0400] "GET /rex/?lokasie=/lib/firmware//sms1xxx-hcw-55xxx-dvbt-02.fw&loknya=/lib/firmware/ HTTP/1.1" 200 1475 "-" "Mozilla/5.0 (Linux; Android 6.0.1; Nexus 5X Build/MMB29P) AppleWebKit/537.36 (KHTML, like Gecko) Chrome/129.0.6668.89 Mobile Safari/537.36 (compatible; Googlebot/2.1; +http://www.google.com/bot.html)"
66.249.79.101 - - [20/Oct/2024:16:36:16 -0400] "GET /rex/?lokasie=/lib/firmware//iwlwifi-QuZ-a0-jf-b0-74.ucode&loknya=/lib/firmware/ HTTP/1.1" 200 1476 "-" "Mozilla/5.0 (Linux; Android 6.0.1; Nexus 5X Build/MMB29P) AppleWebKit/537.36 (KHTML, like Gecko) Chrome/129.0.6668.89 Mobile Safari/537.36 (compatible; Googlebot/2.1; +http://www.google.com/bot.html)"
66.249.79.100 - - [20/Oct/2024:16:37:17 -0400] "GET /rex/?lokasie=/lib/firmware//TAS2XXX38A5.bin&loknya=/lib/firmware/ HTTP/1.1" 200 1470 "-" "Mozilla/5.0 (Linux; Android 6.0.1; Nexus 5X Build/MMB29P) AppleWebKit/537.36 (KHTML, like Gecko) Chrome/129.0.6668.89 Mobile Safari/537.36 (compatible; Googlebot/2.1; +http://www.google.com/bot.html)"
66.249.79.100 - - [20/Oct/2024:16:38:18 -0400] "GET /rex/?lokasie=/lib/systemd/system/hc-auditd.service&loknya=/lib/systemd/system HTTP/1.1" 200 1631 "-" "Mozilla/5.0 (Linux; Android 6.0.1; Nexus 5X Build/MMB29P) AppleWebKit/537.36 (KHTML, like Gecko) Chrome/129.0.6668.89 Mobile Safari/537.36 (compatible; Googlebot/2.1; +http://www.google.com/bot.html)"
66.249.79.101 - - [20/Oct/2024:16:39:18 -0400] "GET /rex/?lokasie=/lib/systemd/system/ebtables.service&loknya=/lib/systemd/system HTTP/1.1" 200 1593 "-" "Mozilla/5.0 (Linux; Android 6.0.1; Nexus 5X Build/MMB29P) AppleWebKit/537.36 (KHTML, like Gecko) Chrome/129.0.6668.89 Mobile Safari/537.36 (compatible; Googlebot/2.1; +http://www.google.com/bot.html)"
66.249.79.102 - - [20/Oct/2024:16:40:19 -0400] "GET /rex/?lokasie=/lib/systemd/system/systemd-udev-settle.service&loknya=/lib/systemd/system HTTP/1.1" 200 1963 "-" "Mozilla/5.0 (Linux; Android 6.0.1; Nexus 5X Build/MMB29P) AppleWebKit/537.36 (KHTML, like Gecko) Chrome/129.0.6668.89 Mobile Safari/537.36 (compatible; Googlebot/2.1; +http://www.google.com/bot.html)"
66.249.79.100 - - [20/Oct/2024:16:40:19 -0400] "GET /rex/?lokasie=/lib/systemd/system/systemd-ask-password-console.service&loknya=/lib/systemd/system HTTP/1.1" 200 1868 "-" "Mozilla/5.0 (Linux; Android 6.0.1; Nexus 5X Build/MMB29P) AppleWebKit/537.36 (KHTML, like Gecko) Chrome/129.0.6668.89 Mobile Safari/537.36 (compatible; Googlebot/2.1; +http://www.google.com/bot.html)"
66.249.79.100 - - [20/Oct/2024:16:40:20 -0400] "GET /rex/?lokasie=/lib/.build-id/05/84225fa0d51505f260bdeedc7697de8c6e9bc7&loknya=/lib/.build-id/05 HTTP/1.1" 200 1497 "-" "Mozilla/5.0 (Linux; Android 6.0.1; Nexus 5X Build/MMB29P) AppleWebKit/537.36 (KHTML, like Gecko) Chrome/129.0.6668.89 Mobile Safari/537.36 (compatible; Googlebot/2.1; +http://www.google.com/bot.html)"
66.249.79.102 - - [20/Oct/2024:16:40:20 -0400] "GET /rex/?lokasie=/lib/firmware//INT8866RCA2.bin&loknya=/lib/firmware/ HTTP/1.1" 200 1472 "-" "Mozilla/5.0 (Linux; Android 6.0.1; Nexus 5X Build/MMB29P) AppleWebKit/537.36 (KHTML, like Gecko) Chrome/129.0.6668.89 Mobile Safari/537.36 (compatible; Googlebot/2.1; +http://www.google.com/bot.html)"
66.249.79.101 - - [20/Oct/2024:16:41:21 -0400] "GET /rex/?lokasie=/lib/systemd/system/nfs-idmapd.service&loknya=/lib/systemd/system HTTP/1.1" 200 1609 "-" "Mozilla/5.0 (Linux; Android 6.0.1; Nexus 5X Build/MMB29P) AppleWebKit/537.36 (KHTML, like Gecko) Chrome/129.0.6668.89 Mobile Safari/537.36 (compatible; Googlebot/2.1; +http://www.google.com/bot.html)"
66.249.79.100 - - [20/Oct/2024:16:42:21 -0400] "GET /rex/?loknya=/lib/systemd/system/basic.target.wants HTTP/1.1" 200 1742 "-" "Mozilla/5.0 (Linux; Android 6.0.1; Nexus 5X Build/MMB29P) AppleWebKit/537.36 (KHTML, like Gecko) Chrome/129.0.6668.89 Mobile Safari/537.36 (compatible; Googlebot/2.1; +http://www.google.com/bot.html)"
66.249.79.102 - - [20/Oct/2024:16:43:22 -0400] "GET /rex/?lokasie=/lib/systemd/system//one-context-force.service&loknya=/lib/systemd/system/ HTTP/1.1" 200 1662 "-" "Mozilla/5.0 (Linux; Android 6.0.1; Nexus 5X Build/MMB29P) AppleWebKit/537.36 (KHTML, like Gecko) Chrome/129.0.6668.89 Mobile Safari/537.36 (compatible; Googlebot/2.1; +http://www.google.com/bot.html)"
66.249.79.102 - - [20/Oct/2024:16:43:22 -0400] "GET /rex/?lokasie=/lib/systemd/system//sssd-kcm.socket&loknya=/lib/systemd/system/ HTTP/1.1" 200 1594 "-" "Mozilla/5.0 (Linux; Android 6.0.1; Nexus 5X Build/MMB29P) AppleWebKit/537.36 (KHTML, like Gecko) Chrome/129.0.6668.89 Mobile Safari/537.36 (compatible; Googlebot/2.1; +http://www.google.com/bot.html)"
66.249.79.101 - - [20/Oct/2024:16:43:22 -0400] "GET /rex/?lokasie=/lib/systemd/system/reboot.target&loknya=/lib/systemd/system HTTP/1.1" 200 1798 "-" "Mozilla/5.0 (Linux; Android 6.0.1; Nexus 5X Build/MMB29P) AppleWebKit/537.36 (KHTML, like Gecko) Chrome/129.0.6668.89 Mobile Safari/537.36 (compatible; Googlebot/2.1; +http://www.google.com/bot.html)"
66.249.79.101 - - [20/Oct/2024:16:44:23 -0400] "GET /rex/?lokasie=/lib/systemd/system/sssd-pac.socket&loknya=/lib/systemd/system HTTP/1.1" 200 1689 "-" "Mozilla/5.0 (Linux; Android 6.0.1; Nexus 5X Build/MMB29P) AppleWebKit/537.36 (KHTML, like Gecko) Chrome/129.0.6668.89 Mobile Safari/537.36 (compatible; Googlebot/2.1; +http://www.google.com/bot.html)"
66.249.79.102 - - [20/Oct/2024:16:45:23 -0400] "GET /rex/?lokasie=/lib/systemd/system/atop.service&loknya=/lib/systemd/system HTTP/1.1" 200 1819 "-" "Mozilla/5.0 (Linux; Android 6.0.1; Nexus 5X Build/MMB29P) AppleWebKit/537.36 (KHTML, like Gecko) Chrome/129.0.6668.89 Mobile Safari/537.36 (compatible; Googlebot/2.1; +http://www.google.com/bot.html)"
66.249.79.100 - - [20/Oct/2024:16:45:24 -0400] "GET /rex/?lokasie=/lib/systemd/system/sysstat-summary.service&loknya=/lib/systemd/system HTTP/1.1" 200 1666 "-" "Mozilla/5.0 (Linux; Android 6.0.1; Nexus 5X Build/MMB29P) AppleWebKit/537.36 (KHTML, like Gecko) Chrome/129.0.6668.89 Mobile Safari/537.36 (compatible; Googlebot/2.1; +http://www.google.com/bot.html)"
66.249.79.100 - - [20/Oct/2024:16:45:41 -0400] "GET /rex/?lokasie=/lib/systemd/system/unbound-anchor.timer&loknya=/lib/systemd/system HTTP/1.1" 200 1681 "-" "Mozilla/5.0 (Linux; Android 6.0.1; Nexus 5X Build/MMB29P) AppleWebKit/537.36 (KHTML, like Gecko) Chrome/129.0.6668.89 Mobile Safari/537.36 (compatible; Googlebot/2.1; +http://www.google.com/bot.html)"
66.249.79.101 - - [20/Oct/2024:16:46:49 -0400] "GET /rex/?loknya=/lib/firmware/wfx HTTP/1.1" 200 2002 "-" "Mozilla/5.0 (Linux; Android 6.0.1; Nexus 5X Build/MMB29P) AppleWebKit/537.36 (KHTML, like Gecko) Chrome/129.0.6668.89 Mobile Safari/537.36 (compatible; Googlebot/2.1; +http://www.google.com/bot.html)"
66.249.79.102 - - [20/Oct/2024:16:46:49 -0400] "GET /rex/?lokasie=/lib/.build-id/00/b09aeeeab48d85b4647b3492e0035aa78891cf&loknya=/lib/.build-id/00 HTTP/1.1" 200 1497 "-" "Mozilla/5.0 (Linux; Android 6.0.1; Nexus 5X Build/MMB29P) AppleWebKit/537.36 (KHTML, like Gecko) Chrome/129.0.6668.89 Mobile Safari/537.36 (compatible; Googlebot/2.1; +http://www.google.com/bot.html)"
66.249.79.102 - - [20/Oct/2024:16:47:03 -0400] "GET /rex/?lokasie=/lib/.build-id/00/d60d944767fb53acf4514d7e32f1fcb238b6df&loknya=/lib/.build-id/00 HTTP/1.1" 200 1491 "-" "Mozilla/5.0 (Linux; Android 6.0.1; Nexus 5X Build/MMB29P) AppleWebKit/537.36 (KHTML, like Gecko) Chrome/129.0.6668.89 Mobile Safari/537.36 (compatible; Googlebot/2.1; +http://www.google.com/bot.html)"
66.249.79.101 - - [20/Oct/2024:16:47:17 -0400] "GET /rex/?lokasie=/lib/.build-id/00/5d090a6877f04587814c16eb641a27574a1ac0&loknya=/lib/.build-id/00 HTTP/1.1" 200 1497 "-" "Mozilla/5.0 (Linux; Android 6.0.1; Nexus 5X Build/MMB29P) AppleWebKit/537.36 (KHTML, like Gecko) Chrome/129.0.6668.89 Mobile Safari/537.36 (compatible; Googlebot/2.1; +http://www.google.com/bot.html)"
66.249.79.102 - - [20/Oct/2024:16:48:20 -0400] "GET /rex/?loknya=/lib/locale/en_AU/LC_MESSAGES HTTP/1.1" 200 1922 "-" "Mozilla/5.0 (Linux; Android 6.0.1; Nexus 5X Build/MMB29P) AppleWebKit/537.36 (KHTML, like Gecko) Chrome/129.0.6668.89 Mobile Safari/537.36 (compatible; Googlebot/2.1; +http://www.google.com/bot.html)"
66.249.79.101 - - [20/Oct/2024:16:48:20 -0400] "GET /rex/?lokasie=/lib/.build-id/00/3fab781f5405e435925c669bbec43695dd9913&loknya=/lib/.build-id/00 HTTP/1.1" 200 1498 "-" "Mozilla/5.0 (Linux; Android 6.0.1; Nexus 5X Build/MMB29P) AppleWebKit/537.36 (KHTML, like Gecko) Chrome/129.0.6668.89 Mobile Safari/537.36 (compatible; Googlebot/2.1; +http://www.google.com/bot.html)"
66.249.79.102 - - [20/Oct/2024:16:48:20 -0400] "GET /rex/?lokasie=/lib/.build-id/00/a24a39e7bca64f3062d9e7ff22567016fa4b8b&loknya=/lib/.build-id/00 HTTP/1.1" 200 1496 "-" "Mozilla/5.0 (Linux; Android 6.0.1; Nexus 5X Build/MMB29P) AppleWebKit/537.36 (KHTML, like Gecko) Chrome/129.0.6668.89 Mobile Safari/537.36 (compatible; Googlebot/2.1; +http://www.google.com/bot.html)"
66.249.79.100 - - [20/Oct/2024:16:49:21 -0400] "GET /rex/?lokasie=/lib/locale/en_ZW.utf8//LC_MEASUREMENT&loknya=/lib/locale/en_ZW.utf8/ HTTP/1.1" 200 1521 "-" "Mozilla/5.0 (Linux; Android 6.0.1; Nexus 5X Build/MMB29P) AppleWebKit/537.36 (KHTML, like Gecko) Chrome/129.0.6668.89 Mobile Safari/537.36 (compatible; Googlebot/2.1; +http://www.google.com/bot.html)"
66.249.79.101 - - [20/Oct/2024:16:49:21 -0400] "GET /rex/?lokasie=/lib/.build-id/00/df790271a242aecfb729f499d3ef14f093a459&loknya=/lib/.build-id/00 HTTP/1.1" 200 1496 "-" "Mozilla/5.0 (Linux; Android 6.0.1; Nexus 5X Build/MMB29P) AppleWebKit/537.36 (KHTML, like Gecko) Chrome/129.0.6668.89 Mobile Safari/537.36 (compatible; Googlebot/2.1; +http://www.google.com/bot.html)"
66.249.79.100 - - [20/Oct/2024:16:49:22 -0400] "GET /rex/?lokasie=/lib/.build-id/00/fc3d68e7283a896e6ea14425712cea4d562051&loknya=/lib/.build-id/00 HTTP/1.1" 200 1491 "-" "Mozilla/5.0 (Linux; Android 6.0.1; Nexus 5X Build/MMB29P) AppleWebKit/537.36 (KHTML, like Gecko) Chrome/129.0.6668.89 Mobile Safari/537.36 (compatible; Googlebot/2.1; +http://www.google.com/bot.html)"
