66.249.64.65 - - [19/Oct/2024:12:44:28 -0400] "GET /element.php HTTP/1.1" 404 29179 "-" "Mozilla/5.0 (Linux; Android 6.0.1; Nexus 5X Build/MMB29P) AppleWebKit/537.36 (KHTML, like Gecko) Chrome/129.0.6668.89 Mobile Safari/537.36 (compatible; Googlebot/2.1; +http://www.google.com/bot.html)"
162.213.251.195 - - [19/Oct/2024:12:48:58 -0400] "POST /wp-cron.php?doing_wp_cron=1729356538.1696269512176513671875 HTTP/1.1" 200 0 "-" "WordPress/6.6.2; https://thietke365.net"
66.249.76.43 - - [19/Oct/2024:12:48:53 -0400] "GET /new_license.php HTTP/1.1" 404 29108 "-" "Mozilla/5.0 (Linux; Android 6.0.1; Nexus 5X Build/MMB29P) AppleWebKit/537.36 (KHTML, like Gecko) Chrome/129.0.6668.89 Mobile Safari/537.36 (compatible; GoogleOther)"
162.213.251.195 - - [19/Oct/2024:12:50:32 -0400] "POST /wp-cron.php?doing_wp_cron=1729356631.8847250938415527343750 HTTP/1.1" 200 0 "-" "WordPress/6.6.2; https://thietke365.net"
66.249.64.65 - - [19/Oct/2024:12:50:28 -0400] "GET /core3.php HTTP/1.1" 404 29199 "-" "Mozilla/5.0 (Linux; Android 6.0.1; Nexus 5X Build/MMB29P) AppleWebKit/537.36 (KHTML, like Gecko) Chrome/129.0.6668.89 Mobile Safari/537.36 (compatible; Googlebot/2.1; +http://www.google.com/bot.html)"
66.249.64.64 - - [19/Oct/2024:12:51:20 -0400] "GET /js.php HTTP/1.1" 404 28981 "-" "Mozilla/5.0 (Linux; Android 6.0.1; Nexus 5X Build/MMB29P) AppleWebKit/537.36 (KHTML, like Gecko) Chrome/129.0.6668.89 Mobile Safari/537.36 (compatible; GoogleOther)"
162.213.251.195 - - [19/Oct/2024:12:56:34 -0400] "POST /wp-cron.php?doing_wp_cron=1729356993.8502709865570068359375 HTTP/1.1" 200 0 "-" "WordPress/6.6.2; https://thietke365.net"
66.249.64.66 - - [19/Oct/2024:12:56:28 -0400] "GET /0day.php HTTP/1.1" 404 29186 "-" "Mozilla/5.0 (Linux; Android 6.0.1; Nexus 5X Build/MMB29P) AppleWebKit/537.36 (KHTML, like Gecko) Chrome/129.0.6668.89 Mobile Safari/537.36 (compatible; Googlebot/2.1; +http://www.google.com/bot.html)"
162.213.251.195 - - [19/Oct/2024:12:58:07 -0400] "POST /wp-cron.php?doing_wp_cron=1729357086.7320289611816406250000 HTTP/1.1" 200 0 "-" "WordPress/6.6.2; https://thietke365.net"
66.249.64.65 - - [19/Oct/2024:12:58:03 -0400] "GET /js.php HTTP/1.1" 404 29031 "-" "Mozilla/5.0 (Linux; Android 6.0.1; Nexus 5X Build/MMB29P) AppleWebKit/537.36 (KHTML, like Gecko) Chrome/129.0.6668.89 Mobile Safari/537.36 (compatible; Googlebot/2.1; +http://www.google.com/bot.html)"
162.213.251.195 - - [19/Oct/2024:13:02:32 -0400] "POST /wp-cron.php?doing_wp_cron=1729357352.1092031002044677734375 HTTP/1.1" 200 0 "-" "WordPress/6.6.2; https://thietke365.net"
66.249.76.41 - - [19/Oct/2024:13:02:29 -0400] "GET /d.php HTTP/1.1" 404 29130 "-" "Mozilla/5.0 (Linux; Android 6.0.1; Nexus 5X Build/MMB29P) AppleWebKit/537.36 (KHTML, like Gecko) Chrome/129.0.6668.89 Mobile Safari/537.36 (compatible; Googlebot/2.1; +http://www.google.com/bot.html)"
162.213.251.195 - - [19/Oct/2024:13:02:35 -0400] "POST /wp-admin/admin-ajax.php?action=as_async_request_queue_runner&nonce=7e1e3545ba HTTP/1.1" 200 0 "-" "WordPress/6.6.2; https://thietke365.net"
162.213.251.195 - - [19/Oct/2024:13:02:33 -0400] "POST /wp-admin/admin-ajax.php HTTP/1.1" 200 0 "-" "WordPress/6.6.2; https://thietke365.net"
66.249.64.65 - - [19/Oct/2024:13:02:43 -0400] "GET /cron.php HTTP/1.1" 404 29176 "-" "Mozilla/5.0 (Linux; Android 6.0.1; Nexus 5X Build/MMB29P) AppleWebKit/537.36 (KHTML, like Gecko) Chrome/129.0.6668.89 Mobile Safari/537.36 (compatible; GoogleOther)"
66.249.76.42 - - [19/Oct/2024:13:04:16 -0400] "GET /wp-content/uploads/2024/07/screencapture-21213dienthoai08-webdmo-net-2024-07-11-10_03_10.png HTTP/1.1" 200 1179218 "-" "Googlebot-Image/1.0"
162.213.251.195 - - [19/Oct/2024:13:10:42 -0400] "POST /wp-cron.php?doing_wp_cron=1729357841.9167668819427490234375 HTTP/1.1" 200 0 "-" "WordPress/6.6.2; https://thietke365.net"
87.120.114.208 - - [19/Oct/2024:13:10:28 -0400] "POST /wp-login.php HTTP/1.1" 200 3065 "-" "Mozilla/5.0"
2400:6180:100:d0::2304:2001 - - [19/Oct/2024:13:12:55 -0400] "GET //wp-includes/ID3/license.txt HTTP/1.1" 200 414 "-" "Mozilla/5.0 (Windows NT 10.0; Win64; x64) AppleWebKit/537.36 (KHTML, like Gecko) Chrome/95.0.4638.69 Safari/537.36"
162.213.251.195 - - [19/Oct/2024:13:12:59 -0400] "POST /wp-cron.php?doing_wp_cron=1729357978.8659191131591796875000 HTTP/1.1" 200 0 "-" "WordPress/6.6.2; https://thietke365.net"
2400:6180:100:d0::2304:2001 - - [19/Oct/2024:13:12:55 -0400] "GET //feed/ HTTP/1.1" 301 0 "-" "Mozilla/5.0 (Windows NT 10.0; Win64; x64) AppleWebKit/537.36 (KHTML, like Gecko) Chrome/95.0.4638.69 Safari/537.36"
2400:6180:100:d0::2304:2001 - - [19/Oct/2024:13:12:59 -0400] "GET //blog/wp-includes/wlwmanifest.xml HTTP/1.1" 301 0 "-" "Mozilla/5.0 (Windows NT 10.0; Win64; x64) AppleWebKit/537.36 (KHTML, like Gecko) Chrome/95.0.4638.69 Safari/537.36"
2400:6180:100:d0::2304:2001 - - [19/Oct/2024:13:13:00 -0400] "GET //web/wp-includes/wlwmanifest.xml HTTP/1.1" 301 0 "-" "Mozilla/5.0 (Windows NT 10.0; Win64; x64) AppleWebKit/537.36 (KHTML, like Gecko) Chrome/95.0.4638.69 Safari/537.36"
2400:6180:100:d0::2304:2001 - - [19/Oct/2024:13:13:01 -0400] "GET //wordpress/wp-includes/wlwmanifest.xml HTTP/1.1" 301 0 "-" "Mozilla/5.0 (Windows NT 10.0; Win64; x64) AppleWebKit/537.36 (KHTML, like Gecko) Chrome/95.0.4638.69 Safari/537.36"
2400:6180:100:d0::2304:2001 - - [19/Oct/2024:13:13:02 -0400] "GET //wp/wp-includes/wlwmanifest.xml HTTP/1.1" 301 0 "-" "Mozilla/5.0 (Windows NT 10.0; Win64; x64) AppleWebKit/537.36 (KHTML, like Gecko) Chrome/95.0.4638.69 Safari/537.36"
2400:6180:100:d0::2304:2001 - - [19/Oct/2024:13:13:03 -0400] "GET //2020/wp-includes/wlwmanifest.xml HTTP/1.1" 301 0 "-" "Mozilla/5.0 (Windows NT 10.0; Win64; x64) AppleWebKit/537.36 (KHTML, like Gecko) Chrome/95.0.4638.69 Safari/537.36"
2400:6180:100:d0::2304:2001 - - [19/Oct/2024:13:13:03 -0400] "GET //2019/wp-includes/wlwmanifest.xml HTTP/1.1" 301 0 "-" "Mozilla/5.0 (Windows NT 10.0; Win64; x64) AppleWebKit/537.36 (KHTML, like Gecko) Chrome/95.0.4638.69 Safari/537.36"
2400:6180:100:d0::2304:2001 - - [19/Oct/2024:13:13:04 -0400] "GET //2021/wp-includes/wlwmanifest.xml HTTP/1.1" 301 0 "-" "Mozilla/5.0 (Windows NT 10.0; Win64; x64) AppleWebKit/537.36 (KHTML, like Gecko) Chrome/95.0.4638.69 Safari/537.36"
2400:6180:100:d0::2304:2001 - - [19/Oct/2024:13:13:05 -0400] "GET //shop/wp-includes/wlwmanifest.xml HTTP/1.1" 301 0 "-" "Mozilla/5.0 (Windows NT 10.0; Win64; x64) AppleWebKit/537.36 (KHTML, like Gecko) Chrome/95.0.4638.69 Safari/537.36"
2400:6180:100:d0::2304:2001 - - [19/Oct/2024:13:13:05 -0400] "GET //wp1/wp-includes/wlwmanifest.xml HTTP/1.1" 301 0 "-" "Mozilla/5.0 (Windows NT 10.0; Win64; x64) AppleWebKit/537.36 (KHTML, like Gecko) Chrome/95.0.4638.69 Safari/537.36"
2400:6180:100:d0::2304:2001 - - [19/Oct/2024:13:13:06 -0400] "GET //test/wp-includes/wlwmanifest.xml HTTP/1.1" 301 0 "-" "Mozilla/5.0 (Windows NT 10.0; Win64; x64) AppleWebKit/537.36 (KHTML, like Gecko) Chrome/95.0.4638.69 Safari/537.36"
2400:6180:100:d0::2304:2001 - - [19/Oct/2024:13:13:06 -0400] "GET //site/wp-includes/wlwmanifest.xml HTTP/1.1" 301 0 "-" "Mozilla/5.0 (Windows NT 10.0; Win64; x64) AppleWebKit/537.36 (KHTML, like Gecko) Chrome/95.0.4638.69 Safari/537.36"
2400:6180:100:d0::2304:2001 - - [19/Oct/2024:13:13:07 -0400] "GET //cms/wp-includes/wlwmanifest.xml HTTP/1.1" 301 0 "-" "Mozilla/5.0 (Windows NT 10.0; Win64; x64) AppleWebKit/537.36 (KHTML, like Gecko) Chrome/95.0.4638.69 Safari/537.36"
162.213.251.195 - - [19/Oct/2024:13:14:17 -0400] "POST /wp-cron.php?doing_wp_cron=1729358057.0127010345458984375000 HTTP/1.1" 200 0 "-" "WordPress/6.6.2; https://thietke365.net"
66.249.64.69 - - [19/Oct/2024:13:14:16 -0400] "GET /cron.php HTTP/1.1" 404 29160 "-" "Mozilla/5.0 (Linux; Android 6.0.1; Nexus 5X Build/MMB29P) AppleWebKit/537.36 (KHTML, like Gecko) Chrome/129.0.6668.89 Mobile Safari/537.36 (compatible; Googlebot/2.1; +http://www.google.com/bot.html)"
162.213.251.195 - - [19/Oct/2024:13:18:54 -0400] "POST /wp-cron.php?doing_wp_cron=1729358334.5064260959625244140625 HTTP/1.1" 200 0 "-" "WordPress/6.6.2; https://thietke365.net"
66.249.64.69 - - [19/Oct/2024:13:18:48 -0400] "GET /wordpress HTTP/1.1" 404 29107 "-" "Mozilla/5.0 (Linux; Android 6.0.1; Nexus 5X Build/MMB29P) AppleWebKit/537.36 (KHTML, like Gecko) Chrome/129.0.6668.89 Mobile Safari/537.36 (compatible; GoogleOther)"
162.213.251.195 - - [19/Oct/2024:13:22:06 -0400] "POST /wp-cron.php?doing_wp_cron=1729358526.0741410255432128906250 HTTP/1.1" 200 0 "-" "WordPress/6.6.2; https://thietke365.net"
66.249.76.39 - - [19/Oct/2024:13:22:00 -0400] "GET /wp-content/plugins/Cache/dropdown.php HTTP/1.1" 404 29191 "-" "Mozilla/5.0 (Linux; Android 6.0.1; Nexus 5X Build/MMB29P) AppleWebKit/537.36 (KHTML, like Gecko) Chrome/129.0.6668.89 Mobile Safari/537.36 (compatible; GoogleOther)"
162.213.251.195 - - [19/Oct/2024:13:26:25 -0400] "POST /wp-cron.php?doing_wp_cron=1729358784.9503350257873535156250 HTTP/1.1" 200 0 "-" "WordPress/6.6.2; https://thietke365.net"
66.249.70.2 - - [19/Oct/2024:13:26:18 -0400] "GET /ads.txt HTTP/1.1" 301 0 "-" "Mozilla/5.0 (Linux; Android 6.0.1; Nexus 5X Build/MMB29P) AppleWebKit/537.36 (KHTML, like Gecko) Chrome/129.0.6668.89 Mobile Safari/537.36 (compatible; Googlebot/2.1; +http://www.google.com/bot.html)"
66.249.76.38 - - [19/Oct/2024:13:26:25 -0400] "GET /wwos.php HTTP/1.1" 404 29151 "-" "Mozilla/5.0 (Linux; Android 6.0.1; Nexus 5X Build/MMB29P) AppleWebKit/537.36 (KHTML, like Gecko) Chrome/129.0.6668.89 Mobile Safari/537.36 (compatible; Googlebot/2.1; +http://www.google.com/bot.html)"
162.213.251.195 - - [19/Oct/2024:13:30:34 -0400] "POST /wp-cron.php?doing_wp_cron=1729359033.8941619396209716796875 HTTP/1.1" 200 0 "-" "WordPress/6.6.2; https://thietke365.net"
66.249.64.71 - - [19/Oct/2024:13:30:26 -0400] "GET /wsi.php HTTP/1.1" 404 29152 "-" "Mozilla/5.0 (Linux; Android 6.0.1; Nexus 5X Build/MMB29P) AppleWebKit/537.36 (KHTML, like Gecko) Chrome/129.0.6668.89 Mobile Safari/537.36 (compatible; GoogleOther)"
162.213.251.195 - - [19/Oct/2024:13:34:00 -0400] "POST /wp-cron.php?doing_wp_cron=1729359240.4772939682006835937500 HTTP/1.1" 200 0 "-" "WordPress/6.6.2; https://thietke365.net"
54.36.148.158 - - [19/Oct/2024:13:33:57 -0400] "GET /robots.txt HTTP/1.1" 200 111 "-" "Mozilla/5.0 (compatible; AhrefsBot/7.0; +http://ahrefs.com/robot/)"
54.36.148.236 - - [19/Oct/2024:13:34:02 -0400] "GET / HTTP/1.1" 200 38589 "-" "Mozilla/5.0 (compatible; AhrefsBot/7.0; +http://ahrefs.com/robot/)"
162.213.251.195 - - [19/Oct/2024:13:38:21 -0400] "POST /wp-cron.php?doing_wp_cron=1729359501.1435139179229736328125 HTTP/1.1" 200 0 "-" "WordPress/6.6.2; https://thietke365.net"
66.249.64.66 - - [19/Oct/2024:13:38:16 -0400] "GET /wp-css.php HTTP/1.1" 404 29057 "-" "Mozilla/5.0 (Linux; Android 6.0.1; Nexus 5X Build/MMB29P) AppleWebKit/537.36 (KHTML, like Gecko) Chrome/129.0.6668.89 Mobile Safari/537.36 (compatible; Googlebot/2.1; +http://www.google.com/bot.html)"
162.213.251.195 - - [19/Oct/2024:13:40:55 -0400] "POST /wp-cron.php?doing_wp_cron=1729359654.8017311096191406250000 HTTP/1.1" 200 0 "-" "WordPress/6.6.2; https://thietke365.net"
87.120.114.208 - - [19/Oct/2024:13:40:51 -0400] "POST /wp-login.php HTTP/1.1" 200 3065 "-" "Mozilla/5.0"
162.213.251.195 - - [19/Oct/2024:13:44:19 -0400] "POST /wp-cron.php?doing_wp_cron=1729359859.2285830974578857421875 HTTP/1.1" 200 0 "-" "WordPress/6.6.2; https://thietke365.net"
66.249.64.65 - - [19/Oct/2024:13:44:16 -0400] "GET /core3.php HTTP/1.1" 404 29156 "-" "Mozilla/5.0 (Linux; Android 6.0.1; Nexus 5X Build/MMB29P) AppleWebKit/537.36 (KHTML, like Gecko) Chrome/129.0.6668.89 Mobile Safari/537.36 (compatible; GoogleOther)"
162.213.251.195 - - [19/Oct/2024:13:46:28 -0400] "POST /wp-cron.php?doing_wp_cron=1729359988.0082139968872070312500 HTTP/1.1" 200 0 "-" "WordPress/6.6.2; https://thietke365.net"
170.106.171.77 - - [19/Oct/2024:13:46:24 -0400] "GET / HTTP/1.1" 200 29472 "http://thietke365.net" "Mozilla/5.0 (iPhone; CPU iPhone OS 13_2_3 like Mac OS X) AppleWebKit/605.1.15 (KHTML, like Gecko) Version/13.0.3 Mobile/15E148 Safari/604.1"
216.244.66.249 - - [19/Oct/2024:13:47:09 -0400] "GET /robots.txt HTTP/1.1" 200 111 "-" "Mozilla/5.0 (compatible; DotBot/1.2; +https://opensiteexplorer.org/dotbot; [email protected])"
162.213.251.195 - - [19/Oct/2024:13:50:20 -0400] "POST /wp-cron.php?doing_wp_cron=1729360220.0666360855102539062500 HTTP/1.1" 200 0 "-" "WordPress/6.6.2; https://thietke365.net"
66.249.64.66 - - [19/Oct/2024:13:50:16 -0400] "GET /new_license.php HTTP/1.1" 404 29160 "-" "Mozilla/5.0 (Linux; Android 6.0.1; Nexus 5X Build/MMB29P) AppleWebKit/537.36 (KHTML, like Gecko) Chrome/129.0.6668.89 Mobile Safari/537.36 (compatible; Googlebot/2.1; +http://www.google.com/bot.html)"
162.213.251.195 - - [19/Oct/2024:13:50:36 -0400] "POST /wp-cron.php?doing_wp_cron=1729360235.9705100059509277343750 HTTP/1.1" 200 0 "-" "WordPress/6.6.2; https://thietke365.net"
184.168.126.97 - - [19/Oct/2024:13:50:35 -0400] "GET /wp-login.php HTTP/1.1" 200 2879 "-" "Mozilla/5.0 (X11; Fedora; Linux x86_64; rv:94.0) Gecko/20100101 Firefox/95.0"
184.168.126.97 - - [19/Oct/2024:13:50:36 -0400] "POST /wp-login.php HTTP/1.1" 200 3065 "-" "Mozilla/5.0 (X11; Fedora; Linux x86_64; rv:94.0) Gecko/20100101 Firefox/95.0"
216.244.66.249 - - [19/Oct/2024:13:51:07 -0400] "GET /san-pham/theme-wordpress-dich-vu-spa-04/ HTTP/1.1" 200 37466 "-" "Mozilla/5.0 (compatible; DotBot/1.2; +https://opensiteexplorer.org/dotbot; [email protected])"
216.244.66.249 - - [19/Oct/2024:13:51:12 -0400] "GET /san-pham/theme-wordpress-flatsome-bat-dong-san-41/ HTTP/1.1" 200 37261 "-" "Mozilla/5.0 (compatible; DotBot/1.2; +https://opensiteexplorer.org/dotbot; [email protected])"
216.244.66.249 - - [19/Oct/2024:13:51:20 -0400] "GET /san-pham/theme-wordpress-ban-san-pham-dien-co/ HTTP/1.1" 200 37679 "-" "Mozilla/5.0 (compatible; DotBot/1.2; +https://opensiteexplorer.org/dotbot; [email protected])"
162.213.251.195 - - [19/Oct/2024:13:51:24 -0400] "POST /wp-cron.php?doing_wp_cron=1729360284.4195120334625244140625 HTTP/1.1" 200 0 "-" "WordPress/6.6.2; https://thietke365.net"
66.249.76.42 - - [19/Oct/2024:13:51:23 -0400] "GET /cgi-bin/install.php HTTP/1.1" 404 29096 "-" "Mozilla/5.0 (Linux; Android 6.0.1; Nexus 5X Build/MMB29P) AppleWebKit/537.36 (KHTML, like Gecko) Chrome/129.0.6668.89 Mobile Safari/537.36 (compatible; GoogleOther)"
216.244.66.249 - - [19/Oct/2024:13:51:24 -0400] "GET /san-pham/theme-wordpress-noi-that-03/ HTTP/1.1" 200 37578 "-" "Mozilla/5.0 (compatible; DotBot/1.2; +https://opensiteexplorer.org/dotbot; [email protected])"
216.244.66.249 - - [19/Oct/2024:13:51:32 -0400] "GET /san-pham/theme-wordpress-flatsome-my-pham-08/ HTTP/1.1" 200 37811 "-" "Mozilla/5.0 (compatible; DotBot/1.2; +https://opensiteexplorer.org/dotbot; [email protected])"
162.213.251.195 - - [19/Oct/2024:13:54:43 -0400] "POST /wp-cron.php?doing_wp_cron=1729360482.8211150169372558593750 HTTP/1.1" 200 0 "-" "WordPress/6.6.2; https://thietke365.net"
216.244.66.249 - - [19/Oct/2024:13:54:38 -0400] "GET /san-pham/theme-wordpress-ban-qua-tet-01/ HTTP/1.1" 200 37938 "-" "Mozilla/5.0 (compatible; DotBot/1.2; +https://opensiteexplorer.org/dotbot; [email protected])"
216.244.66.249 - - [19/Oct/2024:13:55:06 -0400] "GET /san-pham/theme-wordpress-flatsome-bat-dong-san-39/ HTTP/1.1" 200 37296 "-" "Mozilla/5.0 (compatible; DotBot/1.2; +https://opensiteexplorer.org/dotbot; [email protected])"
162.213.251.195 - - [19/Oct/2024:13:58:10 -0400] "POST /wp-cron.php?doing_wp_cron=1729360690.0023860931396484375000 HTTP/1.1" 200 0 "-" "WordPress/6.6.2; https://thietke365.net"
66.249.64.69 - - [19/Oct/2024:13:58:06 -0400] "GET /newsleter.php HTTP/1.1" 404 29053 "-" "Mozilla/5.0 (Linux; Android 6.0.1; Nexus 5X Build/MMB29P) AppleWebKit/537.36 (KHTML, like Gecko) Chrome/129.0.6668.89 Mobile Safari/537.36 (compatible; GoogleOther)"
162.213.251.195 - - [19/Oct/2024:13:59:00 -0400] "POST /wp-cron.php?doing_wp_cron=1729360740.1812191009521484375000 HTTP/1.1" 200 0 "-" "WordPress/6.6.2; https://thietke365.net"
184.168.126.97 - - [19/Oct/2024:13:58:59 -0400] "GET /wp-login.php HTTP/1.1" 200 2879 "-" "Mozilla/5.0 (X11; Fedora; Linux x86_64; rv:94.0) Gecko/20100101 Firefox/95.0"
184.168.126.97 - - [19/Oct/2024:13:59:01 -0400] "POST /wp-login.php HTTP/1.1" 200 3065 "-" "Mozilla/5.0 (X11; Fedora; Linux x86_64; rv:94.0) Gecko/20100101 Firefox/95.0"
162.213.251.195 - - [19/Oct/2024:14:02:20 -0400] "POST /wp-cron.php?doing_wp_cron=1729360939.7242820262908935546875 HTTP/1.1" 200 0 "-" "WordPress/6.6.2; https://thietke365.net"
66.249.76.37 - - [19/Oct/2024:14:02:16 -0400] "GET /_css.php HTTP/1.1" 404 29092 "-" "Mozilla/5.0 (Linux; Android 6.0.1; Nexus 5X Build/MMB29P) AppleWebKit/537.36 (KHTML, like Gecko) Chrome/129.0.6668.89 Mobile Safari/537.36 (compatible; Googlebot/2.1; +http://www.google.com/bot.html)"
66.249.76.41 - - [19/Oct/2024:14:06:08 -0400] "GET /wp-content/uploads/2023/10/noithat1.jpg HTTP/1.1" 200 90496 "-" "Googlebot-Image/1.0"
162.213.251.195 - - [19/Oct/2024:14:07:40 -0400] "POST /wp-cron.php?doing_wp_cron=1729361259.2956709861755371093750 HTTP/1.1" 200 0 "-" "WordPress/6.6.2; https://thietke365.net"
143.244.177.122 - - [19/Oct/2024:14:07:29 -0400] "GET /wp-login.php HTTP/1.1" 200 2879 "-" "Mozilla/5.0 (X11; Fedora; Linux x86_64; rv:94.0) Gecko/20100101 Firefox/95.0"
143.244.177.122 - - [19/Oct/2024:14:07:41 -0400] "POST /wp-login.php HTTP/1.1" 200 3065 "-" "Mozilla/5.0 (X11; Fedora; Linux x86_64; rv:94.0) Gecko/20100101 Firefox/95.0"
162.213.251.195 - - [19/Oct/2024:14:11:05 -0400] "POST /wp-cron.php?doing_wp_cron=1729361464.8759219646453857421875 HTTP/1.1" 200 0 "-" "WordPress/6.6.2; https://thietke365.net"
87.120.114.208 - - [19/Oct/2024:14:10:59 -0400] "POST /wp-login.php HTTP/1.1" 200 3065 "-" "Mozilla/5.0"
162.213.251.195 - - [19/Oct/2024:14:13:12 -0400] "POST /wp-cron.php?doing_wp_cron=1729361592.0653989315032958984375 HTTP/1.1" 200 0 "-" "WordPress/6.6.2; https://thietke365.net"
66.249.64.70 - - [19/Oct/2024:14:13:09 -0400] "GET /cgi-bin/install.php HTTP/1.1" 404 29163 "-" "Mozilla/5.0 (Linux; Android 6.0.1; Nexus 5X Build/MMB29P) AppleWebKit/537.36 (KHTML, like Gecko) Chrome/129.0.6668.89 Mobile Safari/537.36 (compatible; GoogleOther)"
162.213.251.195 - - [19/Oct/2024:14:13:26 -0400] "POST /wp-cron.php?doing_wp_cron=1729361605.7602019309997558593750 HTTP/1.1" 200 0 "-" "WordPress/6.6.2; https://thietke365.net"
66.249.64.69 - - [19/Oct/2024:14:13:25 -0400] "GET /wp-admin/customize.php HTTP/1.1" 302 0 "-" "Mozilla/5.0 (Linux; Android 6.0.1; Nexus 5X Build/MMB29P) AppleWebKit/537.36 (KHTML, like Gecko) Chrome/129.0.6668.89 Mobile Safari/537.36 (compatible; Googlebot/2.1; +http://www.google.com/bot.html)"
66.249.64.69 - - [19/Oct/2024:14:13:25 -0400] "GET /phong-marketing-thue-ngoai HTTP/1.1" 404 29165 "-" "Mozilla/5.0 (Linux; Android 6.0.1; Nexus 5X Build/MMB29P) AppleWebKit/537.36 (KHTML, like Gecko) Chrome/129.0.6668.89 Mobile Safari/537.36 (compatible; Googlebot/2.1; +http://www.google.com/bot.html)"
66.249.64.70 - - [19/Oct/2024:14:13:26 -0400] "GET /wp-login.php?redirect_to=https%3A%2F%2Fthietke365.net%2Fwp-admin%2Fcustomize.php&reauth=1 HTTP/1.1" 200 2900 "-" "Mozilla/5.0 (Linux; Android 6.0.1; Nexus 5X Build/MMB29P) AppleWebKit/537.36 (KHTML, like Gecko) Chrome/129.0.6668.89 Mobile Safari/537.36 (compatible; Googlebot/2.1; +http://www.google.com/bot.html)"
66.249.76.37 - - [19/Oct/2024:14:13:31 -0400] "GET /wp-admin/js/password-strength-meter.min.js?ver=6.6.2 HTTP/1.1" 200 558 "https://thietke365.net/wp-login.php?redirect_to=https%3A%2F%2Fthietke365.net%2Fwp-admin%2Fcustomize.php&reauth=1" "Mozilla/5.0 (Linux; Android 6.0.1; Nexus 5X Build/MMB29P) AppleWebKit/537.36 (KHTML, like Gecko) Chrome/129.0.6668.89 Mobile Safari/537.36 (compatible; Googlebot/2.1; +http://www.google.com/bot.html)"
66.249.76.37 - - [19/Oct/2024:14:13:32 -0400] "GET /wp-includes/js/dist/i18n.min.js?ver=5e580eb46a90c2b997e6 HTTP/1.1" 304 0 "https://thietke365.net/wp-login.php?redirect_to=https%3A%2F%2Fthietke365.net%2Fwp-admin%2Fcustomize.php&reauth=1" "Mozilla/5.0 (Linux; Android 6.0.1; Nexus 5X Build/MMB29P) AppleWebKit/537.36 (KHTML, like Gecko) Chrome/129.0.6668.89 Mobile Safari/537.36 (compatible; Googlebot/2.1; +http://www.google.com/bot.html)"
66.249.64.69 - - [19/Oct/2024:14:13:32 -0400] "GET /wp-includes/js/jquery/jquery.min.js?ver=3.7.1 HTTP/1.1" 200 29744 "https://thietke365.net/wp-login.php?redirect_to=https%3A%2F%2Fthietke365.net%2Fwp-admin%2Fcustomize.php&reauth=1" "Mozilla/5.0 (Linux; Android 6.0.1; Nexus 5X Build/MMB29P) AppleWebKit/537.36 (KHTML, like Gecko) Chrome/129.0.6668.89 Mobile Safari/537.36 (compatible; Googlebot/2.1; +http://www.google.com/bot.html)"
66.249.64.69 - - [19/Oct/2024:14:13:33 -0400] "GET /wp-includes/css/buttons.min.css?ver=6.6.2 HTTP/1.1" 200 1275 "https://thietke365.net/wp-login.php?redirect_to=https%3A%2F%2Fthietke365.net%2Fwp-admin%2Fcustomize.php&reauth=1" "Mozilla/5.0 (Linux; Android 6.0.1; Nexus 5X Build/MMB29P) AppleWebKit/537.36 (KHTML, like Gecko) Chrome/129.0.6668.89 Mobile Safari/537.36 (compatible; Googlebot/2.1; +http://www.google.com/bot.html)"
66.249.64.69 - - [19/Oct/2024:14:13:33 -0400] "GET /wp-includes/js/wp-util.min.js?ver=6.6.2 HTTP/1.1" 200 690 "https://thietke365.net/wp-login.php?redirect_to=https%3A%2F%2Fthietke365.net%2Fwp-admin%2Fcustomize.php&reauth=1" "Mozilla/5.0 (Linux; Android 6.0.1; Nexus 5X Build/MMB29P) AppleWebKit/537.36 (KHTML, like Gecko) Chrome/129.0.6668.89 Mobile Safari/537.36 (compatible; Googlebot/2.1; +http://www.google.com/bot.html)"
66.249.64.69 - - [19/Oct/2024:14:13:34 -0400] "GET /wp-admin/js/user-profile.min.js?ver=6.6.2 HTTP/1.1" 200 2257 "https://thietke365.net/wp-login.php?redirect_to=https%3A%2F%2Fthietke365.net%2Fwp-admin%2Fcustomize.php&reauth=1" "Mozilla/5.0 (Linux; Android 6.0.1; Nexus 5X Build/MMB29P) AppleWebKit/537.36 (KHTML, like Gecko) Chrome/129.0.6668.89 Mobile Safari/537.36 (compatible; Googlebot/2.1; +http://www.google.com/bot.html)"
162.213.251.195 - - [19/Oct/2024:14:16:27 -0400] "POST /wp-cron.php?doing_wp_cron=1729361787.5967969894409179687500 HTTP/1.1" 200 0 "-" "WordPress/6.6.2; https://thietke365.net"
162.253.224.15 - - [19/Oct/2024:14:16:22 -0400] "GET /wp-login.php HTTP/1.1" 200 2879 "-" "Mozilla/5.0 (X11; Fedora; Linux x86_64; rv:94.0) Gecko/20100101 Firefox/95.0"
162.253.224.15 - - [19/Oct/2024:14:16:28 -0400] "POST /wp-login.php HTTP/1.1" 200 3075 "-" "Mozilla/5.0 (X11; Fedora; Linux x86_64; rv:94.0) Gecko/20100101 Firefox/95.0"
66.249.64.71 - - [19/Oct/2024:14:17:16 -0400] "GET /base.php HTTP/1.1" 404 29066 "-" "Mozilla/5.0 (Linux; Android 6.0.1; Nexus 5X Build/MMB29P) AppleWebKit/537.36 (KHTML, like Gecko) Chrome/129.0.6668.89 Mobile Safari/537.36 (compatible; Googlebot/2.1; +http://www.google.com/bot.html)"
162.213.251.195 - - [19/Oct/2024:14:18:51 -0400] "POST /wp-cron.php?doing_wp_cron=1729361931.3451509475708007812500 HTTP/1.1" 200 0 "-" "WordPress/6.6.2; https://thietke365.net"
216.244.66.249 - - [19/Oct/2024:14:18:47 -0400] "GET /cong-ty-lam-website-tot/ HTTP/1.1" 200 33920 "-" "Mozilla/5.0 (compatible; DotBot/1.2; +https://opensiteexplorer.org/dotbot; [email protected])"
202.92.4.47 - - [19/Oct/2024:14:22:00 -0400] "GET /.well-known/acme-challenge/SSVNYMBXHPS5_K4BBP--KL1XK65-TO5_ HTTP/1.1" 404 1251 "-" "Cpanel-HTTP-Client/1.0"
202.92.4.47 - - [19/Oct/2024:14:22:12 -0400] "GET /.well-known/acme-challenge/80XHJZLBFH9NCMUZ1ODKRDLV-VFC_TK7 HTTP/1.1" 404 1251 "-" "Cpanel-HTTP-Client/1.0"
162.213.251.195 - - [19/Oct/2024:14:26:59 -0400] "POST /wp-cron.php?doing_wp_cron=1729362419.2927110195159912109375 HTTP/1.1" 200 0 "-" "WordPress/6.6.2; https://thietke365.net"
103.110.127.136 - - [19/Oct/2024:14:26:47 -0400] "GET /wp-login.php HTTP/1.1" 200 2879 "-" "Mozilla/5.0 (X11; Fedora; Linux x86_64; rv:94.0) Gecko/20100101 Firefox/95.0"
103.110.127.136 - - [19/Oct/2024:14:27:00 -0400] "POST /wp-login.php HTTP/1.1" 200 3065 "-" "Mozilla/5.0 (X11; Fedora; Linux x86_64; rv:94.0) Gecko/20100101 Firefox/95.0"
66.249.64.64 - - [19/Oct/2024:14:27:20 -0400] "GET /cron.php HTTP/1.1" 404 29102 "-" "Mozilla/5.0 (Linux; Android 6.0.1; Nexus 5X Build/MMB29P) AppleWebKit/537.36 (KHTML, like Gecko) Chrome/129.0.6668.89 Mobile Safari/537.36 (compatible; GoogleOther)"
162.213.251.195 - - [19/Oct/2024:14:28:12 -0400] "POST /wp-cron.php?doing_wp_cron=1729362492.4754540920257568359375 HTTP/1.1" 200 0 "-" "WordPress/6.6.2; https://thietke365.net"
66.249.76.42 - - [19/Oct/2024:14:28:11 -0400] "GET /cjfuns.php HTTP/1.1" 404 29202 "-" "Mozilla/5.0 (Linux; Android 6.0.1; Nexus 5X Build/MMB29P) AppleWebKit/537.36 (KHTML, like Gecko) Chrome/129.0.6668.89 Mobile Safari/537.36 (compatible; GoogleOther)"
162.213.251.195 - - [19/Oct/2024:14:32:24 -0400] "POST /wp-cron.php?doing_wp_cron=1729362743.9357299804687500000000 HTTP/1.1" 200 0 "-" "WordPress/6.6.2; https://thietke365.net"
66.249.64.66 - - [19/Oct/2024:14:32:16 -0400] "GET /checkout HTTP/1.1" 404 29121 "-" "Mozilla/5.0 (Linux; Android 6.0.1; Nexus 5X Build/MMB29P) AppleWebKit/537.36 (KHTML, like Gecko) Chrome/129.0.6668.89 Mobile Safari/537.36 (compatible; Googlebot/2.1; +http://www.google.com/bot.html)"
162.213.251.195 - - [19/Oct/2024:14:36:03 -0400] "POST /wp-cron.php?doing_wp_cron=1729362963.4496629238128662109375 HTTP/1.1" 200 0 "-" "WordPress/6.6.2; https://thietke365.net"
66.249.64.64 - - [19/Oct/2024:14:36:00 -0400] "GET /wp-content/plugins/Cache/dropdown.php HTTP/1.1" 404 29159 "-" "Mozilla/5.0 (Linux; Android 6.0.1; Nexus 5X Build/MMB29P) AppleWebKit/537.36 (KHTML, like Gecko) Chrome/129.0.6668.89 Mobile Safari/537.36 (compatible; Googlebot/2.1; +http://www.google.com/bot.html)"
162.213.251.195 - - [19/Oct/2024:14:36:42 -0400] "POST /wp-cron.php?doing_wp_cron=1729363002.4134020805358886718750 HTTP/1.1" 200 0 "-" "WordPress/6.6.2; https://thietke365.net"
102.219.126.195 - - [19/Oct/2024:14:36:41 -0400] "GET /wp-login.php HTTP/1.1" 200 2887 "-" "Mozilla/5.0 (X11; Fedora; Linux x86_64; rv:94.0) Gecko/20100101 Firefox/95.0"
102.219.126.195 - - [19/Oct/2024:14:36:43 -0400] "POST /wp-login.php HTTP/1.1" 200 3065 "-" "Mozilla/5.0 (X11; Fedora; Linux x86_64; rv:94.0) Gecko/20100101 Firefox/95.0"
162.213.251.195 - - [19/Oct/2024:14:38:21 -0400] "POST /wp-cron.php?doing_wp_cron=1729363101.0308489799499511718750 HTTP/1.1" 200 0 "-" "WordPress/6.6.2; https://thietke365.net"
66.249.64.64 - - [19/Oct/2024:14:38:17 -0400] "GET /st.php HTTP/1.1" 404 29130 "-" "Mozilla/5.0 (Linux; Android 6.0.1; Nexus 5X Build/MMB29P) AppleWebKit/537.36 (KHTML, like Gecko) Chrome/129.0.6668.89 Mobile Safari/537.36 (compatible; Googlebot/2.1; +http://www.google.com/bot.html)"
162.213.251.195 - - [19/Oct/2024:14:40:30 -0400] "POST /wp-cron.php?doing_wp_cron=1729363230.1712849140167236328125 HTTP/1.1" 200 0 "-" "WordPress/6.6.2; https://thietke365.net"
216.244.66.249 - - [19/Oct/2024:14:40:27 -0400] "GET /robots.txt HTTP/1.1" 200 111 "-" "Mozilla/5.0 (compatible; DotBot/1.2; +https://opensiteexplorer.org/dotbot; [email protected])"
162.213.251.195 - - [19/Oct/2024:14:41:09 -0400] "POST /wp-cron.php?doing_wp_cron=1729363268.7091979980468750000000 HTTP/1.1" 200 0 "-" "WordPress/6.6.2; https://thietke365.net"
87.120.114.208 - - [19/Oct/2024:14:41:08 -0400] "POST /wp-login.php HTTP/1.1" 200 3065 "-" "Mozilla/5.0"
162.213.251.195 - - [19/Oct/2024:14:43:10 -0400] "POST /wp-cron.php?doing_wp_cron=1729363390.0618340969085693359375 HTTP/1.1" 200 0 "-" "WordPress/6.6.2; https://thietke365.net"
66.249.64.64 - - [19/Oct/2024:14:43:06 -0400] "GET /www.php HTTP/1.1" 404 29126 "-" "Mozilla/5.0 (Linux; Android 6.0.1; Nexus 5X Build/MMB29P) AppleWebKit/537.36 (KHTML, like Gecko) Chrome/129.0.6668.89 Mobile Safari/537.36 (compatible; GoogleOther)"
162.213.251.195 - - [19/Oct/2024:14:46:58 -0400] "POST /wp-cron.php?doing_wp_cron=1729363617.7664349079132080078125 HTTP/1.1" 200 0 "-" "WordPress/6.6.2; https://thietke365.net"
2603:3:610f:d640:: - - [19/Oct/2024:14:46:50 -0400] "GET /wp-login.php HTTP/1.1" 200 2887 "-" "Mozilla/5.0 (X11; Fedora; Linux x86_64; rv:94.0) Gecko/20100101 Firefox/95.0"
2603:3:610f:d640:: - - [19/Oct/2024:14:46:58 -0400] "POST /wp-login.php HTTP/1.1" 200 3065 "-" "Mozilla/5.0 (X11; Fedora; Linux x86_64; rv:94.0) Gecko/20100101 Firefox/95.0"
66.249.76.42 - - [19/Oct/2024:14:47:17 -0400] "GET /css/install.php HTTP/1.1" 404 29120 "-" "Mozilla/5.0 (Linux; Android 6.0.1; Nexus 5X Build/MMB29P) AppleWebKit/537.36 (KHTML, like Gecko) Chrome/129.0.6668.89 Mobile Safari/537.36 (compatible; Googlebot/2.1; +http://www.google.com/bot.html)"
162.213.251.195 - - [19/Oct/2024:14:50:52 -0400] "POST /wp-cron.php?doing_wp_cron=1729363852.2555110454559326171875 HTTP/1.1" 200 0 "-" "WordPress/6.6.2; https://thietke365.net"
216.244.66.249 - - [19/Oct/2024:14:50:48 -0400] "GET /san-pham/theme-wordpress-ban-tra-sua-thuc-uong-giai-khat/ HTTP/1.1" 200 37843 "-" "Mozilla/5.0 (compatible; DotBot/1.2; +https://opensiteexplorer.org/dotbot; [email protected])"
162.213.251.195 - - [19/Oct/2024:14:54:22 -0400] "POST /wp-cron.php?doing_wp_cron=1729364062.6312670707702636718750 HTTP/1.1" 200 0 "-" "WordPress/6.6.2; https://thietke365.net"
216.244.66.249 - - [19/Oct/2024:14:54:19 -0400] "GET /san-pham/theme-wordpress-ban-my-pham-dep/ HTTP/1.1" 200 37507 "-" "Mozilla/5.0 (compatible; DotBot/1.2; +https://opensiteexplorer.org/dotbot; [email protected])"
162.213.251.195 - - [19/Oct/2024:14:57:33 -0400] "POST /wp-cron.php?doing_wp_cron=1729364252.9726939201354980468750 HTTP/1.1" 200 0 "-" "WordPress/6.6.2; https://thietke365.net"
162.213.251.195 - - [19/Oct/2024:14:57:33 -0400] "POST /wp-cron.php?doing_wp_cron=1729364252.9725539684295654296875 HTTP/1.1" 200 0 "-" "WordPress/6.6.2; https://thietke365.net"
198.235.24.19 - - [19/Oct/2024:14:57:32 -0400] "GET / HTTP/1.1" 301 0 "http://172.67.207.167:80/" "-"
103.161.173.65 - - [19/Oct/2024:14:57:28 -0400] "GET /wp-login.php HTTP/1.1" 200 2887 "-" "Mozilla/5.0 (X11; Fedora; Linux x86_64; rv:94.0) Gecko/20100101 Firefox/95.0"
103.161.173.65 - - [19/Oct/2024:14:57:34 -0400] "POST /wp-login.php HTTP/1.1" 200 3065 "-" "Mozilla/5.0 (X11; Fedora; Linux x86_64; rv:94.0) Gecko/20100101 Firefox/95.0"
198.235.24.19 - - [19/Oct/2024:14:57:33 -0400] "GET / HTTP/1.1" 200 38634 "-" "-"
66.249.76.37 - - [19/Oct/2024:14:58:07 -0400] "GET /0day.php HTTP/1.1" 404 29162 "-" "Mozilla/5.0 (Linux; Android 6.0.1; Nexus 5X Build/MMB29P) AppleWebKit/537.36 (KHTML, like Gecko) Chrome/129.0.6668.89 Mobile Safari/537.36 (compatible; GoogleOther)"
162.213.251.195 - - [19/Oct/2024:15:05:16 -0400] "POST /wp-cron.php?doing_wp_cron=1729364716.4274699687957763671875 HTTP/1.1" 200 0 "-" "WordPress/6.6.2; https://thietke365.net"
66.249.76.38 - - [19/Oct/2024:15:05:03 -0400] "GET /p.php HTTP/1.1" 404 29119 "-" "Mozilla/5.0 (Linux; Android 6.0.1; Nexus 5X Build/MMB29P) AppleWebKit/537.36 (KHTML, like Gecko) Chrome/129.0.6668.89 Mobile Safari/537.36 (compatible; Googlebot/2.1; +http://www.google.com/bot.html)"
66.249.64.69 - - [19/Oct/2024:15:05:17 -0400] "GET /wp-content/uploads/2023/10/bds5.jpg HTTP/1.1" 200 273781 "-" "Googlebot-Image/1.0"
162.213.251.195 - - [19/Oct/2024:15:07:30 -0400] "POST /wp-cron.php?doing_wp_cron=1729364849.7102289199829101562500 HTTP/1.1" 200 0 "-" "WordPress/6.6.2; https://thietke365.net"
85.239.233.204 - - [19/Oct/2024:15:07:25 -0400] "GET /wp-login.php HTTP/1.1" 200 2879 "-" "Mozilla/5.0 (X11; Fedora; Linux x86_64; rv:94.0) Gecko/20100101 Firefox/95.0"
85.239.233.204 - - [19/Oct/2024:15:07:31 -0400] "POST /wp-login.php HTTP/1.1" 200 3065 "-" "Mozilla/5.0 (X11; Fedora; Linux x86_64; rv:94.0) Gecko/20100101 Firefox/95.0"
162.213.251.195 - - [19/Oct/2024:15:11:19 -0400] "POST /wp-cron.php?doing_wp_cron=1729365078.9228990077972412109375 HTTP/1.1" 200 0 "-" "WordPress/6.6.2; https://thietke365.net"
87.120.114.208 - - [19/Oct/2024:15:11:15 -0400] "POST /wp-login.php HTTP/1.1" 200 3065 "-" "Mozilla/5.0"
162.213.251.195 - - [19/Oct/2024:15:14:23 -0400] "POST /wp-cron.php?doing_wp_cron=1729365262.5851120948791503906250 HTTP/1.1" 200 0 "-" "WordPress/6.6.2; https://thietke365.net"
66.249.64.65 - - [19/Oct/2024:15:14:06 -0400] "GET /cgi-bin/install.php HTTP/1.1" 404 29046 "-" "Mozilla/5.0 (Linux; Android 6.0.1; Nexus 5X Build/MMB29P) AppleWebKit/537.36 (KHTML, like Gecko) Chrome/129.0.6668.89 Mobile Safari/537.36 (compatible; Googlebot/2.1; +http://www.google.com/bot.html)"
66.249.64.64 - - [19/Oct/2024:15:14:17 -0400] "GET /wordpress HTTP/1.1" 404 29192 "-" "Mozilla/5.0 (Linux; Android 6.0.1; Nexus 5X Build/MMB29P) AppleWebKit/537.36 (KHTML, like Gecko) Chrome/129.0.6668.89 Mobile Safari/537.36 (compatible; Googlebot/2.1; +http://www.google.com/bot.html)"
162.213.251.195 - - [19/Oct/2024:15:17:57 -0400] "POST /wp-cron.php?doing_wp_cron=1729365476.6368489265441894531250 HTTP/1.1" 200 0 "-" "WordPress/6.6.2; https://thietke365.net"
31.214.170.213 - - [19/Oct/2024:15:17:41 -0400] "GET /wp-login.php HTTP/1.1" 200 2879 "-" "Mozilla/5.0 (X11; Gentoo; Linux x86_64; rv:91.0) Gecko/20100101 Firefox/91.0"
31.214.170.213 - - [19/Oct/2024:15:17:59 -0400] "POST /wp-login.php HTTP/1.1" 200 3065 "-" "Mozilla/5.0 (X11; Gentoo; Linux x86_64; rv:91.0) Gecko/20100101 Firefox/91.0"
162.213.251.195 - - [19/Oct/2024:15:27:45 -0400] "POST /wp-cron.php?doing_wp_cron=1729366064.6805620193481445312500 HTTP/1.1" 200 0 "-" "WordPress/6.6.2; https://thietke365.net"
198.12.254.32 - - [19/Oct/2024:15:27:29 -0400] "GET /wp-login.php HTTP/1.1" 200 2879 "-" "Mozilla/5.0 (X11; Fedora; Linux x86_64; rv:94.0) Gecko/20100101 Firefox/95.0"
198.12.254.32 - - [19/Oct/2024:15:27:47 -0400] "POST /wp-login.php HTTP/1.1" 200 3065 "-" "Mozilla/5.0 (X11; Fedora; Linux x86_64; rv:94.0) Gecko/20100101 Firefox/95.0"
162.213.251.195 - - [19/Oct/2024:15:38:11 -0400] "POST /wp-cron.php?doing_wp_cron=1729366691.6751449108123779296875 HTTP/1.1" 200 0 "-" "WordPress/6.6.2; https://thietke365.net"
45.158.14.229 - - [19/Oct/2024:15:37:54 -0400] "GET /wp-login.php HTTP/1.1" 200 2879 "-" "Mozilla/5.0 (X11; Fedora; Linux x86_64; rv:94.0) Gecko/20100101 Firefox/95.0"
45.158.14.229 - - [19/Oct/2024:15:38:13 -0400] "POST /wp-login.php HTTP/1.1" 200 3065 "-" "Mozilla/5.0 (X11; Fedora; Linux x86_64; rv:94.0) Gecko/20100101 Firefox/95.0"
87.120.114.208 - - [19/Oct/2024:15:41:32 -0400] "POST /wp-login.php HTTP/1.1" 200 0 "-" "Mozilla/5.0"
66.249.76.42 - - [19/Oct/2024:15:43:10 -0400] "GET /robots.txt HTTP/1.1" 200 0 "-" "Mozilla/5.0 (compatible; Googlebot/2.1; +http://www.google.com/bot.html)"
66.249.64.64 - - [19/Oct/2024:15:44:50 -0400] "GET /css/install.php HTTP/1.1" 200 0 "-" "Mozilla/5.0 (Linux; Android 6.0.1; Nexus 5X Build/MMB29P) AppleWebKit/537.36 (KHTML, like Gecko) Chrome/129.0.6668.89 Mobile Safari/537.36 (compatible; GoogleOther)"
193.201.186.225 - - [19/Oct/2024:15:48:36 -0400] "GET /wp-login.php HTTP/1.1" 200 0 "-" "Mozilla/5.0 (X11; Fedora; Linux x86_64; rv:94.0) Gecko/20100101 Firefox/95.0"
193.201.186.225 - - [19/Oct/2024:15:49:06 -0400] "POST /wp-login.php HTTP/1.1" 200 0 "-" "Mozilla/5.0 (X11; Fedora; Linux x86_64; rv:94.0) Gecko/20100101 Firefox/95.0"
162.213.251.195 - - [19/Oct/2024:15:59:15 -0400] "POST /wp-cron.php?doing_wp_cron=1729367955.0160930156707763671875 HTTP/1.1" 200 0 "-" "WordPress/6.6.2; https://thietke365.net"
213.142.148.74 - - [19/Oct/2024:15:59:06 -0400] "GET /wp-login.php HTTP/1.1" 200 2879 "-" "Mozilla/5.0 (X11; Fedora; Linux x86_64; rv:94.0) Gecko/20100101 Firefox/95.0"
213.142.148.74 - - [19/Oct/2024:15:59:16 -0400] "POST /wp-login.php HTTP/1.1" 200 3065 "-" "Mozilla/5.0 (X11; Fedora; Linux x86_64; rv:94.0) Gecko/20100101 Firefox/95.0"
66.249.64.70 - - [19/Oct/2024:16:04:10 -0400] "GET /wp-css.php HTTP/1.1" 200 0 "-" "Mozilla/5.0 (Linux; Android 6.0.1; Nexus 5X Build/MMB29P) AppleWebKit/537.36 (KHTML, like Gecko) Chrome/129.0.6668.89 Mobile Safari/537.36 (compatible; GoogleOther)"
66.249.64.69 - - [19/Oct/2024:16:05:50 -0400] "GET /wp-content/uploads/2023/10/dienthoai5.jpg HTTP/1.1" 200 229864 "-" "Googlebot-Image/1.0"
162.213.251.195 - - [19/Oct/2024:16:09:11 -0400] "POST /wp-cron.php?doing_wp_cron=1729368551.1658918857574462890625 HTTP/1.1" 200 0 "-" "WordPress/6.6.2; https://thietke365.net"
2a00:c760:83:def:aced:ffff:b921:3617 - - [19/Oct/2024:16:09:05 -0400] "GET /wp-login.php HTTP/1.1" 200 2887 "-" "Mozilla/5.0 (X11; Fedora; Linux x86_64; rv:94.0) Gecko/20100101 Firefox/95.0"
2a00:c760:83:def:aced:ffff:b921:3617 - - [19/Oct/2024:16:09:12 -0400] "POST /wp-login.php HTTP/1.1" 200 3075 "-" "Mozilla/5.0 (X11; Fedora; Linux x86_64; rv:94.0) Gecko/20100101 Firefox/95.0"
87.120.114.208 - - [19/Oct/2024:16:11:32 -0400] "POST /wp-login.php HTTP/1.1" 200 0 "-" "Mozilla/5.0"
162.213.251.195 - - [19/Oct/2024:16:19:22 -0400] "POST /wp-cron.php?doing_wp_cron=1729369162.2526810169219970703125 HTTP/1.1" 200 0 "-" "WordPress/6.6.2; https://thietke365.net"
2600:3c02::f03c:93ff:fea3:c6cf - - [19/Oct/2024:16:19:13 -0400] "GET /wp-login.php HTTP/1.1" 200 2879 "-" "Mozilla/5.0 (X11; Fedora; Linux x86_64; rv:94.0) Gecko/20100101 Firefox/95.0"
2600:3c02::f03c:93ff:fea3:c6cf - - [19/Oct/2024:16:19:23 -0400] "POST /wp-login.php HTTP/1.1" 200 3075 "-" "Mozilla/5.0 (X11; Fedora; Linux x86_64; rv:94.0) Gecko/20100101 Firefox/95.0"
2607:6b80:6a:2000::2f9a - - [19/Oct/2024:16:29:42 -0400] "GET //wp-includes/ID3/license.txt HTTP/1.1" 200 414 "-" "Mozilla/5.0 (Windows NT 10.0; Win64; x64) AppleWebKit/537.36 (KHTML, like Gecko) Chrome/95.0.4638.69 Safari/537.36"
162.213.251.195 - - [19/Oct/2024:16:29:47 -0400] "POST /wp-cron.php?doing_wp_cron=1729369787.5156769752502441406250 HTTP/1.1" 200 0 "-" "WordPress/6.6.2; https://thietke365.net"
162.213.251.195 - - [19/Oct/2024:16:29:47 -0400] "POST /wp-cron.php?doing_wp_cron=1729369787.5177860260009765625000 HTTP/1.1" 200 0 "-" "WordPress/6.6.2; https://thietke365.net"
2607:6b80:6a:2000::2f9a - - [19/Oct/2024:16:29:43 -0400] "GET //feed/ HTTP/1.1" 301 0 "-" "Mozilla/5.0 (Windows NT 10.0; Win64; x64) AppleWebKit/537.36 (KHTML, like Gecko) Chrome/95.0.4638.69 Safari/537.36"
222.255.214.17 - - [19/Oct/2024:16:29:34 -0400] "GET /wp-login.php HTTP/1.1" 200 2879 "-" "Mozilla/5.0 (X11; Fedora; Linux x86_64; rv:94.0) Gecko/20100101 Firefox/95.0"
2607:6b80:6a:2000::2f9a - - [19/Oct/2024:16:29:48 -0400] "GET //xmlrpc.php?rsd HTTP/1.1" 200 294 "-" "Mozilla/5.0 (Windows NT 10.0; Win64; x64) AppleWebKit/537.36 (KHTML, like Gecko) Chrome/95.0.4638.69 Safari/537.36"
222.255.214.17 - - [19/Oct/2024:16:29:49 -0400] "POST /wp-login.php HTTP/1.1" 200 3065 "-" "Mozilla/5.0 (X11; Fedora; Linux x86_64; rv:94.0) Gecko/20100101 Firefox/95.0"
2607:6b80:6a:2000::2f9a - - [19/Oct/2024:16:29:49 -0400] "GET //?author=1 HTTP/1.1" 301 0 "-" "Mozilla/5.0 (Windows NT 10.0; Win64; x64) AppleWebKit/537.36 (KHTML, like Gecko) Chrome/95.0.4638.69 Safari/537.36"
2607:6b80:6a:2000::2f9a - - [19/Oct/2024:16:29:50 -0400] "GET //?author=2 HTTP/1.1" 301 0 "-" "Mozilla/5.0 (Windows NT 10.0; Win64; x64) AppleWebKit/537.36 (KHTML, like Gecko) Chrome/95.0.4638.69 Safari/537.36"
2607:6b80:6a:2000::2f9a - - [19/Oct/2024:16:29:51 -0400] "GET //wp-json/wp/v2/users/ HTTP/1.1" 200 7698 "-" "Mozilla/5.0 (Windows NT 10.0; Win64; x64) AppleWebKit/537.36 (KHTML, like Gecko) Chrome/95.0.4638.69 Safari/537.36"
2607:6b80:6a:2000::2f9a - - [19/Oct/2024:16:29:53 -0400] "POST //xmlrpc.php HTTP/1.1" 200 189 "-" "Mozilla/5.0 (Windows NT 10.0; Win64; x64) AppleWebKit/537.36 (KHTML, like Gecko) Chrome/95.0.4638.69 Safari/537.36"
2607:6b80:6a:2000::2f9a - - [19/Oct/2024:16:29:54 -0400] "POST //xmlrpc.php HTTP/1.1" 200 237 "-" "Mozilla/5.0 (Windows NT 10.0; Win64; x64) AppleWebKit/537.36 (KHTML, like Gecko) Chrome/95.0.4638.69 Safari/537.36"
2607:6b80:6a:2000::2f9a - - [19/Oct/2024:16:29:54 -0400] "POST //xmlrpc.php HTTP/1.1" 200 237 "-" "Mozilla/5.0 (Windows NT 10.0; Win64; x64) AppleWebKit/537.36 (KHTML, like Gecko) Chrome/95.0.4638.69 Safari/537.36"
2607:6b80:6a:2000::2f9a - - [19/Oct/2024:16:29:55 -0400] "POST //xmlrpc.php HTTP/1.1" 200 189 "-" "Mozilla/5.0 (Windows NT 10.0; Win64; x64) AppleWebKit/537.36 (KHTML, like Gecko) Chrome/95.0.4638.69 Safari/537.36"
2607:6b80:6a:2000::2f9a - - [19/Oct/2024:16:29:56 -0400] "POST //xmlrpc.php HTTP/1.1" 200 237 "-" "Mozilla/5.0 (Windows NT 10.0; Win64; x64) AppleWebKit/537.36 (KHTML, like Gecko) Chrome/95.0.4638.69 Safari/537.36"
2607:6b80:6a:2000::2f9a - - [19/Oct/2024:16:29:56 -0400] "POST //xmlrpc.php HTTP/1.1" 200 237 "-" "Mozilla/5.0 (Windows NT 10.0; Win64; x64) AppleWebKit/537.36 (KHTML, like Gecko) Chrome/95.0.4638.69 Safari/537.36"
152.42.235.192 - - [19/Oct/2024:16:38:01 -0400] "GET //wp-includes/ID3/license.txt HTTP/1.1" 200 414 "-" "Mozilla/5.0 (Windows NT 10.0; Win64; x64) AppleWebKit/537.36 (KHTML, like Gecko) Chrome/95.0.4638.69 Safari/537.36"
162.213.251.195 - - [19/Oct/2024:16:38:11 -0400] "POST /wp-cron.php?doing_wp_cron=1729370291.0447959899902343750000 HTTP/1.1" 200 0 "-" "WordPress/6.6.2; https://thietke365.net"
152.42.235.192 - - [19/Oct/2024:16:38:02 -0400] "GET //feed/ HTTP/1.1" 301 0 "-" "Mozilla/5.0 (Windows NT 10.0; Win64; x64) AppleWebKit/537.36 (KHTML, like Gecko) Chrome/95.0.4638.69 Safari/537.36"
152.42.235.192 - - [19/Oct/2024:16:38:12 -0400] "GET //xmlrpc.php?rsd HTTP/1.1" 200 294 "-" "Mozilla/5.0 (Windows NT 10.0; Win64; x64) AppleWebKit/537.36 (KHTML, like Gecko) Chrome/95.0.4638.69 Safari/537.36"
152.42.235.192 - - [19/Oct/2024:16:38:12 -0400] "GET //?author=1 HTTP/1.1" 301 0 "-" "Mozilla/5.0 (Windows NT 10.0; Win64; x64) AppleWebKit/537.36 (KHTML, like Gecko) Chrome/95.0.4638.69 Safari/537.36"
152.42.235.192 - - [19/Oct/2024:16:38:13 -0400] "GET //?author=2 HTTP/1.1" 301 0 "-" "Mozilla/5.0 (Windows NT 10.0; Win64; x64) AppleWebKit/537.36 (KHTML, like Gecko) Chrome/95.0.4638.69 Safari/537.36"
152.42.235.192 - - [19/Oct/2024:16:38:14 -0400] "GET //wp-json/wp/v2/users/ HTTP/1.1" 200 7698 "-" "Mozilla/5.0 (Windows NT 10.0; Win64; x64) AppleWebKit/537.36 (KHTML, like Gecko) Chrome/95.0.4638.69 Safari/537.36"
152.42.235.192 - - [19/Oct/2024:16:38:16 -0400] "POST //xmlrpc.php HTTP/1.1" 200 237 "-" "Mozilla/5.0 (Windows NT 10.0; Win64; x64) AppleWebKit/537.36 (KHTML, like Gecko) Chrome/95.0.4638.69 Safari/537.36"
152.42.235.192 - - [19/Oct/2024:16:38:16 -0400] "POST //xmlrpc.php HTTP/1.1" 200 237 "-" "Mozilla/5.0 (Windows NT 10.0; Win64; x64) AppleWebKit/537.36 (KHTML, like Gecko) Chrome/95.0.4638.69 Safari/537.36"
152.42.235.192 - - [19/Oct/2024:16:38:17 -0400] "POST //xmlrpc.php HTTP/1.1" 200 237 "-" "Mozilla/5.0 (Windows NT 10.0; Win64; x64) AppleWebKit/537.36 (KHTML, like Gecko) Chrome/95.0.4638.69 Safari/537.36"
152.42.235.192 - - [19/Oct/2024:16:38:18 -0400] "POST //xmlrpc.php HTTP/1.1" 200 237 "-" "Mozilla/5.0 (Windows NT 10.0; Win64; x64) AppleWebKit/537.36 (KHTML, like Gecko) Chrome/95.0.4638.69 Safari/537.36"
152.42.235.192 - - [19/Oct/2024:16:38:18 -0400] "POST //xmlrpc.php HTTP/1.1" 200 237 "-" "Mozilla/5.0 (Windows NT 10.0; Win64; x64) AppleWebKit/537.36 (KHTML, like Gecko) Chrome/95.0.4638.69 Safari/537.36"
152.42.235.192 - - [19/Oct/2024:16:38:19 -0400] "POST //xmlrpc.php HTTP/1.1" 200 237 "-" "Mozilla/5.0 (Windows NT 10.0; Win64; x64) AppleWebKit/537.36 (KHTML, like Gecko) Chrome/95.0.4638.69 Safari/537.36"
162.213.251.195 - - [19/Oct/2024:16:40:20 -0400] "POST /wp-cron.php?doing_wp_cron=1729370419.9673619270324707031250 HTTP/1.1" 200 0 "-" "WordPress/6.6.2; https://thietke365.net"
188.165.22.134 - - [19/Oct/2024:16:40:09 -0400] "GET /wp-login.php HTTP/1.1" 200 2879 "-" "Mozilla/5.0 (X11; Fedora; Linux x86_64; rv:94.0) Gecko/20100101 Firefox/95.0"
188.165.22.134 - - [19/Oct/2024:16:40:21 -0400] "POST /wp-login.php HTTP/1.1" 200 3065 "-" "Mozilla/5.0 (X11; Fedora; Linux x86_64; rv:94.0) Gecko/20100101 Firefox/95.0"
162.213.251.195 - - [19/Oct/2024:16:41:31 -0400] "POST /wp-cron.php?doing_wp_cron=1729370491.5468521118164062500000 HTTP/1.1" 200 0 "-" "WordPress/6.6.2; https://thietke365.net"
87.120.114.208 - - [19/Oct/2024:16:41:30 -0400] "POST /wp-login.php HTTP/1.1" 200 3065 "-" "Mozilla/5.0"
162.213.251.195 - - [19/Oct/2024:16:44:32 -0400] "POST /wp-cron.php?doing_wp_cron=1729370672.3423149585723876953125 HTTP/1.1" 200 0 "-" "WordPress/6.6.2; https://thietke365.net"
216.244.66.249 - - [19/Oct/2024:16:44:26 -0400] "GET /robots.txt HTTP/1.1" 200 111 "-" "Mozilla/5.0 (compatible; DotBot/1.2; +https://opensiteexplorer.org/dotbot; [email protected])"
162.213.251.195 - - [19/Oct/2024:16:50:12 -0400] "POST /wp-cron.php?doing_wp_cron=1729371011.8085141181945800781250 HTTP/1.1" 200 0 "-" "WordPress/6.6.2; https://thietke365.net"
2605:7380:1000:1310:ac15:9fff:feb5:4955 - - [19/Oct/2024:16:50:04 -0400] "GET /wp-login.php HTTP/1.1" 200 2887 "-" "Mozilla/5.0 (X11; Fedora; Linux x86_64; rv:94.0) Gecko/20100101 Firefox/95.0"
2605:7380:1000:1310:ac15:9fff:feb5:4955 - - [19/Oct/2024:16:50:12 -0400] "POST /wp-login.php HTTP/1.1" 200 3065 "-" "Mozilla/5.0 (X11; Fedora; Linux x86_64; rv:94.0) Gecko/20100101 Firefox/95.0"
162.213.251.195 - - [19/Oct/2024:16:58:41 -0400] "POST /wp-cron.php?doing_wp_cron=1729371521.4852609634399414062500 HTTP/1.1" 200 0 "-" "WordPress/6.6.2; https://thietke365.net"
216.244.66.249 - - [19/Oct/2024:16:58:32 -0400] "GET /san-pham/theme-wordpress-bat-dong-san-08/ HTTP/1.1" 200 37452 "-" "Mozilla/5.0 (compatible; DotBot/1.2; +https://opensiteexplorer.org/dotbot; [email protected])"
162.213.251.195 - - [19/Oct/2024:17:00:39 -0400] "POST /wp-cron.php?doing_wp_cron=1729371638.8136179447174072265625 HTTP/1.1" 200 0 "-" "WordPress/6.6.2; https://thietke365.net"
216.244.66.249 - - [19/Oct/2024:17:00:29 -0400] "GET /san-pham/theme-wordpress-ban-may-tinh-03/ HTTP/1.1" 200 37782 "-" "Mozilla/5.0 (compatible; DotBot/1.2; +https://opensiteexplorer.org/dotbot; [email protected])"
5.101.156.211 - - [19/Oct/2024:17:00:46 -0400] "GET /wp-login.php HTTP/1.1" 200 2887 "-" "Mozilla/5.0 (X11; Fedora; Linux x86_64; rv:94.0) Gecko/20100101 Firefox/95.0"
5.101.156.211 - - [19/Oct/2024:17:00:47 -0400] "POST /wp-login.php HTTP/1.1" 200 3065 "-" "Mozilla/5.0 (X11; Fedora; Linux x86_64; rv:94.0) Gecko/20100101 Firefox/95.0"
66.249.64.69 - - [19/Oct/2024:17:04:16 -0400] "GET /wp-content/uploads/2023/07/thiet-ke-website-wordpress-gia-re.jpg HTTP/1.1" 200 41508 "-" "Googlebot-Image/1.0"
162.213.251.195 - - [19/Oct/2024:17:08:18 -0400] "POST /wp-cron.php?doing_wp_cron=1729372098.4684469699859619140625 HTTP/1.1" 200 0 "-" "WordPress/6.6.2; https://thietke365.net"
116.202.246.181 - - [19/Oct/2024:17:08:06 -0400] "GET /robots.txt HTTP/1.1" 200 111 "-" "Mozilla/5.0 (compatible; AwarioBot/1.0; +https://awario.com/bots.html)"
162.213.251.195 - - [19/Oct/2024:17:08:56 -0400] "POST /wp-cron.php?doing_wp_cron=1729372136.4464740753173828125000 HTTP/1.1" 200 0 "-" "WordPress/6.6.2; https://thietke365.net"
216.244.66.249 - - [19/Oct/2024:17:08:55 -0400] "GET /san-pham/theme-du-lich-17/ HTTP/1.1" 200 37400 "-" "Mozilla/5.0 (compatible; DotBot/1.2; +https://opensiteexplorer.org/dotbot; [email protected])"
162.213.251.195 - - [19/Oct/2024:17:09:30 -0400] "POST /wp-cron.php?doing_wp_cron=1729372169.8714029788970947265625 HTTP/1.1" 200 0 "-" "WordPress/6.6.2; https://thietke365.net"
216.244.66.249 - - [19/Oct/2024:17:09:29 -0400] "GET /tu-khoa-san-pham/me-va-be/ HTTP/1.1" 200 32608 "-" "Mozilla/5.0 (compatible; DotBot/1.2; +https://opensiteexplorer.org/dotbot; [email protected])"
216.244.66.249 - - [19/Oct/2024:17:10:03 -0400] "GET /san-pham/theme-wopress-ban-thuc-pham-chuc-nang-phong-gym/ HTTP/1.1" 200 37901 "-" "Mozilla/5.0 (compatible; DotBot/1.2; +https://opensiteexplorer.org/dotbot; [email protected])"
162.213.251.195 - - [19/Oct/2024:17:11:17 -0400] "POST /wp-cron.php?doing_wp_cron=1729372276.7132220268249511718750 HTTP/1.1" 200 0 "-" "WordPress/6.6.2; https://thietke365.net"
216.244.66.249 - - [19/Oct/2024:17:11:16 -0400] "GET /san-pham/theme-wordpress-cong-ty-marketing-media/ HTTP/1.1" 200 37870 "-" "Mozilla/5.0 (compatible; DotBot/1.2; +https://opensiteexplorer.org/dotbot; [email protected])"
162.213.251.195 - - [19/Oct/2024:17:11:27 -0400] "POST /wp-cron.php?doing_wp_cron=1729372287.1420938968658447265625 HTTP/1.1" 200 0 "-" "WordPress/6.6.2; https://thietke365.net"
103.120.176.210 - - [19/Oct/2024:17:11:26 -0400] "GET /wp-login.php HTTP/1.1" 200 2879 "-" "Mozilla/5.0 (X11; Fedora; Linux x86_64; rv:94.0) Gecko/20100101 Firefox/95.0"
103.120.176.210 - - [19/Oct/2024:17:11:29 -0400] "POST /wp-login.php HTTP/1.1" 200 3065 "-" "Mozilla/5.0 (X11; Fedora; Linux x86_64; rv:94.0) Gecko/20100101 Firefox/95.0"
87.120.114.208 - - [19/Oct/2024:17:11:35 -0400] "POST /wp-login.php HTTP/1.1" 200 3065 "-" "Mozilla/5.0"
15.235.119.185 - - [19/Oct/2024:17:21:42 -0400] "GET /wp-login.php HTTP/1.1" 200 2879 "-" "Mozilla/5.0 (X11; Fedora; Linux x86_64; rv:94.0) Gecko/20100101 Firefox/95.0"
162.213.251.195 - - [19/Oct/2024:17:22:01 -0400] "POST /wp-cron.php?doing_wp_cron=1729372919.8591659069061279296875 HTTP/1.1" 200 0 "-" "WordPress/6.6.2; https://thietke365.net"
15.235.119.185 - - [19/Oct/2024:17:22:02 -0400] "POST /wp-login.php HTTP/1.1" 200 3065 "-" "Mozilla/5.0 (X11; Fedora; Linux x86_64; rv:94.0) Gecko/20100101 Firefox/95.0"
202.92.4.47 - - [19/Oct/2024:17:28:18 -0400] "GET /.well-known/acme-challenge/ZH_UT-DQ45S6LL3AQGXHAT1QKG-CAJMZ HTTP/1.1" 404 1251 "-" "Cpanel-HTTP-Client/1.0"
202.92.4.47 - - [19/Oct/2024:17:28:35 -0400] "GET /.well-known/acme-challenge/J51X3I0CP2BV0OV9PGO1AN0XSFHU3DQR HTTP/1.1" 404 1251 "-" "Cpanel-HTTP-Client/1.0"
162.213.251.195 - - [19/Oct/2024:17:29:21 -0400] "POST /wp-cron.php?doing_wp_cron=1729373360.4927670955657958984375 HTTP/1.1" 200 0 "-" "WordPress/6.6.2; https://thietke365.net"
66.249.64.64 - - [19/Oct/2024:17:29:09 -0400] "GET / HTTP/1.1" 200 38730 "-" "Mozilla/5.0 (Linux; Android 6.0.1; Nexus 5X Build/MMB29P) AppleWebKit/537.36 (KHTML, like Gecko) Chrome/129.0.6668.89 Mobile Safari/537.36 (compatible; Googlebot/2.1; +http://www.google.com/bot.html)"
66.249.76.41 - - [19/Oct/2024:17:29:25 -0400] "GET /wp-content/themes/flatsome-child/thang.css?ver=671424b1b3b9a HTTP/1.1" 200 17306 "https://thietke365.net/" "Mozilla/5.0 (Linux; Android 6.0.1; Nexus 5X Build/MMB29P) AppleWebKit/537.36 (KHTML, like Gecko) Chrome/129.0.6668.89 Mobile Safari/537.36 (compatible; Googlebot/2.1; +http://www.google.com/bot.html)"
