403Webshell
Server IP : 172.67.158.161  /  Your IP : 3.15.25.159
Web Server : LiteSpeed
System : Linux business53.web-hosting.com 4.18.0-553.lve.el8.x86_64 #1 SMP Mon May 27 15:27:34 UTC 2024 x86_64
User : giankuin ( 1871)
PHP Version : 7.4.33
Disable Function : NONE
MySQL : OFF  |  cURL : ON  |  WGET : ON  |  Perl : ON  |  Python : ON  |  Sudo : OFF  |  Pkexec : OFF
Directory :  /proc/self/root/proc/thread-self/root/home/giankuin/access-logs/

Upload File :
current_dir [ Writeable ] document_root [ Writeable ]

 

Command :


[ Back ]     

Current File : /proc/self/root/proc/thread-self/root/home/giankuin/access-logs/thietke365.net.giandon24h.com-ssl_log
162.213.251.195 - - [19/Oct/2024:08:06:26 -0400] "POST /wp-cron.php?doing_wp_cron=1729339586.0163660049438476562500 HTTP/1.1" 200 0 "-" "WordPress/6.6.2; https://thietke365.net"
87.120.114.208 - - [19/Oct/2024:08:06:17 -0400] "POST /wp-login.php HTTP/1.1" 200 3065 "-" "Mozilla/5.0"
162.213.251.195 - - [19/Oct/2024:08:15:58 -0400] "POST /wp-cron.php?doing_wp_cron=1729340157.8693859577178955078125 HTTP/1.1" 200 0 "-" "WordPress/6.6.2; https://thietke365.net"
52.167.144.66 - - [19/Oct/2024:08:15:50 -0400] "GET /robots.txt HTTP/1.1" 200 111 "-" "Mozilla/5.0 AppleWebKit/537.36 (KHTML, like Gecko; compatible; bingbot/2.0; +http://www.bing.com/bingbot.htm) Chrome/116.0.1938.76 Safari/537.36"
40.77.167.21 - - [19/Oct/2024:08:16:06 -0400] "GET /sitemap_index.xml HTTP/1.1" 200 387 "-" "Mozilla/5.0 AppleWebKit/537.36 (KHTML, like Gecko; compatible; bingbot/2.0; +http://www.bing.com/bingbot.htm) Chrome/116.0.1938.76 Safari/537.36"
162.213.251.195 - - [19/Oct/2024:08:30:24 -0400] "POST /wp-cron.php?doing_wp_cron=1729341024.0265090465545654296875 HTTP/1.1" 200 0 "-" "WordPress/6.6.2; https://thietke365.net"
66.249.70.2 - - [19/Oct/2024:08:30:07 -0400] "GET /robots.txt HTTP/1.1" 301 0 "-" "Mozilla/5.0 (compatible; Googlebot/2.1; +http://www.google.com/bot.html)"
66.249.70.2 - - [19/Oct/2024:08:30:25 -0400] "GET / HTTP/1.1" 301 0 "-" "Mozilla/5.0 (Linux; Android 6.0.1; Nexus 5X Build/MMB29P) AppleWebKit/537.36 (KHTML, like Gecko) Chrome/129.0.6668.89 Mobile Safari/537.36 (compatible; Googlebot/2.1; +http://www.google.com/bot.html)"
66.249.64.65 - - [19/Oct/2024:08:30:26 -0400] "GET / HTTP/1.1" 200 38641 "-" "Mozilla/5.0 (Linux; Android 6.0.1; Nexus 5X Build/MMB29P) AppleWebKit/537.36 (KHTML, like Gecko) Chrome/129.0.6668.89 Mobile Safari/537.36 (compatible; Googlebot/2.1; +http://www.google.com/bot.html)"
66.249.76.41 - - [19/Oct/2024:08:30:30 -0400] "GET /wp-content/themes/flatsome/assets/js/chunk.sticky-sidebar.a58a6557.js HTTP/1.1" 200 3108 "https://thietke365.net/" "Mozilla/5.0 (Linux; Android 6.0.1; Nexus 5X Build/MMB29P) AppleWebKit/537.36 (KHTML, like Gecko) Chrome/129.0.6668.89 Mobile Safari/537.36 (compatible; Googlebot/2.1; +http://www.google.com/bot.html)"
66.249.64.64 - - [19/Oct/2024:08:30:30 -0400] "GET /wp-content/themes/flatsome/assets/css/flatsome.css?ver=3.16.6 HTTP/1.1" 200 30769 "https://thietke365.net/" "Mozilla/5.0 (Linux; Android 6.0.1; Nexus 5X Build/MMB29P) AppleWebKit/537.36 (KHTML, like Gecko) Chrome/129.0.6668.89 Mobile Safari/537.36 (compatible; Googlebot/2.1; +http://www.google.com/bot.html)"
66.249.64.65 - - [19/Oct/2024:08:30:31 -0400] "GET /wp-content/themes/flatsome/assets/css/flatsome-shop.css?ver=3.16.6 HTTP/1.1" 200 5220 "https://thietke365.net/" "Mozilla/5.0 (Linux; Android 6.0.1; Nexus 5X Build/MMB29P) AppleWebKit/537.36 (KHTML, like Gecko) Chrome/129.0.6668.89 Mobile Safari/537.36 (compatible; Googlebot/2.1; +http://www.google.com/bot.html)"
66.249.64.65 - - [19/Oct/2024:08:30:32 -0400] "GET /wp-includes/js/jquery/jquery-migrate.min.js?ver=3.4.1 HTTP/1.1" 200 4678 "https://thietke365.net/" "Mozilla/5.0 (Linux; Android 6.0.1; Nexus 5X Build/MMB29P) AppleWebKit/537.36 (KHTML, like Gecko) Chrome/129.0.6668.89 Mobile Safari/537.36 (compatible; Googlebot/2.1; +http://www.google.com/bot.html)"
66.249.76.42 - - [19/Oct/2024:08:30:33 -0400] "GET /wp-includes/css/dashicons.min.css?ver=6.6.2 HTTP/1.1" 200 35110 "https://thietke365.net/" "Mozilla/5.0 (Linux; Android 6.0.1; Nexus 5X Build/MMB29P) AppleWebKit/537.36 (KHTML, like Gecko) Chrome/129.0.6668.89 Mobile Safari/537.36 (compatible; Googlebot/2.1; +http://www.google.com/bot.html)"
66.249.64.64 - - [19/Oct/2024:08:30:33 -0400] "GET /wp-content/themes/flatsome/assets/js/chunk.countup.fe2c1016.js HTTP/1.1" 200 1447 "https://thietke365.net/" "Mozilla/5.0 (Linux; Android 6.0.1; Nexus 5X Build/MMB29P) AppleWebKit/537.36 (KHTML, like Gecko) Chrome/129.0.6668.89 Mobile Safari/537.36 (compatible; Googlebot/2.1; +http://www.google.com/bot.html)"
66.249.64.65 - - [19/Oct/2024:08:30:33 -0400] "GET /wp-content/plugins/contact-form-7/includes/swv/js/index.js?ver=5.8 HTTP/1.1" 200 3061 "https://thietke365.net/" "Mozilla/5.0 (Linux; Android 6.0.1; Nexus 5X Build/MMB29P) AppleWebKit/537.36 (KHTML, like Gecko) Chrome/129.0.6668.89 Mobile Safari/537.36 (compatible; Googlebot/2.1; +http://www.google.com/bot.html)"
66.249.64.64 - - [19/Oct/2024:08:30:34 -0400] "GET /wp-content/plugins/yith-woocommerce-product-add-ons/plugin-fw/assets/css/yith-icon.css?ver=4.4.0 HTTP/1.1" 200 11651 "https://thietke365.net/" "Mozilla/5.0 (Linux; Android 6.0.1; Nexus 5X Build/MMB29P) AppleWebKit/537.36 (KHTML, like Gecko) Chrome/129.0.6668.89 Mobile Safari/537.36 (compatible; Googlebot/2.1; +http://www.google.com/bot.html)"
66.249.64.64 - - [19/Oct/2024:08:30:34 -0400] "GET /wp-content/plugins/wp-bottom-menu/inc/customizer/customizer-repeater/css/font-awesome.min.css?ver=1.1.0 HTTP/1.1" 200 6658 "https://thietke365.net/" "Mozilla/5.0 (Linux; Android 6.0.1; Nexus 5X Build/MMB29P) AppleWebKit/537.36 (KHTML, like Gecko) Chrome/129.0.6668.89 Mobile Safari/537.36 (compatible; Googlebot/2.1; +http://www.google.com/bot.html)"
66.249.64.64 - - [19/Oct/2024:08:30:35 -0400] "GET /wp-content/themes/flatsome-child/thang.css?ver=6713a6636a845 HTTP/1.1" 200 17306 "https://thietke365.net/" "Mozilla/5.0 (Linux; Android 6.0.1; Nexus 5X Build/MMB29P) AppleWebKit/537.36 (KHTML, like Gecko) Chrome/129.0.6668.89 Mobile Safari/537.36 (compatible; Googlebot/2.1; +http://www.google.com/bot.html)"
66.249.76.41 - - [19/Oct/2024:08:30:36 -0400] "GET /wp-includes/js/jquery/jquery.min.js?ver=3.7.1 HTTP/1.1" 200 29744 "https://thietke365.net/" "Mozilla/5.0 (Linux; Android 6.0.1; Nexus 5X Build/MMB29P) AppleWebKit/537.36 (KHTML, like Gecko) Chrome/129.0.6668.89 Mobile Safari/537.36 (compatible; Googlebot/2.1; +http://www.google.com/bot.html)"
66.249.64.64 - - [19/Oct/2024:08:30:36 -0400] "GET /wp-content/themes/flatsome-child/style.css?ver=3.0 HTTP/1.1" 200 167 "https://thietke365.net/" "Mozilla/5.0 (Linux; Android 6.0.1; Nexus 5X Build/MMB29P) AppleWebKit/537.36 (KHTML, like Gecko) Chrome/129.0.6668.89 Mobile Safari/537.36 (compatible; Googlebot/2.1; +http://www.google.com/bot.html)"
66.249.76.41 - - [19/Oct/2024:08:30:37 -0400] "GET /wp-content/plugins/contact-form-7/includes/css/styles.css?ver=5.8 HTTP/1.1" 200 878 "https://thietke365.net/" "Mozilla/5.0 (Linux; Android 6.0.1; Nexus 5X Build/MMB29P) AppleWebKit/537.36 (KHTML, like Gecko) Chrome/129.0.6668.89 Mobile Safari/537.36 (compatible; Googlebot/2.1; +http://www.google.com/bot.html)"
66.249.64.64 - - [19/Oct/2024:08:30:37 -0400] "GET /wp-content/plugins/yith-woocommerce-product-add-ons/assets/css/front.css?ver=4.0.1 HTTP/1.1" 200 4748 "https://thietke365.net/" "Mozilla/5.0 (Linux; Android 6.0.1; Nexus 5X Build/MMB29P) AppleWebKit/537.36 (KHTML, like Gecko) Chrome/129.0.6668.89 Mobile Safari/537.36 (compatible; Googlebot/2.1; +http://www.google.com/bot.html)"
66.249.64.64 - - [19/Oct/2024:08:30:38 -0400] "GET /wp-content/plugins/contact-form-7/includes/js/index.js?ver=5.8 HTTP/1.1" 200 3918 "https://thietke365.net/" "Mozilla/5.0 (Linux; Android 6.0.1; Nexus 5X Build/MMB29P) AppleWebKit/537.36 (KHTML, like Gecko) Chrome/129.0.6668.89 Mobile Safari/537.36 (compatible; Googlebot/2.1; +http://www.google.com/bot.html)"
66.249.64.64 - - [19/Oct/2024:08:30:38 -0400] "GET /wp-content/plugins/woocommerce/assets/js/jquery-blockui/jquery.blockUI.min.js?ver=2.7.0-wc.8.0.2 HTTP/1.1" 200 3277 "https://thietke365.net/" "Mozilla/5.0 (Linux; Android 6.0.1; Nexus 5X Build/MMB29P) AppleWebKit/537.36 (KHTML, like Gecko) Chrome/129.0.6668.89 Mobile Safari/537.36 (compatible; Googlebot/2.1; +http://www.google.com/bot.html)"
66.249.64.64 - - [19/Oct/2024:08:30:39 -0400] "GET /wp-content/plugins/woocommerce/assets/js/frontend/woocommerce.min.js?ver=8.0.2 HTTP/1.1" 200 684 "https://thietke365.net/" "Mozilla/5.0 (Linux; Android 6.0.1; Nexus 5X Build/MMB29P) AppleWebKit/537.36 (KHTML, like Gecko) Chrome/129.0.6668.89 Mobile Safari/537.36 (compatible; Googlebot/2.1; +http://www.google.com/bot.html)"
66.249.76.41 - - [19/Oct/2024:08:30:39 -0400] "GET /wp-content/themes/flatsome/assets/js/chunk.vendors-slider.f0d2cbc9.js HTTP/1.1" 200 12808 "https://thietke365.net/" "Mozilla/5.0 (Linux; Android 6.0.1; Nexus 5X Build/MMB29P) AppleWebKit/537.36 (KHTML, like Gecko) Chrome/129.0.6668.89 Mobile Safari/537.36 (compatible; Googlebot/2.1; +http://www.google.com/bot.html)"
66.249.76.41 - - [19/Oct/2024:08:30:40 -0400] "GET /wp-content/themes/flatsome/assets/js/chunk.tooltips.29144c1c.js HTTP/1.1" 200 4651 "https://thietke365.net/" "Mozilla/5.0 (Linux; Android 6.0.1; Nexus 5X Build/MMB29P) AppleWebKit/537.36 (KHTML, like Gecko) Chrome/129.0.6668.89 Mobile Safari/537.36 (compatible; Googlebot/2.1; +http://www.google.com/bot.html)"
66.249.64.64 - - [19/Oct/2024:08:30:41 -0400] "GET /wp-includes/js/dist/hooks.min.js?ver=2810c76e705dd1a53b18 HTTP/1.1" 200 1460 "https://thietke365.net/" "Mozilla/5.0 (Linux; Android 6.0.1; Nexus 5X Build/MMB29P) AppleWebKit/537.36 (KHTML, like Gecko) Chrome/129.0.6668.89 Mobile Safari/537.36 (compatible; Googlebot/2.1; +http://www.google.com/bot.html)"
66.249.76.41 - - [19/Oct/2024:08:30:42 -0400] "GET /wp-includes/js/wp-util.min.js?ver=6.6.2 HTTP/1.1" 200 690 "https://thietke365.net/" "Mozilla/5.0 (Linux; Android 6.0.1; Nexus 5X Build/MMB29P) AppleWebKit/537.36 (KHTML, like Gecko) Chrome/129.0.6668.89 Mobile Safari/537.36 (compatible; Googlebot/2.1; +http://www.google.com/bot.html)"
66.249.64.64 - - [19/Oct/2024:08:30:42 -0400] "GET /wp-includes/js/jquery/ui/mouse.min.js?ver=1.13.3 HTTP/1.1" 200 1012 "https://thietke365.net/" "Mozilla/5.0 (Linux; Android 6.0.1; Nexus 5X Build/MMB29P) AppleWebKit/537.36 (KHTML, like Gecko) Chrome/129.0.6668.89 Mobile Safari/537.36 (compatible; Googlebot/2.1; +http://www.google.com/bot.html)"
66.249.76.41 - - [19/Oct/2024:08:30:43 -0400] "GET /wp-includes/js/hoverIntent.min.js?ver=1.10.2 HTTP/1.1" 200 668 "https://thietke365.net/" "Mozilla/5.0 (Linux; Android 6.0.1; Nexus 5X Build/MMB29P) AppleWebKit/537.36 (KHTML, like Gecko) Chrome/129.0.6668.89 Mobile Safari/537.36 (compatible; Googlebot/2.1; +http://www.google.com/bot.html)"
66.249.76.41 - - [19/Oct/2024:08:30:43 -0400] "GET /wp-includes/js/jquery/ui/slider.min.js?ver=1.13.3 HTTP/1.1" 200 3010 "https://thietke365.net/" "Mozilla/5.0 (Linux; Android 6.0.1; Nexus 5X Build/MMB29P) AppleWebKit/537.36 (KHTML, like Gecko) Chrome/129.0.6668.89 Mobile Safari/537.36 (compatible; Googlebot/2.1; +http://www.google.com/bot.html)"
66.249.64.64 - - [19/Oct/2024:08:30:44 -0400] "GET /wp-content/plugins/wp-bottom-menu/assets/js/main.js?ver=2.2.1 HTTP/1.1" 200 602 "https://thietke365.net/" "Mozilla/5.0 (Linux; Android 6.0.1; Nexus 5X Build/MMB29P) AppleWebKit/537.36 (KHTML, like Gecko) Chrome/129.0.6668.89 Mobile Safari/537.36 (compatible; Googlebot/2.1; +http://www.google.com/bot.html)"
66.249.76.41 - - [19/Oct/2024:08:30:44 -0400] "GET /wp-includes/js/dist/i18n.min.js?ver=5e580eb46a90c2b997e6 HTTP/1.1" 200 3542 "https://thietke365.net/" "Mozilla/5.0 (Linux; Android 6.0.1; Nexus 5X Build/MMB29P) AppleWebKit/537.36 (KHTML, like Gecko) Chrome/129.0.6668.89 Mobile Safari/537.36 (compatible; Googlebot/2.1; +http://www.google.com/bot.html)"
66.249.76.41 - - [19/Oct/2024:08:30:45 -0400] "GET /wp-includes/js/jquery/ui/progressbar.min.js?ver=1.13.3 HTTP/1.1" 200 844 "https://thietke365.net/" "Mozilla/5.0 (Linux; Android 6.0.1; Nexus 5X Build/MMB29P) AppleWebKit/537.36 (KHTML, like Gecko) Chrome/129.0.6668.89 Mobile Safari/537.36 (compatible; Googlebot/2.1; +http://www.google.com/bot.html)"
66.249.64.64 - - [19/Oct/2024:08:30:45 -0400] "GET /wp-content/themes/flatsome/assets/js/chunk.vendors-popups.947eca5c.js HTTP/1.1" 200 6872 "https://thietke365.net/" "Mozilla/5.0 (Linux; Android 6.0.1; Nexus 5X Build/MMB29P) AppleWebKit/537.36 (KHTML, like Gecko) Chrome/129.0.6668.89 Mobile Safari/537.36 (compatible; Googlebot/2.1; +http://www.google.com/bot.html)"
66.249.76.41 - - [19/Oct/2024:08:30:46 -0400] "GET /wp-content/themes/flatsome/inc/extensions/flatsome-live-search/flatsome-live-search.js?ver=3.16.6 HTTP/1.1" 200 4841 "https://thietke365.net/" "Mozilla/5.0 (Linux; Android 6.0.1; Nexus 5X Build/MMB29P) AppleWebKit/537.36 (KHTML, like Gecko) Chrome/129.0.6668.89 Mobile Safari/537.36 (compatible; Googlebot/2.1; +http://www.google.com/bot.html)"
66.249.76.41 - - [19/Oct/2024:08:30:47 -0400] "GET /wp-content/themes/flatsome/assets/js/flatsome.js?ver=8d32fe071187c00e5c8eae51dcdefdd9 HTTP/1.1" 200 15454 "https://thietke365.net/" "Mozilla/5.0 (Linux; Android 6.0.1; Nexus 5X Build/MMB29P) AppleWebKit/537.36 (KHTML, like Gecko) Chrome/129.0.6668.89 Mobile Safari/537.36 (compatible; Googlebot/2.1; +http://www.google.com/bot.html)"
66.249.64.64 - - [19/Oct/2024:08:30:47 -0400] "GET /wp-includes/js/jquery/ui/datepicker.min.js?ver=1.13.3 HTTP/1.1" 200 10506 "https://thietke365.net/" "Mozilla/5.0 (Linux; Android 6.0.1; Nexus 5X Build/MMB29P) AppleWebKit/537.36 (KHTML, like Gecko) Chrome/129.0.6668.89 Mobile Safari/537.36 (compatible; Googlebot/2.1; +http://www.google.com/bot.html)"
66.249.64.64 - - [19/Oct/2024:08:30:48 -0400] "GET /wp-includes/js/jquery/ui/draggable.min.js?ver=1.13.3 HTTP/1.1" 200 4691 "https://thietke365.net/" "Mozilla/5.0 (Linux; Android 6.0.1; Nexus 5X Build/MMB29P) AppleWebKit/537.36 (KHTML, like Gecko) Chrome/129.0.6668.89 Mobile Safari/537.36 (compatible; Googlebot/2.1; +http://www.google.com/bot.html)"
66.249.64.64 - - [19/Oct/2024:08:30:48 -0400] "GET /wp-includes/js/jquery/jquery.ui.touch-punch.js?ver=0.2.2 HTTP/1.1" 200 509 "https://thietke365.net/" "Mozilla/5.0 (Linux; Android 6.0.1; Nexus 5X Build/MMB29P) AppleWebKit/537.36 (KHTML, like Gecko) Chrome/129.0.6668.89 Mobile Safari/537.36 (compatible; Googlebot/2.1; +http://www.google.com/bot.html)"
66.249.76.41 - - [19/Oct/2024:08:30:49 -0400] "GET /wp-admin/js/color-picker.min.js?ver=4.0.1 HTTP/1.1" 200 1064 "https://thietke365.net/" "Mozilla/5.0 (Linux; Android 6.0.1; Nexus 5X Build/MMB29P) AppleWebKit/537.36 (KHTML, like Gecko) Chrome/129.0.6668.89 Mobile Safari/537.36 (compatible; Googlebot/2.1; +http://www.google.com/bot.html)"
66.249.64.64 - - [19/Oct/2024:08:30:57 -0400] "GET / HTTP/1.1" 200 38610 "-" "Mozilla/5.0 (Linux; Android 6.0.1; Nexus 5X Build/MMB29P) AppleWebKit/537.36 (KHTML, like Gecko) Chrome/99.0.4844.84 Mobile Safari/537.36 (compatible; Googlebot/2.1; +http://www.google.com/bot.html)"
66.249.64.64 - - [19/Oct/2024:08:30:59 -0400] "GET / HTTP/1.1" 200 38514 "-" "Mozilla/5.0 (compatible; Googlebot/2.1; +http://www.google.com/bot.html)"
66.249.70.2 - - [19/Oct/2024:08:31:03 -0400] "GET / HTTP/1.1" 301 0 "-" "Mozilla/5.0 (Linux; Android 6.0.1; Nexus 5X Build/MMB29P) AppleWebKit/537.36 (KHTML, like Gecko) Chrome/99.0.4844.84 Mobile Safari/537.36 (compatible; Googlebot/2.1; +http://www.google.com/bot.html)"
66.249.64.64 - - [19/Oct/2024:08:31:03 -0400] "GET /wp-admin/css/color-picker.min.css?ver=6.6.2 HTTP/1.1" 200 752 "https://thietke365.net/" "Mozilla/5.0 AppleWebKit/537.36 (KHTML, like Gecko; compatible; Googlebot/2.1; +http://www.google.com/bot.html) Chrome/129.0.6668.89 Safari/537.36"
66.249.76.41 - - [19/Oct/2024:08:31:04 -0400] "GET /wp-content/themes/flatsome-child/thang.css?ver=6713a6844d0f3 HTTP/1.1" 200 17306 "https://thietke365.net/" "Mozilla/5.0 AppleWebKit/537.36 (KHTML, like Gecko; compatible; Googlebot/2.1; +http://www.google.com/bot.html) Chrome/129.0.6668.89 Safari/537.36"
66.249.76.41 - - [19/Oct/2024:08:31:05 -0400] "GET /wp-content/plugins/woocommerce/assets/js/js-cookie/js.cookie.min.js?ver=2.1.4-wc.8.0.2 HTTP/1.1" 200 893 "https://thietke365.net/" "Mozilla/5.0 AppleWebKit/537.36 (KHTML, like Gecko; compatible; Googlebot/2.1; +http://www.google.com/bot.html) Chrome/129.0.6668.89 Safari/537.36"
66.249.70.2 - - [19/Oct/2024:08:31:05 -0400] "GET / HTTP/1.1" 301 0 "-" "Mozilla/5.0 (compatible; Googlebot/2.1; +http://www.google.com/bot.html)"
66.249.64.64 - - [19/Oct/2024:08:31:06 -0400] "GET / HTTP/1.1" 200 38721 "-" "Mozilla/5.0 (Linux; Android 6.0.1; Nexus 5X Build/MMB29P) AppleWebKit/537.36 (KHTML, like Gecko) Chrome/99.0.4844.84 Mobile Safari/537.36 (compatible; Googlebot/2.1; +http://www.google.com/bot.html)"
66.249.64.64 - - [19/Oct/2024:08:31:07 -0400] "GET /wp-content/plugins/wp-bottom-menu/assets/css/style.css?ver=2.2.1 HTTP/1.1" 200 939 "https://thietke365.net/" "Mozilla/5.0 AppleWebKit/537.36 (KHTML, like Gecko; compatible; Googlebot/2.1; +http://www.google.com/bot.html) Chrome/129.0.6668.89 Safari/537.36"
66.249.76.41 - - [19/Oct/2024:08:31:08 -0400] "GET /wp-content/plugins/woocommerce/assets/js/frontend/add-to-cart.min.js?ver=8.0.2 HTTP/1.1" 200 972 "https://thietke365.net/" "Mozilla/5.0 AppleWebKit/537.36 (KHTML, like Gecko; compatible; Googlebot/2.1; +http://www.google.com/bot.html) Chrome/129.0.6668.89 Safari/537.36"
66.249.64.64 - - [19/Oct/2024:08:31:08 -0400] "GET /wp-content/plugins/woocommerce/assets/js/js-cookie/js.cookie.min.js?ver=2.1.4-wc.8.0.2 HTTP/1.1" 200 893 "https://thietke365.net/" "Mozilla/5.0 (Linux; Android 6.0.1; Nexus 5X Build/MMB29P) AppleWebKit/537.36 (KHTML, like Gecko) Chrome/129.0.6668.89 Mobile Safari/537.36 (compatible; Googlebot/2.1; +http://www.google.com/bot.html)"
66.249.64.64 - - [19/Oct/2024:08:31:09 -0400] "GET /wp-includes/js/jquery/ui/core.min.js?ver=1.13.3 HTTP/1.1" 200 6811 "https://thietke365.net/" "Mozilla/5.0 (Linux; Android 6.0.1; Nexus 5X Build/MMB29P) AppleWebKit/537.36 (KHTML, like Gecko) Chrome/129.0.6668.89 Mobile Safari/537.36 (compatible; Googlebot/2.1; +http://www.google.com/bot.html)"
66.249.76.41 - - [19/Oct/2024:08:31:10 -0400] "GET /wp-content/themes/flatsome-child/thang.css?ver=6713a68265435 HTTP/1.1" 200 17306 "https://thietke365.net/" "Mozilla/5.0 (Linux; Android 6.0.1; Nexus 5X Build/MMB29P) AppleWebKit/537.36 (KHTML, like Gecko) Chrome/129.0.6668.89 Mobile Safari/537.36 (compatible; Googlebot/2.1; +http://www.google.com/bot.html)"
66.249.64.64 - - [19/Oct/2024:08:31:12 -0400] "GET /wp-includes/js/underscore.min.js?ver=1.13.4 HTTP/1.1" 200 7179 "https://thietke365.net/" "Mozilla/5.0 AppleWebKit/537.36 (KHTML, like Gecko; compatible; Googlebot/2.1; +http://www.google.com/bot.html) Chrome/129.0.6668.89 Safari/537.36"
202.92.4.47 - - [19/Oct/2024:08:31:13 -0400] "GET /.well-known/acme-challenge/JW1AUYZU0GFJGCZV63TBLWHLG3MZON6N HTTP/1.1" 404 1251 "-" "Cpanel-HTTP-Client/1.0"
66.249.64.64 - - [19/Oct/2024:08:31:13 -0400] "GET / HTTP/1.1" 200 38582 "-" "Mozilla/5.0 (compatible; Googlebot/2.1; +http://www.google.com/bot.html)"
66.249.64.64 - - [19/Oct/2024:08:31:15 -0400] "GET /wp-admin/js/iris.min.js?ver=4.0.1 HTTP/1.1" 200 7724 "https://thietke365.net/" "Mozilla/5.0 AppleWebKit/537.36 (KHTML, like Gecko; compatible; Googlebot/2.1; +http://www.google.com/bot.html) Chrome/129.0.6668.89 Safari/537.36"
66.249.76.41 - - [19/Oct/2024:08:31:15 -0400] "GET /wp-content/themes/flatsome/assets/js/woocommerce.js?ver=7a63f7aa2c4bbf851812535d8e4e7958 HTTP/1.1" 200 5805 "https://thietke365.net/" "Mozilla/5.0 AppleWebKit/537.36 (KHTML, like Gecko; compatible; Googlebot/2.1; +http://www.google.com/bot.html) Chrome/129.0.6668.89 Safari/537.36"
66.249.64.64 - - [19/Oct/2024:08:31:16 -0400] "GET /wp-content/plugins/woocommerce/assets/js/frontend/add-to-cart-variation.min.js?ver=8.0.2 HTTP/1.1" 200 3472 "https://thietke365.net/" "Mozilla/5.0 AppleWebKit/537.36 (KHTML, like Gecko; compatible; Googlebot/2.1; +http://www.google.com/bot.html) Chrome/129.0.6668.89 Safari/537.36"
66.249.64.64 - - [19/Oct/2024:08:31:17 -0400] "GET /wp-admin/js/color-picker.min.js?ver=4.0.1 HTTP/1.1" 200 1064 "https://thietke365.net/" "Mozilla/5.0 (Linux; Android 6.0.1; Nexus 5X Build/MMB29P) AppleWebKit/537.36 (KHTML, like Gecko) Chrome/129.0.6668.89 Mobile Safari/537.36 (compatible; Googlebot/2.1; +http://www.google.com/bot.html)"
66.249.76.41 - - [19/Oct/2024:08:31:18 -0400] "GET /wp-includes/js/dist/vendor/wp-polyfill.min.js?ver=3.15.0 HTTP/1.1" 200 13501 "https://thietke365.net/" "Mozilla/5.0 (Linux; Android 6.0.1; Nexus 5X Build/MMB29P) AppleWebKit/537.36 (KHTML, like Gecko) Chrome/129.0.6668.89 Mobile Safari/537.36 (compatible; Googlebot/2.1; +http://www.google.com/bot.html)"
66.249.64.64 - - [19/Oct/2024:08:31:18 -0400] "GET /wp-content/plugins/yith-woocommerce-product-add-ons/assets/js/front.min.js?ver=4.0.1 HTTP/1.1" 200 9321 "https://thietke365.net/" "Mozilla/5.0 (Linux; Android 6.0.1; Nexus 5X Build/MMB29P) AppleWebKit/537.36 (KHTML, like Gecko) Chrome/129.0.6668.89 Mobile Safari/537.36 (compatible; Googlebot/2.1; +http://www.google.com/bot.html)"
66.249.76.41 - - [19/Oct/2024:08:31:19 -0400] "GET /wp-content/plugins/woocommerce/assets/js/frontend/add-to-cart-variation.min.js?ver=8.0.2 HTTP/1.1" 200 3472 "https://thietke365.net/" "Mozilla/5.0 (Linux; Android 6.0.1; Nexus 5X Build/MMB29P) AppleWebKit/537.36 (KHTML, like Gecko) Chrome/129.0.6668.89 Mobile Safari/537.36 (compatible; Googlebot/2.1; +http://www.google.com/bot.html)"
66.249.64.64 - - [19/Oct/2024:08:31:19 -0400] "GET /wp-content/themes/flatsome/assets/js/woocommerce.js?ver=7a63f7aa2c4bbf851812535d8e4e7958 HTTP/1.1" 200 5805 "https://thietke365.net/" "Mozilla/5.0 (Linux; Android 6.0.1; Nexus 5X Build/MMB29P) AppleWebKit/537.36 (KHTML, like Gecko) Chrome/129.0.6668.89 Mobile Safari/537.36 (compatible; Googlebot/2.1; +http://www.google.com/bot.html)"
66.249.64.64 - - [19/Oct/2024:08:31:20 -0400] "GET /wp-content/themes/flatsome-child/thang.css?ver=6713a691e357b HTTP/1.1" 200 17306 "https://thietke365.net/" "Mozilla/5.0 AppleWebKit/537.36 (KHTML, like Gecko; compatible; Googlebot/2.1; +http://www.google.com/bot.html) Chrome/129.0.6668.89 Safari/537.36"
66.249.76.41 - - [19/Oct/2024:08:31:22 -0400] "GET /wp-content/themes/flatsome-child/thang.css?ver=6713a68acec89 HTTP/1.1" 200 17306 "https://thietke365.net/" "Mozilla/5.0 (Linux; Android 6.0.1; Nexus 5X Build/MMB29P) AppleWebKit/537.36 (KHTML, like Gecko) Chrome/129.0.6668.89 Mobile Safari/537.36 (compatible; Googlebot/2.1; +http://www.google.com/bot.html)"
162.213.251.195 - - [19/Oct/2024:08:31:24 -0400] "POST /wp-cron.php?doing_wp_cron=1729341084.4730648994445800781250 HTTP/1.1" 200 0 "-" "WordPress/6.6.2; https://thietke365.net"
66.249.70.1 - - [19/Oct/2024:08:31:23 -0400] "GET / HTTP/1.1" 301 0 "-" "Mozilla/5.0 (compatible; Googlebot/2.1; +http://www.google.com/bot.html)"
202.92.4.47 - - [19/Oct/2024:08:31:25 -0400] "GET /.well-known/acme-challenge/99C4K5EVRBVXAIPM5XDRGVL-RIG-DXK3 HTTP/1.1" 404 1251 "-" "Cpanel-HTTP-Client/1.0"
66.249.64.64 - - [19/Oct/2024:08:31:25 -0400] "GET /wp-content/themes/flatsome-child/images/all_shortcut.svg HTTP/1.1" 200 10647 "https://thietke365.net/wp-content/themes/flatsome-child/thang.css?ver=6713a6844d0f3" "Mozilla/5.0 AppleWebKit/537.36 (KHTML, like Gecko; compatible; Googlebot/2.1; +http://www.google.com/bot.html) Chrome/129.0.6668.89 Safari/537.36"
66.249.76.227 - - [19/Oct/2024:08:31:26 -0400] "GET / HTTP/1.1" 301 0 "-" "Mozilla/5.0 (Linux; Android 6.0.1; Nexus 5X Build/MMB29P) AppleWebKit/537.36 (KHTML, like Gecko) Chrome/99.0.4844.84 Mobile Safari/537.36 (compatible; Googlebot/2.1; +http://www.google.com/bot.html)"
66.249.64.64 - - [19/Oct/2024:08:31:27 -0400] "GET / HTTP/1.1" 200 38550 "-" "Mozilla/5.0 (compatible; Googlebot/2.1; +http://www.google.com/bot.html)"
66.249.64.64 - - [19/Oct/2024:08:31:29 -0400] "GET / HTTP/1.1" 200 38669 "-" "Mozilla/5.0 (Linux; Android 6.0.1; Nexus 5X Build/MMB29P) AppleWebKit/537.36 (KHTML, like Gecko) Chrome/99.0.4844.84 Mobile Safari/537.36 (compatible; Googlebot/2.1; +http://www.google.com/bot.html)"
66.249.64.64 - - [19/Oct/2024:08:31:30 -0400] "GET /favicon.ico HTTP/1.1" 404 1251 "-" "Googlebot-Image/1.0"
66.249.76.41 - - [19/Oct/2024:08:31:31 -0400] "GET /wp-content/themes/flatsome-child/thang.css?ver=6713a6a1e4510 HTTP/1.1" 200 17306 "https://thietke365.net/" "Mozilla/5.0 (Linux; Android 6.0.1; Nexus 5X Build/MMB29P) AppleWebKit/537.36 (KHTML, like Gecko) Chrome/129.0.6668.89 Mobile Safari/537.36 (compatible; Googlebot/2.1; +http://www.google.com/bot.html)"
66.249.76.41 - - [19/Oct/2024:08:31:32 -0400] "GET /wp-content/themes/flatsome-child/thang.css?ver=6713a6a08b7f2 HTTP/1.1" 200 17306 "https://thietke365.net/" "Mozilla/5.0 AppleWebKit/537.36 (KHTML, like Gecko; compatible; Googlebot/2.1; +http://www.google.com/bot.html) Chrome/129.0.6668.89 Safari/537.36"
66.249.64.65 - - [19/Oct/2024:08:31:44 -0400] "GET /favicon.ico HTTP/1.1" 404 1251 "-" "Googlebot-Image/1.0"
162.213.251.195 - - [19/Oct/2024:08:36:46 -0400] "POST /wp-cron.php?doing_wp_cron=1729341406.3255178928375244140625 HTTP/1.1" 200 0 "-" "WordPress/6.6.2; https://thietke365.net"
87.120.114.208 - - [19/Oct/2024:08:36:42 -0400] "POST /wp-login.php HTTP/1.1" 200 3065 "-" "Mozilla/5.0"
162.213.251.195 - - [19/Oct/2024:09:02:20 -0400] "POST /wp-cron.php?doing_wp_cron=1729342940.3912448883056640625000 HTTP/1.1" 200 0 "-" "WordPress/6.6.2; https://thietke365.net"
117.33.163.216 - - [19/Oct/2024:09:02:09 -0400] "GET / HTTP/1.1" 200 38587 "http://thietke365.net" "Mozilla/5.0 (iPhone; CPU iPhone OS 13_2_3 like Mac OS X) AppleWebKit/605.1.15 (KHTML, like Gecko) Version/13.0.3 Mobile/15E148 Safari/604.1"
162.213.251.195 - - [19/Oct/2024:09:07:02 -0400] "POST /wp-cron.php?doing_wp_cron=1729343221.9350249767303466796875 HTTP/1.1" 200 0 "-" "WordPress/6.6.2; https://thietke365.net"
87.120.114.208 - - [19/Oct/2024:09:06:57 -0400] "POST /wp-login.php HTTP/1.1" 200 3065 "-" "Mozilla/5.0"
162.213.251.195 - - [19/Oct/2024:09:12:29 -0400] "POST /wp-cron.php?doing_wp_cron=1729343549.0769209861755371093750 HTTP/1.1" 200 0 "-" "WordPress/6.6.2; https://thietke365.net"
185.2.6.8 - - [19/Oct/2024:09:12:24 -0400] "GET /wp-json/wp/v2/users HTTP/1.1" 200 7698 "-" "Mozilla/5.0 (Windows NT 6.3; Win64; x64) AppleWebKit/537.36 (KHTML, like Gecko) Chrome/60.0.3112.113 Safari/537.36"
162.213.251.195 - - [19/Oct/2024:09:24:57 -0400] "POST /wp-cron.php?doing_wp_cron=1729344297.5514869689941406250000 HTTP/1.1" 200 0 "-" "WordPress/6.6.2; https://thietke365.net"
216.244.66.249 - - [19/Oct/2024:09:24:48 -0400] "GET /robots.txt HTTP/1.1" 200 111 "-" "Mozilla/5.0 (compatible; DotBot/1.2; +https://opensiteexplorer.org/dotbot; [email protected])"
162.213.251.195 - - [19/Oct/2024:09:27:38 -0400] "POST /wp-cron.php?doing_wp_cron=1729344457.7895390987396240234375 HTTP/1.1" 200 0 "-" "WordPress/6.6.2; https://thietke365.net"
209.38.99.228 - - [19/Oct/2024:09:27:33 -0400] "GET /wp-login.php HTTP/1.1" 200 2879 "http://thietke365.net/wp-login.php" "Mozilla/5.0 (X11; Ubuntu; Linux x86_64; rv:62.0) Gecko/20100101 Firefox/62.0"
209.38.99.228 - - [19/Oct/2024:09:27:41 -0400] "GET /?author=1 HTTP/1.1" 301 0 "http://thietke365.net///?author=1" "Mozilla/5.0 (X11; Ubuntu; Linux x86_64; rv:62.0) Gecko/20100101 Firefox/62.0"
209.38.99.228 - - [19/Oct/2024:09:27:42 -0400] "GET /author/admin/ HTTP/1.1" 200 30824 "https://thietke365.net/?author=1" "Mozilla/5.0 (X11; Ubuntu; Linux x86_64; rv:62.0) Gecko/20100101 Firefox/62.0"
209.38.99.228 - - [19/Oct/2024:09:27:49 -0400] "GET /wp-json/wp/v2/users/ HTTP/1.1" 200 7698 "http://thietke365.net///wp-json/wp/v2/users/" "Mozilla/5.0 (X11; Ubuntu; Linux x86_64; rv:62.0) Gecko/20100101 Firefox/62.0"
209.38.99.228 - - [19/Oct/2024:09:27:53 -0400] "GET /?author=2 HTTP/1.1" 404 12778 "http://thietke365.net///?author=2" "Mozilla/5.0 (X11; Ubuntu; Linux x86_64; rv:62.0) Gecko/20100101 Firefox/62.0"
216.244.66.249 - - [19/Oct/2024:09:28:16 -0400] "GET /san-pham/theme-wordpress-ban-giay-the-thao/ HTTP/1.1" 200 37622 "-" "Mozilla/5.0 (compatible; DotBot/1.2; +https://opensiteexplorer.org/dotbot; [email protected])"
162.213.251.195 - - [19/Oct/2024:09:28:30 -0400] "POST /wp-cron.php?doing_wp_cron=1729344509.6815578937530517578125 HTTP/1.1" 200 0 "-" "WordPress/6.6.2; https://thietke365.net"
216.244.66.249 - - [19/Oct/2024:09:28:29 -0400] "GET /san-pham/theme-wordpress-du-lich-09/ HTTP/1.1" 200 37719 "-" "Mozilla/5.0 (compatible; DotBot/1.2; +https://opensiteexplorer.org/dotbot; [email protected])"
216.244.66.249 - - [19/Oct/2024:09:28:47 -0400] "GET /san-pham/theme-wordpress-ban-camera/ HTTP/1.1" 200 37839 "-" "Mozilla/5.0 (compatible; DotBot/1.2; +https://opensiteexplorer.org/dotbot; [email protected])"
216.244.66.249 - - [19/Oct/2024:09:29:03 -0400] "GET /san-pham/theme-wordpress-bat-dong-san-22/ HTTP/1.1" 200 37219 "-" "Mozilla/5.0 (compatible; DotBot/1.2; +https://opensiteexplorer.org/dotbot; [email protected])"
162.213.251.195 - - [19/Oct/2024:09:37:34 -0400] "POST /wp-cron.php?doing_wp_cron=1729345054.5985410213470458984375 HTTP/1.1" 200 0 "-" "WordPress/6.6.2; https://thietke365.net"
87.120.114.208 - - [19/Oct/2024:09:37:27 -0400] "POST /wp-login.php HTTP/1.1" 200 3065 "-" "Mozilla/5.0"
66.249.64.65 - - [19/Oct/2024:10:04:16 -0400] "GET /wp-content/uploads/2023/10/nuochoa.jpg HTTP/1.1" 200 238375 "-" "Googlebot-Image/1.0"
162.213.251.195 - - [19/Oct/2024:10:05:34 -0400] "POST /wp-cron.php?doing_wp_cron=1729346734.1709148883819580078125 HTTP/1.1" 200 0 "-" "WordPress/6.6.2; https://thietke365.net"
2a00:1210:fffd:fff2::1:2 - - [19/Oct/2024:10:05:28 -0400] "GET /wp-login.php HTTP/1.1" 200 2887 "http://thietke365.net/wp-login.php" "Mozilla/5.0 (X11; Ubuntu; Linux x86_64; rv:62.0) Gecko/20100101 Firefox/62.0"
2a00:1210:fffd:fff2::1:2 - - [19/Oct/2024:10:05:35 -0400] "GET /?author=1 HTTP/1.1" 301 0 "http://thietke365.net///?author=1" "Mozilla/5.0 (X11; Ubuntu; Linux x86_64; rv:62.0) Gecko/20100101 Firefox/62.0"
2a00:1210:fffd:fff2::1:2 - - [19/Oct/2024:10:05:35 -0400] "GET /author/admin/ HTTP/1.1" 200 30959 "https://thietke365.net/?author=1" "Mozilla/5.0 (X11; Ubuntu; Linux x86_64; rv:62.0) Gecko/20100101 Firefox/62.0"
2a00:1210:fffd:fff2::1:2 - - [19/Oct/2024:10:05:37 -0400] "GET /wp-json/wp/v2/users/ HTTP/1.1" 200 7698 "http://thietke365.net///wp-json/wp/v2/users/" "Mozilla/5.0 (X11; Ubuntu; Linux x86_64; rv:62.0) Gecko/20100101 Firefox/62.0"
2a00:1210:fffd:fff2::1:2 - - [19/Oct/2024:10:05:39 -0400] "GET /?author=2 HTTP/1.1" 404 29142 "http://thietke365.net///?author=2" "Mozilla/5.0 (X11; Ubuntu; Linux x86_64; rv:62.0) Gecko/20100101 Firefox/62.0"
162.213.251.195 - - [19/Oct/2024:10:07:58 -0400] "POST /wp-cron.php?doing_wp_cron=1729346877.8940629959106445312500 HTTP/1.1" 200 0 "-" "WordPress/6.6.2; https://thietke365.net"
87.120.114.208 - - [19/Oct/2024:10:07:55 -0400] "POST /wp-login.php HTTP/1.1" 200 3075 "-" "Mozilla/5.0"
162.213.251.195 - - [19/Oct/2024:10:20:39 -0400] "POST /wp-cron.php?doing_wp_cron=1729347638.4474089145660400390625 HTTP/1.1" 200 0 "-" "WordPress/6.6.2; https://thietke365.net"
66.249.76.37 - - [19/Oct/2024:10:20:22 -0400] "GET /main HTTP/1.1" 404 29041 "-" "Mozilla/5.0 (Linux; Android 6.0.1; Nexus 5X Build/MMB29P) AppleWebKit/537.36 (KHTML, like Gecko) Chrome/129.0.6668.89 Mobile Safari/537.36 (compatible; Googlebot/2.1; +http://www.google.com/bot.html)"
162.213.251.195 - - [19/Oct/2024:10:24:46 -0400] "POST /wp-cron.php?doing_wp_cron=1729347886.0765390396118164062500 HTTP/1.1" 200 0 "-" "WordPress/6.6.2; https://thietke365.net"
66.249.76.39 - - [19/Oct/2024:10:24:41 -0400] "GET /ITzpjWVSeeYj HTTP/1.1" 404 29143 "-" "Mozilla/5.0 (Linux; Android 6.0.1; Nexus 5X Build/MMB29P) AppleWebKit/537.36 (KHTML, like Gecko) Chrome/129.0.6668.89 Mobile Safari/537.36 (compatible; Googlebot/2.1; +http://www.google.com/bot.html)"
162.213.251.195 - - [19/Oct/2024:10:38:47 -0400] "POST /wp-cron.php?doing_wp_cron=1729348727.1655399799346923828125 HTTP/1.1" 200 0 "-" "WordPress/6.6.2; https://thietke365.net"
87.120.114.208 - - [19/Oct/2024:10:38:39 -0400] "POST /wp-login.php HTTP/1.1" 200 3065 "-" "Mozilla/5.0"
162.213.251.195 - - [19/Oct/2024:10:41:45 -0400] "POST /wp-cron.php?doing_wp_cron=1729348905.1942689418792724609375 HTTP/1.1" 200 0 "-" "WordPress/6.6.2; https://thietke365.net"
66.175.239.195 - - [19/Oct/2024:10:41:41 -0400] "GET /wp-login.php HTTP/1.1" 200 2879 "http://thietke365.net/wp-login.php" "Mozilla/5.0 (X11; Ubuntu; Linux x86_64; rv:62.0) Gecko/20100101 Firefox/62.0"
66.175.239.195 - - [19/Oct/2024:10:41:46 -0400] "GET /?author=1 HTTP/1.1" 301 0 "http://thietke365.net///?author=1" "Mozilla/5.0 (X11; Ubuntu; Linux x86_64; rv:62.0) Gecko/20100101 Firefox/62.0"
66.175.239.195 - - [19/Oct/2024:10:41:46 -0400] "GET /author/admin/ HTTP/1.1" 200 30884 "https://thietke365.net/?author=1" "Mozilla/5.0 (X11; Ubuntu; Linux x86_64; rv:62.0) Gecko/20100101 Firefox/62.0"
66.175.239.195 - - [19/Oct/2024:10:41:48 -0400] "GET /wp-json/wp/v2/users/ HTTP/1.1" 200 7698 "http://thietke365.net///wp-json/wp/v2/users/" "Mozilla/5.0 (X11; Ubuntu; Linux x86_64; rv:62.0) Gecko/20100101 Firefox/62.0"
66.175.239.195 - - [19/Oct/2024:10:41:50 -0400] "GET /?author=2 HTTP/1.1" 404 9431 "http://thietke365.net///?author=2" "Mozilla/5.0 (X11; Ubuntu; Linux x86_64; rv:62.0) Gecko/20100101 Firefox/62.0"
162.213.251.195 - - [19/Oct/2024:10:50:24 -0400] "POST /wp-cron.php?doing_wp_cron=1729349424.5439920425415039062500 HTTP/1.1" 200 0 "-" "WordPress/6.6.2; https://thietke365.net"
66.249.76.43 - - [19/Oct/2024:10:50:17 -0400] "GET /PDkuNSvvX HTTP/1.1" 404 29169 "-" "Mozilla/5.0 (Linux; Android 6.0.1; Nexus 5X Build/MMB29P) AppleWebKit/537.36 (KHTML, like Gecko) Chrome/129.0.6668.89 Mobile Safari/537.36 (compatible; Googlebot/2.1; +http://www.google.com/bot.html)"
162.213.251.195 - - [19/Oct/2024:11:08:16 -0400] "POST /wp-cron.php?doing_wp_cron=1729350495.5939600467681884765625 HTTP/1.1" 200 0 "-" "WordPress/6.6.2; https://thietke365.net"
216.244.66.249 - - [19/Oct/2024:11:08:00 -0400] "GET /robots.txt HTTP/1.1" 200 111 "-" "Mozilla/5.0 (compatible; DotBot/1.2; +https://opensiteexplorer.org/dotbot; [email protected])"
162.213.251.195 - - [19/Oct/2024:11:09:23 -0400] "POST /wp-cron.php?doing_wp_cron=1729350563.4007349014282226562500 HTTP/1.1" 200 0 "-" "WordPress/6.6.2; https://thietke365.net"
87.120.114.208 - - [19/Oct/2024:11:09:22 -0400] "POST /wp-login.php HTTP/1.1" 200 3065 "-" "Mozilla/5.0"
162.213.251.195 - - [19/Oct/2024:11:11:18 -0400] "POST /wp-cron.php?doing_wp_cron=1729350678.2496430873870849609375 HTTP/1.1" 200 0 "-" "WordPress/6.6.2; https://thietke365.net"
216.244.66.249 - - [19/Oct/2024:11:11:12 -0400] "GET /san-pham/theme-wordpress-bat-dong-san-14/ HTTP/1.1" 200 37416 "-" "Mozilla/5.0 (compatible; DotBot/1.2; +https://opensiteexplorer.org/dotbot; [email protected])"
162.213.251.195 - - [19/Oct/2024:11:11:26 -0400] "POST /wp-cron.php?doing_wp_cron=1729350686.0586950778961181640625 HTTP/1.1" 200 0 "-" "WordPress/6.6.2; https://thietke365.net"
216.244.66.249 - - [19/Oct/2024:11:11:25 -0400] "GET /san-pham/theme-wordpress-bat-dong-san-20/ HTTP/1.1" 200 37300 "-" "Mozilla/5.0 (compatible; DotBot/1.2; +https://opensiteexplorer.org/dotbot; [email protected])"
216.244.66.249 - - [19/Oct/2024:11:11:58 -0400] "GET /san-pham/theme-wordpress-my-pham-07/ HTTP/1.1" 200 37865 "-" "Mozilla/5.0 (compatible; DotBot/1.2; +https://opensiteexplorer.org/dotbot; [email protected])"
162.213.251.195 - - [19/Oct/2024:11:26:14 -0400] "POST /wp-cron.php?doing_wp_cron=1729351573.6389710903167724609375 HTTP/1.1" 200 0 "-" "WordPress/6.6.2; https://thietke365.net"
216.244.66.249 - - [19/Oct/2024:11:25:58 -0400] "GET /bootstrap-la-gi/ HTTP/1.1" 200 33484 "-" "Mozilla/5.0 (compatible; DotBot/1.2; +https://opensiteexplorer.org/dotbot; [email protected])"
162.213.251.195 - - [19/Oct/2024:11:28:07 -0400] "POST /wp-cron.php?doing_wp_cron=1729351687.4080750942230224609375 HTTP/1.1" 200 0 "-" "WordPress/6.6.2; https://thietke365.net"
66.249.70.3 - - [19/Oct/2024:11:28:03 -0400] "GET /.well-known/security.txt HTTP/1.1" 301 0 "-" "Mozilla/5.0 (Linux; Android 6.0.1; Nexus 5X Build/MMB29P) AppleWebKit/537.36 (KHTML, like Gecko) Chrome/129.0.6668.89 Mobile Safari/537.36 (compatible; Googlebot/2.1; +http://www.google.com/bot.html)"
66.249.76.38 - - [19/Oct/2024:11:28:08 -0400] "GET /robots.txt HTTP/1.1" 200 111 "-" "Mozilla/5.0 (compatible; Googlebot/2.1; +http://www.google.com/bot.html)"
66.249.64.69 - - [19/Oct/2024:11:28:09 -0400] "GET /.well-known/security.txt HTTP/1.1" 404 29116 "-" "Mozilla/5.0 (Linux; Android 6.0.1; Nexus 5X Build/MMB29P) AppleWebKit/537.36 (KHTML, like Gecko) Chrome/129.0.6668.89 Mobile Safari/537.36 (compatible; Googlebot/2.1; +http://www.google.com/bot.html)"
162.213.251.195 - - [19/Oct/2024:11:30:11 -0400] "POST /wp-cron.php?doing_wp_cron=1729351811.2486639022827148437500 HTTP/1.1" 200 0 "-" "WordPress/6.6.2; https://thietke365.net"
66.249.64.69 - - [19/Oct/2024:11:30:07 -0400] "GET /sitemap.php HTTP/1.1" 404 29164 "-" "Mozilla/5.0 (Linux; Android 6.0.1; Nexus 5X Build/MMB29P) AppleWebKit/537.36 (KHTML, like Gecko) Chrome/129.0.6668.89 Mobile Safari/537.36 (compatible; Googlebot/2.1; +http://www.google.com/bot.html)"
162.213.251.195 - - [19/Oct/2024:11:32:40 -0400] "POST /wp-cron.php?doing_wp_cron=1729351959.7629759311676025390625 HTTP/1.1" 200 0 "-" "WordPress/6.6.2; https://thietke365.net"
45.94.31.77 - - [19/Oct/2024:11:32:31 -0400] "GET / HTTP/1.1" 200 38582 "-" "Mozilla/5.0 (Windows NT 10.0; Win64; x64) AppleWebKit/537.36 (KHTML, like Gecko) Chrome/89.0.4389.114 Safari/537.36"
45.94.31.77 - - [19/Oct/2024:11:32:42 -0400] "GET //wp-includes/wlwmanifest.xml HTTP/1.1" 301 0 "-" "Mozilla/5.0 (Windows NT 10.0; Win64; x64) AppleWebKit/537.36 (KHTML, like Gecko) Chrome/89.0.4389.114 Safari/537.36"
45.94.31.77 - - [19/Oct/2024:11:32:43 -0400] "GET / HTTP/1.1" 200 38639 "-" "Mozilla/5.0 (Windows NT 10.0; Win64; x64) AppleWebKit/537.36 (KHTML, like Gecko) Chrome/89.0.4389.114 Safari/537.36"
45.94.31.77 - - [19/Oct/2024:11:32:45 -0400] "GET //?author=1 HTTP/1.1" 301 0 "-" "Mozilla/5.0 (Windows NT 10.0; Win64; x64) AppleWebKit/537.36 (KHTML, like Gecko) Chrome/89.0.4389.114 Safari/537.36"
45.94.31.77 - - [19/Oct/2024:11:32:46 -0400] "GET //?author=2 HTTP/1.1" 301 0 "-" "Mozilla/5.0 (Windows NT 10.0; Win64; x64) AppleWebKit/537.36 (KHTML, like Gecko) Chrome/89.0.4389.114 Safari/537.36"
45.94.31.77 - - [19/Oct/2024:11:32:47 -0400] "GET //?author=3 HTTP/1.1" 301 0 "-" "Mozilla/5.0 (Windows NT 10.0; Win64; x64) AppleWebKit/537.36 (KHTML, like Gecko) Chrome/89.0.4389.114 Safari/537.36"
45.94.31.77 - - [19/Oct/2024:11:32:48 -0400] "GET //wp-json/wp/v2/users/ HTTP/1.1" 200 7698 "-" "Mozilla/5.0 (Windows NT 10.0; Win64; x64) AppleWebKit/537.36 (KHTML, like Gecko) Chrome/89.0.4389.114 Safari/537.36"
66.249.76.42 - - [19/Oct/2024:11:33:13 -0400] "GET /ads.txt HTTP/1.1" 404 29168 "-" "Mozilla/5.0 (Linux; Android 6.0.1; Nexus 5X Build/MMB29P) AppleWebKit/537.36 (KHTML, like Gecko) Chrome/129.0.6668.89 Mobile Safari/537.36 (compatible; Googlebot/2.1; +http://www.google.com/bot.html)"
202.92.4.47 - - [19/Oct/2024:11:34:51 -0400] "GET /.well-known/acme-challenge/NDOG0BM0-1DBQUOIWBFZAT0WSJHHXHYP HTTP/1.1" 404 1251 "-" "Cpanel-HTTP-Client/1.0"
202.92.4.47 - - [19/Oct/2024:11:34:59 -0400] "GET /.well-known/acme-challenge/8CSZCT_ZOMD2U6D8U9RV1J2O7NPMHZK_ HTTP/1.1" 404 1251 "-" "Cpanel-HTTP-Client/1.0"
162.213.251.195 - - [19/Oct/2024:11:39:31 -0400] "POST /wp-cron.php?doing_wp_cron=1729352370.8288769721984863281250 HTTP/1.1" 200 0 "-" "WordPress/6.6.2; https://thietke365.net"
66.249.76.38 - - [19/Oct/2024:11:39:20 -0400] "GET /zoKxaAoCk HTTP/1.1" 404 29100 "-" "Mozilla/5.0 (Linux; Android 6.0.1; Nexus 5X Build/MMB29P) AppleWebKit/537.36 (KHTML, like Gecko) Chrome/129.0.6668.89 Mobile Safari/537.36 (compatible; Googlebot/2.1; +http://www.google.com/bot.html)"
87.120.114.208 - - [19/Oct/2024:11:39:38 -0400] "POST /wp-login.php HTTP/1.1" 200 3065 "-" "Mozilla/5.0"
162.213.251.195 - - [19/Oct/2024:11:45:54 -0400] "POST /wp-cron.php?doing_wp_cron=1729352754.1301550865173339843750 HTTP/1.1" 200 0 "-" "WordPress/6.6.2; https://thietke365.net"
66.249.76.39 - - [19/Oct/2024:11:45:41 -0400] "GET /humans.txt HTTP/1.1" 404 29045 "-" "Mozilla/5.0 (Linux; Android 6.0.1; Nexus 5X Build/MMB29P) AppleWebKit/537.36 (KHTML, like Gecko) Chrome/129.0.6668.89 Mobile Safari/537.36 (compatible; Googlebot/2.1; +http://www.google.com/bot.html)"
162.213.251.195 - - [19/Oct/2024:12:06:05 -0400] "POST /wp-cron.php?doing_wp_cron=1729353965.6382329463958740234375 HTTP/1.1" 200 0 "-" "WordPress/6.6.2; https://thietke365.net"
216.244.66.249 - - [19/Oct/2024:12:05:59 -0400] "GET /san-pham/theme-wordpress-ban-keo-mo/ HTTP/1.1" 200 37878 "-" "Mozilla/5.0 (compatible; DotBot/1.2; +https://opensiteexplorer.org/dotbot; [email protected])"
162.213.251.195 - - [19/Oct/2024:12:06:38 -0400] "POST /wp-cron.php?doing_wp_cron=1729353998.1446659564971923828125 HTTP/1.1" 200 0 "-" "WordPress/6.6.2; https://thietke365.net"
216.244.66.249 - - [19/Oct/2024:12:06:37 -0400] "GET /san-pham/theme-wordpress-ban-sach-online/ HTTP/1.1" 200 37738 "-" "Mozilla/5.0 (compatible; DotBot/1.2; +https://opensiteexplorer.org/dotbot; [email protected])"
216.244.66.249 - - [19/Oct/2024:12:07:08 -0400] "GET /san-pham/theme-wordpress-ban-tra-sua-02/ HTTP/1.1" 200 37878 "-" "Mozilla/5.0 (compatible; DotBot/1.2; +https://opensiteexplorer.org/dotbot; [email protected])"
87.120.114.208 - - [19/Oct/2024:12:10:10 -0400] "POST /wp-login.php HTTP/1.1" 200 3065 "-" "Mozilla/5.0"
162.213.251.195 - - [19/Oct/2024:12:10:19 -0400] "POST /wp-cron.php?doing_wp_cron=1729354218.6540389060974121093750 HTTP/1.1" 200 0 "-" "WordPress/6.6.2; https://thietke365.net"
162.213.251.195 - - [19/Oct/2024:12:11:01 -0400] "POST /wp-cron.php?doing_wp_cron=1729354261.0047919750213623046875 HTTP/1.1" 200 0 "-" "WordPress/6.6.2; https://thietke365.net"
216.244.66.249 - - [19/Oct/2024:12:11:00 -0400] "GET /cach-kiem-tra-website-lua-dao/feed/ HTTP/1.1" 200 478 "-" "Mozilla/5.0 (compatible; DotBot/1.2; +https://opensiteexplorer.org/dotbot; [email protected])"
162.213.251.195 - - [19/Oct/2024:12:21:19 -0400] "POST /wp-cron.php?doing_wp_cron=1729354878.7552180290222167968750 HTTP/1.1" 200 0 "-" "WordPress/6.6.2; https://thietke365.net"
66.249.64.64 - - [19/Oct/2024:12:21:11 -0400] "GET /w.php HTTP/1.1" 404 29119 "-" "Mozilla/5.0 (Linux; Android 6.0.1; Nexus 5X Build/MMB29P) AppleWebKit/537.36 (KHTML, like Gecko) Chrome/129.0.6668.89 Mobile Safari/537.36 (compatible; GoogleOther)"
162.213.251.195 - - [19/Oct/2024:12:22:30 -0400] "POST /wp-cron.php?doing_wp_cron=1729354950.3606851100921630859375 HTTP/1.1" 200 0 "-" "WordPress/6.6.2; https://thietke365.net"
66.249.64.66 - - [19/Oct/2024:12:22:29 -0400] "GET /wp-admin/js/about.php7 HTTP/1.1" 404 29167 "-" "Mozilla/5.0 (Linux; Android 6.0.1; Nexus 5X Build/MMB29P) AppleWebKit/537.36 (KHTML, like Gecko) Chrome/129.0.6668.89 Mobile Safari/537.36 (compatible; GoogleOther)"
162.213.251.195 - - [19/Oct/2024:12:26:23 -0400] "POST /wp-cron.php?doing_wp_cron=1729355183.4071950912475585937500 HTTP/1.1" 200 0 "-" "WordPress/6.6.2; https://thietke365.net"
66.249.76.41 - - [19/Oct/2024:12:26:18 -0400] "GET /home HTTP/1.1" 404 29152 "-" "Mozilla/5.0 (Linux; Android 6.0.1; Nexus 5X Build/MMB29P) AppleWebKit/537.36 (KHTML, like Gecko) Chrome/129.0.6668.89 Mobile Safari/537.36 (compatible; Googlebot/2.1; +http://www.google.com/bot.html)"
66.249.64.64 - - [19/Oct/2024:12:26:17 -0400] "GET /roots.php HTTP/1.1" 404 29125 "-" "Mozilla/5.0 (Linux; Android 6.0.1; Nexus 5X Build/MMB29P) AppleWebKit/537.36 (KHTML, like Gecko) Chrome/129.0.6668.89 Mobile Safari/537.36 (compatible; Googlebot/2.1; +http://www.google.com/bot.html)"
66.249.70.2 - - [19/Oct/2024:12:26:24 -0400] "GET /humans.txt HTTP/1.1" 301 0 "-" "Mozilla/5.0 (Linux; Android 6.0.1; Nexus 5X Build/MMB29P) AppleWebKit/537.36 (KHTML, like Gecko) Chrome/129.0.6668.89 Mobile Safari/537.36 (compatible; Googlebot/2.1; +http://www.google.com/bot.html)"
66.249.64.64 - - [19/Oct/2024:12:26:24 -0400] "GET /wp-content/patior/ HTTP/1.1" 404 29176 "-" "Mozilla/5.0 (Linux; Android 6.0.1; Nexus 5X Build/MMB29P) AppleWebKit/537.36 (KHTML, like Gecko) Chrome/129.0.6668.89 Mobile Safari/537.36 (compatible; Googlebot/2.1; +http://www.google.com/bot.html)"
66.249.76.41 - - [19/Oct/2024:12:26:25 -0400] "GET /wsi.php HTTP/1.1" 404 29179 "-" "Mozilla/5.0 (Linux; Android 6.0.1; Nexus 5X Build/MMB29P) AppleWebKit/537.36 (KHTML, like Gecko) Chrome/129.0.6668.89 Mobile Safari/537.36 (compatible; Googlebot/2.1; +http://www.google.com/bot.html)"
66.249.64.65 - - [19/Oct/2024:12:26:26 -0400] "GET /w.php HTTP/1.1" 404 29142 "-" "Mozilla/5.0 (Linux; Android 6.0.1; Nexus 5X Build/MMB29P) AppleWebKit/537.36 (KHTML, like Gecko) Chrome/129.0.6668.89 Mobile Safari/537.36 (compatible; Googlebot/2.1; +http://www.google.com/bot.html)"
66.249.64.65 - - [19/Oct/2024:12:26:26 -0400] "GET /0byte.php HTTP/1.1" 404 29017 "-" "Mozilla/5.0 (Linux; Android 6.0.1; Nexus 5X Build/MMB29P) AppleWebKit/537.36 (KHTML, like Gecko) Chrome/129.0.6668.89 Mobile Safari/537.36 (compatible; Googlebot/2.1; +http://www.google.com/bot.html)"
66.249.76.41 - - [19/Oct/2024:12:26:27 -0400] "GET /newsleter.php HTTP/1.1" 404 29186 "-" "Mozilla/5.0 (Linux; Android 6.0.1; Nexus 5X Build/MMB29P) AppleWebKit/537.36 (KHTML, like Gecko) Chrome/129.0.6668.89 Mobile Safari/537.36 (compatible; Googlebot/2.1; +http://www.google.com/bot.html)"
162.213.251.195 - - [19/Oct/2024:12:28:11 -0400] "POST /wp-cron.php?doing_wp_cron=1729355291.3307271003723144531250 HTTP/1.1" 200 0 "-" "WordPress/6.6.2; https://thietke365.net"
66.249.64.64 - - [19/Oct/2024:12:28:07 -0400] "GET /css/install.php HTTP/1.1" 404 29082 "-" "Mozilla/5.0 (Linux; Android 6.0.1; Nexus 5X Build/MMB29P) AppleWebKit/537.36 (KHTML, like Gecko) Chrome/129.0.6668.89 Mobile Safari/537.36 (compatible; GoogleOther)"
66.249.76.41 - - [19/Oct/2024:12:28:13 -0400] "GET /roots.php HTTP/1.1" 404 29070 "-" "Mozilla/5.0 (Linux; Android 6.0.1; Nexus 5X Build/MMB29P) AppleWebKit/537.36 (KHTML, like Gecko) Chrome/129.0.6668.89 Mobile Safari/537.36 (compatible; GoogleOther)"
162.213.251.195 - - [19/Oct/2024:12:28:26 -0400] "POST /wp-cron.php?doing_wp_cron=1729355305.7221579551696777343750 HTTP/1.1" 200 0 "-" "WordPress/6.6.2; https://thietke365.net"
66.249.76.41 - - [19/Oct/2024:12:28:25 -0400] "GET /wp-content/patior/ HTTP/1.1" 404 29059 "-" "Mozilla/5.0 (Linux; Android 6.0.1; Nexus 5X Build/MMB29P) AppleWebKit/537.36 (KHTML, like Gecko) Chrome/129.0.6668.89 Mobile Safari/537.36 (compatible; GoogleOther)"
162.213.251.195 - - [19/Oct/2024:12:32:41 -0400] "POST /wp-cron.php?doing_wp_cron=1729355560.4197680950164794921875 HTTP/1.1" 200 0 "-" "WordPress/6.6.2; https://thietke365.net"
66.249.64.66 - - [19/Oct/2024:12:32:28 -0400] "GET /www.php HTTP/1.1" 404 29304 "-" "Mozilla/5.0 (Linux; Android 6.0.1; Nexus 5X Build/MMB29P) AppleWebKit/537.36 (KHTML, like Gecko) Chrome/129.0.6668.89 Mobile Safari/537.36 (compatible; Googlebot/2.1; +http://www.google.com/bot.html)"
162.213.251.195 - - [19/Oct/2024:12:35:15 -0400] "POST /wp-cron.php?doing_wp_cron=1729355714.9009490013122558593750 HTTP/1.1" 200 0 "-" "WordPress/6.6.2; https://thietke365.net"
66.249.76.42 - - [19/Oct/2024:12:35:03 -0400] "GET /wwos.php HTTP/1.1" 404 29097 "-" "Mozilla/5.0 (Linux; Android 6.0.1; Nexus 5X Build/MMB29P) AppleWebKit/537.36 (KHTML, like Gecko) Chrome/129.0.6668.89 Mobile Safari/537.36 (compatible; GoogleOther)"
162.213.251.195 - - [19/Oct/2024:12:37:46 -0400] "POST /wp-cron.php?doing_wp_cron=1729355866.0939540863037109375000 HTTP/1.1" 200 0 "-" "WordPress/6.6.2; https://thietke365.net"
162.213.251.195 - - [19/Oct/2024:12:37:46 -0400] "POST /wp-cron.php?doing_wp_cron=1729355866.0932879447937011718750 HTTP/1.1" 200 0 "-" "WordPress/6.6.2; https://thietke365.net"
66.249.76.227 - - [19/Oct/2024:12:37:43 -0400] "GET /security.txt HTTP/1.1" 301 0 "-" "Mozilla/5.0 (Linux; Android 6.0.1; Nexus 5X Build/MMB29P) AppleWebKit/537.36 (KHTML, like Gecko) Chrome/129.0.6668.89 Mobile Safari/537.36 (compatible; Googlebot/2.1; +http://www.google.com/bot.html)"
66.249.70.7 - - [19/Oct/2024:12:37:42 -0400] "GET /robots.txt HTTP/1.1" 301 0 "-" "Mozilla/5.0 (compatible; Googlebot/2.1; +http://www.google.com/bot.html)"
66.249.64.71 - - [19/Oct/2024:12:37:46 -0400] "GET /robots.txt HTTP/1.1" 200 111 "-" "Mozilla/5.0 (compatible; Googlebot/2.1; +http://www.google.com/bot.html)"
66.249.64.70 - - [19/Oct/2024:12:37:46 -0400] "GET /security.txt HTTP/1.1" 404 29207 "-" "Mozilla/5.0 (Linux; Android 6.0.1; Nexus 5X Build/MMB29P) AppleWebKit/537.36 (KHTML, like Gecko) Chrome/129.0.6668.89 Mobile Safari/537.36 (compatible; Googlebot/2.1; +http://www.google.com/bot.html)"
162.213.251.195 - - [19/Oct/2024:12:38:29 -0400] "POST /wp-cron.php?doing_wp_cron=1729355909.3465440273284912109375 HTTP/1.1" 200 0 "-" "WordPress/6.6.2; https://thietke365.net"
66.249.64.70 - - [19/Oct/2024:12:38:28 -0400] "GET /root.php HTTP/1.1" 404 29175 "-" "Mozilla/5.0 (Linux; Android 6.0.1; Nexus 5X Build/MMB29P) AppleWebKit/537.36 (KHTML, like Gecko) Chrome/129.0.6668.89 Mobile Safari/537.36 (compatible; Googlebot/2.1; +http://www.google.com/bot.html)"
162.213.251.195 - - [19/Oct/2024:12:40:31 -0400] "POST /wp-cron.php?doing_wp_cron=1729356031.3209021091461181640625 HTTP/1.1" 200 0 "-" "WordPress/6.6.2; https://thietke365.net"
87.120.114.208 - - [19/Oct/2024:12:40:28 -0400] "POST /wp-login.php HTTP/1.1" 200 3065 "-" "Mozilla/5.0"
162.213.251.195 - - [19/Oct/2024:12:44:32 -0400] "POST /wp-cron.php?doing_wp_cron=1729356272.0985469818115234375000 HTTP/1.1" 200 0 "-" "WordPress/6.6.2; https://thietke365.net"
