92.205.185.112 - - [20/Oct/2024:00:30:07 -0400] "POST /xmlrpc.php HTTP/1.1" 200 237 "-" "Mozilla/5.0 (X11; Fedora; Linux x86_64; rv:94.0) Gecko/20100101 Firefox/95.0"
162.213.251.195 - - [20/Oct/2024:00:33:47 -0400] "POST /wp-cron.php?doing_wp_cron=1729398827.0209469795227050781250 HTTP/1.1" 200 0 "-" "WordPress/6.6.2; https://thietke365.net"
66.249.70.7 - - [20/Oct/2024:00:33:44 -0400] "GET /alfresco/faces/jsp/dashboards/container.jsp HTTP/1.1" 301 0 "-" "Mozilla/5.0 (Linux; Android 6.0.1; Nexus 5X Build/MMB29P) AppleWebKit/537.36 (KHTML, like Gecko) Chrome/129.0.6668.89 Mobile Safari/537.36 (compatible; Googlebot/2.1; +http://www.google.com/bot.html)"
66.249.76.42 - - [20/Oct/2024:00:33:48 -0400] "GET /alfresco/faces/jsp/dashboards/container.jsp HTTP/1.1" 404 29131 "-" "Mozilla/5.0 (Linux; Android 6.0.1; Nexus 5X Build/MMB29P) AppleWebKit/537.36 (KHTML, like Gecko) Chrome/129.0.6668.89 Mobile Safari/537.36 (compatible; Googlebot/2.1; +http://www.google.com/bot.html)"
137.184.235.67 - - [20/Oct/2024:00:35:54 -0400] "POST /xmlrpc.php HTTP/1.1" 200 237 "-" "Mozilla/5.0 (X11; Fedora; Linux x86_64; rv:94.0) Gecko/20100101 Firefox/95.0"
162.213.251.195 - - [20/Oct/2024:00:36:00 -0400] "POST /wp-cron.php?doing_wp_cron=1729398958.5268399715423583984375 HTTP/1.1" 200 0 "-" "WordPress/6.6.2; https://thietke365.net"
162.213.251.195 - - [20/Oct/2024:00:41:23 -0400] "POST /wp-cron.php?doing_wp_cron=1729399282.8884201049804687500000 HTTP/1.1" 200 0 "-" "WordPress/6.6.2; https://thietke365.net"
87.120.114.208 - - [20/Oct/2024:00:41:18 -0400] "POST /wp-login.php HTTP/1.1" 200 3065 "-" "Mozilla/5.0"
17.241.227.54 - - [20/Oct/2024:00:41:36 -0400] "GET /san-pham/theme-wordpress-landing-page-phan-mem-ung-dung/ HTTP/1.1" 200 37908 "-" "Mozilla/5.0 (Macintosh; Intel Mac OS X 10_15_7) AppleWebKit/605.1.15 (KHTML, like Gecko) Version/17.4 Safari/605.1.15 (Applebot/0.1; +http://www.apple.com/go/applebot)"
159.223.128.146 - - [20/Oct/2024:00:41:53 -0400] "POST /xmlrpc.php HTTP/1.1" 200 237 "-" "Mozilla/5.0 (X11; Gentoo; Linux x86_64; rv:91.0) Gecko/20100101 Firefox/91.0"
66.249.76.42 - - [20/Oct/2024:00:43:10 -0400] "GET /update.php HTTP/1.1" 404 29169 "-" "Mozilla/5.0 (Linux; Android 6.0.1; Nexus 5X Build/MMB29P) AppleWebKit/537.36 (KHTML, like Gecko) Chrome/129.0.6668.89 Mobile Safari/537.36 (compatible; GoogleOther)"
17.241.227.43 - - [20/Oct/2024:00:43:39 -0400] "GET /wp-content/themes/flatsome-child/thang.css?ver=67148a009470e HTTP/1.1" 200 17306 "https://thietke365.net/san-pham/theme-wordpress-landing-page-phan-mem-ung-dung/" "Mozilla/5.0 (Macintosh; Intel Mac OS X 10_15_7) AppleWebKit/605.1.15 (KHTML, like Gecko) Version/17.4 Safari/605.1.15 (Applebot/0.1; +http://www.apple.com/go/applebot)"
162.213.251.195 - - [20/Oct/2024:00:48:06 -0400] "POST /wp-cron.php?doing_wp_cron=1729399685.6820650100708007812500 HTTP/1.1" 200 0 "-" "WordPress/6.6.2; https://thietke365.net"
200.105.141.150 - - [20/Oct/2024:00:47:57 -0400] "POST /xmlrpc.php HTTP/1.1" 200 237 "-" "Mozilla/5.0 (X11; Fedora; Linux x86_64; rv:94.0) Gecko/20100101 Firefox/95.0"
162.213.251.195 - - [20/Oct/2024:00:54:01 -0400] "POST /wp-cron.php?doing_wp_cron=1729400040.6441540718078613281250 HTTP/1.1" 200 0 "-" "WordPress/6.6.2; https://thietke365.net"
146.190.97.51 - - [20/Oct/2024:00:53:50 -0400] "POST /xmlrpc.php HTTP/1.1" 200 237 "-" "Mozilla/5.0 (X11; Fedora; Linux x86_64; rv:94.0) Gecko/20100101 Firefox/95.0"
162.213.251.195 - - [20/Oct/2024:00:58:52 -0400] "POST /wp-cron.php?doing_wp_cron=1729400331.4449310302734375000000 HTTP/1.1" 200 0 "-" "WordPress/6.6.2; https://thietke365.net"
43.130.7.211 - - [20/Oct/2024:00:58:38 -0400] "GET / HTTP/1.1" 301 0 "http://www.thietke365.net" "Mozilla/5.0 (iPhone; CPU iPhone OS 13_2_3 like Mac OS X) AppleWebKit/605.1.15 (KHTML, like Gecko) Version/13.0.3 Mobile/15E148 Safari/604.1"
43.130.7.211 - - [20/Oct/2024:00:58:53 -0400] "GET / HTTP/1.1" 200 24175 "https://www.thietke365.net/" "Mozilla/5.0 (iPhone; CPU iPhone OS 13_2_3 like Mac OS X) AppleWebKit/605.1.15 (KHTML, like Gecko) Version/13.0.3 Mobile/15E148 Safari/604.1"
66.249.64.65 - - [20/Oct/2024:00:59:15 -0400] "GET /wp-content/uploads/2023/10/xe.jpg HTTP/1.1" 200 228133 "-" "Googlebot-Image/1.0"
108.175.0.165 - - [20/Oct/2024:01:00:23 -0400] "POST /xmlrpc.php HTTP/1.1" 200 237 "-" "Mozilla/5.0 (X11; Fedora; Linux x86_64; rv:94.0) Gecko/20100101 Firefox/95.0"
162.213.251.195 - - [20/Oct/2024:01:00:30 -0400] "POST /wp-cron.php?doing_wp_cron=1729400428.2613511085510253906250 HTTP/1.1" 200 0 "-" "WordPress/6.6.2; https://thietke365.net"
162.213.251.195 - - [20/Oct/2024:01:03:49 -0400] "POST /wp-cron.php?doing_wp_cron=1729400629.2353649139404296875000 HTTP/1.1" 200 0 "-" "WordPress/6.6.2; https://thietke365.net"
66.249.70.3 - - [20/Oct/2024:01:03:44 -0400] "GET / HTTP/1.1" 301 0 "-" "Mozilla/5.0 (Linux; Android 6.0.1; Nexus 5X Build/MMB29P) AppleWebKit/537.36 (KHTML, like Gecko) Chrome/129.0.6668.89 Mobile Safari/537.36 (compatible; Googlebot/2.1; +http://www.google.com/bot.html)"
162.213.251.195 - - [20/Oct/2024:01:06:22 -0400] "POST /wp-cron.php?doing_wp_cron=1729400782.3266990184783935546875 HTTP/1.1" 200 0 "-" "WordPress/6.6.2; https://thietke365.net"
146.190.110.182 - - [20/Oct/2024:01:06:18 -0400] "POST /xmlrpc.php HTTP/1.1" 200 237 "-" "Mozilla/5.0 (X11; Fedora; Linux x86_64; rv:94.0) Gecko/20100101 Firefox/95.0"
162.213.251.195 - - [20/Oct/2024:01:11:36 -0400] "POST /wp-cron.php?doing_wp_cron=1729401096.1060400009155273437500 HTTP/1.1" 200 0 "-" "WordPress/6.6.2; https://thietke365.net"
87.120.114.208 - - [20/Oct/2024:01:11:27 -0400] "POST /wp-login.php HTTP/1.1" 200 3075 "-" "Mozilla/5.0"
162.213.251.195 - - [20/Oct/2024:01:12:44 -0400] "POST /wp-cron.php?doing_wp_cron=1729401163.0244960784912109375000 HTTP/1.1" 200 0 "-" "WordPress/6.6.2; https://thietke365.net"
54.227.101.100 - - [20/Oct/2024:01:12:42 -0400] "POST /xmlrpc.php HTTP/1.1" 200 237 "-" "Mozilla/5.0 (X11; Fedora; Linux x86_64; rv:94.0) Gecko/20100101 Firefox/95.0"
162.213.251.195 - - [20/Oct/2024:01:19:36 -0400] "POST /wp-cron.php?doing_wp_cron=1729401575.5703589916229248046875 HTTP/1.1" 200 0 "-" "WordPress/6.6.2; https://thietke365.net"
137.184.235.67 - - [20/Oct/2024:01:19:29 -0400] "POST /xmlrpc.php HTTP/1.1" 200 237 "-" "Mozilla/5.0 (X11; Fedora; Linux x86_64; rv:94.0) Gecko/20100101 Firefox/95.0"
162.213.251.195 - - [20/Oct/2024:01:26:05 -0400] "POST /wp-cron.php?doing_wp_cron=1729401965.4627649784088134765625 HTTP/1.1" 200 0 "-" "WordPress/6.6.2; https://thietke365.net"
154.38.191.254 - - [20/Oct/2024:01:25:52 -0400] "POST /xmlrpc.php HTTP/1.1" 200 237 "-" "Mozilla/5.0 (X11; Fedora; Linux x86_64; rv:94.0) Gecko/20100101 Firefox/95.0"
162.213.251.195 - - [20/Oct/2024:01:33:08 -0400] "POST /wp-cron.php?doing_wp_cron=1729402387.8626420497894287109375 HTTP/1.1" 200 0 "-" "WordPress/6.6.2; https://thietke365.net"
92.205.182.254 - - [20/Oct/2024:01:32:57 -0400] "POST /xmlrpc.php HTTP/1.1" 200 237 "-" "Mozilla/5.0 (X11; Fedora; Linux x86_64; rv:94.0) Gecko/20100101 Firefox/95.0"
66.249.64.69 - - [20/Oct/2024:01:33:15 -0400] "GET /apps.php HTTP/1.1" 404 29148 "-" "Mozilla/5.0 (Linux; Android 6.0.1; Nexus 5X Build/MMB29P) AppleWebKit/537.36 (KHTML, like Gecko) Chrome/129.0.6668.89 Mobile Safari/537.36 (compatible; Googlebot/2.1; +http://www.google.com/bot.html)"
66.249.76.227 - - [20/Oct/2024:01:33:17 -0400] "GET /docs HTTP/1.1" 301 0 "-" "Mozilla/5.0 (Linux; Android 6.0.1; Nexus 5X Build/MMB29P) AppleWebKit/537.36 (KHTML, like Gecko) Chrome/129.0.6668.89 Mobile Safari/537.36 (compatible; Googlebot/2.1; +http://www.google.com/bot.html)"
66.249.64.69 - - [20/Oct/2024:01:33:20 -0400] "GET /docs HTTP/1.1" 404 29115 "-" "Mozilla/5.0 (Linux; Android 6.0.1; Nexus 5X Build/MMB29P) AppleWebKit/537.36 (KHTML, like Gecko) Chrome/129.0.6668.89 Mobile Safari/537.36 (compatible; Googlebot/2.1; +http://www.google.com/bot.html)"
66.249.64.69 - - [20/Oct/2024:01:33:22 -0400] "GET /ioxi02.php HTTP/1.1" 404 29090 "-" "Mozilla/5.0 (Linux; Android 6.0.1; Nexus 5X Build/MMB29P) AppleWebKit/537.36 (KHTML, like Gecko) Chrome/129.0.6668.89 Mobile Safari/537.36 (compatible; Googlebot/2.1; +http://www.google.com/bot.html)"
162.213.251.195 - - [20/Oct/2024:01:33:24 -0400] "POST /wp-cron.php?doing_wp_cron=1729402404.0243299007415771484375 HTTP/1.1" 200 0 "-" "WordPress/6.6.2; https://thietke365.net"
66.249.64.69 - - [20/Oct/2024:01:33:23 -0400] "GET /db.php HTTP/1.1" 404 29080 "-" "Mozilla/5.0 (Linux; Android 6.0.1; Nexus 5X Build/MMB29P) AppleWebKit/537.36 (KHTML, like Gecko) Chrome/129.0.6668.89 Mobile Safari/537.36 (compatible; Googlebot/2.1; +http://www.google.com/bot.html)"
66.249.76.37 - - [20/Oct/2024:01:33:25 -0400] "GET /aa.php HTTP/1.1" 404 29195 "-" "Mozilla/5.0 (Linux; Android 6.0.1; Nexus 5X Build/MMB29P) AppleWebKit/537.36 (KHTML, like Gecko) Chrome/129.0.6668.89 Mobile Safari/537.36 (compatible; Googlebot/2.1; +http://www.google.com/bot.html)"
66.249.76.37 - - [20/Oct/2024:01:33:27 -0400] "GET /lol.php HTTP/1.1" 404 29154 "-" "Mozilla/5.0 (Linux; Android 6.0.1; Nexus 5X Build/MMB29P) AppleWebKit/537.36 (KHTML, like Gecko) Chrome/129.0.6668.89 Mobile Safari/537.36 (compatible; Googlebot/2.1; +http://www.google.com/bot.html)"
66.249.70.1 - - [20/Oct/2024:01:33:29 -0400] "GET /api/v1/docs HTTP/1.1" 301 0 "-" "Mozilla/5.0 (Linux; Android 6.0.1; Nexus 5X Build/MMB29P) AppleWebKit/537.36 (KHTML, like Gecko) Chrome/129.0.6668.89 Mobile Safari/537.36 (compatible; Googlebot/2.1; +http://www.google.com/bot.html)"
66.249.64.69 - - [20/Oct/2024:01:33:30 -0400] "GET /api/v1/docs HTTP/1.1" 404 29115 "-" "Mozilla/5.0 (Linux; Android 6.0.1; Nexus 5X Build/MMB29P) AppleWebKit/537.36 (KHTML, like Gecko) Chrome/129.0.6668.89 Mobile Safari/537.36 (compatible; Googlebot/2.1; +http://www.google.com/bot.html)"
66.249.64.69 - - [20/Oct/2024:01:33:34 -0400] "GET /wp-includes/install.php HTTP/1.1" 404 29097 "-" "Mozilla/5.0 (Linux; Android 6.0.1; Nexus 5X Build/MMB29P) AppleWebKit/537.36 (KHTML, like Gecko) Chrome/129.0.6668.89 Mobile Safari/537.36 (compatible; Googlebot/2.1; +http://www.google.com/bot.html)"
66.249.76.37 - - [20/Oct/2024:01:33:37 -0400] "GET /xxx.php HTTP/1.1" 404 28997 "-" "Mozilla/5.0 (Linux; Android 6.0.1; Nexus 5X Build/MMB29P) AppleWebKit/537.36 (KHTML, like Gecko) Chrome/129.0.6668.89 Mobile Safari/537.36 (compatible; Googlebot/2.1; +http://www.google.com/bot.html)"
66.249.64.69 - - [20/Oct/2024:01:33:40 -0400] "GET /cong.php HTTP/1.1" 404 29162 "-" "Mozilla/5.0 (Linux; Android 6.0.1; Nexus 5X Build/MMB29P) AppleWebKit/537.36 (KHTML, like Gecko) Chrome/129.0.6668.89 Mobile Safari/537.36 (compatible; Googlebot/2.1; +http://www.google.com/bot.html)"
162.213.251.195 - - [20/Oct/2024:01:34:34 -0400] "POST /wp-cron.php?doing_wp_cron=1729402473.7099089622497558593750 HTTP/1.1" 200 0 "-" "WordPress/6.6.2; https://thietke365.net"
66.249.76.228 - - [20/Oct/2024:01:34:32 -0400] "GET /webjars/swagger-ui/index.html HTTP/1.1" 301 0 "-" "Mozilla/5.0 (Linux; Android 6.0.1; Nexus 5X Build/MMB29P) AppleWebKit/537.36 (KHTML, like Gecko) Chrome/129.0.6668.89 Mobile Safari/537.36 (compatible; GoogleOther)"
66.249.64.70 - - [20/Oct/2024:01:34:56 -0400] "GET /webjars/swagger-ui/index.html HTTP/1.1" 404 29064 "-" "Mozilla/5.0 (Linux; Android 6.0.1; Nexus 5X Build/MMB29P) AppleWebKit/537.36 (KHTML, like Gecko) Chrome/129.0.6668.89 Mobile Safari/537.36 (compatible; GoogleOther)"
66.249.64.70 - - [20/Oct/2024:01:35:08 -0400] "GET /about.php HTTP/1.1" 404 29171 "-" "Mozilla/5.0 (Linux; Android 6.0.1; Nexus 5X Build/MMB29P) AppleWebKit/537.36 (KHTML, like Gecko) Chrome/129.0.6668.89 Mobile Safari/537.36 (compatible; GoogleOther)"
66.249.76.37 - - [20/Oct/2024:01:37:05 -0400] "GET /.well-known/pki-validation/about.php HTTP/1.1" 404 1251 "-" "Mozilla/5.0 (Linux; Android 6.0.1; Nexus 5X Build/MMB29P) AppleWebKit/537.36 (KHTML, like Gecko) Chrome/129.0.6668.89 Mobile Safari/537.36 (compatible; GoogleOther)"
162.213.251.195 - - [20/Oct/2024:01:38:07 -0400] "POST /wp-cron.php?doing_wp_cron=1729402687.1077730655670166015625 HTTP/1.1" 200 0 "-" "WordPress/6.6.2; https://thietke365.net"
66.249.76.37 - - [20/Oct/2024:01:37:55 -0400] "GET / HTTP/1.1" 200 38532 "-" "Mozilla/5.0 (compatible; Googlebot/2.1; +http://www.google.com/bot.html)"
66.249.64.69 - - [20/Oct/2024:01:38:13 -0400] "GET /wp-content/themes/flatsome-child/thang.css?ver=67149740287c9 HTTP/1.1" 200 17306 "https://thietke365.net/" "Mozilla/5.0 AppleWebKit/537.36 (KHTML, like Gecko; compatible; Googlebot/2.1; +http://www.google.com/bot.html) Chrome/129.0.6668.89 Safari/537.36"
162.213.251.195 - - [20/Oct/2024:01:39:37 -0400] "POST /wp-cron.php?doing_wp_cron=1729402776.6021618843078613281250 HTTP/1.1" 200 0 "-" "WordPress/6.6.2; https://thietke365.net"
66.249.64.69 - - [20/Oct/2024:01:39:33 -0400] "GET /wp-security.php HTTP/1.1" 404 29134 "-" "Mozilla/5.0 (Linux; Android 6.0.1; Nexus 5X Build/MMB29P) AppleWebKit/537.36 (KHTML, like Gecko) Chrome/129.0.6668.89 Mobile Safari/537.36 (compatible; GoogleOther)"
2400:8904::f03c:93ff:fe5f:771f - - [20/Oct/2024:01:39:45 -0400] "POST /xmlrpc.php HTTP/1.1" 200 237 "-" "Mozilla/5.0 (X11; Fedora; Linux x86_64; rv:94.0) Gecko/20100101 Firefox/95.0"
66.249.64.70 - - [20/Oct/2024:01:40:20 -0400] "GET /cgi-bin/cgi-bin/about.php HTTP/1.1" 404 28978 "-" "Mozilla/5.0 (Linux; Android 6.0.1; Nexus 5X Build/MMB29P) AppleWebKit/537.36 (KHTML, like Gecko) Chrome/129.0.6668.89 Mobile Safari/537.36 (compatible; GoogleOther)"
162.213.251.195 - - [20/Oct/2024:01:40:46 -0400] "POST /wp-cron.php?doing_wp_cron=1729402846.3211030960083007812500 HTTP/1.1" 200 0 "-" "WordPress/6.6.2; https://thietke365.net"
66.249.64.70 - - [20/Oct/2024:01:40:45 -0400] "GET /wp-json/litespeed/v1/cdn_status HTTP/1.1" 404 212 "-" "Mozilla/5.0 (Linux; Android 6.0.1; Nexus 5X Build/MMB29P) AppleWebKit/537.36 (KHTML, like Gecko) Chrome/129.0.6668.89 Mobile Safari/537.36 (compatible; Googlebot/2.1; +http://www.google.com/bot.html)"
87.120.114.208 - - [20/Oct/2024:01:41:41 -0400] "POST /wp-login.php HTTP/1.1" 200 3065 "-" "Mozilla/5.0"
162.213.251.195 - - [20/Oct/2024:01:41:43 -0400] "POST /wp-cron.php?doing_wp_cron=1729402902.4206469058990478515625 HTTP/1.1" 200 0 "-" "WordPress/6.6.2; https://thietke365.net"
66.249.76.37 - - [20/Oct/2024:01:42:03 -0400] "GET /im.php HTTP/1.1" 404 29103 "-" "Mozilla/5.0 (Linux; Android 6.0.1; Nexus 5X Build/MMB29P) AppleWebKit/537.36 (KHTML, like Gecko) Chrome/129.0.6668.89 Mobile Safari/537.36 (compatible; GoogleOther)"
162.213.251.195 - - [20/Oct/2024:01:44:39 -0400] "POST /wp-cron.php?doing_wp_cron=1729403079.4705469608306884765625 HTTP/1.1" 200 0 "-" "WordPress/6.6.2; https://thietke365.net"
66.249.64.69 - - [20/Oct/2024:01:44:35 -0400] "GET /cgi-bin/cgi-bin/about.php HTTP/1.1" 404 29106 "-" "Mozilla/5.0 (Linux; Android 6.0.1; Nexus 5X Build/MMB29P) AppleWebKit/537.36 (KHTML, like Gecko) Chrome/129.0.6668.89 Mobile Safari/537.36 (compatible; GoogleOther)"
162.213.251.195 - - [20/Oct/2024:01:46:48 -0400] "POST /wp-cron.php?doing_wp_cron=1729403208.4539990425109863281250 HTTP/1.1" 200 0 "-" "WordPress/6.6.2; https://thietke365.net"
35.210.226.111 - - [20/Oct/2024:01:46:44 -0400] "POST /xmlrpc.php HTTP/1.1" 200 237 "-" "Mozilla/5.0 (X11; Fedora; Linux x86_64; rv:94.0) Gecko/20100101 Firefox/95.0"
66.249.64.70 - - [20/Oct/2024:01:47:06 -0400] "GET /.well-known/acme-challenge/install.php HTTP/1.1" 404 29120 "-" "Mozilla/5.0 (Linux; Android 6.0.1; Nexus 5X Build/MMB29P) AppleWebKit/537.36 (KHTML, like Gecko) Chrome/129.0.6668.89 Mobile Safari/537.36 (compatible; GoogleOther)"
162.213.251.195 - - [20/Oct/2024:01:49:38 -0400] "POST /wp-cron.php?doing_wp_cron=1729403377.8511290550231933593750 HTTP/1.1" 200 0 "-" "WordPress/6.6.2; https://thietke365.net"
66.249.76.37 - - [20/Oct/2024:01:49:35 -0400] "GET /cgi-bin/cgi-bin/about.php7 HTTP/1.1" 404 29172 "-" "Mozilla/5.0 (Linux; Android 6.0.1; Nexus 5X Build/MMB29P) AppleWebKit/537.36 (KHTML, like Gecko) Chrome/129.0.6668.89 Mobile Safari/537.36 (compatible; GoogleOther)"
162.213.251.195 - - [20/Oct/2024:01:53:47 -0400] "POST /wp-cron.php?doing_wp_cron=1729403627.1504340171813964843750 HTTP/1.1" 200 0 "-" "WordPress/6.6.2; https://thietke365.net"
103.72.96.84 - - [20/Oct/2024:01:53:29 -0400] "POST /xmlrpc.php HTTP/1.1" 200 237 "-" "Mozilla/5.0 (X11; Fedora; Linux x86_64; rv:94.0) Gecko/20100101 Firefox/95.0"
162.213.251.195 - - [20/Oct/2024:01:59:23 -0400] "POST /wp-cron.php?doing_wp_cron=1729403963.2241640090942382812500 HTTP/1.1" 200 0 "-" "WordPress/6.6.2; https://thietke365.net"
66.249.64.70 - - [20/Oct/2024:01:59:15 -0400] "GET /websystem.php HTTP/1.1" 404 29108 "-" "Mozilla/5.0 (Linux; Android 6.0.1; Nexus 5X Build/MMB29P) AppleWebKit/537.36 (KHTML, like Gecko) Chrome/129.0.6668.89 Mobile Safari/537.36 (compatible; GoogleOther)"
66.249.64.70 - - [20/Oct/2024:01:59:24 -0400] "GET /upload.php HTTP/1.1" 404 29131 "-" "Mozilla/5.0 (Linux; Android 6.0.1; Nexus 5X Build/MMB29P) AppleWebKit/537.36 (KHTML, like Gecko) Chrome/129.0.6668.89 Mobile Safari/537.36 (compatible; Googlebot/2.1; +http://www.google.com/bot.html)"
162.213.251.195 - - [20/Oct/2024:02:00:27 -0400] "POST /wp-cron.php?doing_wp_cron=1729404026.8626229763031005859375 HTTP/1.1" 200 0 "-" "WordPress/6.6.2; https://thietke365.net"
66.249.64.71 - - [20/Oct/2024:02:00:26 -0400] "GET /informacione.php HTTP/1.1" 404 29167 "-" "Mozilla/5.0 (Linux; Android 6.0.1; Nexus 5X Build/MMB29P) AppleWebKit/537.36 (KHTML, like Gecko) Chrome/129.0.6668.89 Mobile Safari/537.36 (compatible; Googlebot/2.1; +http://www.google.com/bot.html)"
66.249.76.227 - - [20/Oct/2024:02:00:33 -0400] "GET /webjars/swagger-ui/index.html HTTP/1.1" 301 0 "-" "Mozilla/5.0 (Linux; Android 6.0.1; Nexus 5X Build/MMB29P) AppleWebKit/537.36 (KHTML, like Gecko) Chrome/129.0.6668.89 Mobile Safari/537.36 (compatible; Googlebot/2.1; +http://www.google.com/bot.html)"
66.249.76.38 - - [20/Oct/2024:02:00:40 -0400] "GET /webjars/swagger-ui/index.html HTTP/1.1" 404 29101 "-" "Mozilla/5.0 (Linux; Android 6.0.1; Nexus 5X Build/MMB29P) AppleWebKit/537.36 (KHTML, like Gecko) Chrome/129.0.6668.89 Mobile Safari/537.36 (compatible; Googlebot/2.1; +http://www.google.com/bot.html)"
2604:a880:800:c1::235:a001 - - [20/Oct/2024:02:00:56 -0400] "POST /xmlrpc.php HTTP/1.1" 200 237 "-" "Mozilla/5.0 (X11; Fedora; Linux x86_64; rv:94.0) Gecko/20100101 Firefox/95.0"
162.213.251.195 - - [20/Oct/2024:02:01:46 -0400] "POST /wp-cron.php?doing_wp_cron=1729404106.5067789554595947265625 HTTP/1.1" 200 0 "-" "WordPress/6.6.2; https://thietke365.net"
66.249.64.71 - - [20/Oct/2024:02:01:45 -0400] "GET /pub/health_check.php HTTP/1.1" 404 29135 "-" "Mozilla/5.0 (Linux; Android 6.0.1; Nexus 5X Build/MMB29P) AppleWebKit/537.36 (KHTML, like Gecko) Chrome/129.0.6668.89 Mobile Safari/537.36 (compatible; GoogleOther)"
66.249.64.66 - - [20/Oct/2024:02:04:18 -0400] "GET /repeater.php HTTP/1.1" 404 29191 "-" "Mozilla/5.0 (Linux; Android 6.0.1; Nexus 5X Build/MMB29P) AppleWebKit/537.36 (KHTML, like Gecko) Chrome/129.0.6668.89 Mobile Safari/537.36 (compatible; GoogleOther)"
162.213.251.195 - - [20/Oct/2024:02:04:24 -0400] "POST /wp-cron.php?doing_wp_cron=1729404263.5777599811553955078125 HTTP/1.1" 200 0 "-" "WordPress/6.6.2; https://thietke365.net"
66.249.70.7 - - [20/Oct/2024:02:04:32 -0400] "GET /swagger HTTP/1.1" 301 0 "-" "Mozilla/5.0 (Linux; Android 6.0.1; Nexus 5X Build/MMB29P) AppleWebKit/537.36 (KHTML, like Gecko) Chrome/129.0.6668.89 Mobile Safari/537.36 (compatible; GoogleOther)"
66.249.76.42 - - [20/Oct/2024:02:04:38 -0400] "GET /swagger HTTP/1.1" 404 29186 "-" "Mozilla/5.0 (Linux; Android 6.0.1; Nexus 5X Build/MMB29P) AppleWebKit/537.36 (KHTML, like Gecko) Chrome/129.0.6668.89 Mobile Safari/537.36 (compatible; GoogleOther)"
162.213.251.195 - - [20/Oct/2024:02:06:51 -0400] "POST /wp-cron.php?doing_wp_cron=1729404411.6080660820007324218750 HTTP/1.1" 200 0 "-" "WordPress/6.6.2; https://thietke365.net"
66.249.64.64 - - [20/Oct/2024:02:06:48 -0400] "GET /wp-info.php HTTP/1.1" 404 29128 "-" "Mozilla/5.0 (Linux; Android 6.0.1; Nexus 5X Build/MMB29P) AppleWebKit/537.36 (KHTML, like Gecko) Chrome/129.0.6668.89 Mobile Safari/537.36 (compatible; GoogleOther)"
162.213.251.195 - - [20/Oct/2024:02:08:33 -0400] "POST /wp-cron.php?doing_wp_cron=1729404512.8912909030914306640625 HTTP/1.1" 200 0 "-" "WordPress/6.6.2; https://thietke365.net"
82.223.29.20 - - [20/Oct/2024:02:08:29 -0400] "POST /xmlrpc.php HTTP/1.1" 200 237 "-" "Mozilla/5.0 (X11; Fedora; Linux x86_64; rv:94.0) Gecko/20100101 Firefox/95.0"
66.249.76.41 - - [20/Oct/2024:02:08:45 -0400] "GET /pub/health_check.php HTTP/1.1" 404 29135 "-" "Mozilla/5.0 (Linux; Android 6.0.1; Nexus 5X Build/MMB29P) AppleWebKit/537.36 (KHTML, like Gecko) Chrome/129.0.6668.89 Mobile Safari/537.36 (compatible; Googlebot/2.1; +http://www.google.com/bot.html)"
162.213.251.195 - - [20/Oct/2024:02:08:59 -0400] "POST /wp-cron.php?doing_wp_cron=1729404538.9122920036315917968750 HTTP/1.1" 200 0 "-" "WordPress/6.6.2; https://thietke365.net"
107.189.1.151 - - [20/Oct/2024:02:08:58 -0400] "GET /wp-login.php HTTP/1.1" 200 2888 "http://www.google.com.hk" "Mozilla/5.0 (Windows NT 6.1; WOW64) AppleWebKit/537.36 (KHTML, like Gecko) Chrome/42.0.2311.90 Safari/537.36"
162.213.251.195 - - [20/Oct/2024:02:09:33 -0400] "POST /wp-cron.php?doing_wp_cron=1729404573.3254339694976806640625 HTTP/1.1" 200 0 "-" "WordPress/6.6.2; https://thietke365.net"
66.249.64.69 - - [20/Oct/2024:02:09:32 -0400] "GET /health_check.php HTTP/1.1" 404 29147 "-" "Mozilla/5.0 (Linux; Android 6.0.1; Nexus 5X Build/MMB29P) AppleWebKit/537.36 (KHTML, like Gecko) Chrome/129.0.6668.89 Mobile Safari/537.36 (compatible; GoogleOther)"
162.213.251.195 - - [20/Oct/2024:02:10:49 -0400] "POST /wp-cron.php?doing_wp_cron=1729404649.6177430152893066406250 HTTP/1.1" 200 0 "-" "WordPress/6.6.2; https://thietke365.net"
107.189.1.151 - - [20/Oct/2024:02:10:49 -0400] "GET /?author=1 HTTP/1.1" 301 0 "http://www.google.com.hk" "Mozilla/5.0 (Windows NT 6.1; WOW64) AppleWebKit/537.36 (KHTML, like Gecko) Chrome/42.0.2311.90 Safari/537.36"
107.189.1.151 - - [20/Oct/2024:02:10:56 -0400] "GET /author/admin/ HTTP/1.1" 200 30810 "http://www.google.com.hk" "Mozilla/5.0 (Windows NT 6.1; WOW64) AppleWebKit/537.36 (KHTML, like Gecko) Chrome/42.0.2311.90 Safari/537.36"
162.213.251.195 - - [20/Oct/2024:02:11:56 -0400] "POST /wp-cron.php?doing_wp_cron=1729404716.3507790565490722656250 HTTP/1.1" 200 0 "-" "WordPress/6.6.2; https://thietke365.net"
87.120.114.208 - - [20/Oct/2024:02:11:55 -0400] "POST /wp-login.php HTTP/1.1" 200 3075 "-" "Mozilla/5.0"
162.213.251.195 - - [20/Oct/2024:02:14:08 -0400] "POST /wp-cron.php?doing_wp_cron=1729404847.6883220672607421875000 HTTP/1.1" 200 0 "-" "WordPress/6.6.2; https://thietke365.net"
107.189.1.151 - - [20/Oct/2024:02:14:03 -0400] "GET /wp-login.php?wp_lang=e HTTP/1.1" 200 2066 "-" "Mozilla/5.0 (Windows NT 6.1; WOW64) AppleWebKit/537.36 (KHTML, like Gecko) Chrome/36.0.1985.125 Safari/537.36"
107.189.1.151 - - [20/Oct/2024:02:14:15 -0400] "POST /wp-login.php?wp_lang=e HTTP/1.1" 200 2213 "-" "Mozilla/5.0 (Windows NT 6.1; WOW64) AppleWebKit/537.36 (KHTML, like Gecko) Chrome/36.0.1985.125 Safari/537.36"
162.213.251.195 - - [20/Oct/2024:02:14:28 -0400] "POST /wp-cron.php?doing_wp_cron=1729404867.8165380954742431640625 HTTP/1.1" 200 0 "-" "WordPress/6.6.2; https://thietke365.net"
107.189.1.151 - - [20/Oct/2024:02:14:27 -0400] "GET /?author=2 HTTP/1.1" 404 29151 "http://www.google.com.hk" "Mozilla/5.0 (Windows NT 6.1; WOW64) AppleWebKit/537.36 (KHTML, like Gecko) Chrome/42.0.2311.90 Safari/537.36"
66.249.64.70 - - [20/Oct/2024:02:14:35 -0400] "GET /cgi-bin/cgi-bin/about.php7 HTTP/1.1" 404 29153 "-" "Mozilla/5.0 (Linux; Android 6.0.1; Nexus 5X Build/MMB29P) AppleWebKit/537.36 (KHTML, like Gecko) Chrome/129.0.6668.89 Mobile Safari/537.36 (compatible; GoogleOther)"
162.213.251.195 - - [20/Oct/2024:02:15:45 -0400] "POST /wp-cron.php?doing_wp_cron=1729404945.4390380382537841796875 HTTP/1.1" 200 0 "-" "WordPress/6.6.2; https://thietke365.net"
192.250.226.178 - - [20/Oct/2024:02:15:44 -0400] "POST /xmlrpc.php HTTP/1.1" 200 237 "-" "Mozilla/5.0 (X11; Fedora; Linux x86_64; rv:94.0) Gecko/20100101 Firefox/95.0"
162.213.251.195 - - [20/Oct/2024:02:19:38 -0400] "POST /wp-cron.php?doing_wp_cron=1729405178.0088400840759277343750 HTTP/1.1" 200 0 "-" "WordPress/6.6.2; https://thietke365.net"
66.249.70.6 - - [20/Oct/2024:02:19:32 -0400] "GET /api/v1/docs HTTP/1.1" 301 0 "-" "Mozilla/5.0 (Linux; Android 6.0.1; Nexus 5X Build/MMB29P) AppleWebKit/537.36 (KHTML, like Gecko) Chrome/129.0.6668.89 Mobile Safari/537.36 (compatible; GoogleOther)"
66.249.64.71 - - [20/Oct/2024:02:20:03 -0400] "GET /api/v1/docs HTTP/1.1" 404 29009 "-" "Mozilla/5.0 (Linux; Android 6.0.1; Nexus 5X Build/MMB29P) AppleWebKit/537.36 (KHTML, like Gecko) Chrome/129.0.6668.89 Mobile Safari/537.36 (compatible; GoogleOther)"
162.213.251.195 - - [20/Oct/2024:02:22:48 -0400] "POST /wp-cron.php?doing_wp_cron=1729405367.9177930355072021484375 HTTP/1.1" 200 0 "-" "WordPress/6.6.2; https://thietke365.net"
157.245.99.194 - - [20/Oct/2024:02:22:44 -0400] "POST /xmlrpc.php HTTP/1.1" 200 237 "-" "Mozilla/5.0 (X11; Fedora; Linux x86_64; rv:94.0) Gecko/20100101 Firefox/95.0"
162.213.251.195 - - [20/Oct/2024:02:24:40 -0400] "POST /wp-cron.php?doing_wp_cron=1729405479.5732760429382324218750 HTTP/1.1" 200 0 "-" "WordPress/6.6.2; https://thietke365.net"
66.249.64.71 - - [20/Oct/2024:02:24:35 -0400] "GET /chosen.php HTTP/1.1" 404 29136 "-" "Mozilla/5.0 (Linux; Android 6.0.1; Nexus 5X Build/MMB29P) AppleWebKit/537.36 (KHTML, like Gecko) Chrome/129.0.6668.89 Mobile Safari/537.36 (compatible; GoogleOther)"
162.213.251.195 - - [20/Oct/2024:02:29:43 -0400] "POST /wp-cron.php?doing_wp_cron=1729405783.5302779674530029296875 HTTP/1.1" 200 0 "-" "WordPress/6.6.2; https://thietke365.net"
66.249.76.38 - - [20/Oct/2024:02:29:33 -0400] "GET /systems.php HTTP/1.1" 404 29121 "-" "Mozilla/5.0 (Linux; Android 6.0.1; Nexus 5X Build/MMB29P) AppleWebKit/537.36 (KHTML, like Gecko) Chrome/129.0.6668.89 Mobile Safari/537.36 (compatible; GoogleOther)"
2603:3:610f:d640:: - - [20/Oct/2024:02:30:16 -0400] "POST /xmlrpc.php HTTP/1.1" 200 237 "-" "Mozilla/5.0 (X11; Fedora; Linux x86_64; rv:94.0) Gecko/20100101 Firefox/95.0"
202.92.4.47 - - [20/Oct/2024:02:31:43 -0400] "GET /.well-known/acme-challenge/8FSLF604XQE0CPNKGJB889RPH6GCMPWJ HTTP/1.1" 404 1251 "-" "Cpanel-HTTP-Client/1.0"
202.92.4.47 - - [20/Oct/2024:02:32:00 -0400] "GET /.well-known/acme-challenge/ZA7ZKIF824CXYADYP0LI1-_DP3YAS72S HTTP/1.1" 404 1251 "-" "Cpanel-HTTP-Client/1.0"
162.213.251.195 - - [20/Oct/2024:02:34:37 -0400] "POST /wp-cron.php?doing_wp_cron=1729406077.0471270084381103515625 HTTP/1.1" 200 0 "-" "WordPress/6.6.2; https://thietke365.net"
66.249.64.64 - - [20/Oct/2024:02:34:33 -0400] "GET /app_list_git.php HTTP/1.1" 404 29113 "-" "Mozilla/5.0 (Linux; Android 6.0.1; Nexus 5X Build/MMB29P) AppleWebKit/537.36 (KHTML, like Gecko) Chrome/129.0.6668.89 Mobile Safari/537.36 (compatible; GoogleOther)"
66.249.64.65 - - [20/Oct/2024:02:34:59 -0400] "GET /web_system.php HTTP/1.1" 404 29156 "-" "Mozilla/5.0 (Linux; Android 6.0.1; Nexus 5X Build/MMB29P) AppleWebKit/537.36 (KHTML, like Gecko) Chrome/129.0.6668.89 Mobile Safari/537.36 (compatible; GoogleOther)"
162.213.251.195 - - [20/Oct/2024:02:36:17 -0400] "POST /wp-cron.php?doing_wp_cron=1729406177.2274880409240722656250 HTTP/1.1" 200 0 "-" "WordPress/6.6.2; https://thietke365.net"
66.249.64.64 - - [20/Oct/2024:02:36:16 -0400] "GET /app_list_git.php HTTP/1.1" 404 29168 "-" "Mozilla/5.0 (Linux; Android 6.0.1; Nexus 5X Build/MMB29P) AppleWebKit/537.36 (KHTML, like Gecko) Chrome/129.0.6668.89 Mobile Safari/537.36 (compatible; Googlebot/2.1; +http://www.google.com/bot.html)"
162.213.251.195 - - [20/Oct/2024:02:37:52 -0400] "POST /wp-cron.php?doing_wp_cron=1729406271.9531989097595214843750 HTTP/1.1" 200 0 "-" "WordPress/6.6.2; https://thietke365.net"
41.193.5.59 - - [20/Oct/2024:02:37:43 -0400] "POST /xmlrpc.php HTTP/1.1" 200 237 "-" "Mozilla/5.0 (X11; Fedora; Linux x86_64; rv:94.0) Gecko/20100101 Firefox/95.0"
162.213.251.195 - - [20/Oct/2024:02:39:40 -0400] "POST /wp-cron.php?doing_wp_cron=1729406379.6183099746704101562500 HTTP/1.1" 200 0 "-" "WordPress/6.6.2; https://thietke365.net"
66.249.76.38 - - [20/Oct/2024:02:39:35 -0400] "GET /wp-content/themes/about.php HTTP/1.1" 404 29080 "-" "Mozilla/5.0 (Linux; Android 6.0.1; Nexus 5X Build/MMB29P) AppleWebKit/537.36 (KHTML, like Gecko) Chrome/129.0.6668.89 Mobile Safari/537.36 (compatible; GoogleOther)"
162.213.251.195 - - [20/Oct/2024:02:42:09 -0400] "POST /wp-cron.php?doing_wp_cron=1729406528.8692460060119628906250 HTTP/1.1" 200 0 "-" "WordPress/6.6.2; https://thietke365.net"
87.120.114.208 - - [20/Oct/2024:02:42:05 -0400] "POST /wp-login.php HTTP/1.1" 200 3065 "-" "Mozilla/5.0"
66.249.76.38 - - [20/Oct/2024:02:42:20 -0400] "GET /pub/1.php HTTP/1.1" 404 29156 "-" "Mozilla/5.0 (Linux; Android 6.0.1; Nexus 5X Build/MMB29P) AppleWebKit/537.36 (KHTML, like Gecko) Chrome/129.0.6668.89 Mobile Safari/537.36 (compatible; Googlebot/2.1; +http://www.google.com/bot.html)"
148.135.52.42 - - [20/Oct/2024:02:44:32 -0400] "POST /xmlrpc.php HTTP/1.1" 200 237 "-" "Mozilla/5.0 (X11; Fedora; Linux x86_64; rv:94.0) Gecko/20100101 Firefox/95.0"
162.213.251.195 - - [20/Oct/2024:02:44:39 -0400] "POST /wp-cron.php?doing_wp_cron=1729406678.6703119277954101562500 HTTP/1.1" 200 0 "-" "WordPress/6.6.2; https://thietke365.net"
66.249.64.70 - - [20/Oct/2024:02:44:32 -0400] "GET /pub/apps.php HTTP/1.1" 404 29216 "-" "Mozilla/5.0 (Linux; Android 6.0.1; Nexus 5X Build/MMB29P) AppleWebKit/537.36 (KHTML, like Gecko) Chrome/129.0.6668.89 Mobile Safari/537.36 (compatible; GoogleOther)"
162.213.251.195 - - [20/Oct/2024:02:49:37 -0400] "POST /wp-cron.php?doing_wp_cron=1729406977.1393339633941650390625 HTTP/1.1" 200 0 "-" "WordPress/6.6.2; https://thietke365.net"
66.249.64.64 - - [20/Oct/2024:02:49:32 -0400] "GET /0.php HTTP/1.1" 404 29207 "-" "Mozilla/5.0 (Linux; Android 6.0.1; Nexus 5X Build/MMB29P) AppleWebKit/537.36 (KHTML, like Gecko) Chrome/129.0.6668.89 Mobile Safari/537.36 (compatible; GoogleOther)"
162.213.251.195 - - [20/Oct/2024:02:50:23 -0400] "POST /wp-cron.php?doing_wp_cron=1729407023.4425230026245117187500 HTTP/1.1" 200 0 "-" "WordPress/6.6.2; https://thietke365.net"
66.249.64.64 - - [20/Oct/2024:02:50:22 -0400] "GET /wp-json/litespeed/v1/cdn_status HTTP/1.1" 404 212 "-" "Mozilla/5.0 (Linux; Android 6.0.1; Nexus 5X Build/MMB29P) AppleWebKit/537.36 (KHTML, like Gecko) Chrome/129.0.6668.89 Mobile Safari/537.36 (compatible; GoogleOther)"
188.124.43.203 - - [20/Oct/2024:02:51:53 -0400] "POST /xmlrpc.php HTTP/1.1" 200 237 "-" "Mozilla/5.0 (X11; Fedora; Linux x86_64; rv:94.0) Gecko/20100101 Firefox/95.0"
162.213.251.195 - - [20/Oct/2024:02:51:59 -0400] "POST /wp-cron.php?doing_wp_cron=1729407117.6461460590362548828125 HTTP/1.1" 200 0 "-" "WordPress/6.6.2; https://thietke365.net"
162.213.251.195 - - [20/Oct/2024:02:54:41 -0400] "POST /wp-cron.php?doing_wp_cron=1729407280.6880879402160644531250 HTTP/1.1" 200 0 "-" "WordPress/6.6.2; https://thietke365.net"
66.249.64.64 - - [20/Oct/2024:02:54:35 -0400] "GET /wp-content/shell20211028.php HTTP/1.1" 404 29211 "-" "Mozilla/5.0 (Linux; Android 6.0.1; Nexus 5X Build/MMB29P) AppleWebKit/537.36 (KHTML, like Gecko) Chrome/129.0.6668.89 Mobile Safari/537.36 (compatible; GoogleOther)"
162.213.251.195 - - [20/Oct/2024:02:58:43 -0400] "POST /wp-cron.php?doing_wp_cron=1729407523.3304159641265869140625 HTTP/1.1" 200 0 "-" "WordPress/6.6.2; https://thietke365.net"
2607:5500:3000:2af::2 - - [20/Oct/2024:02:58:32 -0400] "POST /xmlrpc.php HTTP/1.1" 200 237 "-" "Mozilla/5.0 (X11; Fedora; Linux x86_64; rv:94.0) Gecko/20100101 Firefox/95.0"
162.213.251.195 - - [20/Oct/2024:02:59:34 -0400] "POST /wp-cron.php?doing_wp_cron=1729407573.8324298858642578125000 HTTP/1.1" 200 0 "-" "WordPress/6.6.2; https://thietke365.net"
66.249.76.39 - - [20/Oct/2024:02:59:33 -0400] "GET /var.php HTTP/1.1" 404 29119 "-" "Mozilla/5.0 (Linux; Android 6.0.1; Nexus 5X Build/MMB29P) AppleWebKit/537.36 (KHTML, like Gecko) Chrome/129.0.6668.89 Mobile Safari/537.36 (compatible; GoogleOther)"
162.213.251.195 - - [20/Oct/2024:03:03:31 -0400] "POST /wp-cron.php?doing_wp_cron=1729407811.5211470127105712890625 HTTP/1.1" 200 0 "-" "WordPress/6.6.2; https://thietke365.net"
66.249.64.66 - - [20/Oct/2024:03:03:15 -0400] "GET /pub/503.php HTTP/1.1" 404 29121 "-" "Mozilla/5.0 (Linux; Android 6.0.1; Nexus 5X Build/MMB29P) AppleWebKit/537.36 (KHTML, like Gecko) Chrome/129.0.6668.89 Mobile Safari/537.36 (compatible; Googlebot/2.1; +http://www.google.com/bot.html)"
162.213.251.195 - - [20/Oct/2024:03:05:07 -0400] "POST /wp-cron.php?doing_wp_cron=1729407907.2501230239868164062500 HTTP/1.1" 200 0 "-" "WordPress/6.6.2; https://thietke365.net"
66.249.64.66 - - [20/Oct/2024:03:05:02 -0400] "GET /.well-known/wso112233.php HTTP/1.1" 404 29203 "-" "Mozilla/5.0 (Linux; Android 6.0.1; Nexus 5X Build/MMB29P) AppleWebKit/537.36 (KHTML, like Gecko) Chrome/129.0.6668.89 Mobile Safari/537.36 (compatible; GoogleOther)"
66.249.76.41 - - [20/Oct/2024:03:05:15 -0400] "GET /css.php HTTP/1.1" 404 29061 "-" "Mozilla/5.0 (Linux; Android 6.0.1; Nexus 5X Build/MMB29P) AppleWebKit/537.36 (KHTML, like Gecko) Chrome/129.0.6668.89 Mobile Safari/537.36 (compatible; GoogleOther)"
103.153.214.53 - - [20/Oct/2024:03:05:18 -0400] "POST /xmlrpc.php HTTP/1.1" 200 237 "-" "Mozilla/5.0 (X11; Fedora; Linux x86_64; rv:94.0) Gecko/20100101 Firefox/95.0"
162.213.251.195 - - [20/Oct/2024:03:09:48 -0400] "POST /wp-cron.php?doing_wp_cron=1729408188.3705530166625976562500 HTTP/1.1" 200 0 "-" "WordPress/6.6.2; https://thietke365.net"
66.249.64.70 - - [20/Oct/2024:03:09:35 -0400] "GET /install.php HTTP/1.1" 404 29158 "-" "Mozilla/5.0 (Linux; Android 6.0.1; Nexus 5X Build/MMB29P) AppleWebKit/537.36 (KHTML, like Gecko) Chrome/129.0.6668.89 Mobile Safari/537.36 (compatible; GoogleOther)"
162.213.251.195 - - [20/Oct/2024:03:11:48 -0400] "POST /wp-cron.php?doing_wp_cron=1729408308.3898949623107910156250 HTTP/1.1" 200 0 "-" "WordPress/6.6.2; https://thietke365.net"
66.249.64.69 - - [20/Oct/2024:03:11:37 -0400] "GET /ser.php HTTP/1.1" 404 29179 "-" "Mozilla/5.0 (Linux; Android 6.0.1; Nexus 5X Build/MMB29P) AppleWebKit/537.36 (KHTML, like Gecko) Chrome/129.0.6668.89 Mobile Safari/537.36 (compatible; Googlebot/2.1; +http://www.google.com/bot.html)"
87.120.114.208 - - [20/Oct/2024:03:12:13 -0400] "POST /wp-login.php HTTP/1.1" 200 3075 "-" "Mozilla/5.0"
162.213.251.195 - - [20/Oct/2024:03:12:31 -0400] "POST /wp-cron.php?doing_wp_cron=1729408350.6227018833160400390625 HTTP/1.1" 200 0 "-" "WordPress/6.6.2; https://thietke365.net"
162.0.213.193 - - [20/Oct/2024:03:12:29 -0400] "POST /xmlrpc.php HTTP/1.1" 200 237 "-" "Mozilla/5.0 (X11; Fedora; Linux x86_64; rv:94.0) Gecko/20100101 Firefox/95.0"
162.213.251.195 - - [20/Oct/2024:03:14:04 -0400] "POST /wp-cron.php?doing_wp_cron=1729408443.7807190418243408203125 HTTP/1.1" 200 0 "-" "WordPress/6.6.2; https://thietke365.net"
66.249.64.71 - - [20/Oct/2024:03:13:58 -0400] "GET /text.php HTTP/1.1" 404 29074 "-" "Mozilla/5.0 (Linux; Android 6.0.1; Nexus 5X Build/MMB29P) AppleWebKit/537.36 (KHTML, like Gecko) Chrome/129.0.6668.89 Mobile Safari/537.36 (compatible; GoogleOther)"
162.213.251.195 - - [20/Oct/2024:03:18:26 -0400] "POST /wp-cron.php?doing_wp_cron=1729408706.1353020668029785156250 HTTP/1.1" 200 0 "-" "WordPress/6.6.2; https://thietke365.net"
66.249.64.65 - - [20/Oct/2024:03:18:17 -0400] "GET /product_cat-sitemap.xml HTTP/1.1" 200 550 "-" "Mozilla/5.0 (compatible; Googlebot/2.1; +http://www.google.com/bot.html)"
66.249.64.64 - - [20/Oct/2024:03:18:35 -0400] "GET /ioxi02.php HTTP/1.1" 404 29161 "-" "Mozilla/5.0 (Linux; Android 6.0.1; Nexus 5X Build/MMB29P) AppleWebKit/537.36 (KHTML, like Gecko) Chrome/129.0.6668.89 Mobile Safari/537.36 (compatible; GoogleOther)"
102.129.40.35 - - [20/Oct/2024:03:20:15 -0400] "POST /xmlrpc.php HTTP/1.1" 200 0 "-" "Mozilla/5.0 (X11; Fedora; Linux x86_64; rv:94.0) Gecko/20100101 Firefox/95.0"
162.213.251.195 - - [20/Oct/2024:03:20:30 -0400] "POST /wp-cron.php?doing_wp_cron=1729408829.2479369640350341796875 HTTP/1.1" 200 0 "-" "WordPress/6.6.2; https://thietke365.net"
66.249.64.64 - - [20/Oct/2024:03:20:28 -0400] "GET /lufix.php HTTP/1.1" 404 29135 "-" "Mozilla/5.0 (Linux; Android 6.0.1; Nexus 5X Build/MMB29P) AppleWebKit/537.36 (KHTML, like Gecko) Chrome/129.0.6668.89 Mobile Safari/537.36 (compatible; Googlebot/2.1; +http://www.google.com/bot.html)"
2a03:cfc0:8004::4:17 - - [20/Oct/2024:03:23:01 -0400] "GET /mah/function.php HTTP/1.1" 404 29165 "-" "Mozlila/5.0 (Linux; Android 7.0; SM-G892A Bulid/NRD90M; wv) AppleWebKit/537.36 (KHTML, like Gecko) Version/4.0 Chrome/60.0.3112.107 Moblie Safari/537.36"
162.213.251.195 - - [20/Oct/2024:03:23:02 -0400] "POST /wp-cron.php?doing_wp_cron=1729408982.1572029590606689453125 HTTP/1.1" 200 0 "-" "WordPress/6.6.2; https://thietke365.net"
66.249.64.64 - - [20/Oct/2024:03:22:56 -0400] "GET /logs.php HTTP/1.1" 404 29110 "-" "Mozilla/5.0 (Linux; Android 6.0.1; Nexus 5X Build/MMB29P) AppleWebKit/537.36 (KHTML, like Gecko) Chrome/129.0.6668.89 Mobile Safari/537.36 (compatible; GoogleOther)"
2a03:cfc0:8004::4:17 - - [20/Oct/2024:03:23:03 -0400] "GET /bk/index.php HTTP/1.1" 301 0 "-" "Mozlila/5.0 (Linux; Android 7.0; SM-G892A Bulid/NRD90M; wv) AppleWebKit/537.36 (KHTML, like Gecko) Version/4.0 Chrome/60.0.3112.107 Moblie Safari/537.36"
2a03:cfc0:8004::4:17 - - [20/Oct/2024:03:23:04 -0400] "GET /bk/ HTTP/1.1" 404 28978 "-" "Mozlila/5.0 (Linux; Android 7.0; SM-G892A Bulid/NRD90M; wv) AppleWebKit/537.36 (KHTML, like Gecko) Version/4.0 Chrome/60.0.3112.107 Moblie Safari/537.36"
2a03:cfc0:8004::4:17 - - [20/Oct/2024:03:23:05 -0400] "GET /about/function.php HTTP/1.1" 404 29147 "-" "Mozlila/5.0 (Linux; Android 7.0; SM-G892A Bulid/NRD90M; wv) AppleWebKit/537.36 (KHTML, like Gecko) Version/4.0 Chrome/60.0.3112.107 Moblie Safari/537.36"
2a03:cfc0:8004::4:17 - - [20/Oct/2024:03:23:12 -0400] "GET /doc/function.php HTTP/1.1" 404 29117 "-" "Mozlila/5.0 (Linux; Android 7.0; SM-G892A Bulid/NRD90M; wv) AppleWebKit/537.36 (KHTML, like Gecko) Version/4.0 Chrome/60.0.3112.107 Moblie Safari/537.36"
2a03:cfc0:8004::4:17 - - [20/Oct/2024:03:23:13 -0400] "GET /admin/function.php HTTP/1.1" 404 29167 "-" "Mozlila/5.0 (Linux; Android 7.0; SM-G892A Bulid/NRD90M; wv) AppleWebKit/537.36 (KHTML, like Gecko) Version/4.0 Chrome/60.0.3112.107 Moblie Safari/537.36"
45.125.66.32 - - [20/Oct/2024:03:23:57 -0400] "GET /.env HTTP/1.1" 403 1242 "-" "Mozilla/5.0 (Macintosh; Intel Mac OS X 10.15; rv:77.0) Gecko/20100101 Firefox/77.0"
162.213.251.195 - - [20/Oct/2024:03:26:07 -0400] "POST /wp-cron.php?doing_wp_cron=1729409166.5257940292358398437500 HTTP/1.1" 200 0 "-" "WordPress/6.6.2; https://thietke365.net"
59.125.102.142 - - [20/Oct/2024:03:25:49 -0400] "POST /xmlrpc.php HTTP/1.1" 200 237 "-" "Mozilla/5.0 (X11; Fedora; Linux x86_64; rv:94.0) Gecko/20100101 Firefox/95.0"
162.213.251.195 - - [20/Oct/2024:03:27:07 -0400] "POST /wp-cron.php?doing_wp_cron=1729409227.4260759353637695312500 HTTP/1.1" 200 0 "-" "WordPress/6.6.2; https://thietke365.net"
66.249.64.70 - - [20/Oct/2024:03:27:06 -0400] "GET /z.php HTTP/1.1" 404 29198 "-" "Mozilla/5.0 (Linux; Android 6.0.1; Nexus 5X Build/MMB29P) AppleWebKit/537.36 (KHTML, like Gecko) Chrome/129.0.6668.89 Mobile Safari/537.36 (compatible; GoogleOther)"
162.213.251.195 - - [20/Oct/2024:03:29:22 -0400] "POST /wp-cron.php?doing_wp_cron=1729409362.1806540489196777343750 HTTP/1.1" 200 0 "-" "WordPress/6.6.2; https://thietke365.net"
66.249.76.39 - - [20/Oct/2024:03:29:15 -0400] "GET /z.php HTTP/1.1" 404 29134 "-" "Mozilla/5.0 (Linux; Android 6.0.1; Nexus 5X Build/MMB29P) AppleWebKit/537.36 (KHTML, like Gecko) Chrome/129.0.6668.89 Mobile Safari/537.36 (compatible; Googlebot/2.1; +http://www.google.com/bot.html)"
162.213.251.195 - - [20/Oct/2024:03:32:08 -0400] "POST /wp-cron.php?doing_wp_cron=1729409528.4205579757690429687500 HTTP/1.1" 200 0 "-" "WordPress/6.6.2; https://thietke365.net"
8.215.9.89 - - [20/Oct/2024:03:32:02 -0400] "GET / HTTP/1.1" 200 38576 "-" "Mozilla/5.0 (Windows NT 10.0; Win64; x64) AppleWebKit/537.36 (KHTML, like Gecko) Chrome/58.0.3029.110 Safari/537.3"
8.215.9.89 - - [20/Oct/2024:03:32:10 -0400] "GET /xmlrpc.php HTTP/1.1" 405 46 "-" "python-httpx/0.27.2"
162.213.251.195 - - [20/Oct/2024:03:32:40 -0400] "POST /wp-cron.php?doing_wp_cron=1729409559.6783800125122070312500 HTTP/1.1" 200 0 "-" "WordPress/6.6.2; https://thietke365.net"
66.249.64.64 - - [20/Oct/2024:03:32:39 -0400] "GET /errors.php HTTP/1.1" 404 29201 "-" "Mozilla/5.0 (Linux; Android 6.0.1; Nexus 5X Build/MMB29P) AppleWebKit/537.36 (KHTML, like Gecko) Chrome/129.0.6668.89 Mobile Safari/537.36 (compatible; GoogleOther)"
75.119.208.59 - - [20/Oct/2024:03:33:01 -0400] "POST /xmlrpc.php HTTP/1.1" 200 237 "-" "Mozilla/5.0 (X11; Fedora; Linux x86_64; rv:94.0) Gecko/20100101 Firefox/95.0"
162.213.251.195 - - [20/Oct/2024:03:34:40 -0400] "POST /wp-cron.php?doing_wp_cron=1729409679.5819160938262939453125 HTTP/1.1" 200 0 "-" "WordPress/6.6.2; https://thietke365.net"
66.249.64.65 - - [20/Oct/2024:03:34:32 -0400] "GET /xml.php HTTP/1.1" 404 28991 "-" "Mozilla/5.0 (Linux; Android 6.0.1; Nexus 5X Build/MMB29P) AppleWebKit/537.36 (KHTML, like Gecko) Chrome/129.0.6668.89 Mobile Safari/537.36 (compatible; GoogleOther)"
162.213.251.195 - - [20/Oct/2024:03:37:13 -0400] "POST /wp-cron.php?doing_wp_cron=1729409833.1659131050109863281250 HTTP/1.1" 200 0 "-" "WordPress/6.6.2; https://thietke365.net"
66.249.64.66 - - [20/Oct/2024:03:37:02 -0400] "GET /robots.php HTTP/1.1" 404 29191 "-" "Mozilla/5.0 (Linux; Android 6.0.1; Nexus 5X Build/MMB29P) AppleWebKit/537.36 (KHTML, like Gecko) Chrome/129.0.6668.89 Mobile Safari/537.36 (compatible; GoogleOther)"
162.213.251.195 - - [20/Oct/2024:03:39:53 -0400] "POST /wp-cron.php?doing_wp_cron=1729409993.4496409893035888671875 HTTP/1.1" 200 0 "-" "WordPress/6.6.2; https://thietke365.net"
2a05:480:0:f654::2 - - [20/Oct/2024:03:39:48 -0400] "POST /xmlrpc.php HTTP/1.1" 200 237 "-" "Mozilla/5.0 (X11; Fedora; Linux x86_64; rv:94.0) Gecko/20100101 Firefox/95.0"
162.213.251.195 - - [20/Oct/2024:03:41:29 -0400] "POST /wp-cron.php?doing_wp_cron=1729410089.3587419986724853515625 HTTP/1.1" 200 0 "-" "WordPress/6.6.2; https://thietke365.net"
66.249.76.38 - - [20/Oct/2024:03:41:26 -0400] "GET /system.php HTTP/1.1" 404 29125 "-" "Mozilla/5.0 (Linux; Android 6.0.1; Nexus 5X Build/MMB29P) AppleWebKit/537.36 (KHTML, like Gecko) Chrome/129.0.6668.89 Mobile Safari/537.36 (compatible; GoogleOther)"
162.213.251.195 - - [20/Oct/2024:03:42:24 -0400] "POST /wp-cron.php?doing_wp_cron=1729410144.1470649242401123046875 HTTP/1.1" 200 0 "-" "WordPress/6.6.2; https://thietke365.net"
87.120.114.208 - - [20/Oct/2024:03:42:23 -0400] "POST /wp-login.php HTTP/1.1" 200 3065 "-" "Mozilla/5.0"
34.87.48.210 - - [20/Oct/2024:03:42:55 -0400] "GET / HTTP/1.1" 200 38472 "http://thietke365.net/" "Go-http-client/2.0"
34.87.48.210 - - [20/Oct/2024:03:42:57 -0400] "GET /wp-includes/css/buttons.css HTTP/1.1" 200 2279 "http://thietke365.net/wp-includes/css/buttons.css" "Go-http-client/2.0"
162.213.251.195 - - [20/Oct/2024:03:46:06 -0400] "POST /wp-cron.php?doing_wp_cron=1729410365.4519269466400146484375 HTTP/1.1" 200 0 "-" "WordPress/6.6.2; https://thietke365.net"
66.249.64.71 - - [20/Oct/2024:03:45:51 -0400] "GET /simple.php HTTP/1.1" 404 29125 "-" "Mozilla/5.0 (Linux; Android 6.0.1; Nexus 5X Build/MMB29P) AppleWebKit/537.36 (KHTML, like Gecko) Chrome/129.0.6668.89 Mobile Safari/537.36 (compatible; GoogleOther)"
162.213.251.195 - - [20/Oct/2024:03:46:24 -0400] "POST /wp-cron.php?doing_wp_cron=1729410384.4556429386138916015625 HTTP/1.1" 200 0 "-" "WordPress/6.6.2; https://thietke365.net"
125.212.221.59 - - [20/Oct/2024:03:46:23 -0400] "POST /xmlrpc.php HTTP/1.1" 200 237 "-" "Mozilla/5.0 (X11; Fedora; Linux x86_64; rv:94.0) Gecko/20100101 Firefox/95.0"

Youez - 2016 - github.com/yon3zu
LinuXploit