162.213.251.195 - - [19/Oct/2024:23:27:58 -0400] "POST /wp-cron.php?doing_wp_cron=1729394877.8786840438842773437500 HTTP/1.1" 200 0 "-" "WordPress/6.6.2; https://dietcontrungnhanh.com"
66.249.70.195 - - [19/Oct/2024:23:27:57 -0400] "GET /im/ HTTP/1.1" 404 18701 "-" "Mozilla/5.0 (Linux; Android 6.0.1; Nexus 5X Build/MMB29P) AppleWebKit/537.36 (KHTML, like Gecko) Chrome/129.0.6668.89 Mobile Safari/537.36 (compatible; GoogleOther)"
66.249.71.1 - - [19/Oct/2024:23:29:27 -0400] "GET /dd-xsmb-soi-cau-du-doan-kqxs-mb-ket-qua-xo-so-mien-bac-ngay-09-08-p156.html HTTP/1.1" 404 18814 "-" "Mozilla/5.0 (Linux; Android 6.0.1; Nexus 5X Build/MMB29P) AppleWebKit/537.36 (KHTML, like Gecko) Chrome/129.0.6668.89 Mobile Safari/537.36 (compatible; Googlebot/2.1; +http://www.google.com/bot.html)"
162.213.251.195 - - [19/Oct/2024:23:31:45 -0400] "POST /wp-cron.php?doing_wp_cron=1729395104.4131460189819335937500 HTTP/1.1" 200 0 "-" "WordPress/6.6.2; https://dietcontrungnhanh.com"
66.249.70.196 - - [19/Oct/2024:23:31:40 -0400] "GET /owl.php HTTP/1.1" 404 16518 "-" "Mozilla/5.0 (Linux; Android 6.0.1; Nexus 5X Build/MMB29P) AppleWebKit/537.36 (KHTML, like Gecko) Chrome/129.0.6668.89 Mobile Safari/537.36 (compatible; Googlebot/2.1; +http://www.google.com/bot.html)"
162.213.251.195 - - [19/Oct/2024:23:32:41 -0400] "POST /wp-cron.php?doing_wp_cron=1729395160.8361670970916748046875 HTTP/1.1" 200 0 "-" "WordPress/6.6.2; https://dietcontrungnhanh.com"
66.249.71.2 - - [19/Oct/2024:23:32:40 -0400] "GET /setting/global HTTP/1.1" 404 18727 "-" "Mozilla/5.0 (Linux; Android 6.0.1; Nexus 5X Build/MMB29P) AppleWebKit/537.36 (KHTML, like Gecko) Chrome/129.0.6668.89 Mobile Safari/537.36 (compatible; GoogleOther)"
66.249.70.198 - - [19/Oct/2024:23:33:00 -0400] "GET /wp-content/themes/ccx/index.php HTTP/1.1" 403 1242 "-" "Mozilla/5.0 (Linux; Android 6.0.1; Nexus 5X Build/MMB29P) AppleWebKit/537.36 (KHTML, like Gecko) Chrome/129.0.6668.89 Mobile Safari/537.36 (compatible; Googlebot/2.1; +http://www.google.com/bot.html)"
162.213.251.195 - - [19/Oct/2024:23:33:09 -0400] "POST /wp-cron.php?doing_wp_cron=1729395187.6193099021911621093750 HTTP/1.1" 200 0 "-" "WordPress/6.6.2; https://dietcontrungnhanh.com"
66.249.70.196 - - [19/Oct/2024:23:33:06 -0400] "GET /RvmeKmeQNsf HTTP/1.1" 404 18738 "-" "Mozilla/5.0 (Linux; Android 6.0.1; Nexus 5X Build/MMB29P) AppleWebKit/537.36 (KHTML, like Gecko) Chrome/129.0.6668.89 Mobile Safari/537.36 (compatible; Googlebot/2.1; +http://www.google.com/bot.html)"
162.213.251.195 - - [19/Oct/2024:23:40:53 -0400] "POST /wp-cron.php?doing_wp_cron=1729395652.7674639225006103515625 HTTP/1.1" 200 0 "-" "WordPress/6.6.2; https://dietcontrungnhanh.com"
66.249.71.4 - - [19/Oct/2024:23:40:43 -0400] "GET /dich-vu-phun-khu-khuan-uy-tin HTTP/1.1" 404 18715 "-" "Mozilla/5.0 (Linux; Android 6.0.1; Nexus 5X Build/MMB29P) AppleWebKit/537.36 (KHTML, like Gecko) Chrome/129.0.6668.89 Mobile Safari/537.36 (compatible; Googlebot/2.1; +http://www.google.com/bot.html)"
162.213.251.195 - - [19/Oct/2024:23:42:02 -0400] "POST /wp-cron.php?doing_wp_cron=1729395722.0663499832153320312500 HTTP/1.1" 200 0 "-" "WordPress/6.6.2; https://dietcontrungnhanh.com"
43.130.16.140 - - [19/Oct/2024:23:42:02 -0400] "GET / HTTP/1.1" 301 0 "http://www.dietcontrungnhanh.com" "Mozilla/5.0 (iPhone; CPU iPhone OS 13_2_3 like Mac OS X) AppleWebKit/605.1.15 (KHTML, like Gecko) Version/13.0.3 Mobile/15E148 Safari/604.1"
66.249.70.197 - - [19/Oct/2024:23:42:01 -0400] "GET /diet-moi-chua/ HTTP/1.1" 404 18718 "-" "Mozilla/5.0 (Linux; Android 6.0.1; Nexus 5X Build/MMB29P) AppleWebKit/537.36 (KHTML, like Gecko) Chrome/129.0.6668.89 Mobile Safari/537.36 (compatible; GoogleOther)"
162.213.251.195 - - [19/Oct/2024:23:42:05 -0400] "POST /wp-cron.php?doing_wp_cron=1729395724.5918700695037841796875 HTTP/1.1" 200 0 "-" "WordPress/6.6.2; https://dietcontrungnhanh.com"
43.130.16.140 - - [19/Oct/2024:23:42:04 -0400] "GET / HTTP/1.1" 200 27075 "https://www.dietcontrungnhanh.com/" "Mozilla/5.0 (iPhone; CPU iPhone OS 13_2_3 like Mac OS X) AppleWebKit/605.1.15 (KHTML, like Gecko) Version/13.0.3 Mobile/15E148 Safari/604.1"
162.213.251.195 - - [19/Oct/2024:23:46:04 -0400] "POST /wp-cron.php?doing_wp_cron=1729395963.7921268939971923828125 HTTP/1.1" 200 0 "-" "WordPress/6.6.2; https://dietcontrungnhanh.com"
66.249.70.198 - - [19/Oct/2024:23:46:00 -0400] "GET /wp-pluploads.php HTTP/1.1" 404 16543 "-" "Mozilla/5.0 (Linux; Android 6.0.1; Nexus 5X Build/MMB29P) AppleWebKit/537.36 (KHTML, like Gecko) Chrome/129.0.6668.89 Mobile Safari/537.36 (compatible; Googlebot/2.1; +http://www.google.com/bot.html)"
162.213.251.195 - - [19/Oct/2024:23:48:43 -0400] "POST /wp-cron.php?doing_wp_cron=1729396122.8312540054321289062500 HTTP/1.1" 200 0 "-" "WordPress/6.6.2; https://dietcontrungnhanh.com"
162.213.251.195 - - [19/Oct/2024:23:48:43 -0400] "POST /wp-cron.php?doing_wp_cron=1729396122.8332779407501220703125 HTTP/1.1" 200 0 "-" "WordPress/6.6.2; https://dietcontrungnhanh.com"
66.249.66.35 - - [19/Oct/2024:23:48:40 -0400] "GET /home HTTP/1.1" 301 0 "-" "Mozilla/5.0 (Linux; Android 6.0.1; Nexus 5X Build/MMB29P) AppleWebKit/537.36 (KHTML, like Gecko) Chrome/129.0.6668.89 Mobile Safari/537.36 (compatible; Googlebot/2.1; +http://www.google.com/bot.html)"
66.249.66.35 - - [19/Oct/2024:23:48:41 -0400] "GET /robots.txt HTTP/1.1" 301 0 "-" "Mozilla/5.0 (compatible; Googlebot/2.1; +http://www.google.com/bot.html)"
162.213.251.195 - - [19/Oct/2024:23:49:07 -0400] "POST /wp-cron.php?doing_wp_cron=1729396146.7923259735107421875000 HTTP/1.1" 200 0 "-" "WordPress/6.6.2; https://dietcontrungnhanh.com"
66.249.70.197 - - [19/Oct/2024:23:49:06 -0400] "GET /Www HTTP/1.1" 404 18733 "-" "Mozilla/5.0 (Linux; Android 6.0.1; Nexus 5X Build/MMB29P) AppleWebKit/537.36 (KHTML, like Gecko) Chrome/129.0.6668.89 Mobile Safari/537.36 (compatible; GoogleOther)"
162.213.251.195 - - [19/Oct/2024:23:49:09 -0400] "POST /wp-cron.php?doing_wp_cron=1729396148.9850809574127197265625 HTTP/1.1" 200 0 "-" "WordPress/6.6.2; https://dietcontrungnhanh.com"
66.249.70.198 - - [19/Oct/2024:23:49:08 -0400] "GET /graphql HTTP/1.1" 404 18714 "-" "Mozilla/5.0 (Linux; Android 6.0.1; Nexus 5X Build/MMB29P) AppleWebKit/537.36 (KHTML, like Gecko) Chrome/129.0.6668.89 Mobile Safari/537.36 (compatible; GoogleOther)"
162.213.251.195 - - [19/Oct/2024:23:51:34 -0400] "POST /wp-cron.php?doing_wp_cron=1729396293.1273379325866699218750 HTTP/1.1" 200 0 "-" "WordPress/6.6.2; https://dietcontrungnhanh.com"
66.249.71.2 - - [19/Oct/2024:23:51:30 -0400] "GET /cache-wordpress/ HTTP/1.1" 404 18709 "-" "Mozilla/5.0 (Linux; Android 6.0.1; Nexus 5X Build/MMB29P) AppleWebKit/537.36 (KHTML, like Gecko) Chrome/129.0.6668.89 Mobile Safari/537.36 (compatible; GoogleOther)"
162.213.251.195 - - [19/Oct/2024:23:52:06 -0400] "POST /wp-cron.php?doing_wp_cron=1729396326.0169949531555175781250 HTTP/1.1" 200 0 "-" "WordPress/6.6.2; https://dietcontrungnhanh.com"
66.249.66.33 - - [19/Oct/2024:23:52:05 -0400] "GET /main HTTP/1.1" 301 0 "-" "Mozilla/5.0 (Linux; Android 6.0.1; Nexus 5X Build/MMB29P) AppleWebKit/537.36 (KHTML, like Gecko) Chrome/129.0.6668.89 Mobile Safari/537.36 (compatible; Googlebot/2.1; +http://www.google.com/bot.html)"
66.249.71.2 - - [19/Oct/2024:23:52:06 -0400] "GET /vbSboPJwOgLUhP HTTP/1.1" 404 18720 "-" "Mozilla/5.0 (Linux; Android 6.0.1; Nexus 5X Build/MMB29P) AppleWebKit/537.36 (KHTML, like Gecko) Chrome/129.0.6668.89 Mobile Safari/537.36 (compatible; Googlebot/2.1; +http://www.google.com/bot.html)"
162.213.251.195 - - [19/Oct/2024:23:52:09 -0400] "POST /wp-cron.php?doing_wp_cron=1729396328.8657610416412353515625 HTTP/1.1" 200 0 "-" "WordPress/6.6.2; https://dietcontrungnhanh.com"
66.249.70.193 - - [19/Oct/2024:23:52:08 -0400] "GET /administrator/ HTTP/1.1" 404 18727 "-" "Mozilla/5.0 (Linux; Android 6.0.1; Nexus 5X Build/MMB29P) AppleWebKit/537.36 (KHTML, like Gecko) Chrome/129.0.6668.89 Mobile Safari/537.36 (compatible; Googlebot/2.1; +http://www.google.com/bot.html)"
66.249.71.2 - - [19/Oct/2024:23:53:10 -0400] "GET /wp-content/plugins/ubh/ HTTP/1.1" 404 19578 "-" "Mozilla/5.0 (Linux; Android 6.0.1; Nexus 5X Build/MMB29P) AppleWebKit/537.36 (KHTML, like Gecko) Chrome/129.0.6668.89 Mobile Safari/537.36 (compatible; Googlebot/2.1; +http://www.google.com/bot.html)"
66.249.71.3 - - [19/Oct/2024:23:53:10 -0400] "GET /xxxxxminoksxxxx2021.php HTTP/1.1" 404 16564 "-" "Mozilla/5.0 (Linux; Android 6.0.1; Nexus 5X Build/MMB29P) AppleWebKit/537.36 (KHTML, like Gecko) Chrome/129.0.6668.89 Mobile Safari/537.36 (compatible; Googlebot/2.1; +http://www.google.com/bot.html)"
66.249.70.194 - - [19/Oct/2024:23:53:10 -0400] "GET /XzPkAMYE HTTP/1.1" 404 18745 "-" "Mozilla/5.0 (Linux; Android 6.0.1; Nexus 5X Build/MMB29P) AppleWebKit/537.36 (KHTML, like Gecko) Chrome/129.0.6668.89 Mobile Safari/537.36 (compatible; Googlebot/2.1; +http://www.google.com/bot.html)"
162.213.251.195 - - [19/Oct/2024:23:53:11 -0400] "POST /wp-cron.php?doing_wp_cron=1729396390.4382669925689697265625 HTTP/1.1" 200 0 "-" "WordPress/6.6.2; https://dietcontrungnhanh.com"
162.213.251.195 - - [19/Oct/2024:23:59:19 -0400] "POST /wp-cron.php?doing_wp_cron=1729396758.9553959369659423828125 HTTP/1.1" 200 0 "-" "WordPress/6.6.2; https://dietcontrungnhanh.com"
66.249.71.2 - - [19/Oct/2024:23:59:13 -0400] "GET /phpfox.php HTTP/1.1" 404 16528 "-" "Mozilla/5.0 (Linux; Android 6.0.1; Nexus 5X Build/MMB29P) AppleWebKit/537.36 (KHTML, like Gecko) Chrome/129.0.6668.89 Mobile Safari/537.36 (compatible; Googlebot/2.1; +http://www.google.com/bot.html)"
162.213.251.195 - - [19/Oct/2024:23:59:22 -0400] "POST /wp-cron.php?doing_wp_cron=1729396761.2278931140899658203125 HTTP/1.1" 200 0 "-" "WordPress/6.6.2; https://dietcontrungnhanh.com"
66.249.70.197 - - [19/Oct/2024:23:59:20 -0400] "GET /home/ HTTP/1.1" 404 18710 "-" "Mozilla/5.0 (Linux; Android 6.0.1; Nexus 5X Build/MMB29P) AppleWebKit/537.36 (KHTML, like Gecko) Chrome/129.0.6668.89 Mobile Safari/537.36 (compatible; Googlebot/2.1; +http://www.google.com/bot.html)"
66.249.71.2 - - [20/Oct/2024:00:00:58 -0400] "GET /js/post.js/ HTTP/1.1" 404 18728 "-" "Mozilla/5.0 (Linux; Android 6.0.1; Nexus 5X Build/MMB29P) AppleWebKit/537.36 (KHTML, like Gecko) Chrome/129.0.6668.89 Mobile Safari/537.36 (compatible; GoogleOther)"
162.213.251.195 - - [20/Oct/2024:00:01:10 -0400] "POST /wp-cron.php?doing_wp_cron=1729396867.9815909862518310546875 HTTP/1.1" 200 0 "-" "WordPress/6.6.2; https://dietcontrungnhanh.com"
66.249.70.196 - - [20/Oct/2024:00:01:23 -0400] "GET /wp-on.php HTTP/1.1" 404 16536 "-" "Mozilla/5.0 (Linux; Android 6.0.1; Nexus 5X Build/MMB29P) AppleWebKit/537.36 (KHTML, like Gecko) Chrome/129.0.6668.89 Mobile Safari/537.36 (compatible; Googlebot/2.1; +http://www.google.com/bot.html)"
66.249.70.197 - - [20/Oct/2024:00:01:23 -0400] "GET /defaul1.php HTTP/1.1" 404 16560 "-" "Mozilla/5.0 (Linux; Android 6.0.1; Nexus 5X Build/MMB29P) AppleWebKit/537.36 (KHTML, like Gecko) Chrome/129.0.6668.89 Mobile Safari/537.36 (compatible; Googlebot/2.1; +http://www.google.com/bot.html)"
66.249.71.3 - - [20/Oct/2024:00:01:23 -0400] "GET /wap HTTP/1.1" 404 18689 "-" "Mozilla/5.0 (Linux; Android 6.0.1; Nexus 5X Build/MMB29P) AppleWebKit/537.36 (KHTML, like Gecko) Chrome/129.0.6668.89 Mobile Safari/537.36 (compatible; Googlebot/2.1; +http://www.google.com/bot.html)"
66.249.70.196 - - [20/Oct/2024:00:01:25 -0400] "GET /pc.html HTTP/1.1" 404 18738 "-" "Mozilla/5.0 (Linux; Android 6.0.1; Nexus 5X Build/MMB29P) AppleWebKit/537.36 (KHTML, like Gecko) Chrome/129.0.6668.89 Mobile Safari/537.36 (compatible; Googlebot/2.1; +http://www.google.com/bot.html)"
162.213.251.195 - - [20/Oct/2024:00:03:33 -0400] "POST /wp-cron.php?doing_wp_cron=1729397012.7026219367980957031250 HTTP/1.1" 200 0 "-" "WordPress/6.6.2; https://dietcontrungnhanh.com"
66.249.70.196 - - [20/Oct/2024:00:03:26 -0400] "GET /ddkqxsmt-hom-nay-chinh-xac-nhat-ngay-2305-p544.html HTTP/1.1" 404 18745 "-" "Mozilla/5.0 (Linux; Android 6.0.1; Nexus 5X Build/MMB29P) AppleWebKit/537.36 (KHTML, like Gecko) Chrome/129.0.6668.89 Mobile Safari/537.36 (compatible; Googlebot/2.1; +http://www.google.com/bot.html)"
66.249.70.193 - - [20/Oct/2024:00:05:34 -0400] "GET /wp-content/themes/flatsome/assets/js/ HTTP/1.1" 403 1242 "-" "Mozilla/5.0 (Linux; Android 6.0.1; Nexus 5X Build/MMB29P) AppleWebKit/537.36 (KHTML, like Gecko) Chrome/129.0.6668.89 Mobile Safari/537.36 (compatible; Googlebot/2.1; +http://www.google.com/bot.html)"
162.213.251.195 - - [20/Oct/2024:00:06:26 -0400] "POST /wp-cron.php?doing_wp_cron=1729397186.1644039154052734375000 HTTP/1.1" 200 0 "-" "WordPress/6.6.2; https://dietcontrungnhanh.com"
66.249.71.44 - - [20/Oct/2024:00:06:22 -0400] "GET /security.txt HTTP/1.1" 301 0 "-" "Mozilla/5.0 (Linux; Android 6.0.1; Nexus 5X Build/MMB29P) AppleWebKit/537.36 (KHTML, like Gecko) Chrome/129.0.6668.89 Mobile Safari/537.36 (compatible; GoogleOther)"
162.213.251.195 - - [20/Oct/2024:00:06:27 -0400] "POST /wp-admin/admin-post.php HTTP/1.1" 200 19 "-" "WordPress/6.6.2; https://dietcontrungnhanh.com"
162.213.251.195 - - [20/Oct/2024:00:10:32 -0400] "POST /wp-cron.php?doing_wp_cron=1729397431.4908049106597900390625 HTTP/1.1" 200 0 "-" "WordPress/6.6.2; https://dietcontrungnhanh.com"
66.249.71.1 - - [20/Oct/2024:00:10:27 -0400] "GET /ddoo_im/ HTTP/1.1" 404 18718 "-" "Mozilla/5.0 (Linux; Android 6.0.1; Nexus 5X Build/MMB29P) AppleWebKit/537.36 (KHTML, like Gecko) Chrome/129.0.6668.89 Mobile Safari/537.36 (compatible; GoogleOther)"
162.213.251.195 - - [20/Oct/2024:00:11:20 -0400] "POST /wp-cron.php?doing_wp_cron=1729397479.7631359100341796875000 HTTP/1.1" 200 0 "-" "WordPress/6.6.2; https://dietcontrungnhanh.com"
66.249.71.3 - - [20/Oct/2024:00:11:19 -0400] "GET /index6.php HTTP/1.1" 404 16541 "-" "Mozilla/5.0 (Linux; Android 6.0.1; Nexus 5X Build/MMB29P) AppleWebKit/537.36 (KHTML, like Gecko) Chrome/129.0.6668.89 Mobile Safari/537.36 (compatible; Googlebot/2.1; +http://www.google.com/bot.html)"
66.249.70.194 - - [20/Oct/2024:00:11:38 -0400] "GET /cgi-bin/cgi-bin/about.php7 HTTP/1.1" 404 17384 "-" "Mozilla/5.0 (Linux; Android 6.0.1; Nexus 5X Build/MMB29P) AppleWebKit/537.36 (KHTML, like Gecko) Chrome/129.0.6668.89 Mobile Safari/537.36 (compatible; GoogleOther)"
162.213.251.195 - - [20/Oct/2024:00:11:41 -0400] "POST /wp-cron.php?doing_wp_cron=1729397498.4019958972930908203125 HTTP/1.1" 200 0 "-" "WordPress/6.6.2; https://dietcontrungnhanh.com"
162.213.251.195 - - [20/Oct/2024:00:12:05 -0400] "POST /wp-cron.php?doing_wp_cron=1729397524.3674008846282958984375 HTTP/1.1" 200 0 "-" "WordPress/6.6.2; https://dietcontrungnhanh.com"
66.249.70.195 - - [20/Oct/2024:00:12:03 -0400] "GET /fePublicInfo/ HTTP/1.1" 404 18722 "-" "Mozilla/5.0 (Linux; Android 6.0.1; Nexus 5X Build/MMB29P) AppleWebKit/537.36 (KHTML, like Gecko) Chrome/129.0.6668.89 Mobile Safari/537.36 (compatible; Googlebot/2.1; +http://www.google.com/bot.html)"
162.213.251.195 - - [20/Oct/2024:00:13:06 -0400] "POST /wp-cron.php?doing_wp_cron=1729397586.3037130832672119140625 HTTP/1.1" 200 0 "-" "WordPress/6.6.2; https://dietcontrungnhanh.com"
66.249.70.193 - - [20/Oct/2024:00:13:05 -0400] "GET /checkout HTTP/1.1" 404 18731 "-" "Mozilla/5.0 (Linux; Android 6.0.1; Nexus 5X Build/MMB29P) AppleWebKit/537.36 (KHTML, like Gecko) Chrome/129.0.6668.89 Mobile Safari/537.36 (compatible; Googlebot/2.1; +http://www.google.com/bot.html)"
207.246.255.44 - - [20/Oct/2024:00:13:07 -0400] "POST / HTTP/1.1" 200 35 "-" "Mozilla/5.0 (Windows NT 10.0; Win64; x64) AppleWebKit/537.36 (KHTML, like Gecko) Chrome/59.0.3071.115 Safari/537.36"
162.213.251.195 - - [20/Oct/2024:00:14:44 -0400] "POST /wp-cron.php?doing_wp_cron=1729397683.7257299423217773437500 HTTP/1.1" 200 0 "-" "WordPress/6.6.2; https://dietcontrungnhanh.com"
66.249.70.194 - - [20/Oct/2024:00:14:41 -0400] "GET /vSQbpsYLCvTxmu HTTP/1.1" 404 18722 "-" "Mozilla/5.0 (Linux; Android 6.0.1; Nexus 5X Build/MMB29P) AppleWebKit/537.36 (KHTML, like Gecko) Chrome/129.0.6668.89 Mobile Safari/537.36 (compatible; Googlebot/2.1; +http://www.google.com/bot.html)"
162.213.251.195 - - [20/Oct/2024:00:19:59 -0400] "POST /wp-cron.php?doing_wp_cron=1729397999.3097360134124755859375 HTTP/1.1" 200 0 "-" "WordPress/6.6.2; https://dietcontrungnhanh.com"
66.249.71.2 - - [20/Oct/2024:00:19:54 -0400] "GET /security.txt HTTP/1.1" 404 16538 "-" "Mozilla/5.0 (Linux; Android 6.0.1; Nexus 5X Build/MMB29P) AppleWebKit/537.36 (KHTML, like Gecko) Chrome/129.0.6668.89 Mobile Safari/537.36 (compatible; GoogleOther)"
162.213.251.195 - - [20/Oct/2024:00:22:22 -0400] "POST /wp-cron.php?doing_wp_cron=1729398141.3883268833160400390625 HTTP/1.1" 200 0 "-" "WordPress/6.6.2; https://dietcontrungnhanh.com"
172.245.251.220 - - [20/Oct/2024:00:22:15 -0400] "GET /dich-vu-diet-moi/feed/ HTTP/1.1" 301 0 "-" "-"
172.245.251.220 - - [20/Oct/2024:00:22:25 -0400] "GET /wp-content/uploads/2023/10/dich-vu-diet-moi.jpg HTTP/1.1" 200 8474 "-" "-"
162.213.251.195 - - [20/Oct/2024:00:25:06 -0400] "POST /wp-cron.php?doing_wp_cron=1729398306.4120519161224365234375 HTTP/1.1" 200 0 "-" "WordPress/6.6.2; https://dietcontrungnhanh.com"
66.249.70.195 - - [20/Oct/2024:00:24:55 -0400] "GET /cach-diet-gian-trong-tu-bep/ HTTP/1.1" 404 18722 "-" "Mozilla/5.0 (Linux; Android 6.0.1; Nexus 5X Build/MMB29P) AppleWebKit/537.36 (KHTML, like Gecko) Chrome/129.0.6668.89 Mobile Safari/537.36 (compatible; Googlebot/2.1; +http://www.google.com/bot.html)"
162.213.251.195 - - [20/Oct/2024:00:28:32 -0400] "POST /wp-cron.php?doing_wp_cron=1729398512.0943920612335205078125 HTTP/1.1" 200 0 "-" "WordPress/6.6.2; https://dietcontrungnhanh.com"
216.244.66.234 - - [20/Oct/2024:00:28:26 -0400] "GET /robots.txt HTTP/1.1" 200 116 "-" "Mozilla/5.0 (compatible; DotBot/1.2; +https://opensiteexplorer.org/dotbot; [email protected])"
162.213.251.195 - - [20/Oct/2024:00:29:25 -0400] "POST /wp-cron.php?doing_wp_cron=1729398564.6984701156616210937500 HTTP/1.1" 200 0 "-" "WordPress/6.6.2; https://dietcontrungnhanh.com"
66.249.71.1 - - [20/Oct/2024:00:29:24 -0400] "GET /diet-moi-go-vap/ HTTP/1.1" 404 18714 "-" "Mozilla/5.0 (Linux; Android 6.0.1; Nexus 5X Build/MMB29P) AppleWebKit/537.36 (KHTML, like Gecko) Chrome/129.0.6668.89 Mobile Safari/537.36 (compatible; GoogleOther)"
66.249.71.4 - - [20/Oct/2024:00:33:59 -0400] "GET /home HTTP/1.1" 404 18721 "-" "Mozilla/5.0 (Linux; Android 6.0.1; Nexus 5X Build/MMB29P) AppleWebKit/537.36 (KHTML, like Gecko) Chrome/129.0.6668.89 Mobile Safari/537.36 (compatible; Googlebot/2.1; +http://www.google.com/bot.html)"
66.249.70.196 - - [20/Oct/2024:00:34:07 -0400] "GET /administrator/ HTTP/1.1" 404 18723 "-" "Mozilla/5.0 (Linux; Android 6.0.1; Nexus 5X Build/MMB29P) AppleWebKit/537.36 (KHTML, like Gecko) Chrome/129.0.6668.89 Mobile Safari/537.36 (compatible; GoogleOther)"
66.249.71.2 - - [20/Oct/2024:00:34:09 -0400] "GET /api/Event/basic HTTP/1.1" 404 19581 "-" "Mozilla/5.0 (Linux; Android 6.0.1; Nexus 5X Build/MMB29P) AppleWebKit/537.36 (KHTML, like Gecko) Chrome/129.0.6668.89 Mobile Safari/537.36 (compatible; GoogleOther)"
162.213.251.195 - - [20/Oct/2024:00:35:38 -0400] "POST /wp-cron.php?doing_wp_cron=1729398938.5804059505462646484375 HTTP/1.1" 200 0 "-" "WordPress/6.6.2; https://dietcontrungnhanh.com"
49.7.227.204 - - [20/Oct/2024:00:35:36 -0400] "GET / HTTP/1.1" 301 0 "http://www.dietcontrungnhanh.com" "Mozilla/5.0 (iPhone; CPU iPhone OS 13_2_3 like Mac OS X) AppleWebKit/605.1.15 (KHTML, like Gecko) Version/13.0.3 Mobile/15E148 Safari/604.1"
162.213.251.195 - - [20/Oct/2024:00:35:40 -0400] "POST /wp-cron.php?doing_wp_cron=1729398940.2302339076995849609375 HTTP/1.1" 200 0 "-" "WordPress/6.6.2; https://dietcontrungnhanh.com"
49.7.227.204 - - [20/Oct/2024:00:35:39 -0400] "GET / HTTP/1.1" 200 27028 "https://www.dietcontrungnhanh.com/" "Mozilla/5.0 (iPhone; CPU iPhone OS 13_2_3 like Mac OS X) AppleWebKit/605.1.15 (KHTML, like Gecko) Version/13.0.3 Mobile/15E148 Safari/604.1"
162.213.251.195 - - [20/Oct/2024:00:37:07 -0400] "POST /wp-cron.php?doing_wp_cron=1729399026.7785780429840087890625 HTTP/1.1" 200 0 "-" "WordPress/6.6.2; https://dietcontrungnhanh.com"
66.249.70.196 - - [20/Oct/2024:00:37:04 -0400] "GET /dich-vu-diet-muoi HTTP/1.1" 301 0 "-" "Mozilla/5.0 (Linux; Android 6.0.1; Nexus 5X Build/MMB29P) AppleWebKit/537.36 (KHTML, like Gecko) Chrome/129.0.6668.89 Mobile Safari/537.36 (compatible; Googlebot/2.1; +http://www.google.com/bot.html)"
66.249.70.196 - - [20/Oct/2024:00:37:07 -0400] "GET /dich-vu-diet-muoi-binh-chanh/ HTTP/1.1" 200 28536 "-" "Mozilla/5.0 (Linux; Android 6.0.1; Nexus 5X Build/MMB29P) AppleWebKit/537.36 (KHTML, like Gecko) Chrome/129.0.6668.89 Mobile Safari/537.36 (compatible; Googlebot/2.1; +http://www.google.com/bot.html)"
66.249.70.196 - - [20/Oct/2024:00:37:11 -0400] "GET /wp-content/themes/flatsome/assets/js/flatsome.js?ver=a0a7aee297766598a20e HTTP/1.1" 200 16076 "https://dietcontrungnhanh.com/dich-vu-diet-muoi-binh-chanh/" "Mozilla/5.0 (Linux; Android 6.0.1; Nexus 5X Build/MMB29P) AppleWebKit/537.36 (KHTML, like Gecko) Chrome/129.0.6668.89 Mobile Safari/537.36 (compatible; Googlebot/2.1; +http://www.google.com/bot.html)"
66.249.71.2 - - [20/Oct/2024:00:37:11 -0400] "GET /wp-content/themes/flatsome/assets/js/chunk.slider.js?ver=3.18.7 HTTP/1.1" 200 12985 "https://dietcontrungnhanh.com/dich-vu-diet-muoi-binh-chanh/" "Mozilla/5.0 (Linux; Android 6.0.1; Nexus 5X Build/MMB29P) AppleWebKit/537.36 (KHTML, like Gecko) Chrome/129.0.6668.89 Mobile Safari/537.36 (compatible; Googlebot/2.1; +http://www.google.com/bot.html)"
66.249.70.196 - - [20/Oct/2024:00:37:11 -0400] "GET /wp-content/plugins/easy-table-of-contents/assets/js/front.min.js?ver=2.0.68.1-1722997104 HTTP/1.1" 304 0 "https://dietcontrungnhanh.com/dich-vu-diet-muoi-binh-chanh/" "Mozilla/5.0 (Linux; Android 6.0.1; Nexus 5X Build/MMB29P) AppleWebKit/537.36 (KHTML, like Gecko) Chrome/129.0.6668.89 Mobile Safari/537.36 (compatible; Googlebot/2.1; +http://www.google.com/bot.html)"
66.249.70.196 - - [20/Oct/2024:00:37:11 -0400] "GET /wp-content/themes/flatsome/assets/js/woocommerce.js?ver=49415fe6a9266f32f1f2 HTTP/1.1" 304 0 "https://dietcontrungnhanh.com/dich-vu-diet-muoi-binh-chanh/" "Mozilla/5.0 (Linux; Android 6.0.1; Nexus 5X Build/MMB29P) AppleWebKit/537.36 (KHTML, like Gecko) Chrome/129.0.6668.89 Mobile Safari/537.36 (compatible; Googlebot/2.1; +http://www.google.com/bot.html)"
66.249.71.3 - - [20/Oct/2024:00:37:13 -0400] "GET /wp-content/plugins/easy-table-of-contents/vendor/js-cookie/js.cookie.min.js?ver=2.2.1 HTTP/1.1" 304 0 "https://dietcontrungnhanh.com/dich-vu-diet-muoi-binh-chanh/" "Mozilla/5.0 (Linux; Android 6.0.1; Nexus 5X Build/MMB29P) AppleWebKit/537.36 (KHTML, like Gecko) Chrome/129.0.6668.89 Mobile Safari/537.36 (compatible; Googlebot/2.1; +http://www.google.com/bot.html)"
66.249.71.3 - - [20/Oct/2024:00:37:14 -0400] "GET /wp-content/themes/flatsome/assets/js/chunk.popups.js?ver=3.18.7 HTTP/1.1" 304 0 "https://dietcontrungnhanh.com/dich-vu-diet-muoi-binh-chanh/" "Mozilla/5.0 (Linux; Android 6.0.1; Nexus 5X Build/MMB29P) AppleWebKit/537.36 (KHTML, like Gecko) Chrome/129.0.6668.89 Mobile Safari/537.36 (compatible; Googlebot/2.1; +http://www.google.com/bot.html)"
66.249.70.197 - - [20/Oct/2024:00:37:15 -0400] "GET /wp-content/themes/flatsome/assets/js/chunk.tooltips.js?ver=3.18.7 HTTP/1.1" 304 0 "https://dietcontrungnhanh.com/dich-vu-diet-muoi-binh-chanh/" "Mozilla/5.0 (Linux; Android 6.0.1; Nexus 5X Build/MMB29P) AppleWebKit/537.36 (KHTML, like Gecko) Chrome/129.0.6668.89 Mobile Safari/537.36 (compatible; Googlebot/2.1; +http://www.google.com/bot.html)"
66.249.71.2 - - [20/Oct/2024:00:37:15 -0400] "GET /wp-content/plugins/woocommerce/assets/js/frontend/woocommerce.min.js?ver=9.1.4 HTTP/1.1" 304 0 "https://dietcontrungnhanh.com/dich-vu-diet-muoi-binh-chanh/" "Mozilla/5.0 (Linux; Android 6.0.1; Nexus 5X Build/MMB29P) AppleWebKit/537.36 (KHTML, like Gecko) Chrome/129.0.6668.89 Mobile Safari/537.36 (compatible; Googlebot/2.1; +http://www.google.com/bot.html)"
66.249.71.2 - - [20/Oct/2024:00:37:16 -0400] "GET /wp-content/themes/flatsome/assets/js/flatsome.js?ver=a0a7aee297766598a20e HTTP/1.1" 304 0 "https://dietcontrungnhanh.com/dich-vu-diet-muoi-binh-chanh/" "Mozilla/5.0 (Linux; Android 6.0.1; Nexus 5X Build/MMB29P) AppleWebKit/537.36 (KHTML, like Gecko) Chrome/129.0.6668.89 Mobile Safari/537.36 (compatible; Googlebot/2.1; +http://www.google.com/bot.html)"
66.249.70.196 - - [20/Oct/2024:00:37:17 -0400] "GET /wp-content/plugins/easy-table-of-contents/vendor/sticky-kit/jquery.sticky-kit.min.js?ver=1.9.2 HTTP/1.1" 200 1180 "https://dietcontrungnhanh.com/dich-vu-diet-muoi-binh-chanh/" "Mozilla/5.0 (Linux; Android 6.0.1; Nexus 5X Build/MMB29P) AppleWebKit/537.36 (KHTML, like Gecko) Chrome/129.0.6668.89 Mobile Safari/537.36 (compatible; Googlebot/2.1; +http://www.google.com/bot.html)"
66.249.70.196 - - [20/Oct/2024:00:37:19 -0400] "GET /wp-content/plugins/woocommerce/assets/js/frontend/order-attribution.min.js?ver=9.1.4 HTTP/1.1" 304 0 "https://dietcontrungnhanh.com/dich-vu-diet-muoi-binh-chanh/" "Mozilla/5.0 (Linux; Android 6.0.1; Nexus 5X Build/MMB29P) AppleWebKit/537.36 (KHTML, like Gecko) Chrome/129.0.6668.89 Mobile Safari/537.36 (compatible; Googlebot/2.1; +http://www.google.com/bot.html)"
66.249.70.196 - - [20/Oct/2024:00:37:19 -0400] "GET /wp-content/plugins/easy-table-of-contents/assets/js/smooth_scroll.min.js?ver=2.0.68.1 HTTP/1.1" 200 466 "https://dietcontrungnhanh.com/dich-vu-diet-muoi-binh-chanh/" "Mozilla/5.0 (Linux; Android 6.0.1; Nexus 5X Build/MMB29P) AppleWebKit/537.36 (KHTML, like Gecko) Chrome/129.0.6668.89 Mobile Safari/537.36 (compatible; Googlebot/2.1; +http://www.google.com/bot.html)"
162.213.251.195 - - [20/Oct/2024:00:37:21 -0400] "POST /wp-cron.php?doing_wp_cron=1729399040.7164120674133300781250 HTTP/1.1" 200 0 "-" "WordPress/6.6.2; https://dietcontrungnhanh.com"
66.249.70.196 - - [20/Oct/2024:00:37:20 -0400] "POST /?wc-ajax=get_refreshed_fragments HTTP/1.1" 200 1500 "https://dietcontrungnhanh.com/dich-vu-diet-muoi-binh-chanh/" "Mozilla/5.0 (Linux; Android 6.0.1; Nexus 5X Build/MMB29P) AppleWebKit/537.36 (KHTML, like Gecko) Chrome/129.0.6668.89 Mobile Safari/537.36 (compatible; Googlebot/2.1; +http://www.google.com/bot.html)"
162.213.251.195 - - [20/Oct/2024:00:38:55 -0400] "POST /wp-cron.php?doing_wp_cron=1729399135.5092799663543701171875 HTTP/1.1" 200 0 "-" "WordPress/6.6.2; https://dietcontrungnhanh.com"
66.249.71.3 - - [20/Oct/2024:00:38:53 -0400] "GET /cach-diet-gian-trong-tu-bep/ HTTP/1.1" 404 18717 "-" "Mozilla/5.0 (Linux; Android 6.0.1; Nexus 5X Build/MMB29P) AppleWebKit/537.36 (KHTML, like Gecko) Chrome/129.0.6668.89 Mobile Safari/537.36 (compatible; GoogleOther)"
162.213.251.195 - - [20/Oct/2024:00:39:09 -0400] "POST /wp-cron.php?doing_wp_cron=1729399149.5125679969787597656250 HTTP/1.1" 200 0 "-" "WordPress/6.6.2; https://dietcontrungnhanh.com"
66.249.71.3 - - [20/Oct/2024:00:39:09 -0400] "GET /Wp HTTP/1.1" 404 18708 "-" "Mozilla/5.0 (Linux; Android 6.0.1; Nexus 5X Build/MMB29P) AppleWebKit/537.36 (KHTML, like Gecko) Chrome/129.0.6668.89 Mobile Safari/537.36 (compatible; Googlebot/2.1; +http://www.google.com/bot.html)"
162.213.251.195 - - [20/Oct/2024:00:46:14 -0400] "POST /wp-cron.php?doing_wp_cron=1729399574.2471020221710205078125 HTTP/1.1" 200 0 "-" "WordPress/6.6.2; https://dietcontrungnhanh.com"
217.113.194.59 - - [20/Oct/2024:00:46:07 -0400] "GET /robots.txt HTTP/1.1" 200 116 "-" "Mozilla/5.0 (compatible; Barkrowler/0.9; +https://babbar.tech/crawler)"
162.213.251.195 - - [20/Oct/2024:00:46:23 -0400] "POST /wp-cron.php?doing_wp_cron=1729399583.5844900608062744140625 HTTP/1.1" 200 0 "-" "WordPress/6.6.2; https://dietcontrungnhanh.com"
217.113.194.61 - - [20/Oct/2024:00:46:23 -0400] "GET /feed/ HTTP/1.1" 200 11862 "-" "Mozilla/5.0 (compatible; Barkrowler/0.9; +https://babbar.tech/crawler)"
162.213.251.195 - - [20/Oct/2024:00:48:48 -0400] "POST /wp-cron.php?doing_wp_cron=1729399728.1735160350799560546875 HTTP/1.1" 200 0 "-" "WordPress/6.6.2; https://dietcontrungnhanh.com"
66.249.66.38 - - [20/Oct/2024:00:48:38 -0400] "GET /bk HTTP/1.1" 301 0 "-" "Mozilla/5.0 (Linux; Android 6.0.1; Nexus 5X Build/MMB29P) AppleWebKit/537.36 (KHTML, like Gecko) Chrome/129.0.6668.89 Mobile Safari/537.36 (compatible; GoogleOther)"
162.213.251.195 - - [20/Oct/2024:00:48:49 -0400] "POST /wp-cron.php?doing_wp_cron=1729399728.1772809028625488281250 HTTP/1.1" 200 0 "-" "WordPress/6.6.2; https://dietcontrungnhanh.com"
66.249.70.193 - - [20/Oct/2024:00:48:47 -0400] "GET /ajax-actions.php HTTP/1.1" 404 16541 "-" "Mozilla/5.0 (Linux; Android 6.0.1; Nexus 5X Build/MMB29P) AppleWebKit/537.36 (KHTML, like Gecko) Chrome/129.0.6668.89 Mobile Safari/537.36 (compatible; GoogleOther)"
162.213.251.195 - - [20/Oct/2024:00:50:01 -0400] "POST /wp-cron.php?doing_wp_cron=1729399801.3554470539093017578125 HTTP/1.1" 200 0 "-" "WordPress/6.6.2; https://dietcontrungnhanh.com"
66.249.70.193 - - [20/Oct/2024:00:50:00 -0400] "GET /adminfuns.php7 HTTP/1.1" 404 16546 "-" "Mozilla/5.0 (Linux; Android 6.0.1; Nexus 5X Build/MMB29P) AppleWebKit/537.36 (KHTML, like Gecko) Chrome/129.0.6668.89 Mobile Safari/537.36 (compatible; Googlebot/2.1; +http://www.google.com/bot.html)"
217.113.194.56 - - [20/Oct/2024:00:51:04 -0400] "GET /wp-content/uploads/2024/06/dich-vu-thi-cong-mang.webp HTTP/1.1" 200 26070 "-" "Mozilla/5.0 (compatible; Barkrowler/0.9; +https://babbar.tech/crawler)"
162.213.251.195 - - [20/Oct/2024:00:51:57 -0400] "POST /wp-cron.php?doing_wp_cron=1729399916.7645249366760253906250 HTTP/1.1" 200 0 "-" "WordPress/6.6.2; https://dietcontrungnhanh.com"
114.119.136.113 - - [20/Oct/2024:00:51:53 -0400] "GET /robots.txt HTTP/1.1" 301 0 "-" "Mozilla/5.0 (compatible;PetalBot;+https://webmaster.petalsearch.com/site/petalbot)"
162.213.251.195 - - [20/Oct/2024:00:52:02 -0400] "POST /wp-cron.php?doing_wp_cron=1729399921.6763019561767578125000 HTTP/1.1" 200 0 "-" "WordPress/6.6.2; https://dietcontrungnhanh.com"
114.119.136.113 - - [20/Oct/2024:00:52:01 -0400] "GET /robots.txt HTTP/1.1" 200 116 "-" "Mozilla/5.0 (compatible;PetalBot;+https://webmaster.petalsearch.com/site/petalbot)"
162.213.251.195 - - [20/Oct/2024:00:52:33 -0400] "POST /wp-cron.php?doing_wp_cron=1729399953.1309969425201416015625 HTTP/1.1" 200 0 "-" "WordPress/6.6.2; https://dietcontrungnhanh.com"
52.167.144.194 - - [20/Oct/2024:00:52:32 -0400] "GET /dich-vu-diet-muoi-quan-9/ HTTP/1.1" 200 28773 "-" "Mozilla/5.0 AppleWebKit/537.36 (KHTML, like Gecko; compatible; bingbot/2.0; +http://www.bing.com/bingbot.htm) Chrome/116.0.1938.76 Safari/537.36"
162.213.251.195 - - [20/Oct/2024:00:54:05 -0400] "POST /wp-cron.php?doing_wp_cron=1729400045.3349549770355224609375 HTTP/1.1" 200 0 "-" "WordPress/6.6.2; https://dietcontrungnhanh.com"
66.249.70.194 - - [20/Oct/2024:00:54:02 -0400] "GET /diet-moi-bac-ninh HTTP/1.1" 404 18714 "-" "Mozilla/5.0 (Linux; Android 6.0.1; Nexus 5X Build/MMB29P) AppleWebKit/537.36 (KHTML, like Gecko) Chrome/129.0.6668.89 Mobile Safari/537.36 (compatible; Googlebot/2.1; +http://www.google.com/bot.html)"
162.213.251.195 - - [20/Oct/2024:00:54:07 -0400] "POST /wp-cron.php?doing_wp_cron=1729400047.0722808837890625000000 HTTP/1.1" 200 0 "-" "WordPress/6.6.2; https://dietcontrungnhanh.com"
66.249.70.193 - - [20/Oct/2024:00:54:06 -0400] "GET /cache-wordpress/ HTTP/1.1" 404 18735 "-" "Mozilla/5.0 (Linux; Android 6.0.1; Nexus 5X Build/MMB29P) AppleWebKit/537.36 (KHTML, like Gecko) Chrome/129.0.6668.89 Mobile Safari/537.36 (compatible; Googlebot/2.1; +http://www.google.com/bot.html)"
66.249.70.193 - - [20/Oct/2024:00:54:08 -0400] "GET /wp-admin/includes/wp-conflg.php.suspected HTTP/1.1" 403 1242 "-" "Mozilla/5.0 (Linux; Android 6.0.1; Nexus 5X Build/MMB29P) AppleWebKit/537.36 (KHTML, like Gecko) Chrome/129.0.6668.89 Mobile Safari/537.36 (compatible; Googlebot/2.1; +http://www.google.com/bot.html)"
162.213.251.195 - - [20/Oct/2024:00:56:44 -0400] "POST /wp-cron.php?doing_wp_cron=1729400203.9322109222412109375000 HTTP/1.1" 200 0 "-" "WordPress/6.6.2; https://dietcontrungnhanh.com"
66.249.71.1 - - [20/Oct/2024:00:56:39 -0400] "GET /api/im/v2/app/config HTTP/1.1" 404 19604 "-" "Mozilla/5.0 (Linux; Android 6.0.1; Nexus 5X Build/MMB29P) AppleWebKit/537.36 (KHTML, like Gecko) Chrome/129.0.6668.89 Mobile Safari/537.36 (compatible; GoogleOther)"
162.213.251.195 - - [20/Oct/2024:00:57:50 -0400] "POST /wp-cron.php?doing_wp_cron=1729400269.9320321083068847656250 HTTP/1.1" 200 0 "-" "WordPress/6.6.2; https://dietcontrungnhanh.com"
66.249.70.194 - - [20/Oct/2024:00:57:49 -0400] "GET /im/h5/ HTTP/1.1" 404 18687 "-" "Mozilla/5.0 (Linux; Android 6.0.1; Nexus 5X Build/MMB29P) AppleWebKit/537.36 (KHTML, like Gecko) Chrome/129.0.6668.89 Mobile Safari/537.36 (compatible; GoogleOther)"
162.213.251.195 - - [20/Oct/2024:00:58:49 -0400] "POST /wp-cron.php?doing_wp_cron=1729400328.2314529418945312500000 HTTP/1.1" 200 0 "-" "WordPress/6.6.2; https://dietcontrungnhanh.com"
216.244.66.234 - - [20/Oct/2024:00:58:47 -0400] "GET /dich-vu-thi-cong-mang-binh-chanh/ HTTP/1.1" 404 18750 "-" "Mozilla/5.0 (compatible; DotBot/1.2; +https://opensiteexplorer.org/dotbot; [email protected])"
162.213.251.195 - - [20/Oct/2024:00:59:10 -0400] "POST /wp-cron.php?doing_wp_cron=1729400350.1718978881835937500000 HTTP/1.1" 200 0 "-" "WordPress/6.6.2; https://dietcontrungnhanh.com"
66.249.70.196 - - [20/Oct/2024:00:59:09 -0400] "GET /zentao/user-login.html HTTP/1.1" 404 18694 "-" "Mozilla/5.0 (Linux; Android 6.0.1; Nexus 5X Build/MMB29P) AppleWebKit/537.36 (KHTML, like Gecko) Chrome/129.0.6668.89 Mobile Safari/537.36 (compatible; Googlebot/2.1; +http://www.google.com/bot.html)"
162.213.251.195 - - [20/Oct/2024:01:03:55 -0400] "POST /wp-cron.php?doing_wp_cron=1729400635.3347599506378173828125 HTTP/1.1" 200 0 "-" "WordPress/6.6.2; https://dietcontrungnhanh.com"
66.249.66.38 - - [20/Oct/2024:01:03:47 -0400] "GET /backup HTTP/1.1" 301 0 "-" "Mozilla/5.0 (Linux; Android 6.0.1; Nexus 5X Build/MMB29P) AppleWebKit/537.36 (KHTML, like Gecko) Chrome/129.0.6668.89 Mobile Safari/537.36 (compatible; GoogleOther)"
162.213.251.195 - - [20/Oct/2024:01:07:06 -0400] "POST /wp-cron.php?doing_wp_cron=1729400826.4074459075927734375000 HTTP/1.1" 200 0 "-" "WordPress/6.6.2; https://dietcontrungnhanh.com"
66.249.71.43 - - [20/Oct/2024:01:07:03 -0400] "GET /home HTTP/1.1" 301 0 "-" "Mozilla/5.0 (Linux; Android 6.0.1; Nexus 5X Build/MMB29P) AppleWebKit/537.36 (KHTML, like Gecko) Chrome/129.0.6668.89 Mobile Safari/537.36 (compatible; GoogleOther)"
162.213.251.195 - - [20/Oct/2024:01:07:19 -0400] "POST /wp-cron.php?doing_wp_cron=1729400838.4715490341186523437500 HTTP/1.1" 200 0 "-" "WordPress/6.6.2; https://dietcontrungnhanh.com"
66.249.70.195 - - [20/Oct/2024:01:07:17 -0400] "GET /otc/ HTTP/1.1" 404 18728 "-" "Mozilla/5.0 (Linux; Android 6.0.1; Nexus 5X Build/MMB29P) AppleWebKit/537.36 (KHTML, like Gecko) Chrome/129.0.6668.89 Mobile Safari/537.36 (compatible; GoogleOther)"
162.213.251.195 - - [20/Oct/2024:01:13:17 -0400] "POST /wp-cron.php?doing_wp_cron=1729401197.4410030841827392578125 HTTP/1.1" 200 0 "-" "WordPress/6.6.2; https://dietcontrungnhanh.com"
66.249.71.4 - - [20/Oct/2024:01:13:12 -0400] "GET /thuoc-diet-muoi-an-toan-cho-be HTTP/1.1" 404 18704 "-" "Mozilla/5.0 (Linux; Android 6.0.1; Nexus 5X Build/MMB29P) AppleWebKit/537.36 (KHTML, like Gecko) Chrome/129.0.6668.89 Mobile Safari/537.36 (compatible; Googlebot/2.1; +http://www.google.com/bot.html)"
162.213.251.195 - - [20/Oct/2024:01:13:20 -0400] "POST /wp-cron.php?doing_wp_cron=1729401200.4466159343719482421875 HTTP/1.1" 200 0 "-" "WordPress/6.6.2; https://dietcontrungnhanh.com"
66.249.71.2 - - [20/Oct/2024:01:13:20 -0400] "GET /archives.php HTTP/1.1" 404 16542 "-" "Mozilla/5.0 (Linux; Android 6.0.1; Nexus 5X Build/MMB29P) AppleWebKit/537.36 (KHTML, like Gecko) Chrome/129.0.6668.89 Mobile Safari/537.36 (compatible; Googlebot/2.1; +http://www.google.com/bot.html)"
162.213.251.195 - - [20/Oct/2024:01:13:22 -0400] "POST /wp-cron.php?doing_wp_cron=1729401202.2985670566558837890625 HTTP/1.1" 200 0 "-" "WordPress/6.6.2; https://dietcontrungnhanh.com"
66.249.70.197 - - [20/Oct/2024:01:13:21 -0400] "GET /wp-2020.php HTTP/1.1" 404 16561 "-" "Mozilla/5.0 (Linux; Android 6.0.1; Nexus 5X Build/MMB29P) AppleWebKit/537.36 (KHTML, like Gecko) Chrome/129.0.6668.89 Mobile Safari/537.36 (compatible; Googlebot/2.1; +http://www.google.com/bot.html)"
162.213.251.195 - - [20/Oct/2024:01:13:24 -0400] "POST /wp-cron.php?doing_wp_cron=1729401204.6187419891357421875000 HTTP/1.1" 200 0 "-" "WordPress/6.6.2; https://dietcontrungnhanh.com"
66.249.71.2 - - [20/Oct/2024:01:13:24 -0400] "GET /gank.php HTTP/1.1" 404 16542 "-" "Mozilla/5.0 (Linux; Android 6.0.1; Nexus 5X Build/MMB29P) AppleWebKit/537.36 (KHTML, like Gecko) Chrome/129.0.6668.89 Mobile Safari/537.36 (compatible; Googlebot/2.1; +http://www.google.com/bot.html)"
162.213.251.195 - - [20/Oct/2024:01:13:32 -0400] "POST /wp-cron.php?doing_wp_cron=1729401212.3548989295959472656250 HTTP/1.1" 200 0 "-" "WordPress/6.6.2; https://dietcontrungnhanh.com"
66.249.71.2 - - [20/Oct/2024:01:13:31 -0400] "GET /thong-ke-phan-tich-kqxsmb-soi-cau-xsmb-ngay-252018-p489.html HTTP/1.1" 404 18742 "-" "Mozilla/5.0 (Linux; Android 6.0.1; Nexus 5X Build/MMB29P) AppleWebKit/537.36 (KHTML, like Gecko) Chrome/129.0.6668.89 Mobile Safari/537.36 (compatible; Googlebot/2.1; +http://www.google.com/bot.html)"
162.213.251.195 - - [20/Oct/2024:01:13:34 -0400] "POST /wp-cron.php?doing_wp_cron=1729401214.2828500270843505859375 HTTP/1.1" 200 0 "-" "WordPress/6.6.2; https://dietcontrungnhanh.com"
66.249.71.2 - - [20/Oct/2024:01:13:33 -0400] "GET /wordpress/wp-admin/includes HTTP/1.1" 404 19585 "-" "Mozilla/5.0 (Linux; Android 6.0.1; Nexus 5X Build/MMB29P) AppleWebKit/537.36 (KHTML, like Gecko) Chrome/129.0.6668.89 Mobile Safari/537.36 (compatible; Googlebot/2.1; +http://www.google.com/bot.html)"
162.213.251.195 - - [20/Oct/2024:01:13:36 -0400] "POST /wp-cron.php?doing_wp_cron=1729401216.5650041103363037109375 HTTP/1.1" 200 0 "-" "WordPress/6.6.2; https://dietcontrungnhanh.com"
66.249.71.2 - - [20/Oct/2024:01:13:36 -0400] "GET /wp-content/mu-plugins/ HTTP/1.1" 404 18699 "-" "Mozilla/5.0 (Linux; Android 6.0.1; Nexus 5X Build/MMB29P) AppleWebKit/537.36 (KHTML, like Gecko) Chrome/129.0.6668.89 Mobile Safari/537.36 (compatible; Googlebot/2.1; +http://www.google.com/bot.html)"
162.213.251.195 - - [20/Oct/2024:01:14:53 -0400] "POST /wp-cron.php?doing_wp_cron=1729401293.0131421089172363281250 HTTP/1.1" 200 0 "-" "WordPress/6.6.2; https://dietcontrungnhanh.com"
66.249.71.40 - - [20/Oct/2024:01:14:52 -0400] "GET /main HTTP/1.1" 301 0 "-" "Mozilla/5.0 (Linux; Android 6.0.1; Nexus 5X Build/MMB29P) AppleWebKit/537.36 (KHTML, like Gecko) Chrome/129.0.6668.89 Mobile Safari/537.36 (compatible; GoogleOther)"
162.213.251.195 - - [20/Oct/2024:01:15:05 -0400] "POST /wp-cron.php?doing_wp_cron=1729401305.2369329929351806640625 HTTP/1.1" 200 0 "-" "WordPress/6.6.2; https://dietcontrungnhanh.com"
66.249.70.196 - - [20/Oct/2024:01:15:04 -0400] "GET /wp-p.php7 HTTP/1.1" 404 16540 "-" "Mozilla/5.0 (Linux; Android 6.0.1; Nexus 5X Build/MMB29P) AppleWebKit/537.36 (KHTML, like Gecko) Chrome/129.0.6668.89 Mobile Safari/537.36 (compatible; Googlebot/2.1; +http://www.google.com/bot.html)"
162.213.251.195 - - [20/Oct/2024:01:16:48 -0400] "POST /wp-cron.php?doing_wp_cron=1729401407.7388279438018798828125 HTTP/1.1" 200 0 "-" "WordPress/6.6.2; https://dietcontrungnhanh.com"
66.249.70.196 - - [20/Oct/2024:01:16:45 -0400] "GET /bk HTTP/1.1" 404 18684 "-" "Mozilla/5.0 (Linux; Android 6.0.1; Nexus 5X Build/MMB29P) AppleWebKit/537.36 (KHTML, like Gecko) Chrome/129.0.6668.89 Mobile Safari/537.36 (compatible; GoogleOther)"
162.213.251.195 - - [20/Oct/2024:01:19:12 -0400] "POST /wp-cron.php?doing_wp_cron=1729401551.6452000141143798828125 HTTP/1.1" 200 0 "-" "WordPress/6.6.2; https://dietcontrungnhanh.com"
66.249.71.2 - - [20/Oct/2024:01:19:08 -0400] "GET /graphql/graphiql.php HTTP/1.1" 404 16537 "-" "Mozilla/5.0 (Linux; Android 6.0.1; Nexus 5X Build/MMB29P) AppleWebKit/537.36 (KHTML, like Gecko) Chrome/129.0.6668.89 Mobile Safari/537.36 (compatible; GoogleOther)"
162.213.251.195 - - [20/Oct/2024:01:21:32 -0400] "POST /wp-cron.php?doing_wp_cron=1729401691.9866631031036376953125 HTTP/1.1" 200 0 "-" "WordPress/6.6.2; https://dietcontrungnhanh.com"
66.249.70.194 - - [20/Oct/2024:01:21:29 -0400] "GET /wp-admin/css/colors/blue/xmrlpc.php HTTP/1.1" 404 17371 "-" "Mozilla/5.0 (Linux; Android 6.0.1; Nexus 5X Build/MMB29P) AppleWebKit/537.36 (KHTML, like Gecko) Chrome/129.0.6668.89 Mobile Safari/537.36 (compatible; Googlebot/2.1; +http://www.google.com/bot.html)"
162.213.251.195 - - [20/Oct/2024:01:26:23 -0400] "POST /wp-cron.php?doing_wp_cron=1729401982.7009820938110351562500 HTTP/1.1" 200 0 "-" "WordPress/6.6.2; https://dietcontrungnhanh.com"
66.249.70.197 - - [20/Oct/2024:01:26:13 -0400] "GET /backup HTTP/1.1" 404 18726 "-" "Mozilla/5.0 (Linux; Android 6.0.1; Nexus 5X Build/MMB29P) AppleWebKit/537.36 (KHTML, like Gecko) Chrome/129.0.6668.89 Mobile Safari/537.36 (compatible; GoogleOther)"
162.213.251.195 - - [20/Oct/2024:01:31:27 -0400] "POST /wp-cron.php?doing_wp_cron=1729402287.3915679454803466796875 HTTP/1.1" 200 0 "-" "WordPress/6.6.2; https://dietcontrungnhanh.com"
205.210.31.19 - - [20/Oct/2024:01:31:20 -0400] "GET / HTTP/1.1" 301 0 "http://104.21.60.223:80/" "-"
162.213.251.195 - - [20/Oct/2024:01:31:29 -0400] "POST /wp-cron.php?doing_wp_cron=1729402288.8480238914489746093750 HTTP/1.1" 200 0 "-" "WordPress/6.6.2; https://dietcontrungnhanh.com"
205.210.31.19 - - [20/Oct/2024:01:31:28 -0400] "GET / HTTP/1.1" 200 26976 "-" "-"
162.213.251.195 - - [20/Oct/2024:01:33:08 -0400] "POST /wp-cron.php?doing_wp_cron=1729402388.4805819988250732421875 HTTP/1.1" 200 0 "-" "WordPress/6.6.2; https://dietcontrungnhanh.com"
66.249.70.194 - - [20/Oct/2024:01:33:05 -0400] "GET /img/xmrlpc.php HTTP/1.1" 404 16557 "-" "Mozilla/5.0 (Linux; Android 6.0.1; Nexus 5X Build/MMB29P) AppleWebKit/537.36 (KHTML, like Gecko) Chrome/129.0.6668.89 Mobile Safari/537.36 (compatible; Googlebot/2.1; +http://www.google.com/bot.html)"
162.213.251.195 - - [20/Oct/2024:01:35:29 -0400] "POST /wp-cron.php?doing_wp_cron=1729402528.8041489124298095703125 HTTP/1.1" 200 0 "-" "WordPress/6.6.2; https://dietcontrungnhanh.com"
109.172.89.168 - - [20/Oct/2024:01:35:25 -0400] "GET / HTTP/1.1" 200 27112 "https://dietcontrungnhanh.com/" "Mozilla/5.0 (Windows NT 10.0; Win64; x64) AppleWebKit/537.36 (KHTML, like Gecko) Chrome/125.0.0.0 Safari/537.36"
162.213.251.195 - - [20/Oct/2024:01:37:14 -0400] "POST /wp-cron.php?doing_wp_cron=1729402634.0940999984741210937500 HTTP/1.1" 200 0 "-" "WordPress/6.6.2; https://dietcontrungnhanh.com"
66.249.70.195 - - [20/Oct/2024:01:37:11 -0400] "GET /assets/ HTTP/1.1" 404 18735 "-" "Mozilla/5.0 (Linux; Android 6.0.1; Nexus 5X Build/MMB29P) AppleWebKit/537.36 (KHTML, like Gecko) Chrome/129.0.6668.89 Mobile Safari/537.36 (compatible; Googlebot/2.1; +http://www.google.com/bot.html)"
162.213.251.195 - - [20/Oct/2024:01:38:32 -0400] "POST /wp-cron.php?doing_wp_cron=1729402711.5716710090637207031250 HTTP/1.1" 200 0 "-" "WordPress/6.6.2; https://dietcontrungnhanh.com"
216.244.66.234 - - [20/Oct/2024:01:38:30 -0400] "GET /dich-vu-thi-cong-mang-binh-chanh/ HTTP/1.1" 404 18713 "-" "Mozilla/5.0 (compatible; DotBot/1.2; +https://opensiteexplorer.org/dotbot; [email protected])"
162.213.251.195 - - [20/Oct/2024:01:39:17 -0400] "POST /wp-cron.php?doing_wp_cron=1729402756.8042440414428710937500 HTTP/1.1" 200 0 "-" "WordPress/6.6.2; https://dietcontrungnhanh.com"
66.249.70.194 - - [20/Oct/2024:01:39:16 -0400] "GET /diet-moi-het-bao-nhieu-tien/ HTTP/1.1" 404 18722 "-" "Mozilla/5.0 (Linux; Android 6.0.1; Nexus 5X Build/MMB29P) AppleWebKit/537.36 (KHTML, like Gecko) Chrome/129.0.6668.89 Mobile Safari/537.36 (compatible; Googlebot/2.1; +http://www.google.com/bot.html)"
162.213.251.195 - - [20/Oct/2024:01:40:20 -0400] "POST /wp-cron.php?doing_wp_cron=1729402820.1663820743560791015625 HTTP/1.1" 200 0 "-" "WordPress/6.6.2; https://dietcontrungnhanh.com"
66.249.70.194 - - [20/Oct/2024:01:40:19 -0400] "GET /mobile HTTP/1.1" 404 18727 "-" "Mozilla/5.0 (Linux; Android 6.0.1; Nexus 5X Build/MMB29P) AppleWebKit/537.36 (KHTML, like Gecko) Chrome/129.0.6668.89 Mobile Safari/537.36 (compatible; Googlebot/2.1; +http://www.google.com/bot.html)"
162.213.251.195 - - [20/Oct/2024:01:41:14 -0400] "POST /wp-cron.php?doing_wp_cron=1729402874.4811029434204101562500 HTTP/1.1" 200 0 "-" "WordPress/6.6.2; https://dietcontrungnhanh.com"
66.249.70.194 - - [20/Oct/2024:01:41:13 -0400] "GET /home HTTP/1.1" 404 18720 "-" "Mozilla/5.0 (Linux; Android 6.0.1; Nexus 5X Build/MMB29P) AppleWebKit/537.36 (KHTML, like Gecko) Chrome/129.0.6668.89 Mobile Safari/537.36 (compatible; GoogleOther)"
162.213.251.195 - - [20/Oct/2024:01:41:23 -0400] "POST /wp-cron.php?doing_wp_cron=1729402882.2447309494018554687500 HTTP/1.1" 200 0 "-" "WordPress/6.6.2; https://dietcontrungnhanh.com"
66.249.70.193 - - [20/Oct/2024:01:41:21 -0400] "GET /images/xmrlpc.php HTTP/1.1" 404 16542 "-" "Mozilla/5.0 (Linux; Android 6.0.1; Nexus 5X Build/MMB29P) AppleWebKit/537.36 (KHTML, like Gecko) Chrome/129.0.6668.89 Mobile Safari/537.36 (compatible; Googlebot/2.1; +http://www.google.com/bot.html)"
66.249.70.193 - - [20/Oct/2024:01:41:40 -0400] "GET /api/version HTTP/1.1" 404 18713 "-" "Mozilla/5.0 (Linux; Android 6.0.1; Nexus 5X Build/MMB29P) AppleWebKit/537.36 (KHTML, like Gecko) Chrome/129.0.6668.89 Mobile Safari/537.36 (compatible; GoogleOther)"
162.213.251.195 - - [20/Oct/2024:01:51:22 -0400] "POST /wp-cron.php?doing_wp_cron=1729403481.8200941085815429687500 HTTP/1.1" 200 0 "-" "WordPress/6.6.2; https://dietcontrungnhanh.com"
66.249.71.1 - - [20/Oct/2024:01:51:09 -0400] "GET /wp-admin/post-new.php HTTP/1.1" 302 0 "-" "Mozilla/5.0 (Linux; Android 6.0.1; Nexus 5X Build/MMB29P) AppleWebKit/537.36 (KHTML, like Gecko) Chrome/129.0.6668.89 Mobile Safari/537.36 (compatible; Googlebot/2.1; +http://www.google.com/bot.html)"
162.213.251.195 - - [20/Oct/2024:01:51:24 -0400] "POST /wp-cron.php?doing_wp_cron=1729403484.0474450588226318359375 HTTP/1.1" 200 0 "-" "WordPress/6.6.2; https://dietcontrungnhanh.com"
66.249.70.193 - - [20/Oct/2024:01:51:23 -0400] "GET /wp-login.php?redirect_to=https%3A%2F%2Fdietcontrungnhanh.com%2Fwp-admin%2Fpost-new.php&reauth=1 HTTP/1.1" 200 2833 "-" "Mozilla/5.0 (Linux; Android 6.0.1; Nexus 5X Build/MMB29P) AppleWebKit/537.36 (KHTML, like Gecko) Chrome/129.0.6668.89 Mobile Safari/537.36 (compatible; Googlebot/2.1; +http://www.google.com/bot.html)"
66.249.70.193 - - [20/Oct/2024:01:51:38 -0400] "GET /wp-includes/js/dist/i18n.min.js?ver=5e580eb46a90c2b997e6 HTTP/1.1" 304 0 "https://dietcontrungnhanh.com/wp-login.php?redirect_to=https%3A%2F%2Fdietcontrungnhanh.com%2Fwp-admin%2Fpost-new.php&reauth=1" "Mozilla/5.0 (Linux; Android 6.0.1; Nexus 5X Build/MMB29P) AppleWebKit/537.36 (KHTML, like Gecko) Chrome/129.0.6668.89 Mobile Safari/537.36 (compatible; Googlebot/2.1; +http://www.google.com/bot.html)"
66.249.71.1 - - [20/Oct/2024:01:51:38 -0400] "GET /wp-includes/js/jquery/jquery.min.js?ver=3.7.1 HTTP/1.1" 200 29744 "https://dietcontrungnhanh.com/wp-login.php?redirect_to=https%3A%2F%2Fdietcontrungnhanh.com%2Fwp-admin%2Fpost-new.php&reauth=1" "Mozilla/5.0 (Linux; Android 6.0.1; Nexus 5X Build/MMB29P) AppleWebKit/537.36 (KHTML, like Gecko) Chrome/129.0.6668.89 Mobile Safari/537.36 (compatible; Googlebot/2.1; +http://www.google.com/bot.html)"
66.249.71.1 - - [20/Oct/2024:01:51:39 -0400] "GET /wp-includes/js/jquery/jquery-migrate.min.js?ver=3.4.1 HTTP/1.1" 304 0 "https://dietcontrungnhanh.com/wp-login.php?redirect_to=https%3A%2F%2Fdietcontrungnhanh.com%2Fwp-admin%2Fpost-new.php&reauth=1" "Mozilla/5.0 (Linux; Android 6.0.1; Nexus 5X Build/MMB29P) AppleWebKit/537.36 (KHTML, like Gecko) Chrome/129.0.6668.89 Mobile Safari/537.36 (compatible; Googlebot/2.1; +http://www.google.com/bot.html)"
162.213.251.195 - - [20/Oct/2024:01:55:36 -0400] "POST /wp-cron.php?doing_wp_cron=1729403735.8859729766845703125000 HTTP/1.1" 200 0 "-" "WordPress/6.6.2; https://dietcontrungnhanh.com"
66.249.70.194 - - [20/Oct/2024:01:55:26 -0400] "GET /tmp/ HTTP/1.1" 404 18718 "-" "Mozilla/5.0 (Linux; Android 6.0.1; Nexus 5X Build/MMB29P) AppleWebKit/537.36 (KHTML, like Gecko) Chrome/129.0.6668.89 Mobile Safari/537.36 (compatible; Googlebot/2.1; +http://www.google.com/bot.html)"
162.213.251.195 - - [20/Oct/2024:01:56:15 -0400] "POST /wp-cron.php?doing_wp_cron=1729403774.5593819618225097656250 HTTP/1.1" 200 0 "-" "WordPress/6.6.2; https://dietcontrungnhanh.com"
66.249.71.1 - - [20/Oct/2024:01:56:13 -0400] "GET /main HTTP/1.1" 404 18712 "-" "Mozilla/5.0 (Linux; Android 6.0.1; Nexus 5X Build/MMB29P) AppleWebKit/537.36 (KHTML, like Gecko) Chrome/129.0.6668.89 Mobile Safari/537.36 (compatible; GoogleOther)"
162.213.251.195 - - [20/Oct/2024:01:57:42 -0400] "POST /wp-cron.php?doing_wp_cron=1729403862.2323949337005615234375 HTTP/1.1" 200 0 "-" "WordPress/6.6.2; https://dietcontrungnhanh.com"
66.249.70.195 - - [20/Oct/2024:01:57:39 -0400] "GET /jym-wn/ HTTP/1.1" 404 18732 "-" "Mozilla/5.0 (Linux; Android 6.0.1; Nexus 5X Build/MMB29P) AppleWebKit/537.36 (KHTML, like Gecko) Chrome/129.0.6668.89 Mobile Safari/537.36 (compatible; Googlebot/2.1; +http://www.google.com/bot.html)"
66.249.71.1 - - [20/Oct/2024:01:57:39 -0400] "GET /x/index.php HTTP/1.1" 301 0 "-" "Mozilla/5.0 (Linux; Android 6.0.1; Nexus 5X Build/MMB29P) AppleWebKit/537.36 (KHTML, like Gecko) Chrome/129.0.6668.89 Mobile Safari/537.36 (compatible; Googlebot/2.1; +http://www.google.com/bot.html)"
66.249.70.193 - - [20/Oct/2024:01:57:43 -0400] "GET /x/ HTTP/1.1" 404 18727 "-" "Mozilla/5.0 (Linux; Android 6.0.1; Nexus 5X Build/MMB29P) AppleWebKit/537.36 (KHTML, like Gecko) Chrome/129.0.6668.89 Mobile Safari/537.36 (compatible; Googlebot/2.1; +http://www.google.com/bot.html)"
162.213.251.195 - - [20/Oct/2024:02:04:12 -0400] "POST /wp-cron.php?doing_wp_cron=1729404252.3179349899291992187500 HTTP/1.1" 200 0 "-" "WordPress/6.6.2; https://dietcontrungnhanh.com"
