66.249.70.196 - - [19/Oct/2024:18:09:33 -0400] "GET /c0derz_shell.php HTTP/1.1" 404 16553 "-" "Mozilla/5.0 (Linux; Android 6.0.1; Nexus 5X Build/MMB29P) AppleWebKit/537.36 (KHTML, like Gecko) Chrome/129.0.6668.89 Mobile Safari/537.36 (compatible; Googlebot/2.1; +http://www.google.com/bot.html)"
2001:4ca0:108:42::24 - - [19/Oct/2024:18:17:49 -0400] "GET /robots.txt HTTP/1.1" 301 0 "-" "Mozilla/5.0 (Windows NT 10.0; Win64; x64) AppleWebKit/537.36 (KHTML, like Gecko) Chrome/103.0.5060.134 Safari/537.36"
162.213.251.195 - - [19/Oct/2024:18:17:52 -0400] "POST /wp-cron.php?doing_wp_cron=1729376272.4699039459228515625000 HTTP/1.1" 200 0 "-" "WordPress/6.6.2; https://dietcontrungnhanh.com"
66.249.71.3 - - [19/Oct/2024:18:17:45 -0400] "GET /blocks/hotlin2/ HTTP/1.1" 200 0 "-" "Mozilla/5.0 (compatible; Googlebot/2.1; +http://www.google.com/bot.html)"
162.213.251.195 - - [19/Oct/2024:18:27:47 -0400] "POST /wp-cron.php?doing_wp_cron=1729376866.9337589740753173828125 HTTP/1.1" 200 0 "-" "WordPress/6.6.2; https://dietcontrungnhanh.com"
66.249.70.193 - - [19/Oct/2024:18:27:32 -0400] "GET /8index.php HTTP/1.1" 404 16535 "-" "Mozilla/5.0 (Linux; Android 6.0.1; Nexus 5X Build/MMB29P) AppleWebKit/537.36 (KHTML, like Gecko) Chrome/129.0.6668.89 Mobile Safari/537.36 (compatible; Googlebot/2.1; +http://www.google.com/bot.html)"
178.128.83.58 - - [19/Oct/2024:18:35:54 -0400] "GET /wp-includes/wlwmanifest.xml HTTP/1.1" 200 0 "-" "python-requests/2.18.4"
162.213.251.195 - - [19/Oct/2024:18:36:01 -0400] "POST /wp-cron.php?doing_wp_cron=1729377361.3446989059448242187500 HTTP/1.1" 200 0 "-" "WordPress/6.6.2; https://dietcontrungnhanh.com"
162.213.251.195 - - [19/Oct/2024:18:36:01 -0400] "POST /wp-cron.php?doing_wp_cron=1729377361.3652749061584472656250 HTTP/1.1" 200 0 "-" "WordPress/6.6.2; https://dietcontrungnhanh.com"
178.128.83.58 - - [19/Oct/2024:18:35:59 -0400] "GET /administrator/index.php HTTP/1.1" 301 0 "-" "python-requests/2.18.4"
162.213.251.195 - - [19/Oct/2024:18:36:03 -0400] "POST /wp-cron.php?doing_wp_cron=1729377362.9145910739898681640625 HTTP/1.1" 200 0 "-" "WordPress/6.6.2; https://dietcontrungnhanh.com"
178.128.83.58 - - [19/Oct/2024:18:36:02 -0400] "GET /administrator/ HTTP/1.1" 404 18732 "-" "python-requests/2.18.4"
162.213.251.195 - - [19/Oct/2024:18:36:05 -0400] "POST /wp-cron.php?doing_wp_cron=1729377365.2950561046600341796875 HTTP/1.1" 200 0 "-" "WordPress/6.6.2; https://dietcontrungnhanh.com"
178.128.83.58 - - [19/Oct/2024:18:36:04 -0400] "GET /view-source: HTTP/1.1" 404 18731 "-" "python-requests/2.18.4"
162.213.251.195 - - [19/Oct/2024:18:36:07 -0400] "POST /wp-cron.php?doing_wp_cron=1729377367.1124451160430908203125 HTTP/1.1" 200 0 "-" "WordPress/6.6.2; https://dietcontrungnhanh.com"
178.128.83.58 - - [19/Oct/2024:18:36:06 -0400] "GET /misc/ajax.js HTTP/1.1" 404 18709 "-" "python-requests/2.18.4"
162.213.251.195 - - [19/Oct/2024:18:42:17 -0400] "POST /wp-cron.php?doing_wp_cron=1729377737.0116279125213623046875 HTTP/1.1" 200 0 "-" "WordPress/6.6.2; https://dietcontrungnhanh.com"
216.244.66.234 - - [19/Oct/2024:18:42:12 -0400] "GET /robots.txt HTTP/1.1" 200 116 "-" "Mozilla/5.0 (compatible; DotBot/1.2; +https://opensiteexplorer.org/dotbot; [email protected])"
2600:3c0e:e001:7d:b8c3:33ce:c612:56ab - - [19/Oct/2024:18:51:00 -0400] "GET / HTTP/1.1" 200 0 "-" "Mozilla/5.0 (Windows NT 10.0; Win64; x64) AppleWebKit/537.36 (KHTML, like Gecko) Chrome/130.0.0.0 Safari/537.36"
162.213.251.195 - - [19/Oct/2024:18:51:07 -0400] "POST /wp-cron.php?doing_wp_cron=1729378267.3629820346832275390625 HTTP/1.1" 200 0 "-" "WordPress/6.6.2; https://dietcontrungnhanh.com"
2600:3c0e:e001:7d:b8c3:33ce:c612:56ab - - [19/Oct/2024:18:51:03 -0400] "GET / HTTP/1.1" 200 27117 "-" "Mozilla/5.0 (Windows NT 10.0; Win64; x64) AppleWebKit/537.36 (KHTML, like Gecko) Chrome/130.0.0.0 Safari/537.36"
2600:3c0e:e001:7d:b8c3:33ce:c612:56ab - - [19/Oct/2024:18:51:09 -0400] "GET /wp-content/plugins/contact-form-7/includes/css/styles.css?ver=5.9.8 HTTP/1.1" 200 890 "https://dietcontrungnhanh.com/" "Mozilla/5.0 (Windows NT 10.0; Win64; x64) AppleWebKit/537.36 (KHTML, like Gecko) Chrome/130.0.0.0 Safari/537.36"
2600:3c0e:e001:7d:b8c3:33ce:c612:56ab - - [19/Oct/2024:18:51:09 -0400] "GET /wp-content/themes/flatsome/assets/css/flatsome.css?ver=3.18.7 HTTP/1.1" 200 28781 "https://dietcontrungnhanh.com/" "Mozilla/5.0 (Windows NT 10.0; Win64; x64) AppleWebKit/537.36 (KHTML, like Gecko) Chrome/130.0.0.0 Safari/537.36"
2600:3c0e:e001:7d:b8c3:33ce:c612:56ab - - [19/Oct/2024:18:51:09 -0400] "GET /wp-content/themes/flatsome/assets/css/flatsome-shop.css?ver=3.18.7 HTTP/1.1" 200 6391 "https://dietcontrungnhanh.com/" "Mozilla/5.0 (Windows NT 10.0; Win64; x64) AppleWebKit/537.36 (KHTML, like Gecko) Chrome/130.0.0.0 Safari/537.36"
2600:3c0e:e001:7d:b8c3:33ce:c612:56ab - - [19/Oct/2024:18:51:11 -0400] "GET /wp-content/themes/123web-vn/style.css?ver=3.0 HTTP/1.1" 200 3621 "https://dietcontrungnhanh.com/" "Mozilla/5.0 (Windows NT 10.0; Win64; x64) AppleWebKit/537.36 (KHTML, like Gecko) Chrome/130.0.0.0 Safari/537.36"
2600:3c0e:e001:7d:b8c3:33ce:c612:56ab - - [19/Oct/2024:18:51:11 -0400] "GET /wp-includes/js/jquery/jquery.min.js?ver=3.7.1 HTTP/1.1" 200 29744 "https://dietcontrungnhanh.com/" "Mozilla/5.0 (Windows NT 10.0; Win64; x64) AppleWebKit/537.36 (KHTML, like Gecko) Chrome/130.0.0.0 Safari/537.36"
2600:3c0e:e001:7d:b8c3:33ce:c612:56ab - - [19/Oct/2024:18:51:11 -0400] "GET /wp-content/themes/123web-vn/assets/fontsawesome/css/all.min.css?ver=6.6.2 HTTP/1.1" 200 30125 "https://dietcontrungnhanh.com/" "Mozilla/5.0 (Windows NT 10.0; Win64; x64) AppleWebKit/537.36 (KHTML, like Gecko) Chrome/130.0.0.0 Safari/537.36"
2600:3c0e:e001:7d:b8c3:33ce:c612:56ab - - [19/Oct/2024:18:51:11 -0400] "GET /wp-content/uploads/2024/06/diet-con-trung-nhanh-hcm-ho-chi-minh.jpg HTTP/1.1" 200 54636 "https://dietcontrungnhanh.com/" "Mozilla/5.0 (Windows NT 10.0; Win64; x64) AppleWebKit/537.36 (KHTML, like Gecko) Chrome/130.0.0.0 Safari/537.36"
2600:3c0e:e001:7d:b8c3:33ce:c612:56ab - - [19/Oct/2024:18:51:11 -0400] "GET /wp-content/uploads/2024/05/cong-ty-phun-diet-muoi-quan-go-vap-Copy.jpg HTTP/1.1" 200 47595 "https://dietcontrungnhanh.com/" "Mozilla/5.0 (Windows NT 10.0; Win64; x64) AppleWebKit/537.36 (KHTML, like Gecko) Chrome/130.0.0.0 Safari/537.36"
2600:3c0e:e001:7d:b8c3:33ce:c612:56ab - - [19/Oct/2024:18:51:12 -0400] "GET /wp-content/plugins/woocommerce/assets/client/blocks/wc-blocks.css?ver=wc-9.1.4 HTTP/1.1" 200 2339 "https://dietcontrungnhanh.com/" "Mozilla/5.0 (Windows NT 10.0; Win64; x64) AppleWebKit/537.36 (KHTML, like Gecko) Chrome/130.0.0.0 Safari/537.36"
2600:3c0e:e001:7d:b8c3:33ce:c612:56ab - - [19/Oct/2024:18:51:12 -0400] "GET /wp-includes/js/jquery/jquery-migrate.min.js?ver=3.4.1 HTTP/1.1" 200 4678 "https://dietcontrungnhanh.com/" "Mozilla/5.0 (Windows NT 10.0; Win64; x64) AppleWebKit/537.36 (KHTML, like Gecko) Chrome/130.0.0.0 Safari/537.36"
2600:3c0e:e001:7d:b8c3:33ce:c612:56ab - - [19/Oct/2024:18:51:12 -0400] "GET /wp-content/plugins/woocommerce/assets/js/jquery-blockui/jquery.blockUI.min.js?ver=2.7.0-wc.9.1.4 HTTP/1.1" 200 3277 "https://dietcontrungnhanh.com/" "Mozilla/5.0 (Windows NT 10.0; Win64; x64) AppleWebKit/537.36 (KHTML, like Gecko) Chrome/130.0.0.0 Safari/537.36"
2600:3c0e:e001:7d:b8c3:33ce:c612:56ab - - [19/Oct/2024:18:51:12 -0400] "GET /wp-content/plugins/woocommerce/assets/js/frontend/add-to-cart.min.js?ver=9.1.4 HTTP/1.1" 200 989 "https://dietcontrungnhanh.com/" "Mozilla/5.0 (Windows NT 10.0; Win64; x64) AppleWebKit/537.36 (KHTML, like Gecko) Chrome/130.0.0.0 Safari/537.36"
2600:3c0e:e001:7d:b8c3:33ce:c612:56ab - - [19/Oct/2024:18:51:12 -0400] "GET /wp-includes/js/dist/hooks.min.js?ver=2810c76e705dd1a53b18 HTTP/1.1" 200 1460 "https://dietcontrungnhanh.com/" "Mozilla/5.0 (Windows NT 10.0; Win64; x64) AppleWebKit/537.36 (KHTML, like Gecko) Chrome/130.0.0.0 Safari/537.36"
2600:3c0e:e001:7d:b8c3:33ce:c612:56ab - - [19/Oct/2024:18:51:12 -0400] "GET /wp-content/plugins/woocommerce/assets/js/frontend/order-attribution.min.js?ver=9.1.4 HTTP/1.1" 200 1006 "https://dietcontrungnhanh.com/" "Mozilla/5.0 (Windows NT 10.0; Win64; x64) AppleWebKit/537.36 (KHTML, like Gecko) Chrome/130.0.0.0 Safari/537.36"
2600:3c0e:e001:7d:b8c3:33ce:c612:56ab - - [19/Oct/2024:18:51:12 -0400] "GET /wp-content/plugins/woocommerce/assets/js/js-cookie/js.cookie.min.js?ver=2.1.4-wc.9.1.4 HTTP/1.1" 200 760 "https://dietcontrungnhanh.com/" "Mozilla/5.0 (Windows NT 10.0; Win64; x64) AppleWebKit/537.36 (KHTML, like Gecko) Chrome/130.0.0.0 Safari/537.36"
2600:3c0e:e001:7d:b8c3:33ce:c612:56ab - - [19/Oct/2024:18:51:12 -0400] "GET /wp-content/plugins/perfmatters/js/lazyload.min.js?ver=2.3.0 HTTP/1.1" 200 3135 "https://dietcontrungnhanh.com/" "Mozilla/5.0 (Windows NT 10.0; Win64; x64) AppleWebKit/537.36 (KHTML, like Gecko) Chrome/130.0.0.0 Safari/537.36"
2600:3c0e:e001:7d:b8c3:33ce:c612:56ab - - [19/Oct/2024:18:51:12 -0400] "GET /wp-includes/js/dist/i18n.min.js?ver=5e580eb46a90c2b997e6 HTTP/1.1" 200 3542 "https://dietcontrungnhanh.com/" "Mozilla/5.0 (Windows NT 10.0; Win64; x64) AppleWebKit/537.36 (KHTML, like Gecko) Chrome/130.0.0.0 Safari/537.36"
2600:3c0e:e001:7d:b8c3:33ce:c612:56ab - - [19/Oct/2024:18:51:12 -0400] "GET /wp-content/themes/flatsome/assets/js/chunk.popups.js?ver=3.18.7 HTTP/1.1" 200 6941 "https://dietcontrungnhanh.com/" "Mozilla/5.0 (Windows NT 10.0; Win64; x64) AppleWebKit/537.36 (KHTML, like Gecko) Chrome/130.0.0.0 Safari/537.36"
2600:3c0e:e001:7d:b8c3:33ce:c612:56ab - - [19/Oct/2024:18:51:12 -0400] "GET /wp-content/themes/flatsome/assets/js/flatsome.js?ver=a0a7aee297766598a20e HTTP/1.1" 200 16076 "https://dietcontrungnhanh.com/" "Mozilla/5.0 (Windows NT 10.0; Win64; x64) AppleWebKit/537.36 (KHTML, like Gecko) Chrome/130.0.0.0 Safari/537.36"
2600:3c0e:e001:7d:b8c3:33ce:c612:56ab - - [19/Oct/2024:18:51:12 -0400] "GET /wp-includes/js/hoverIntent.min.js?ver=1.10.2 HTTP/1.1" 200 668 "https://dietcontrungnhanh.com/" "Mozilla/5.0 (Windows NT 10.0; Win64; x64) AppleWebKit/537.36 (KHTML, like Gecko) Chrome/130.0.0.0 Safari/537.36"
2600:3c0e:e001:7d:b8c3:33ce:c612:56ab - - [19/Oct/2024:18:51:12 -0400] "GET /wp-content/plugins/woocommerce/assets/js/frontend/woocommerce.min.js?ver=9.1.4 HTTP/1.1" 200 814 "https://dietcontrungnhanh.com/" "Mozilla/5.0 (Windows NT 10.0; Win64; x64) AppleWebKit/537.36 (KHTML, like Gecko) Chrome/130.0.0.0 Safari/537.36"
2600:3c0e:e001:7d:b8c3:33ce:c612:56ab - - [19/Oct/2024:18:51:12 -0400] "GET /wp-content/plugins/contact-form-7/includes/swv/js/index.js?ver=5.9.8 HTTP/1.1" 200 3228 "https://dietcontrungnhanh.com/" "Mozilla/5.0 (Windows NT 10.0; Win64; x64) AppleWebKit/537.36 (KHTML, like Gecko) Chrome/130.0.0.0 Safari/537.36"
2600:3c0e:e001:7d:b8c3:33ce:c612:56ab - - [19/Oct/2024:18:51:12 -0400] "GET /wp-content/plugins/woocommerce/assets/js/frontend/cart-fragments.min.js?ver=9.1.4 HTTP/1.1" 200 943 "https://dietcontrungnhanh.com/" "Mozilla/5.0 (Windows NT 10.0; Win64; x64) AppleWebKit/537.36 (KHTML, like Gecko) Chrome/130.0.0.0 Safari/537.36"
2600:3c0e:e001:7d:b8c3:33ce:c612:56ab - - [19/Oct/2024:18:51:12 -0400] "GET /wp-content/plugins/contact-form-7/includes/js/index.js?ver=5.9.8 HTTP/1.1" 200 4002 "https://dietcontrungnhanh.com/" "Mozilla/5.0 (Windows NT 10.0; Win64; x64) AppleWebKit/537.36 (KHTML, like Gecko) Chrome/130.0.0.0 Safari/537.36"
2600:3c0e:e001:7d:b8c3:33ce:c612:56ab - - [19/Oct/2024:18:51:12 -0400] "GET /wp-content/themes/flatsome/assets/js/chunk.slider.js?ver=3.18.7 HTTP/1.1" 200 12985 "https://dietcontrungnhanh.com/" "Mozilla/5.0 (Windows NT 10.0; Win64; x64) AppleWebKit/537.36 (KHTML, like Gecko) Chrome/130.0.0.0 Safari/537.36"
2600:3c0e:e001:7d:b8c3:33ce:c612:56ab - - [19/Oct/2024:18:51:12 -0400] "GET /wp-content/themes/flatsome/assets/js/woocommerce.js?ver=49415fe6a9266f32f1f2 HTTP/1.1" 200 7093 "https://dietcontrungnhanh.com/" "Mozilla/5.0 (Windows NT 10.0; Win64; x64) AppleWebKit/537.36 (KHTML, like Gecko) Chrome/130.0.0.0 Safari/537.36"
2600:3c0e:e001:7d:b8c3:33ce:c612:56ab - - [19/Oct/2024:18:51:12 -0400] "GET /wp-content/themes/flatsome/inc/extensions/flatsome-live-search/flatsome-live-search.js?ver=3.18.7 HTTP/1.1" 200 4709 "https://dietcontrungnhanh.com/" "Mozilla/5.0 (Windows NT 10.0; Win64; x64) AppleWebKit/537.36 (KHTML, like Gecko) Chrome/130.0.0.0 Safari/537.36"
2600:3c0e:e001:7d:b8c3:33ce:c612:56ab - - [19/Oct/2024:18:51:12 -0400] "GET /wp-content/plugins/woocommerce/assets/js/sourcebuster/sourcebuster.min.js?ver=9.1.4 HTTP/1.1" 200 4609 "https://dietcontrungnhanh.com/" "Mozilla/5.0 (Windows NT 10.0; Win64; x64) AppleWebKit/537.36 (KHTML, like Gecko) Chrome/130.0.0.0 Safari/537.36"
2600:3c0e:e001:7d:b8c3:33ce:c612:56ab - - [19/Oct/2024:18:51:12 -0400] "GET /wp-content/themes/flatsome/assets/js/chunk.tooltips.js?ver=3.18.7 HTTP/1.1" 200 9748 "https://dietcontrungnhanh.com/" "Mozilla/5.0 (Windows NT 10.0; Win64; x64) AppleWebKit/537.36 (KHTML, like Gecko) Chrome/130.0.0.0 Safari/537.36"
2600:3c0e:e001:7d:b8c3:33ce:c612:56ab - - [19/Oct/2024:18:51:13 -0400] "GET /wp-content/fonts/open-sans/memvYaGs126MiZpBA-UvWbX2vVnXBbObj2OVTS-muw.woff2 HTTP/1.1" 200 48236 "https://dietcontrungnhanh.com/" "Mozilla/5.0 (Windows NT 10.0; Win64; x64) AppleWebKit/537.36 (KHTML, like Gecko) Chrome/130.0.0.0 Safari/537.36"
2600:3c0e:e001:7d:b8c3:33ce:c612:56ab - - [19/Oct/2024:18:51:13 -0400] "GET /wp-content/fonts/open-sans/memvYaGs126MiZpBA-UvWbX2vVnXBbObj2OVTSGmu1aB.woff2 HTTP/1.1" 200 35328 "https://dietcontrungnhanh.com/" "Mozilla/5.0 (Windows NT 10.0; Win64; x64) AppleWebKit/537.36 (KHTML, like Gecko) Chrome/130.0.0.0 Safari/537.36"
2600:3c0e:e001:7d:b8c3:33ce:c612:56ab - - [19/Oct/2024:18:51:13 -0400] "GET /wp-content/fonts/open-sans/memvYaGs126MiZpBA-UvWbX2vVnXBbObj2OVTSCmu1aB.woff2 HTTP/1.1" 200 16552 "https://dietcontrungnhanh.com/" "Mozilla/5.0 (Windows NT 10.0; Win64; x64) AppleWebKit/537.36 (KHTML, like Gecko) Chrome/130.0.0.0 Safari/537.36"
2600:3c0e:e001:7d:b8c3:33ce:c612:56ab - - [19/Oct/2024:18:51:13 -0400] "GET /wp-content/themes/flatsome/assets/css/icons/fl-icons.woff2?v=3.18.7 HTTP/1.1" 200 7244 "https://dietcontrungnhanh.com/" "Mozilla/5.0 (Windows NT 10.0; Win64; x64) AppleWebKit/537.36 (KHTML, like Gecko) Chrome/130.0.0.0 Safari/537.36"
2600:3c0e:e001:7d:b8c3:33ce:c612:56ab - - [19/Oct/2024:18:51:13 -0400] "GET /wp-content/themes/123web-vn/assets/fontsawesome/webfonts/fa-regular-400.woff2 HTTP/1.1" 200 160076 "https://dietcontrungnhanh.com/wp-content/themes/123web-vn/assets/fontsawesome/css/all.min.css?ver=6.6.2" "Mozilla/5.0 (Windows NT 10.0; Win64; x64) AppleWebKit/537.36 (KHTML, like Gecko) Chrome/130.0.0.0 Safari/537.36"
2600:3c0e:e001:7d:b8c3:33ce:c612:56ab - - [19/Oct/2024:18:51:13 -0400] "GET /wp-content/themes/flatsome/assets/js/woocommerce.js?ver=49415fe6a9266f32f1f2 HTTP/1.1" 200 7093 "https://dietcontrungnhanh.com/" "Mozilla/5.0 (Windows NT 10.0; Win64; x64) AppleWebKit/537.36 (KHTML, like Gecko) Chrome/130.0.0.0 Safari/537.36"
162.213.251.195 - - [19/Oct/2024:19:00:53 -0400] "POST /wp-cron.php?doing_wp_cron=1729378852.3799550533294677734375 HTTP/1.1" 200 0 "-" "WordPress/6.6.2; https://dietcontrungnhanh.com"
172.245.251.220 - - [19/Oct/2024:19:00:42 -0400] "GET /dich-vu-diet-muoi/feed/ HTTP/1.1" 404 18714 "-" "-"
162.213.251.195 - - [19/Oct/2024:19:08:09 -0400] "POST /wp-cron.php?doing_wp_cron=1729379289.3028430938720703125000 HTTP/1.1" 200 0 "-" "WordPress/6.6.2; https://dietcontrungnhanh.com"
216.244.66.234 - - [19/Oct/2024:19:08:03 -0400] "GET /dich-vu/diet-muoi/ HTTP/1.1" 200 22587 "-" "Mozilla/5.0 (compatible; DotBot/1.2; +https://opensiteexplorer.org/dotbot; [email protected])"
162.213.251.195 - - [19/Oct/2024:19:16:48 -0400] "POST /wp-cron.php?doing_wp_cron=1729379807.7711420059204101562500 HTTP/1.1" 200 0 "-" "WordPress/6.6.2; https://dietcontrungnhanh.com"
66.249.70.197 - - [19/Oct/2024:19:16:41 -0400] "GET /product-sitemap.xml HTTP/1.1" 200 652 "-" "Mozilla/5.0 (compatible; Googlebot/2.1; +http://www.google.com/bot.html)"
2a03:cfc0:8004::4:17 - - [19/Oct/2024:19:24:26 -0400] "GET /mah/function.php HTTP/1.1" 200 0 "-" "Mozlila/5.0 (Linux; Android 7.0; SM-G892A Bulid/NRD90M; wv) AppleWebKit/537.36 (KHTML, like Gecko) Version/4.0 Chrome/60.0.3112.107 Moblie Safari/537.36"
162.213.251.195 - - [19/Oct/2024:19:24:37 -0400] "POST /wp-cron.php?doing_wp_cron=1729380276.5712881088256835937500 HTTP/1.1" 200 0 "-" "WordPress/6.6.2; https://dietcontrungnhanh.com"
162.213.251.195 - - [19/Oct/2024:19:31:01 -0400] "POST /wp-cron.php?doing_wp_cron=1729380661.2112309932708740234375 HTTP/1.1" 200 0 "-" "WordPress/6.6.2; https://dietcontrungnhanh.com"
136.243.220.213 - - [19/Oct/2024:19:30:57 -0400] "GET /robots.txt HTTP/1.1" 301 0 "-" "Mozilla/5.0 (compatible; DataForSeoBot/1.0; +https://dataforseo.com/dataforseo-bot)"
162.213.251.195 - - [19/Oct/2024:19:31:02 -0400] "POST /wp-cron.php?doing_wp_cron=1729380662.4708390235900878906250 HTTP/1.1" 200 0 "-" "WordPress/6.6.2; https://dietcontrungnhanh.com"
136.243.228.195 - - [19/Oct/2024:19:31:02 -0400] "GET /robots.txt HTTP/1.1" 200 116 "-" "Mozilla/5.0 (compatible; DataForSeoBot/1.0; +https://dataforseo.com/dataforseo-bot)"
162.213.251.195 - - [19/Oct/2024:19:31:04 -0400] "POST /wp-cron.php?doing_wp_cron=1729380663.5359289646148681640625 HTTP/1.1" 200 0 "-" "WordPress/6.6.2; https://dietcontrungnhanh.com"
136.243.228.195 - - [19/Oct/2024:19:31:03 -0400] "GET /sitemap_index.xml HTTP/1.1" 200 366 "-" "Mozilla/5.0 (compatible; DataForSeoBot/1.0; +https://dataforseo.com/dataforseo-bot)"
162.213.251.195 - - [19/Oct/2024:19:44:58 -0400] "POST /wp-cron.php?doing_wp_cron=1729381498.0737240314483642578125 HTTP/1.1" 200 0 "-" "WordPress/6.6.2; https://dietcontrungnhanh.com"
66.249.71.4 - - [19/Oct/2024:19:44:51 -0400] "GET /robots.txt HTTP/1.1" 200 116 "-" "Mozilla/5.0 (compatible; Googlebot/2.1; +http://www.google.com/bot.html)"
162.213.251.195 - - [19/Oct/2024:19:45:02 -0400] "POST /wp-cron.php?doing_wp_cron=1729381500.8257439136505126953125 HTTP/1.1" 200 0 "-" "WordPress/6.6.2; https://dietcontrungnhanh.com"
66.249.70.196 - - [19/Oct/2024:19:45:00 -0400] "GET /js/a.script HTTP/1.1" 404 18728 "-" "Mozilla/5.0 (Linux; Android 6.0.1; Nexus 5X Build/MMB29P) AppleWebKit/537.36 (KHTML, like Gecko) Chrome/129.0.6668.89 Mobile Safari/537.36 (compatible; GoogleOther)"
66.249.71.2 - - [19/Oct/2024:19:45:04 -0400] "GET /WordPress HTTP/1.1" 404 18744 "-" "Mozilla/5.0 (Linux; Android 6.0.1; Nexus 5X Build/MMB29P) AppleWebKit/537.36 (KHTML, like Gecko) Chrome/129.0.6668.89 Mobile Safari/537.36 (compatible; GoogleOther)"
66.249.71.2 - - [19/Oct/2024:19:45:06 -0400] "GET /jym-wn/ HTTP/1.1" 404 18688 "-" "Mozilla/5.0 (Linux; Android 6.0.1; Nexus 5X Build/MMB29P) AppleWebKit/537.36 (KHTML, like Gecko) Chrome/129.0.6668.89 Mobile Safari/537.36 (compatible; GoogleOther)"
162.213.251.195 - - [19/Oct/2024:19:52:21 -0400] "POST /wp-cron.php?doing_wp_cron=1729381940.4353671073913574218750 HTTP/1.1" 200 0 "-" "WordPress/6.6.2; https://dietcontrungnhanh.com"
66.249.70.195 - - [19/Oct/2024:19:52:18 -0400] "GET /verification.asp HTTP/1.1" 404 18729 "-" "Mozilla/5.0 (Linux; Android 6.0.1; Nexus 5X Build/MMB29P) AppleWebKit/537.36 (KHTML, like Gecko) Chrome/129.0.6668.89 Mobile Safari/537.36 (compatible; Googlebot/2.1; +http://www.google.com/bot.html)"
162.213.251.195 - - [19/Oct/2024:20:16:41 -0400] "POST /wp-cron.php?doing_wp_cron=1729383400.8225619792938232421875 HTTP/1.1" 200 0 "-" "WordPress/6.6.2; https://dietcontrungnhanh.com"
216.244.66.234 - - [19/Oct/2024:20:16:35 -0400] "GET /thi-cong-mang-quan-binh-tan/ HTTP/1.1" 404 18733 "-" "Mozilla/5.0 (compatible; DotBot/1.2; +https://opensiteexplorer.org/dotbot; [email protected])"
162.213.251.195 - - [19/Oct/2024:20:21:27 -0400] "POST /wp-cron.php?doing_wp_cron=1729383687.2552061080932617187500 HTTP/1.1" 200 0 "-" "WordPress/6.6.2; https://dietcontrungnhanh.com"
66.249.66.39 - - [19/Oct/2024:20:21:21 -0400] "GET /robots.txt HTTP/1.1" 301 0 "-" "Mozilla/5.0 (compatible; Googlebot/2.1; +http://www.google.com/bot.html)"
66.249.66.38 - - [19/Oct/2024:20:21:36 -0400] "GET /oldsite HTTP/1.1" 301 0 "-" "Mozilla/5.0 (Linux; Android 6.0.1; Nexus 5X Build/MMB29P) AppleWebKit/537.36 (KHTML, like Gecko) Chrome/129.0.6668.89 Mobile Safari/537.36 (compatible; GoogleOther)"
162.213.251.195 - - [19/Oct/2024:20:21:38 -0400] "POST /wp-cron.php?doing_wp_cron=1729383696.8438429832458496093750 HTTP/1.1" 200 0 "-" "WordPress/6.6.2; https://dietcontrungnhanh.com"
162.213.251.195 - - [19/Oct/2024:20:28:26 -0400] "POST /wp-cron.php?doing_wp_cron=1729384105.8858029842376708984375 HTTP/1.1" 200 0 "-" "WordPress/6.6.2; https://dietcontrungnhanh.com"
66.249.66.35 - - [19/Oct/2024:20:28:18 -0400] "GET /humans.txt HTTP/1.1" 301 0 "-" "Mozilla/5.0 (Linux; Android 6.0.1; Nexus 5X Build/MMB29P) AppleWebKit/537.36 (KHTML, like Gecko) Chrome/129.0.6668.89 Mobile Safari/537.36 (compatible; GoogleOther)"
162.213.251.195 - - [19/Oct/2024:20:34:47 -0400] "POST /wp-cron.php?doing_wp_cron=1729384487.3530490398406982421875 HTTP/1.1" 200 0 "-" "WordPress/6.6.2; https://dietcontrungnhanh.com"
66.249.66.37 - - [19/Oct/2024:20:34:38 -0400] "GET /Old HTTP/1.1" 301 0 "-" "Mozilla/5.0 (Linux; Android 6.0.1; Nexus 5X Build/MMB29P) AppleWebKit/537.36 (KHTML, like Gecko) Chrome/129.0.6668.89 Mobile Safari/537.36 (compatible; GoogleOther)"
66.249.70.193 - - [19/Oct/2024:20:44:59 -0400] "GET /wp-admin/am.php HTTP/1.1" 404 16545 "-" "Mozilla/5.0 (Linux; Android 6.0.1; Nexus 5X Build/MMB29P) AppleWebKit/537.36 (KHTML, like Gecko) Chrome/129.0.6668.89 Mobile Safari/537.36 (compatible; Googlebot/2.1; +http://www.google.com/bot.html)"
66.249.70.193 - - [19/Oct/2024:20:45:12 -0400] "GET /dich-vu-diet-gian-tan-goc-tai-nha/ HTTP/1.1" 404 18710 "-" "Mozilla/5.0 (Linux; Android 6.0.1; Nexus 5X Build/MMB29P) AppleWebKit/537.36 (KHTML, like Gecko) Chrome/129.0.6668.89 Mobile Safari/537.36 (compatible; Googlebot/2.1; +http://www.google.com/bot.html)"
66.249.71.2 - - [19/Oct/2024:20:45:12 -0400] "GET /ay-1.html HTTP/1.1" 404 18709 "-" "Mozilla/5.0 (Linux; Android 6.0.1; Nexus 5X Build/MMB29P) AppleWebKit/537.36 (KHTML, like Gecko) Chrome/129.0.6668.89 Mobile Safari/537.36 (compatible; Googlebot/2.1; +http://www.google.com/bot.html)"
162.213.251.195 - - [19/Oct/2024:20:46:27 -0400] "POST /wp-cron.php?doing_wp_cron=1729385187.2556080818176269531250 HTTP/1.1" 200 0 "-" "WordPress/6.6.2; https://dietcontrungnhanh.com"
216.244.66.234 - - [19/Oct/2024:20:46:26 -0400] "GET /robots.txt HTTP/1.1" 200 116 "-" "Mozilla/5.0 (compatible; DotBot/1.2; +https://opensiteexplorer.org/dotbot; [email protected])"
162.213.251.195 - - [19/Oct/2024:20:53:24 -0400] "POST /wp-cron.php?doing_wp_cron=1729385603.9100840091705322265625 HTTP/1.1" 200 0 "-" "WordPress/6.6.2; https://dietcontrungnhanh.com"
66.249.70.194 - - [19/Oct/2024:20:53:15 -0400] "GET /Backup HTTP/1.1" 404 18710 "-" "Mozilla/5.0 (Linux; Android 6.0.1; Nexus 5X Build/MMB29P) AppleWebKit/537.36 (KHTML, like Gecko) Chrome/129.0.6668.89 Mobile Safari/537.36 (compatible; Googlebot/2.1; +http://www.google.com/bot.html)"
162.213.251.195 - - [19/Oct/2024:20:53:26 -0400] "POST /wp-cron.php?doing_wp_cron=1729385606.2437310218811035156250 HTTP/1.1" 200 0 "-" "WordPress/6.6.2; https://dietcontrungnhanh.com"
66.249.70.194 - - [19/Oct/2024:20:53:25 -0400] "GET /WordPress HTTP/1.1" 404 18699 "-" "Mozilla/5.0 (Linux; Android 6.0.1; Nexus 5X Build/MMB29P) AppleWebKit/537.36 (KHTML, like Gecko) Chrome/129.0.6668.89 Mobile Safari/537.36 (compatible; Googlebot/2.1; +http://www.google.com/bot.html)"
162.213.251.195 - - [19/Oct/2024:20:54:28 -0400] "POST /wp-cron.php?doing_wp_cron=1729385668.5184910297393798828125 HTTP/1.1" 200 0 "-" "WordPress/6.6.2; https://dietcontrungnhanh.com"
66.249.71.3 - - [19/Oct/2024:20:54:28 -0400] "GET /2022 HTTP/1.1" 404 18727 "-" "Mozilla/5.0 (Linux; Android 6.0.1; Nexus 5X Build/MMB29P) AppleWebKit/537.36 (KHTML, like Gecko) Chrome/129.0.6668.89 Mobile Safari/537.36 (compatible; Googlebot/2.1; +http://www.google.com/bot.html)"
66.249.70.195 - - [19/Oct/2024:20:57:30 -0400] "GET /wp-content/mailer.php HTTP/1.1" 404 16526 "-" "Mozilla/5.0 (Linux; Android 6.0.1; Nexus 5X Build/MMB29P) AppleWebKit/537.36 (KHTML, like Gecko) Chrome/129.0.6668.89 Mobile Safari/537.36 (compatible; Googlebot/2.1; +http://www.google.com/bot.html)"
162.213.251.195 - - [19/Oct/2024:20:57:33 -0400] "POST /wp-cron.php?doing_wp_cron=1729385853.1772739887237548828125 HTTP/1.1" 200 0 "-" "WordPress/6.6.2; https://dietcontrungnhanh.com"
66.249.70.194 - - [19/Oct/2024:20:57:30 -0400] "GET /BACKUP HTTP/1.1" 404 18723 "-" "Mozilla/5.0 (Linux; Android 6.0.1; Nexus 5X Build/MMB29P) AppleWebKit/537.36 (KHTML, like Gecko) Chrome/129.0.6668.89 Mobile Safari/537.36 (compatible; Googlebot/2.1; +http://www.google.com/bot.html)"
162.213.251.195 - - [19/Oct/2024:20:58:35 -0400] "POST /wp-cron.php?doing_wp_cron=1729385914.7001540660858154296875 HTTP/1.1" 200 0 "-" "WordPress/6.6.2; https://dietcontrungnhanh.com"
66.249.70.194 - - [19/Oct/2024:20:58:34 -0400] "GET /imei/ HTTP/1.1" 404 18719 "-" "Mozilla/5.0 (Linux; Android 6.0.1; Nexus 5X Build/MMB29P) AppleWebKit/537.36 (KHTML, like Gecko) Chrome/129.0.6668.89 Mobile Safari/537.36 (compatible; Googlebot/2.1; +http://www.google.com/bot.html)"
162.213.251.195 - - [19/Oct/2024:21:15:15 -0400] "POST /wp-cron.php?doing_wp_cron=1729386914.7519540786743164062500 HTTP/1.1" 200 0 "-" "WordPress/6.6.2; https://dietcontrungnhanh.com"
66.249.70.197 - - [19/Oct/2024:21:15:04 -0400] "GET /humans.txt HTTP/1.1" 404 16540 "-" "Mozilla/5.0 (Linux; Android 6.0.1; Nexus 5X Build/MMB29P) AppleWebKit/537.36 (KHTML, like Gecko) Chrome/129.0.6668.89 Mobile Safari/537.36 (compatible; GoogleOther)"
162.213.251.195 - - [19/Oct/2024:21:18:53 -0400] "POST /wp-cron.php?doing_wp_cron=1729387132.8041830062866210937500 HTTP/1.1" 200 0 "-" "WordPress/6.6.2; https://dietcontrungnhanh.com"
66.249.66.37 - - [19/Oct/2024:21:18:48 -0400] "GET /graphql/graphiql HTTP/1.1" 301 0 "-" "Mozilla/5.0 (Linux; Android 6.0.1; Nexus 5X Build/MMB29P) AppleWebKit/537.36 (KHTML, like Gecko) Chrome/129.0.6668.89 Mobile Safari/537.36 (compatible; GoogleOther)"
162.213.251.195 - - [19/Oct/2024:21:19:03 -0400] "POST /wp-cron.php?doing_wp_cron=1729387143.0037739276885986328125 HTTP/1.1" 200 0 "-" "WordPress/6.6.2; https://dietcontrungnhanh.com"
66.249.71.45 - - [19/Oct/2024:21:19:02 -0400] "GET /graphql/graphiql HTTP/1.1" 301 0 "-" "Mozilla/5.0 (Linux; Android 6.0.1; Nexus 5X Build/MMB29P) AppleWebKit/537.36 (KHTML, like Gecko) Chrome/129.0.6668.89 Mobile Safari/537.36 (compatible; GoogleOther)"
162.213.251.195 - - [19/Oct/2024:21:19:18 -0400] "POST /wp-cron.php?doing_wp_cron=1729387157.5386118888854980468750 HTTP/1.1" 200 0 "-" "WordPress/6.6.2; https://dietcontrungnhanh.com"
66.249.66.38 - - [19/Oct/2024:21:19:17 -0400] "GET /graphql HTTP/1.1" 301 0 "-" "Mozilla/5.0 (Linux; Android 6.0.1; Nexus 5X Build/MMB29P) AppleWebKit/537.36 (KHTML, like Gecko) Chrome/129.0.6668.89 Mobile Safari/537.36 (compatible; GoogleOther)"
162.213.251.195 - - [19/Oct/2024:21:19:27 -0400] "POST /wp-cron.php?doing_wp_cron=1729387167.0039710998535156250000 HTTP/1.1" 200 0 "-" "WordPress/6.6.2; https://dietcontrungnhanh.com"
66.249.66.37 - - [19/Oct/2024:21:19:26 -0400] "GET /graphql HTTP/1.1" 301 0 "-" "Mozilla/5.0 (Linux; Android 6.0.1; Nexus 5X Build/MMB29P) AppleWebKit/537.36 (KHTML, like Gecko) Chrome/129.0.6668.89 Mobile Safari/537.36 (compatible; GoogleOther)"
162.213.251.195 - - [19/Oct/2024:21:20:42 -0400] "POST /wp-cron.php?doing_wp_cron=1729387241.6970710754394531250000 HTTP/1.1" 200 0 "-" "WordPress/6.6.2; https://dietcontrungnhanh.com"
66.249.66.38 - - [19/Oct/2024:21:20:40 -0400] "GET /graphql/graphiql.php HTTP/1.1" 301 0 "-" "Mozilla/5.0 (Linux; Android 6.0.1; Nexus 5X Build/MMB29P) AppleWebKit/537.36 (KHTML, like Gecko) Chrome/129.0.6668.89 Mobile Safari/537.36 (compatible; GoogleOther)"
66.249.66.38 - - [19/Oct/2024:21:20:46 -0400] "GET /graphql/graphiql.php HTTP/1.1" 301 0 "-" "Mozilla/5.0 (Linux; Android 6.0.1; Nexus 5X Build/MMB29P) AppleWebKit/537.36 (KHTML, like Gecko) Chrome/129.0.6668.89 Mobile Safari/537.36 (compatible; GoogleOther)"
162.213.251.195 - - [19/Oct/2024:21:20:48 -0400] "POST /wp-cron.php?doing_wp_cron=1729387246.5631730556488037109375 HTTP/1.1" 200 0 "-" "WordPress/6.6.2; https://dietcontrungnhanh.com"
66.249.66.39 - - [19/Oct/2024:21:21:31 -0400] "GET /graphql/console HTTP/1.1" 301 0 "-" "Mozilla/5.0 (Linux; Android 6.0.1; Nexus 5X Build/MMB29P) AppleWebKit/537.36 (KHTML, like Gecko) Chrome/129.0.6668.89 Mobile Safari/537.36 (compatible; GoogleOther)"
66.249.66.38 - - [19/Oct/2024:21:21:32 -0400] "GET /graphql.php HTTP/1.1" 301 0 "-" "Mozilla/5.0 (Linux; Android 6.0.1; Nexus 5X Build/MMB29P) AppleWebKit/537.36 (KHTML, like Gecko) Chrome/129.0.6668.89 Mobile Safari/537.36 (compatible; GoogleOther)"
66.249.66.37 - - [19/Oct/2024:21:21:36 -0400] "GET /graphql.php HTTP/1.1" 301 0 "-" "Mozilla/5.0 (Linux; Android 6.0.1; Nexus 5X Build/MMB29P) AppleWebKit/537.36 (KHTML, like Gecko) Chrome/129.0.6668.89 Mobile Safari/537.36 (compatible; GoogleOther)"
66.249.66.37 - - [19/Oct/2024:21:21:43 -0400] "GET /graphql/console HTTP/1.1" 301 0 "-" "Mozilla/5.0 (Linux; Android 6.0.1; Nexus 5X Build/MMB29P) AppleWebKit/537.36 (KHTML, like Gecko) Chrome/129.0.6668.89 Mobile Safari/537.36 (compatible; GoogleOther)"
66.249.66.37 - - [19/Oct/2024:21:21:56 -0400] "GET /api/gql HTTP/1.1" 301 0 "-" "Mozilla/5.0 (Linux; Android 6.0.1; Nexus 5X Build/MMB29P) AppleWebKit/537.36 (KHTML, like Gecko) Chrome/129.0.6668.89 Mobile Safari/537.36 (compatible; GoogleOther)"
162.213.251.195 - - [19/Oct/2024:21:21:58 -0400] "POST /wp-cron.php?doing_wp_cron=1729387316.6660599708557128906250 HTTP/1.1" 200 0 "-" "WordPress/6.6.2; https://dietcontrungnhanh.com"
162.213.251.195 - - [19/Oct/2024:21:26:23 -0400] "POST /wp-cron.php?doing_wp_cron=1729387583.1946780681610107421875 HTTP/1.1" 200 0 "-" "WordPress/6.6.2; https://dietcontrungnhanh.com"
66.249.70.198 - - [19/Oct/2024:21:26:16 -0400] "GET /sito HTTP/1.1" 404 18714 "-" "Mozilla/5.0 (Linux; Android 6.0.1; Nexus 5X Build/MMB29P) AppleWebKit/537.36 (KHTML, like Gecko) Chrome/129.0.6668.89 Mobile Safari/537.36 (compatible; Googlebot/2.1; +http://www.google.com/bot.html)"
162.213.251.195 - - [19/Oct/2024:21:26:26 -0400] "POST /wp-cron.php?doing_wp_cron=1729387585.7614769935607910156250 HTTP/1.1" 200 0 "-" "WordPress/6.6.2; https://dietcontrungnhanh.com"
66.249.70.197 - - [19/Oct/2024:21:26:24 -0400] "GET /wp-admin/admin.php HTTP/1.1" 302 0 "-" "Mozilla/5.0 (Linux; Android 6.0.1; Nexus 5X Build/MMB29P) AppleWebKit/537.36 (KHTML, like Gecko) Chrome/129.0.6668.89 Mobile Safari/537.36 (compatible; Googlebot/2.1; +http://www.google.com/bot.html)"
162.213.251.195 - - [19/Oct/2024:21:26:27 -0400] "POST /wp-cron.php?doing_wp_cron=1729387587.1490139961242675781250 HTTP/1.1" 200 0 "-" "WordPress/6.6.2; https://dietcontrungnhanh.com"
66.249.70.197 - - [19/Oct/2024:21:26:26 -0400] "GET /wp-login.php?redirect_to=https%3A%2F%2Fdietcontrungnhanh.com%2Fwp-admin%2Fadmin.php&reauth=1 HTTP/1.1" 200 2812 "-" "Mozilla/5.0 (Linux; Android 6.0.1; Nexus 5X Build/MMB29P) AppleWebKit/537.36 (KHTML, like Gecko) Chrome/129.0.6668.89 Mobile Safari/537.36 (compatible; Googlebot/2.1; +http://www.google.com/bot.html)"
162.213.251.195 - - [19/Oct/2024:21:26:36 -0400] "POST /wp-cron.php?doing_wp_cron=1729387595.6773691177368164062500 HTTP/1.1" 200 0 "-" "WordPress/6.6.2; https://dietcontrungnhanh.com"
216.244.66.234 - - [19/Oct/2024:21:26:35 -0400] "GET /danh-muc-san-pham/san-pham-phu-tro/ HTTP/1.1" 200 21521 "-" "Mozilla/5.0 (compatible; DotBot/1.2; +https://opensiteexplorer.org/dotbot; [email protected])"
162.213.251.195 - - [19/Oct/2024:21:29:06 -0400] "POST /wp-cron.php?doing_wp_cron=1729387746.0300590991973876953125 HTTP/1.1" 200 0 "-" "WordPress/6.6.2; https://dietcontrungnhanh.com"
66.249.66.35 - - [19/Oct/2024:21:29:00 -0400] "GET /Www HTTP/1.1" 301 0 "-" "Mozilla/5.0 (Linux; Android 6.0.1; Nexus 5X Build/MMB29P) AppleWebKit/537.36 (KHTML, like Gecko) Chrome/129.0.6668.89 Mobile Safari/537.36 (compatible; GoogleOther)"
162.213.251.195 - - [19/Oct/2024:21:29:26 -0400] "POST /wp-cron.php?doing_wp_cron=1729387765.7842500209808349609375 HTTP/1.1" 200 0 "-" "WordPress/6.6.2; https://dietcontrungnhanh.com"
92.51.2.78 - - [19/Oct/2024:21:29:25 -0400] "GET /spip.ph%70?pag%65=spip_pass&lang=fr HTTP/1.1" 404 18762 "-" "Mozilla/5.0 (X11; Ubuntu; Linux x86_64; rv:129.0) Gecko/20100101 Firefox/129.0"
162.213.251.195 - - [19/Oct/2024:21:29:32 -0400] "POST /wp-cron.php?doing_wp_cron=1729387772.4535329341888427734375 HTTP/1.1" 200 0 "-" "WordPress/6.6.2; https://dietcontrungnhanh.com"
66.249.70.198 - - [19/Oct/2024:21:29:32 -0400] "GET /888/ HTTP/1.1" 404 18724 "-" "Mozilla/5.0 (Linux; Android 6.0.1; Nexus 5X Build/MMB29P) AppleWebKit/537.36 (KHTML, like Gecko) Chrome/129.0.6668.89 Mobile Safari/537.36 (compatible; Googlebot/2.1; +http://www.google.com/bot.html)"
67.205.159.146 - - [19/Oct/2024:21:52:29 -0400] "GET / HTTP/1.1" 200 0 "-" "Mozilla/5.0 (Windows NT 10.0; Win64; x64) AppleWebKit/537.36 (KHTML, like Gecko) Chrome/126.0.0.0 Safari/537.36"
162.213.251.195 - - [19/Oct/2024:21:52:35 -0400] "POST /wp-cron.php?doing_wp_cron=1729389155.1492989063262939453125 HTTP/1.1" 200 0 "-" "WordPress/6.6.2; https://dietcontrungnhanh.com"
162.213.251.195 - - [19/Oct/2024:22:08:27 -0400] "POST /wp-cron.php?doing_wp_cron=1729390106.7168951034545898437500 HTTP/1.1" 200 0 "-" "WordPress/6.6.2; https://dietcontrungnhanh.com"
2001:4ca0:108:42::24 - - [19/Oct/2024:22:08:20 -0400] "GET /robots.txt HTTP/1.1" 200 116 "-" "Mozilla/5.0 (Windows NT 10.0; Win64; x64) AppleWebKit/537.36 (KHTML, like Gecko) Chrome/103.0.5060.134 Safari/537.36"
162.213.251.195 - - [19/Oct/2024:22:09:49 -0400] "POST /wp-cron.php?doing_wp_cron=1729390188.9376990795135498046875 HTTP/1.1" 200 0 "-" "WordPress/6.6.2; https://dietcontrungnhanh.com"
5.133.192.168 - - [19/Oct/2024:22:09:48 -0400] "GET / HTTP/1.1" 200 27027 "-" "Mozilla/5.0 (Windows NT 10.0; Win64; x64) AppleWebKit/537.36 (KHTML, like Gecko) Chrome/105.0.0.0 Safari/537.36"
5.133.192.168 - - [19/Oct/2024:22:09:51 -0400] "GET /wp-content/uploads/2023/12/cropped-Logo-dctn-chinh-32x32.png HTTP/1.1" 200 1719 "-" "Mozilla/5.0 (Windows NT 10.0; Win64; x64) AppleWebKit/537.36 (KHTML, like Gecko) Chrome/105.0.0.0 Safari/537.36"
162.213.251.195 - - [19/Oct/2024:22:33:17 -0400] "POST /wp-cron.php?doing_wp_cron=1729391596.6401100158691406250000 HTTP/1.1" 200 0 "-" "WordPress/6.6.2; https://dietcontrungnhanh.com"
66.249.70.196 - - [19/Oct/2024:22:33:06 -0400] "GET /robots.txt HTTP/1.1" 200 116 "-" "Mozilla/5.0 (compatible; Googlebot/2.1; +http://www.google.com/bot.html)"
66.249.70.196 - - [19/Oct/2024:22:33:18 -0400] "GET /index1.html HTTP/1.1" 404 18729 "-" "Mozilla/5.0 (Linux; Android 6.0.1; Nexus 5X Build/MMB29P) AppleWebKit/537.36 (KHTML, like Gecko) Chrome/129.0.6668.89 Mobile Safari/537.36 (compatible; Googlebot/2.1; +http://www.google.com/bot.html)"
162.213.251.195 - - [19/Oct/2024:22:33:18 -0400] "POST /wp-admin/admin-ajax.php?action=wp_1_wc_privacy_cleanup&nonce=35147d5385 HTTP/1.1" 200 0 "-" "WordPress/6.6.2; https://dietcontrungnhanh.com"
178.128.103.14 - - [19/Oct/2024:22:42:53 -0400] "GET /wp-admin/setup-config.php?step=1 HTTP/1.1" 409 1036 "http://dietcontrungnhanh.com/wp-admin/setup-config.php?step=1" "Apache/2.4.34 (Ubuntu) OpenSSL/1.1.1 (internal dummy connection)"
162.213.251.195 - - [19/Oct/2024:22:43:00 -0400] "POST /wp-cron.php?doing_wp_cron=1729392179.1610279083251953125000 HTTP/1.1" 200 0 "-" "WordPress/6.6.2; https://dietcontrungnhanh.com"
178.128.103.14 - - [19/Oct/2024:22:42:55 -0400] "GET /wordpress/wp-admin/setup-config.php?step=1 HTTP/1.1" 200 0 "http://dietcontrungnhanh.com/wordpress/wp-admin/setup-config.php?step=1" "Apache/2.4.34 (Ubuntu) OpenSSL/1.1.1 (internal dummy connection)"
162.213.251.195 - - [19/Oct/2024:22:45:14 -0400] "POST /wp-cron.php?doing_wp_cron=1729392312.6121199131011962890625 HTTP/1.1" 200 0 "-" "WordPress/6.6.2; https://dietcontrungnhanh.com"
66.249.70.194 - - [19/Oct/2024:22:45:05 -0400] "GET /Old HTTP/1.1" 404 18722 "-" "Mozilla/5.0 (Linux; Android 6.0.1; Nexus 5X Build/MMB29P) AppleWebKit/537.36 (KHTML, like Gecko) Chrome/129.0.6668.89 Mobile Safari/537.36 (compatible; GoogleOther)"
162.213.251.195 - - [19/Oct/2024:23:04:13 -0400] "POST /wp-cron.php?doing_wp_cron=1729393453.0935750007629394531250 HTTP/1.1" 200 0 "-" "WordPress/6.6.2; https://dietcontrungnhanh.com"
66.249.71.4 - - [19/Oct/2024:23:04:06 -0400] "GET /oldsite HTTP/1.1" 404 18729 "-" "Mozilla/5.0 (Linux; Android 6.0.1; Nexus 5X Build/MMB29P) AppleWebKit/537.36 (KHTML, like Gecko) Chrome/129.0.6668.89 Mobile Safari/537.36 (compatible; GoogleOther)"
66.249.70.197 - - [19/Oct/2024:23:04:20 -0400] "GET /graphql/graphiql HTTP/1.1" 404 18723 "-" "Mozilla/5.0 (Linux; Android 6.0.1; Nexus 5X Build/MMB29P) AppleWebKit/537.36 (KHTML, like Gecko) Chrome/129.0.6668.89 Mobile Safari/537.36 (compatible; GoogleOther)"
162.213.251.195 - - [19/Oct/2024:23:04:22 -0400] "POST /wp-cron.php?doing_wp_cron=1729393460.5473968982696533203125 HTTP/1.1" 200 0 "-" "WordPress/6.6.2; https://dietcontrungnhanh.com"
66.249.70.196 - - [19/Oct/2024:23:04:32 -0400] "GET /graphql/graphiql HTTP/1.1" 404 18732 "-" "Mozilla/5.0 (Linux; Android 6.0.1; Nexus 5X Build/MMB29P) AppleWebKit/537.36 (KHTML, like Gecko) Chrome/129.0.6668.89 Mobile Safari/537.36 (compatible; GoogleOther)"
162.213.251.195 - - [19/Oct/2024:23:06:36 -0400] "POST /wp-cron.php?doing_wp_cron=1729393595.8881859779357910156250 HTTP/1.1" 200 0 "-" "WordPress/6.6.2; https://dietcontrungnhanh.com"
162.213.251.195 - - [19/Oct/2024:23:06:36 -0400] "POST /wp-cron.php?doing_wp_cron=1729393595.8859400749206542968750 HTTP/1.1" 200 0 "-" "WordPress/6.6.2; https://dietcontrungnhanh.com"
66.249.70.196 - - [19/Oct/2024:23:06:29 -0400] "GET /dich-vu-diet-con-trung-tan-goc HTTP/1.1" 404 18715 "-" "Mozilla/5.0 (Linux; Android 6.0.1; Nexus 5X Build/MMB29P) AppleWebKit/537.36 (KHTML, like Gecko) Chrome/129.0.6668.89 Mobile Safari/537.36 (compatible; Googlebot/2.1; +http://www.google.com/bot.html)"
66.249.70.196 - - [19/Oct/2024:23:06:30 -0400] "GET /dich-vu-phun-thuoc-diet-muoi-diet-con-trung-tan-goc-tai-tp-hcm HTTP/1.1" 404 18724 "-" "Mozilla/5.0 (Linux; Android 6.0.1; Nexus 5X Build/MMB29P) AppleWebKit/537.36 (KHTML, like Gecko) Chrome/129.0.6668.89 Mobile Safari/537.36 (compatible; Googlebot/2.1; +http://www.google.com/bot.html)"
162.213.251.195 - - [19/Oct/2024:23:06:37 -0400] "POST /wp-cron.php?doing_wp_cron=1729393595.8863320350646972656250 HTTP/1.1" 200 0 "-" "WordPress/6.6.2; https://dietcontrungnhanh.com"
66.249.71.3 - - [19/Oct/2024:23:06:29 -0400] "GET /soi-cau-xo-so-ngay-2806-du-doan-soi-cau-mien-bac-ngay-2806-p636.html HTTP/1.1" 404 18730 "-" "Mozilla/5.0 (Linux; Android 6.0.1; Nexus 5X Build/MMB29P) AppleWebKit/537.36 (KHTML, like Gecko) Chrome/129.0.6668.89 Mobile Safari/537.36 (compatible; Googlebot/2.1; +http://www.google.com/bot.html)"
162.213.251.195 - - [19/Oct/2024:23:06:37 -0400] "POST /wp-cron.php?doing_wp_cron=1729393597.5664920806884765625000 HTTP/1.1" 200 0 "-" "WordPress/6.6.2; https://dietcontrungnhanh.com"
66.249.70.197 - - [19/Oct/2024:23:06:36 -0400] "GET /SITE HTTP/1.1" 404 18711 "-" "Mozilla/5.0 (Linux; Android 6.0.1; Nexus 5X Build/MMB29P) AppleWebKit/537.36 (KHTML, like Gecko) Chrome/129.0.6668.89 Mobile Safari/537.36 (compatible; Googlebot/2.1; +http://www.google.com/bot.html)"
66.249.71.2 - - [19/Oct/2024:23:07:39 -0400] "GET /site HTTP/1.1" 404 18720 "-" "Mozilla/5.0 (Linux; Android 6.0.1; Nexus 5X Build/MMB29P) AppleWebKit/537.36 (KHTML, like Gecko) Chrome/129.0.6668.89 Mobile Safari/537.36 (compatible; Googlebot/2.1; +http://www.google.com/bot.html)"
66.249.71.3 - - [19/Oct/2024:23:07:41 -0400] "GET /dich-vu-diet-moi-tai-nha-tai-thanh-pho-ho-chi-minh HTTP/1.1" 404 18738 "-" "Mozilla/5.0 (Linux; Android 6.0.1; Nexus 5X Build/MMB29P) AppleWebKit/537.36 (KHTML, like Gecko) Chrome/129.0.6668.89 Mobile Safari/537.36 (compatible; Googlebot/2.1; +http://www.google.com/bot.html)"
162.213.251.195 - - [19/Oct/2024:23:08:58 -0400] "POST /wp-cron.php?doing_wp_cron=1729393737.4239180088043212890625 HTTP/1.1" 200 0 "-" "WordPress/6.6.2; https://dietcontrungnhanh.com"
66.249.71.4 - - [19/Oct/2024:23:08:57 -0400] "GET /graphql HTTP/1.1" 404 18741 "-" "Mozilla/5.0 (Linux; Android 6.0.1; Nexus 5X Build/MMB29P) AppleWebKit/537.36 (KHTML, like Gecko) Chrome/129.0.6668.89 Mobile Safari/537.36 (compatible; GoogleOther)"
162.213.251.195 - - [19/Oct/2024:23:13:55 -0400] "POST /wp-cron.php?doing_wp_cron=1729394035.1555840969085693359375 HTTP/1.1" 200 0 "-" "WordPress/6.6.2; https://dietcontrungnhanh.com"
66.249.71.2 - - [19/Oct/2024:23:13:41 -0400] "GET /graphql/graphiql.php HTTP/1.1" 404 16530 "-" "Mozilla/5.0 (Linux; Android 6.0.1; Nexus 5X Build/MMB29P) AppleWebKit/537.36 (KHTML, like Gecko) Chrome/129.0.6668.89 Mobile Safari/537.36 (compatible; GoogleOther)"
162.213.251.195 - - [19/Oct/2024:23:14:44 -0400] "POST /wp-cron.php?doing_wp_cron=1729394084.1218709945678710937500 HTTP/1.1" 200 0 "-" "WordPress/6.6.2; https://dietcontrungnhanh.com"
66.249.71.2 - - [19/Oct/2024:23:14:43 -0400] "GET /diet-moi-het-bao-nhieu-tien HTTP/1.1" 404 18702 "-" "Mozilla/5.0 (Linux; Android 6.0.1; Nexus 5X Build/MMB29P) AppleWebKit/537.36 (KHTML, like Gecko) Chrome/129.0.6668.89 Mobile Safari/537.36 (compatible; Googlebot/2.1; +http://www.google.com/bot.html)"
162.213.251.195 - - [19/Oct/2024:23:17:06 -0400] "POST /wp-cron.php?doing_wp_cron=1729394226.2133939266204833984375 HTTP/1.1" 200 0 "-" "WordPress/6.6.2; https://dietcontrungnhanh.com"
66.249.70.193 - - [19/Oct/2024:23:17:02 -0400] "GET /soi-cau-mb-3s-hom-nay-chinh-xac-1406-p106.html HTTP/1.1" 404 18741 "-" "Mozilla/5.0 (Linux; Android 6.0.1; Nexus 5X Build/MMB29P) AppleWebKit/537.36 (KHTML, like Gecko) Chrome/129.0.6668.89 Mobile Safari/537.36 (compatible; Googlebot/2.1; +http://www.google.com/bot.html)"
162.213.251.195 - - [19/Oct/2024:23:18:08 -0400] "POST /wp-cron.php?doing_wp_cron=1729394287.7615830898284912109375 HTTP/1.1" 200 0 "-" "WordPress/6.6.2; https://dietcontrungnhanh.com"
66.249.70.195 - - [19/Oct/2024:23:18:07 -0400] "GET / HTTP/1.1" 200 27105 "-" "Mozilla/5.0 (Linux; Android 6.0.1; Nexus 5X Build/MMB29P) AppleWebKit/537.36 (KHTML, like Gecko) Chrome/129.0.6668.89 Mobile Safari/537.36 (compatible; Googlebot/2.1; +http://www.google.com/bot.html)"
162.213.251.195 - - [19/Oct/2024:23:18:12 -0400] "POST /wp-cron.php?doing_wp_cron=1729394291.7814309597015380859375 HTTP/1.1" 200 0 "-" "WordPress/6.6.2; https://dietcontrungnhanh.com"
66.249.71.1 - - [19/Oct/2024:23:18:11 -0400] "POST /?wc-ajax=get_refreshed_fragments HTTP/1.1" 200 1500 "https://dietcontrungnhanh.com/" "Mozilla/5.0 (Linux; Android 6.0.1; Nexus 5X Build/MMB29P) AppleWebKit/537.36 (KHTML, like Gecko) Chrome/129.0.6668.89 Mobile Safari/537.36 (compatible; Googlebot/2.1; +http://www.google.com/bot.html)"
162.213.251.195 - - [19/Oct/2024:23:18:26 -0400] "POST /wp-cron.php?doing_wp_cron=1729394306.2297410964965820312500 HTTP/1.1" 200 0 "-" "WordPress/6.6.2; https://dietcontrungnhanh.com"
66.249.70.194 - - [19/Oct/2024:23:18:25 -0400] "GET /graphql/console HTTP/1.1" 404 18721 "-" "Mozilla/5.0 (Linux; Android 6.0.1; Nexus 5X Build/MMB29P) AppleWebKit/537.36 (KHTML, like Gecko) Chrome/129.0.6668.89 Mobile Safari/537.36 (compatible; GoogleOther)"
162.213.251.195 - - [19/Oct/2024:23:20:13 -0400] "POST /wp-cron.php?doing_wp_cron=1729394413.3386640548706054687500 HTTP/1.1" 200 0 "-" "WordPress/6.6.2; https://dietcontrungnhanh.com"
66.249.70.195 - - [19/Oct/2024:23:20:09 -0400] "GET /wp-admin/post.php HTTP/1.1" 302 0 "-" "Mozilla/5.0 (Linux; Android 6.0.1; Nexus 5X Build/MMB29P) AppleWebKit/537.36 (KHTML, like Gecko) Chrome/129.0.6668.89 Mobile Safari/537.36 (compatible; Googlebot/2.1; +http://www.google.com/bot.html)"
162.213.251.195 - - [19/Oct/2024:23:20:15 -0400] "POST /wp-cron.php?doing_wp_cron=1729394414.9259901046752929687500 HTTP/1.1" 200 0 "-" "WordPress/6.6.2; https://dietcontrungnhanh.com"
66.249.70.193 - - [19/Oct/2024:23:20:14 -0400] "GET /wp-login.php?redirect_to=https%3A%2F%2Fdietcontrungnhanh.com%2Fwp-admin%2Fpost.php&reauth=1 HTTP/1.1" 200 2830 "-" "Mozilla/5.0 (Linux; Android 6.0.1; Nexus 5X Build/MMB29P) AppleWebKit/537.36 (KHTML, like Gecko) Chrome/129.0.6668.89 Mobile Safari/537.36 (compatible; Googlebot/2.1; +http://www.google.com/bot.html)"
162.213.251.195 - - [19/Oct/2024:23:20:17 -0400] "POST /wp-cron.php?doing_wp_cron=1729394417.2628910541534423828125 HTTP/1.1" 200 0 "-" "WordPress/6.6.2; https://dietcontrungnhanh.com"
66.249.71.2 - - [19/Oct/2024:23:20:16 -0400] "GET /wsoyanz.php HTTP/1.1" 404 16545 "-" "Mozilla/5.0 (Linux; Android 6.0.1; Nexus 5X Build/MMB29P) AppleWebKit/537.36 (KHTML, like Gecko) Chrome/129.0.6668.89 Mobile Safari/537.36 (compatible; Googlebot/2.1; +http://www.google.com/bot.html)"
66.249.71.1 - - [19/Oct/2024:23:20:18 -0400] "GET /wp-includes/css/dashicons.min.css?ver=6.6.2 HTTP/1.1" 200 35110 "https://dietcontrungnhanh.com/wp-login.php?redirect_to=https%3A%2F%2Fdietcontrungnhanh.com%2Fwp-admin%2Fpost.php&reauth=1" "Mozilla/5.0 (Linux; Android 6.0.1; Nexus 5X Build/MMB29P) AppleWebKit/537.36 (KHTML, like Gecko) Chrome/129.0.6668.89 Mobile Safari/537.36 (compatible; Googlebot/2.1; +http://www.google.com/bot.html)"
66.249.71.1 - - [19/Oct/2024:23:20:18 -0400] "GET /wp-admin/js/user-profile.min.js?ver=6.6.2 HTTP/1.1" 200 2257 "https://dietcontrungnhanh.com/wp-login.php?redirect_to=https%3A%2F%2Fdietcontrungnhanh.com%2Fwp-admin%2Fpost.php&reauth=1" "Mozilla/5.0 (Linux; Android 6.0.1; Nexus 5X Build/MMB29P) AppleWebKit/537.36 (KHTML, like Gecko) Chrome/129.0.6668.89 Mobile Safari/537.36 (compatible; Googlebot/2.1; +http://www.google.com/bot.html)"
66.249.71.1 - - [19/Oct/2024:23:20:19 -0400] "GET /wp-includes/js/zxcvbn-async.min.js?ver=1.0 HTTP/1.1" 200 187 "https://dietcontrungnhanh.com/wp-login.php?redirect_to=https%3A%2F%2Fdietcontrungnhanh.com%2Fwp-admin%2Fpost.php&reauth=1" "Mozilla/5.0 (Linux; Android 6.0.1; Nexus 5X Build/MMB29P) AppleWebKit/537.36 (KHTML, like Gecko) Chrome/129.0.6668.89 Mobile Safari/537.36 (compatible; Googlebot/2.1; +http://www.google.com/bot.html)"
66.249.70.193 - - [19/Oct/2024:23:20:22 -0400] "GET /wp-includes/js/underscore.min.js?ver=1.13.4 HTTP/1.1" 304 0 "https://dietcontrungnhanh.com/wp-login.php?redirect_to=https%3A%2F%2Fdietcontrungnhanh.com%2Fwp-admin%2Fpost.php&reauth=1" "Mozilla/5.0 (Linux; Android 6.0.1; Nexus 5X Build/MMB29P) AppleWebKit/537.36 (KHTML, like Gecko) Chrome/129.0.6668.89 Mobile Safari/537.36 (compatible; Googlebot/2.1; +http://www.google.com/bot.html)"
66.249.70.193 - - [19/Oct/2024:23:20:24 -0400] "GET /wp-includes/css/buttons.min.css?ver=6.6.2 HTTP/1.1" 200 1275 "https://dietcontrungnhanh.com/wp-login.php?redirect_to=https%3A%2F%2Fdietcontrungnhanh.com%2Fwp-admin%2Fpost.php&reauth=1" "Mozilla/5.0 (Linux; Android 6.0.1; Nexus 5X Build/MMB29P) AppleWebKit/537.36 (KHTML, like Gecko) Chrome/129.0.6668.89 Mobile Safari/537.36 (compatible; Googlebot/2.1; +http://www.google.com/bot.html)"
66.249.71.1 - - [19/Oct/2024:23:20:26 -0400] "GET /wp-includes/js/wp-util.min.js?ver=6.6.2 HTTP/1.1" 200 690 "https://dietcontrungnhanh.com/wp-login.php?redirect_to=https%3A%2F%2Fdietcontrungnhanh.com%2Fwp-admin%2Fpost.php&reauth=1" "Mozilla/5.0 (Linux; Android 6.0.1; Nexus 5X Build/MMB29P) AppleWebKit/537.36 (KHTML, like Gecko) Chrome/129.0.6668.89 Mobile Safari/537.36 (compatible; Googlebot/2.1; +http://www.google.com/bot.html)"
66.249.70.193 - - [19/Oct/2024:23:20:27 -0400] "GET /wp-admin/js/password-strength-meter.min.js?ver=6.6.2 HTTP/1.1" 304 0 "https://dietcontrungnhanh.com/wp-login.php?redirect_to=https%3A%2F%2Fdietcontrungnhanh.com%2Fwp-admin%2Fpost.php&reauth=1" "Mozilla/5.0 (Linux; Android 6.0.1; Nexus 5X Build/MMB29P) AppleWebKit/537.36 (KHTML, like Gecko) Chrome/129.0.6668.89 Mobile Safari/537.36 (compatible; Googlebot/2.1; +http://www.google.com/bot.html)"
66.249.70.193 - - [19/Oct/2024:23:20:32 -0400] "GET /wp-includes/js/zxcvbn.min.js HTTP/1.1" 200 389493 "https://dietcontrungnhanh.com/wp-login.php?redirect_to=https%3A%2F%2Fdietcontrungnhanh.com%2Fwp-admin%2Fpost.php&reauth=1" "Mozilla/5.0 (Linux; Android 6.0.1; Nexus 5X Build/MMB29P) AppleWebKit/537.36 (KHTML, like Gecko) Chrome/129.0.6668.89 Mobile Safari/537.36 (compatible; Googlebot/2.1; +http://www.google.com/bot.html)"
162.213.251.195 - - [19/Oct/2024:23:23:19 -0400] "POST /wp-cron.php?doing_wp_cron=1729394598.6295928955078125000000 HTTP/1.1" 200 0 "-" "WordPress/6.6.2; https://dietcontrungnhanh.com"
66.249.70.194 - - [19/Oct/2024:23:23:10 -0400] "GET /graphql.php HTTP/1.1" 404 16539 "-" "Mozilla/5.0 (Linux; Android 6.0.1; Nexus 5X Build/MMB29P) AppleWebKit/537.36 (KHTML, like Gecko) Chrome/129.0.6668.89 Mobile Safari/537.36 (compatible; GoogleOther)"
162.213.251.195 - - [19/Oct/2024:23:25:24 -0400] "POST /wp-cron.php?doing_wp_cron=1729394724.0469810962677001953125 HTTP/1.1" 200 0 "-" "WordPress/6.6.2; https://dietcontrungnhanh.com"
66.249.70.195 - - [19/Oct/2024:23:25:19 -0400] "GET /home.html HTTP/1.1" 404 18715 "-" "Mozilla/5.0 (Linux; Android 6.0.1; Nexus 5X Build/MMB29P) AppleWebKit/537.36 (KHTML, like Gecko) Chrome/129.0.6668.89 Mobile Safari/537.36 (compatible; Googlebot/2.1; +http://www.google.com/bot.html)"
66.249.70.194 - - [19/Oct/2024:23:26:25 -0400] "GET /cekidot/ HTTP/1.1" 404 18725 "-" "Mozilla/5.0 (Linux; Android 6.0.1; Nexus 5X Build/MMB29P) AppleWebKit/537.36 (KHTML, like Gecko) Chrome/129.0.6668.89 Mobile Safari/537.36 (compatible; Googlebot/2.1; +http://www.google.com/bot.html)"
162.213.251.195 - - [19/Oct/2024:23:26:27 -0400] "POST /wp-cron.php?doing_wp_cron=1729394785.9064118862152099609375 HTTP/1.1" 200 0 "-" "WordPress/6.6.2; https://dietcontrungnhanh.com"
66.249.70.193 - - [19/Oct/2024:23:26:37 -0400] "GET /modules/mod_simplefileuploadv1.3/elements/%C2%AE.php7 HTTP/1.1" 404 17397 "-" "Mozilla/5.0 (Linux; Android 6.0.1; Nexus 5X Build/MMB29P) AppleWebKit/537.36 (KHTML, like Gecko) Chrome/129.0.6668.89 Mobile Safari/537.36 (compatible; GoogleOther)"
