66.249.70.196 - - [19/Oct/2024:11:16:48 -0400] "GET /wp-admin/js/password-strength-meter.min.js?ver=6.6.2 HTTP/1.1" 200 558 "https://dietcontrungnhanh.com/wp-login.php?redirect_to=https%3A%2F%2Fdietcontrungnhanh.com%2Fwp-admin%2Fcustomize.php&reauth=1" "Mozilla/5.0 (Linux; Android 6.0.1; Nexus 5X Build/MMB29P) AppleWebKit/537.36 (KHTML, like Gecko) Chrome/129.0.6668.89 Mobile Safari/537.36 (compatible; Googlebot/2.1; +http://www.google.com/bot.html)"
66.249.70.196 - - [19/Oct/2024:11:16:48 -0400] "GET /wp-includes/js/zxcvbn-async.min.js?ver=1.0 HTTP/1.1" 200 187 "https://dietcontrungnhanh.com/wp-login.php?redirect_to=https%3A%2F%2Fdietcontrungnhanh.com%2Fwp-admin%2Fcustomize.php&reauth=1" "Mozilla/5.0 (Linux; Android 6.0.1; Nexus 5X Build/MMB29P) AppleWebKit/537.36 (KHTML, like Gecko) Chrome/129.0.6668.89 Mobile Safari/537.36 (compatible; Googlebot/2.1; +http://www.google.com/bot.html)"
66.249.70.196 - - [19/Oct/2024:11:16:48 -0400] "GET /wp-admin/js/user-profile.min.js?ver=6.6.2 HTTP/1.1" 200 2257 "https://dietcontrungnhanh.com/wp-login.php?redirect_to=https%3A%2F%2Fdietcontrungnhanh.com%2Fwp-admin%2Fcustomize.php&reauth=1" "Mozilla/5.0 (Linux; Android 6.0.1; Nexus 5X Build/MMB29P) AppleWebKit/537.36 (KHTML, like Gecko) Chrome/129.0.6668.89 Mobile Safari/537.36 (compatible; Googlebot/2.1; +http://www.google.com/bot.html)"
66.249.70.196 - - [19/Oct/2024:11:16:49 -0400] "GET /wp-includes/js/wp-util.min.js?ver=6.6.2 HTTP/1.1" 200 690 "https://dietcontrungnhanh.com/wp-login.php?redirect_to=https%3A%2F%2Fdietcontrungnhanh.com%2Fwp-admin%2Fcustomize.php&reauth=1" "Mozilla/5.0 (Linux; Android 6.0.1; Nexus 5X Build/MMB29P) AppleWebKit/537.36 (KHTML, like Gecko) Chrome/129.0.6668.89 Mobile Safari/537.36 (compatible; Googlebot/2.1; +http://www.google.com/bot.html)"
66.249.70.196 - - [19/Oct/2024:11:16:49 -0400] "GET /wp-admin/css/forms.min.css?ver=6.6.2 HTTP/1.1" 200 6418 "https://dietcontrungnhanh.com/wp-login.php?redirect_to=https%3A%2F%2Fdietcontrungnhanh.com%2Fwp-admin%2Fcustomize.php&reauth=1" "Mozilla/5.0 (Linux; Android 6.0.1; Nexus 5X Build/MMB29P) AppleWebKit/537.36 (KHTML, like Gecko) Chrome/129.0.6668.89 Mobile Safari/537.36 (compatible; Googlebot/2.1; +http://www.google.com/bot.html)"
66.249.71.2 - - [19/Oct/2024:11:16:49 -0400] "GET /wp-includes/css/buttons.min.css?ver=6.6.2 HTTP/1.1" 200 1275 "https://dietcontrungnhanh.com/wp-login.php?redirect_to=https%3A%2F%2Fdietcontrungnhanh.com%2Fwp-admin%2Fcustomize.php&reauth=1" "Mozilla/5.0 (Linux; Android 6.0.1; Nexus 5X Build/MMB29P) AppleWebKit/537.36 (KHTML, like Gecko) Chrome/129.0.6668.89 Mobile Safari/537.36 (compatible; Googlebot/2.1; +http://www.google.com/bot.html)"
66.249.70.196 - - [19/Oct/2024:11:16:50 -0400] "GET /wp-admin/images/wordpress-logo.svg?ver=20131107 HTTP/1.1" 200 759 "https://dietcontrungnhanh.com/wp-admin/css/login.min.css?ver=6.6.2" "Mozilla/5.0 (Linux; Android 6.0.1; Nexus 5X Build/MMB29P) AppleWebKit/537.36 (KHTML, like Gecko) Chrome/129.0.6668.89 Mobile Safari/537.36 (compatible; Googlebot/2.1; +http://www.google.com/bot.html)"
66.249.71.2 - - [19/Oct/2024:11:16:51 -0400] "GET /wp-includes/js/zxcvbn.min.js HTTP/1.1" 200 389493 "https://dietcontrungnhanh.com/wp-login.php?redirect_to=https%3A%2F%2Fdietcontrungnhanh.com%2Fwp-admin%2Fcustomize.php&reauth=1" "Mozilla/5.0 (Linux; Android 6.0.1; Nexus 5X Build/MMB29P) AppleWebKit/537.36 (KHTML, like Gecko) Chrome/129.0.6668.89 Mobile Safari/537.36 (compatible; Googlebot/2.1; +http://www.google.com/bot.html)"
162.213.251.195 - - [19/Oct/2024:11:18:49 -0400] "POST /wp-cron.php?doing_wp_cron=1729351128.9767088890075683593750 HTTP/1.1" 200 0 "-" "WordPress/6.6.2; https://dietcontrungnhanh.com"
66.249.70.196 - - [19/Oct/2024:11:18:46 -0400] "GET /wp-includes/Requests/Text/index.php HTTP/1.1" 301 0 "-" "Mozilla/5.0 (Linux; Android 6.0.1; Nexus 5X Build/MMB29P) AppleWebKit/537.36 (KHTML, like Gecko) Chrome/129.0.6668.89 Mobile Safari/537.36 (compatible; Googlebot/2.1; +http://www.google.com/bot.html)"
162.213.251.195 - - [19/Oct/2024:11:18:50 -0400] "POST /wp-cron.php?doing_wp_cron=1729351130.5609951019287109375000 HTTP/1.1" 200 0 "-" "WordPress/6.6.2; https://dietcontrungnhanh.com"
66.249.70.196 - - [19/Oct/2024:11:18:50 -0400] "GET /wp-includes/Requests/Text/ HTTP/1.1" 404 19581 "-" "Mozilla/5.0 (Linux; Android 6.0.1; Nexus 5X Build/MMB29P) AppleWebKit/537.36 (KHTML, like Gecko) Chrome/129.0.6668.89 Mobile Safari/537.36 (compatible; Googlebot/2.1; +http://www.google.com/bot.html)"
66.249.70.196 - - [19/Oct/2024:11:19:10 -0400] "GET /.well-known/pki-validation/about.php HTTP/1.1" 404 1251 "-" "Mozilla/5.0 (Linux; Android 6.0.1; Nexus 5X Build/MMB29P) AppleWebKit/537.36 (KHTML, like Gecko) Chrome/129.0.6668.89 Mobile Safari/537.36 (compatible; GoogleOther)"
66.249.71.3 - - [19/Oct/2024:11:20:54 -0400] "GET /wp-content/themes/twentyseventeen/page/index.php HTTP/1.1" 403 1242 "-" "Mozilla/5.0 (Linux; Android 6.0.1; Nexus 5X Build/MMB29P) AppleWebKit/537.36 (KHTML, like Gecko) Chrome/129.0.6668.89 Mobile Safari/537.36 (compatible; Googlebot/2.1; +http://www.google.com/bot.html)"
162.213.251.195 - - [19/Oct/2024:11:21:58 -0400] "POST /wp-cron.php?doing_wp_cron=1729351317.7315011024475097656250 HTTP/1.1" 200 0 "-" "WordPress/6.6.2; https://dietcontrungnhanh.com"
66.249.70.196 - - [19/Oct/2024:11:21:56 -0400] "GET /blog/wp-includes/ HTTP/1.1" 404 18738 "-" "Mozilla/5.0 (Linux; Android 6.0.1; Nexus 5X Build/MMB29P) AppleWebKit/537.36 (KHTML, like Gecko) Chrome/129.0.6668.89 Mobile Safari/537.36 (compatible; GoogleOther)"
66.249.70.197 - - [19/Oct/2024:11:21:54 -0400] "GET /wp-includes/blocks/post-title/post-title/index.php HTTP/1.1" 301 0 "-" "Mozilla/5.0 (Linux; Android 6.0.1; Nexus 5X Build/MMB29P) AppleWebKit/537.36 (KHTML, like Gecko) Chrome/129.0.6668.89 Mobile Safari/537.36 (compatible; Googlebot/2.1; +http://www.google.com/bot.html)"
66.249.70.197 - - [19/Oct/2024:11:21:58 -0400] "GET /wp-includes/blocks/post-title/post-title/ HTTP/1.1" 404 19571 "-" "Mozilla/5.0 (Linux; Android 6.0.1; Nexus 5X Build/MMB29P) AppleWebKit/537.36 (KHTML, like Gecko) Chrome/129.0.6668.89 Mobile Safari/537.36 (compatible; Googlebot/2.1; +http://www.google.com/bot.html)"
162.213.251.195 - - [19/Oct/2024:11:23:00 -0400] "POST /wp-cron.php?doing_wp_cron=1729351380.2077770233154296875000 HTTP/1.1" 200 0 "-" "WordPress/6.6.2; https://dietcontrungnhanh.com"
66.249.70.198 - - [19/Oct/2024:11:22:59 -0400] "GET /IndoXploit.php HTTP/1.1" 404 16540 "-" "Mozilla/5.0 (Linux; Android 6.0.1; Nexus 5X Build/MMB29P) AppleWebKit/537.36 (KHTML, like Gecko) Chrome/129.0.6668.89 Mobile Safari/537.36 (compatible; Googlebot/2.1; +http://www.google.com/bot.html)"
162.213.251.195 - - [19/Oct/2024:11:24:02 -0400] "POST /wp-cron.php?doing_wp_cron=1729351441.7452120780944824218750 HTTP/1.1" 200 0 "-" "WordPress/6.6.2; https://dietcontrungnhanh.com"
66.249.70.197 - - [19/Oct/2024:11:24:01 -0400] "GET /css/index.php HTTP/1.1" 301 0 "-" "Mozilla/5.0 (Linux; Android 6.0.1; Nexus 5X Build/MMB29P) AppleWebKit/537.36 (KHTML, like Gecko) Chrome/129.0.6668.89 Mobile Safari/537.36 (compatible; Googlebot/2.1; +http://www.google.com/bot.html)"
162.213.251.195 - - [19/Oct/2024:11:24:03 -0400] "POST /wp-cron.php?doing_wp_cron=1729351443.0649778842926025390625 HTTP/1.1" 200 0 "-" "WordPress/6.6.2; https://dietcontrungnhanh.com"
66.249.71.3 - - [19/Oct/2024:11:24:02 -0400] "GET /css/ HTTP/1.1" 404 18717 "-" "Mozilla/5.0 (Linux; Android 6.0.1; Nexus 5X Build/MMB29P) AppleWebKit/537.36 (KHTML, like Gecko) Chrome/129.0.6668.89 Mobile Safari/537.36 (compatible; Googlebot/2.1; +http://www.google.com/bot.html)"
162.213.251.195 - - [19/Oct/2024:11:24:38 -0400] "POST /wp-cron.php?doing_wp_cron=1729351478.2787640094757080078125 HTTP/1.1" 200 0 "-" "WordPress/6.6.2; https://dietcontrungnhanh.com"
66.249.70.197 - - [19/Oct/2024:11:24:37 -0400] "GET /tersembunyi.php HTTP/1.1" 404 16531 "-" "Mozilla/5.0 (Linux; Android 6.0.1; Nexus 5X Build/MMB29P) AppleWebKit/537.36 (KHTML, like Gecko) Chrome/129.0.6668.89 Mobile Safari/537.36 (compatible; Googlebot/2.1; +http://www.google.com/bot.html)"
162.213.251.195 - - [19/Oct/2024:11:24:43 -0400] "POST /wp-cron.php?doing_wp_cron=1729351482.8231720924377441406250 HTTP/1.1" 200 0 "-" "WordPress/6.6.2; https://dietcontrungnhanh.com"
66.249.70.196 - - [19/Oct/2024:11:24:42 -0400] "GET /repeater.php HTTP/1.1" 404 16539 "-" "Mozilla/5.0 (Linux; Android 6.0.1; Nexus 5X Build/MMB29P) AppleWebKit/537.36 (KHTML, like Gecko) Chrome/129.0.6668.89 Mobile Safari/537.36 (compatible; GoogleOther)"
162.213.251.195 - - [19/Oct/2024:11:26:24 -0400] "POST /wp-cron.php?doing_wp_cron=1729351583.8537700176239013671875 HTTP/1.1" 200 0 "-" "WordPress/6.6.2; https://dietcontrungnhanh.com"
66.249.70.198 - - [19/Oct/2024:11:26:17 -0400] "GET /41.php HTTP/1.1" 404 16533 "-" "Mozilla/5.0 (Linux; Android 6.0.1; Nexus 5X Build/MMB29P) AppleWebKit/537.36 (KHTML, like Gecko) Chrome/129.0.6668.89 Mobile Safari/537.36 (compatible; Googlebot/2.1; +http://www.google.com/bot.html)"
162.213.251.195 - - [19/Oct/2024:11:27:29 -0400] "POST /wp-cron.php?doing_wp_cron=1729351648.9755458831787109375000 HTTP/1.1" 200 0 "-" "WordPress/6.6.2; https://dietcontrungnhanh.com"
66.249.70.195 - - [19/Oct/2024:11:27:28 -0400] "GET /wp-raze.php HTTP/1.1" 404 16538 "-" "Mozilla/5.0 (Linux; Android 6.0.1; Nexus 5X Build/MMB29P) AppleWebKit/537.36 (KHTML, like Gecko) Chrome/129.0.6668.89 Mobile Safari/537.36 (compatible; GoogleOther)"
162.213.251.195 - - [19/Oct/2024:11:27:55 -0400] "POST /wp-cron.php?doing_wp_cron=1729351674.8090829849243164062500 HTTP/1.1" 200 0 "-" "WordPress/6.6.2; https://dietcontrungnhanh.com"
66.249.70.193 - - [19/Oct/2024:11:27:54 -0400] "GET /kiss.php HTTP/1.1" 404 16538 "-" "Mozilla/5.0 (Linux; Android 6.0.1; Nexus 5X Build/MMB29P) AppleWebKit/537.36 (KHTML, like Gecko) Chrome/129.0.6668.89 Mobile Safari/537.36 (compatible; Googlebot/2.1; +http://www.google.com/bot.html)"
162.213.251.195 - - [19/Oct/2024:11:30:20 -0400] "POST /wp-cron.php?doing_wp_cron=1729351819.9024260044097900390625 HTTP/1.1" 200 0 "-" "WordPress/6.6.2; https://dietcontrungnhanh.com"
66.249.70.193 - - [19/Oct/2024:11:30:15 -0400] "GET /back.php HTTP/1.1" 404 16551 "-" "Mozilla/5.0 (Linux; Android 6.0.1; Nexus 5X Build/MMB29P) AppleWebKit/537.36 (KHTML, like Gecko) Chrome/129.0.6668.89 Mobile Safari/537.36 (compatible; GoogleOther)"
162.213.251.195 - - [19/Oct/2024:11:31:05 -0400] "POST /wp-cron.php?doing_wp_cron=1729351865.2670049667358398437500 HTTP/1.1" 200 0 "-" "WordPress/6.6.2; https://dietcontrungnhanh.com"
66.249.70.193 - - [19/Oct/2024:11:31:04 -0400] "GET /alfa-rex.php56 HTTP/1.1" 404 16548 "-" "Mozilla/5.0 (Linux; Android 6.0.1; Nexus 5X Build/MMB29P) AppleWebKit/537.36 (KHTML, like Gecko) Chrome/129.0.6668.89 Mobile Safari/537.36 (compatible; Googlebot/2.1; +http://www.google.com/bot.html)"
162.213.251.195 - - [19/Oct/2024:11:33:09 -0400] "POST /wp-cron.php?doing_wp_cron=1729351988.8698348999023437500000 HTTP/1.1" 200 0 "-" "WordPress/6.6.2; https://dietcontrungnhanh.com"
66.249.70.193 - - [19/Oct/2024:11:33:01 -0400] "GET /wp-content/up.php HTTP/1.1" 404 16542 "-" "Mozilla/5.0 (Linux; Android 6.0.1; Nexus 5X Build/MMB29P) AppleWebKit/537.36 (KHTML, like Gecko) Chrome/129.0.6668.89 Mobile Safari/537.36 (compatible; GoogleOther)"
162.213.251.195 - - [19/Oct/2024:11:34:21 -0400] "POST /wp-cron.php?doing_wp_cron=1729352060.7104260921478271484375 HTTP/1.1" 200 0 "-" "WordPress/6.6.2; https://dietcontrungnhanh.com"
66.249.71.1 - - [19/Oct/2024:11:34:19 -0400] "GET /ups.php HTTP/1.1" 404 16539 "-" "Mozilla/5.0 (Linux; Android 6.0.1; Nexus 5X Build/MMB29P) AppleWebKit/537.36 (KHTML, like Gecko) Chrome/129.0.6668.89 Mobile Safari/537.36 (compatible; Googlebot/2.1; +http://www.google.com/bot.html)"
162.213.251.195 - - [19/Oct/2024:11:35:55 -0400] "POST /wp-cron.php?doing_wp_cron=1729352155.2305679321289062500000 HTTP/1.1" 200 0 "-" "WordPress/6.6.2; https://dietcontrungnhanh.com"
66.249.71.3 - - [19/Oct/2024:11:35:47 -0400] "GET /wp-content/a.php HTTP/1.1" 404 16532 "-" "Mozilla/5.0 (Linux; Android 6.0.1; Nexus 5X Build/MMB29P) AppleWebKit/537.36 (KHTML, like Gecko) Chrome/129.0.6668.89 Mobile Safari/537.36 (compatible; GoogleOther)"
20.197.35.86 - - [19/Oct/2024:11:36:59 -0400] "GET /wp-admin/css/ HTTP/1.1" 403 1242 "binance.com" "Mozilla/5.0 (Windows NT 10.0; Win64; x64) AppleWebKit/537.36 (KHTML, like Gecko) Chrome/90.0.4430.85 Safari/537.36"
162.213.251.195 - - [19/Oct/2024:11:37:38 -0400] "POST /wp-cron.php?doing_wp_cron=1729352258.1058449745178222656250 HTTP/1.1" 200 0 "-" "WordPress/6.6.2; https://dietcontrungnhanh.com"
66.249.70.195 - - [19/Oct/2024:11:37:35 -0400] "GET /ah.php HTTP/1.1" 404 16563 "-" "Mozilla/5.0 (Linux; Android 6.0.1; Nexus 5X Build/MMB29P) AppleWebKit/537.36 (KHTML, like Gecko) Chrome/129.0.6668.89 Mobile Safari/537.36 (compatible; Googlebot/2.1; +http://www.google.com/bot.html)"
162.213.251.195 - - [19/Oct/2024:11:38:20 -0400] "POST /wp-cron.php?doing_wp_cron=1729352300.3119170665740966796875 HTTP/1.1" 200 0 "-" "WordPress/6.6.2; https://dietcontrungnhanh.com"
66.249.71.3 - - [19/Oct/2024:11:38:19 -0400] "GET /apply/vendor/phpunit/phpunit/src/Util/1975.php HTTP/1.1" 404 17381 "-" "Mozilla/5.0 (Linux; Android 6.0.1; Nexus 5X Build/MMB29P) AppleWebKit/537.36 (KHTML, like Gecko) Chrome/129.0.6668.89 Mobile Safari/537.36 (compatible; GoogleOther)"
162.213.251.195 - - [19/Oct/2024:11:38:33 -0400] "POST /wp-cron.php?doing_wp_cron=1729352313.5867779254913330078125 HTTP/1.1" 200 0 "-" "WordPress/6.6.2; https://dietcontrungnhanh.com"
66.249.71.2 - - [19/Oct/2024:11:38:33 -0400] "GET /wordpress/alfacgiapi/JANCOK.php HTTP/1.1" 404 17417 "-" "Mozilla/5.0 (Linux; Android 6.0.1; Nexus 5X Build/MMB29P) AppleWebKit/537.36 (KHTML, like Gecko) Chrome/129.0.6668.89 Mobile Safari/537.36 (compatible; GoogleOther)"
162.213.251.195 - - [19/Oct/2024:11:41:07 -0400] "POST /wp-cron.php?doing_wp_cron=1729352466.5467948913574218750000 HTTP/1.1" 200 0 "-" "WordPress/6.6.2; https://dietcontrungnhanh.com"
66.249.70.193 - - [19/Oct/2024:11:41:03 -0400] "GET /wp-renew.php HTTP/1.1" 404 16541 "-" "Mozilla/5.0 (Linux; Android 6.0.1; Nexus 5X Build/MMB29P) AppleWebKit/537.36 (KHTML, like Gecko) Chrome/129.0.6668.89 Mobile Safari/537.36 (compatible; Googlebot/2.1; +http://www.google.com/bot.html)"
162.213.251.195 - - [19/Oct/2024:11:41:20 -0400] "POST /wp-cron.php?doing_wp_cron=1729352480.0725879669189453125000 HTTP/1.1" 200 0 "-" "WordPress/6.6.2; https://dietcontrungnhanh.com"
66.249.71.2 - - [19/Oct/2024:11:41:19 -0400] "GET /export.php HTTP/1.1" 404 16537 "-" "Mozilla/5.0 (Linux; Android 6.0.1; Nexus 5X Build/MMB29P) AppleWebKit/537.36 (KHTML, like Gecko) Chrome/129.0.6668.89 Mobile Safari/537.36 (compatible; GoogleOther)"
162.213.251.195 - - [19/Oct/2024:11:43:32 -0400] "POST /wp-cron.php?doing_wp_cron=1729352612.4155769348144531250000 HTTP/1.1" 200 0 "-" "WordPress/6.6.2; https://dietcontrungnhanh.com"
162.213.251.195 - - [19/Oct/2024:11:43:32 -0400] "POST /wp-cron.php?doing_wp_cron=1729352612.4253840446472167968750 HTTP/1.1" 200 0 "-" "WordPress/6.6.2; https://dietcontrungnhanh.com"
66.249.70.195 - - [19/Oct/2024:11:43:30 -0400] "GET /Simple_php_backdoor.php HTTP/1.1" 404 16559 "-" "Mozilla/5.0 (Linux; Android 6.0.1; Nexus 5X Build/MMB29P) AppleWebKit/537.36 (KHTML, like Gecko) Chrome/129.0.6668.89 Mobile Safari/537.36 (compatible; GoogleOther)"
66.249.70.195 - - [19/Oct/2024:11:43:30 -0400] "GET /soi-cau-mien-bac-hom-nay-mien-phi-ngay-1007-p130.html HTTP/1.1" 404 18744 "-" "Mozilla/5.0 (Linux; Android 6.0.1; Nexus 5X Build/MMB29P) AppleWebKit/537.36 (KHTML, like Gecko) Chrome/129.0.6668.89 Mobile Safari/537.36 (compatible; Googlebot/2.1; +http://www.google.com/bot.html)"
162.213.251.195 - - [19/Oct/2024:11:44:06 -0400] "POST /wp-cron.php?doing_wp_cron=1729352645.9968290328979492187500 HTTP/1.1" 200 0 "-" "WordPress/6.6.2; https://dietcontrungnhanh.com"
66.249.70.194 - - [19/Oct/2024:11:44:05 -0400] "GET /wp-content/leaf.php HTTP/1.1" 404 16539 "-" "Mozilla/5.0 (Linux; Android 6.0.1; Nexus 5X Build/MMB29P) AppleWebKit/537.36 (KHTML, like Gecko) Chrome/129.0.6668.89 Mobile Safari/537.36 (compatible; GoogleOther)"
66.249.70.193 - - [19/Oct/2024:11:44:33 -0400] "GET /lol.php HTTP/1.1" 404 16554 "-" "Mozilla/5.0 (Linux; Android 6.0.1; Nexus 5X Build/MMB29P) AppleWebKit/537.36 (KHTML, like Gecko) Chrome/129.0.6668.89 Mobile Safari/537.36 (compatible; Googlebot/2.1; +http://www.google.com/bot.html)"
162.213.251.195 - - [19/Oct/2024:11:44:34 -0400] "POST /wp-cron.php?doing_wp_cron=1729352674.6262159347534179687500 HTTP/1.1" 200 0 "-" "WordPress/6.6.2; https://dietcontrungnhanh.com"
66.249.70.194 - - [19/Oct/2024:11:44:33 -0400] "GET /ganteng.php HTTP/1.1" 404 16548 "-" "Mozilla/5.0 (Linux; Android 6.0.1; Nexus 5X Build/MMB29P) AppleWebKit/537.36 (KHTML, like Gecko) Chrome/129.0.6668.89 Mobile Safari/537.36 (compatible; Googlebot/2.1; +http://www.google.com/bot.html)"
162.213.251.195 - - [19/Oct/2024:11:44:36 -0400] "POST /wp-cron.php?doing_wp_cron=1729352676.2817280292510986328125 HTTP/1.1" 200 0 "-" "WordPress/6.6.2; https://dietcontrungnhanh.com"
66.249.70.193 - - [19/Oct/2024:11:44:35 -0400] "GET /cms.php HTTP/1.1" 404 16551 "-" "Mozilla/5.0 (Linux; Android 6.0.1; Nexus 5X Build/MMB29P) AppleWebKit/537.36 (KHTML, like Gecko) Chrome/129.0.6668.89 Mobile Safari/537.36 (compatible; Googlebot/2.1; +http://www.google.com/bot.html)"
66.249.70.194 - - [19/Oct/2024:11:44:36 -0400] "GET /1.aspx HTTP/1.1" 404 18720 "-" "Mozilla/5.0 (Linux; Android 6.0.1; Nexus 5X Build/MMB29P) AppleWebKit/537.36 (KHTML, like Gecko) Chrome/129.0.6668.89 Mobile Safari/537.36 (compatible; Googlebot/2.1; +http://www.google.com/bot.html)"
162.213.251.195 - - [19/Oct/2024:11:44:44 -0400] "POST /wp-cron.php?doing_wp_cron=1729352683.7938849925994873046875 HTTP/1.1" 200 0 "-" "WordPress/6.6.2; https://dietcontrungnhanh.com"
66.249.70.193 - - [19/Oct/2024:11:44:43 -0400] "GET /soi-cau-rong-bach-kim-2-nhay-mien-bac-chinh-xac-hom-nay-ngay-26-08-p170.html HTTP/1.1" 404 18798 "-" "Mozilla/5.0 (Linux; Android 6.0.1; Nexus 5X Build/MMB29P) AppleWebKit/537.36 (KHTML, like Gecko) Chrome/129.0.6668.89 Mobile Safari/537.36 (compatible; Googlebot/2.1; +http://www.google.com/bot.html)"
162.213.251.195 - - [19/Oct/2024:11:44:45 -0400] "POST /wp-cron.php?doing_wp_cron=1729352685.2472290992736816406250 HTTP/1.1" 200 0 "-" "WordPress/6.6.2; https://dietcontrungnhanh.com"
66.249.70.193 - - [19/Oct/2024:11:44:45 -0400] "GET /message.php HTTP/1.1" 404 16561 "-" "Mozilla/5.0 (Linux; Android 6.0.1; Nexus 5X Build/MMB29P) AppleWebKit/537.36 (KHTML, like Gecko) Chrome/129.0.6668.89 Mobile Safari/537.36 (compatible; Googlebot/2.1; +http://www.google.com/bot.html)"
66.249.70.193 - - [19/Oct/2024:11:44:44 -0400] "GET /baindex.php HTTP/1.1" 404 16538 "-" "Mozilla/5.0 (Linux; Android 6.0.1; Nexus 5X Build/MMB29P) AppleWebKit/537.36 (KHTML, like Gecko) Chrome/129.0.6668.89 Mobile Safari/537.36 (compatible; Googlebot/2.1; +http://www.google.com/bot.html)"
162.213.251.195 - - [19/Oct/2024:11:44:47 -0400] "POST /wp-cron.php?doing_wp_cron=1729352686.9181799888610839843750 HTTP/1.1" 200 0 "-" "WordPress/6.6.2; https://dietcontrungnhanh.com"
66.249.70.193 - - [19/Oct/2024:11:44:46 -0400] "GET /phpINJ.php HTTP/1.1" 404 16538 "-" "Mozilla/5.0 (Linux; Android 6.0.1; Nexus 5X Build/MMB29P) AppleWebKit/537.36 (KHTML, like Gecko) Chrome/129.0.6668.89 Mobile Safari/537.36 (compatible; Googlebot/2.1; +http://www.google.com/bot.html)"
162.213.251.195 - - [19/Oct/2024:11:46:52 -0400] "POST /wp-cron.php?doing_wp_cron=1729352811.8821120262145996093750 HTTP/1.1" 200 0 "-" "WordPress/6.6.2; https://dietcontrungnhanh.com"
162.213.251.195 - - [19/Oct/2024:11:46:52 -0400] "POST /wp-cron.php?doing_wp_cron=1729352811.8817598819732666015625 HTTP/1.1" 200 0 "-" "WordPress/6.6.2; https://dietcontrungnhanh.com"
66.249.71.1 - - [19/Oct/2024:11:46:48 -0400] "GET /humans.txt HTTP/1.1" 404 16560 "-" "Mozilla/5.0 (Linux; Android 6.0.1; Nexus 5X Build/MMB29P) AppleWebKit/537.36 (KHTML, like Gecko) Chrome/129.0.6668.89 Mobile Safari/537.36 (compatible; Googlebot/2.1; +http://www.google.com/bot.html)"
66.249.70.193 - - [19/Oct/2024:11:46:51 -0400] "GET /cach-diet-muoi-hieu-qua-nhat HTTP/1.1" 404 18717 "-" "Mozilla/5.0 (Linux; Android 6.0.1; Nexus 5X Build/MMB29P) AppleWebKit/537.36 (KHTML, like Gecko) Chrome/129.0.6668.89 Mobile Safari/537.36 (compatible; GoogleOther)"
162.213.251.195 - - [19/Oct/2024:11:47:42 -0400] "POST /wp-cron.php?doing_wp_cron=1729352862.0212020874023437500000 HTTP/1.1" 200 0 "-" "WordPress/6.6.2; https://dietcontrungnhanh.com"
2001:4ca0:108:42::24 - - [19/Oct/2024:11:47:41 -0400] "GET /robots.txt HTTP/1.1" 301 0 "-" "Mozilla/5.0 (Windows NT 10.0; Win64; x64) AppleWebKit/537.36 (KHTML, like Gecko) Chrome/103.0.5060.134 Safari/537.36"
162.213.251.195 - - [19/Oct/2024:11:47:54 -0400] "POST /wp-cron.php?doing_wp_cron=1729352874.2254979610443115234375 HTTP/1.1" 200 0 "-" "WordPress/6.6.2; https://dietcontrungnhanh.com"
66.249.70.195 - - [19/Oct/2024:11:47:53 -0400] "GET /xmlrpcs.php HTTP/1.1" 404 16555 "-" "Mozilla/5.0 (Linux; Android 6.0.1; Nexus 5X Build/MMB29P) AppleWebKit/537.36 (KHTML, like Gecko) Chrome/129.0.6668.89 Mobile Safari/537.36 (compatible; Googlebot/2.1; +http://www.google.com/bot.html)"
162.213.251.195 - - [19/Oct/2024:11:49:41 -0400] "POST /wp-cron.php?doing_wp_cron=1729352981.0920870304107666015625 HTTP/1.1" 200 0 "-" "WordPress/6.6.2; https://dietcontrungnhanh.com"
66.249.70.195 - - [19/Oct/2024:11:49:37 -0400] "GET /kanghoax.php HTTP/1.1" 404 16555 "-" "Mozilla/5.0 (Linux; Android 6.0.1; Nexus 5X Build/MMB29P) AppleWebKit/537.36 (KHTML, like Gecko) Chrome/129.0.6668.89 Mobile Safari/537.36 (compatible; GoogleOther)"
162.213.251.195 - - [19/Oct/2024:11:51:08 -0400] "POST /wp-cron.php?doing_wp_cron=1729353068.5388469696044921875000 HTTP/1.1" 200 0 "-" "WordPress/6.6.2; https://dietcontrungnhanh.com"
162.213.251.195 - - [19/Oct/2024:11:51:08 -0400] "POST /wp-cron.php?doing_wp_cron=1729353068.5398809909820556640625 HTTP/1.1" 200 0 "-" "WordPress/6.6.2; https://dietcontrungnhanh.com"
66.249.71.3 - - [19/Oct/2024:11:51:07 -0400] "GET /fox.php HTTP/1.1" 404 16535 "-" "Mozilla/5.0 (Linux; Android 6.0.1; Nexus 5X Build/MMB29P) AppleWebKit/537.36 (KHTML, like Gecko) Chrome/129.0.6668.89 Mobile Safari/537.36 (compatible; Googlebot/2.1; +http://www.google.com/bot.html)"
66.249.70.194 - - [19/Oct/2024:11:51:07 -0400] "GET /alfa123.php HTTP/1.1" 404 16542 "-" "Mozilla/5.0 (Linux; Android 6.0.1; Nexus 5X Build/MMB29P) AppleWebKit/537.36 (KHTML, like Gecko) Chrome/129.0.6668.89 Mobile Safari/537.36 (compatible; Googlebot/2.1; +http://www.google.com/bot.html)"
66.249.70.194 - - [19/Oct/2024:11:51:05 -0400] "GET / HTTP/1.1" 200 27043 "-" "Mozilla/5.0 (Linux; Android 6.0.1; Nexus 5X Build/MMB29P) AppleWebKit/537.36 (KHTML, like Gecko) Chrome/129.0.6668.89 Mobile Safari/537.36 (compatible; Googlebot/2.1; +http://www.google.com/bot.html)"
162.213.251.195 - - [19/Oct/2024:11:51:11 -0400] "POST /wp-cron.php?doing_wp_cron=1729353071.2277441024780273437500 HTTP/1.1" 200 0 "-" "WordPress/6.6.2; https://dietcontrungnhanh.com"
66.249.71.2 - - [19/Oct/2024:11:51:10 -0400] "GET /kuda.php HTTP/1.1" 404 16534 "-" "Mozilla/5.0 (Linux; Android 6.0.1; Nexus 5X Build/MMB29P) AppleWebKit/537.36 (KHTML, like Gecko) Chrome/129.0.6668.89 Mobile Safari/537.36 (compatible; Googlebot/2.1; +http://www.google.com/bot.html)"
66.249.70.194 - - [19/Oct/2024:11:51:10 -0400] "GET /soi-cau-xo-so-mien-bac-hom-nay-chinh-xac-ngay-01-03-p341.html HTTP/1.1" 404 18755 "-" "Mozilla/5.0 (Linux; Android 6.0.1; Nexus 5X Build/MMB29P) AppleWebKit/537.36 (KHTML, like Gecko) Chrome/129.0.6668.89 Mobile Safari/537.36 (compatible; Googlebot/2.1; +http://www.google.com/bot.html)"
162.213.251.195 - - [19/Oct/2024:11:51:26 -0400] "POST /wp-cron.php?doing_wp_cron=1729353085.6797668933868408203125 HTTP/1.1" 200 0 "-" "WordPress/6.6.2; https://dietcontrungnhanh.com"
66.249.70.193 - - [19/Oct/2024:11:51:24 -0400] "POST /?wc-ajax=get_refreshed_fragments HTTP/1.1" 200 1500 "https://dietcontrungnhanh.com/" "Mozilla/5.0 (Linux; Android 6.0.1; Nexus 5X Build/MMB29P) AppleWebKit/537.36 (KHTML, like Gecko) Chrome/129.0.6668.89 Mobile Safari/537.36 (compatible; Googlebot/2.1; +http://www.google.com/bot.html)"
162.213.251.195 - - [19/Oct/2024:11:52:24 -0400] "POST /wp-cron.php?doing_wp_cron=1729353144.3284080028533935546875 HTTP/1.1" 200 0 "-" "WordPress/6.6.2; https://dietcontrungnhanh.com"
66.249.70.195 - - [19/Oct/2024:11:52:23 -0400] "GET /if.php HTTP/1.1" 404 16521 "-" "Mozilla/5.0 (Linux; Android 6.0.1; Nexus 5X Build/MMB29P) AppleWebKit/537.36 (KHTML, like Gecko) Chrome/129.0.6668.89 Mobile Safari/537.36 (compatible; GoogleOther)"
162.213.251.195 - - [19/Oct/2024:11:53:14 -0400] "POST /wp-cron.php?doing_wp_cron=1729353194.0237090587615966796875 HTTP/1.1" 200 0 "-" "WordPress/6.6.2; https://dietcontrungnhanh.com"
13.39.155.58 - - [19/Oct/2024:11:53:13 -0400] "GET /ss.php HTTP/1.1" 404 16534 "www.google.com" "Mozlila/5.0 (Linux; Android 7.0; SM-G892A Bulid/NRD90M; wv) AppleWebKit/537.36 (KHTML, like Gecko) Version/4.0 Chrome/60.0.3112.107 Moblie Safari/537.36"
162.213.251.195 - - [19/Oct/2024:11:54:13 -0400] "POST /wp-cron.php?doing_wp_cron=1729353253.4922959804534912109375 HTTP/1.1" 200 0 "-" "WordPress/6.6.2; https://dietcontrungnhanh.com"
162.213.251.195 - - [19/Oct/2024:11:54:13 -0400] "POST /wp-cron.php?doing_wp_cron=1729353253.4781329631805419921875 HTTP/1.1" 200 0 "-" "WordPress/6.6.2; https://dietcontrungnhanh.com"
66.249.70.195 - - [19/Oct/2024:11:54:13 -0400] "GET /45.php HTTP/1.1" 404 16552 "-" "Mozilla/5.0 (Linux; Android 6.0.1; Nexus 5X Build/MMB29P) AppleWebKit/537.36 (KHTML, like Gecko) Chrome/129.0.6668.89 Mobile Safari/537.36 (compatible; Googlebot/2.1; +http://www.google.com/bot.html)"
66.249.70.195 - - [19/Oct/2024:11:54:13 -0400] "GET /upx.php HTTP/1.1" 404 16547 "-" "Mozilla/5.0 (Linux; Android 6.0.1; Nexus 5X Build/MMB29P) AppleWebKit/537.36 (KHTML, like Gecko) Chrome/129.0.6668.89 Mobile Safari/537.36 (compatible; Googlebot/2.1; +http://www.google.com/bot.html)"
162.213.251.195 - - [19/Oct/2024:11:55:11 -0400] "POST /wp-cron.php?doing_wp_cron=1729353310.7743690013885498046875 HTTP/1.1" 200 0 "-" "WordPress/6.6.2; https://dietcontrungnhanh.com"
66.249.70.196 - - [19/Oct/2024:11:55:10 -0400] "GET /fr/priv8.php HTTP/1.1" 404 16550 "-" "Mozilla/5.0 (Linux; Android 6.0.1; Nexus 5X Build/MMB29P) AppleWebKit/537.36 (KHTML, like Gecko) Chrome/129.0.6668.89 Mobile Safari/537.36 (compatible; GoogleOther)"
162.213.251.195 - - [19/Oct/2024:11:55:15 -0400] "POST /wp-cron.php?doing_wp_cron=1729353315.4352281093597412109375 HTTP/1.1" 200 0 "-" "WordPress/6.6.2; https://dietcontrungnhanh.com"
66.249.71.2 - - [19/Oct/2024:11:55:15 -0400] "GET /s_ne.php HTTP/1.1" 404 16528 "-" "Mozilla/5.0 (Linux; Android 6.0.1; Nexus 5X Build/MMB29P) AppleWebKit/537.36 (KHTML, like Gecko) Chrome/129.0.6668.89 Mobile Safari/537.36 (compatible; Googlebot/2.1; +http://www.google.com/bot.html)"
162.213.251.195 - - [19/Oct/2024:11:55:17 -0400] "POST /wp-cron.php?doing_wp_cron=1729353317.0621790885925292968750 HTTP/1.1" 200 0 "-" "WordPress/6.6.2; https://dietcontrungnhanh.com"
66.249.70.196 - - [19/Oct/2024:11:55:16 -0400] "GET /kil.php HTTP/1.1" 404 16543 "-" "Mozilla/5.0 (Linux; Android 6.0.1; Nexus 5X Build/MMB29P) AppleWebKit/537.36 (KHTML, like Gecko) Chrome/129.0.6668.89 Mobile Safari/537.36 (compatible; Googlebot/2.1; +http://www.google.com/bot.html)"
162.213.251.195 - - [19/Oct/2024:11:57:24 -0400] "POST /wp-cron.php?doing_wp_cron=1729353444.1833269596099853515625 HTTP/1.1" 200 0 "-" "WordPress/6.6.2; https://dietcontrungnhanh.com"
66.249.70.198 - - [19/Oct/2024:11:57:20 -0400] "GET /olux.php HTTP/1.1" 404 16546 "-" "Mozilla/5.0 (Linux; Android 6.0.1; Nexus 5X Build/MMB29P) AppleWebKit/537.36 (KHTML, like Gecko) Chrome/129.0.6668.89 Mobile Safari/537.36 (compatible; Googlebot/2.1; +http://www.google.com/bot.html)"
162.213.251.195 - - [19/Oct/2024:11:57:57 -0400] "POST /wp-cron.php?doing_wp_cron=1729353477.1296310424804687500000 HTTP/1.1" 200 0 "-" "WordPress/6.6.2; https://dietcontrungnhanh.com"
66.249.71.3 - - [19/Oct/2024:11:57:56 -0400] "GET /wp-one.php HTTP/1.1" 404 16536 "-" "Mozilla/5.0 (Linux; Android 6.0.1; Nexus 5X Build/MMB29P) AppleWebKit/537.36 (KHTML, like Gecko) Chrome/129.0.6668.89 Mobile Safari/537.36 (compatible; GoogleOther)"
162.213.251.195 - - [19/Oct/2024:11:58:26 -0400] "POST /wp-cron.php?doing_wp_cron=1729353505.9524190425872802734375 HTTP/1.1" 200 0 "-" "WordPress/6.6.2; https://dietcontrungnhanh.com"
66.249.70.197 - - [19/Oct/2024:11:58:25 -0400] "GET /en/index.php HTTP/1.1" 301 0 "-" "Mozilla/5.0 (Linux; Android 6.0.1; Nexus 5X Build/MMB29P) AppleWebKit/537.36 (KHTML, like Gecko) Chrome/129.0.6668.89 Mobile Safari/537.36 (compatible; Googlebot/2.1; +http://www.google.com/bot.html)"
66.249.70.197 - - [19/Oct/2024:11:58:26 -0400] "GET /en/ HTTP/1.1" 404 18719 "-" "Mozilla/5.0 (Linux; Android 6.0.1; Nexus 5X Build/MMB29P) AppleWebKit/537.36 (KHTML, like Gecko) Chrome/129.0.6668.89 Mobile Safari/537.36 (compatible; Googlebot/2.1; +http://www.google.com/bot.html)"
66.249.70.193 - - [19/Oct/2024:12:00:30 -0400] "GET /haxor.php HTTP/1.1" 404 16538 "-" "Mozilla/5.0 (Linux; Android 6.0.1; Nexus 5X Build/MMB29P) AppleWebKit/537.36 (KHTML, like Gecko) Chrome/129.0.6668.89 Mobile Safari/537.36 (compatible; Googlebot/2.1; +http://www.google.com/bot.html)"
162.213.251.195 - - [19/Oct/2024:12:00:31 -0400] "POST /wp-cron.php?doing_wp_cron=1729353631.4857559204101562500000 HTTP/1.1" 200 0 "-" "WordPress/6.6.2; https://dietcontrungnhanh.com"
66.249.70.195 - - [19/Oct/2024:12:00:28 -0400] "GET /defau11.php HTTP/1.1" 404 16554 "-" "Mozilla/5.0 (Linux; Android 6.0.1; Nexus 5X Build/MMB29P) AppleWebKit/537.36 (KHTML, like Gecko) Chrome/129.0.6668.89 Mobile Safari/537.36 (compatible; Googlebot/2.1; +http://www.google.com/bot.html)"
66.249.71.2 - - [19/Oct/2024:12:00:42 -0400] "GET /blog/wp-admin/1975.php HTTP/1.1" 404 17395 "-" "Mozilla/5.0 (Linux; Android 6.0.1; Nexus 5X Build/MMB29P) AppleWebKit/537.36 (KHTML, like Gecko) Chrome/129.0.6668.89 Mobile Safari/537.36 (compatible; GoogleOther)"
162.213.251.195 - - [19/Oct/2024:12:00:44 -0400] "POST /wp-cron.php?doing_wp_cron=1729353643.2239849567413330078125 HTTP/1.1" 200 0 "-" "WordPress/6.6.2; https://dietcontrungnhanh.com"
162.213.251.195 - - [19/Oct/2024:12:03:31 -0400] "POST /wp-cron.php?doing_wp_cron=1729353810.9952569007873535156250 HTTP/1.1" 200 0 "-" "WordPress/6.6.2; https://dietcontrungnhanh.com"
66.249.71.3 - - [19/Oct/2024:12:03:28 -0400] "GET /defau1t.php HTTP/1.1" 404 16542 "-" "Mozilla/5.0 (Linux; Android 6.0.1; Nexus 5X Build/MMB29P) AppleWebKit/537.36 (KHTML, like Gecko) Chrome/129.0.6668.89 Mobile Safari/537.36 (compatible; GoogleOther)"
162.213.251.195 - - [19/Oct/2024:12:03:47 -0400] "POST /wp-cron.php?doing_wp_cron=1729353826.9213171005249023437500 HTTP/1.1" 200 0 "-" "WordPress/6.6.2; https://dietcontrungnhanh.com"
66.249.70.193 - - [19/Oct/2024:12:03:46 -0400] "GET /mrjn.php HTTP/1.1" 404 16536 "-" "Mozilla/5.0 (Linux; Android 6.0.1; Nexus 5X Build/MMB29P) AppleWebKit/537.36 (KHTML, like Gecko) Chrome/129.0.6668.89 Mobile Safari/537.36 (compatible; Googlebot/2.1; +http://www.google.com/bot.html)"
66.249.70.194 - - [19/Oct/2024:12:03:47 -0400] "GET /wso2.7.php HTTP/1.1" 404 16541 "-" "Mozilla/5.0 (Linux; Android 6.0.1; Nexus 5X Build/MMB29P) AppleWebKit/537.36 (KHTML, like Gecko) Chrome/129.0.6668.89 Mobile Safari/537.36 (compatible; GoogleOther)"
162.213.251.195 - - [19/Oct/2024:12:06:22 -0400] "POST /wp-cron.php?doing_wp_cron=1729353982.0157079696655273437500 HTTP/1.1" 200 0 "-" "WordPress/6.6.2; https://dietcontrungnhanh.com"
66.249.71.2 - - [19/Oct/2024:12:06:15 -0400] "GET /wordpress HTTP/1.1" 404 18732 "-" "Mozilla/5.0 (Linux; Android 6.0.1; Nexus 5X Build/MMB29P) AppleWebKit/537.36 (KHTML, like Gecko) Chrome/129.0.6668.89 Mobile Safari/537.36 (compatible; GoogleOther)"
162.213.251.195 - - [19/Oct/2024:12:07:03 -0400] "POST /wp-cron.php?doing_wp_cron=1729354023.6080069541931152343750 HTTP/1.1" 200 0 "-" "WordPress/6.6.2; https://dietcontrungnhanh.com"
66.249.70.196 - - [19/Oct/2024:12:07:03 -0400] "GET /sh.php HTTP/1.1" 404 16557 "-" "Mozilla/5.0 (Linux; Android 6.0.1; Nexus 5X Build/MMB29P) AppleWebKit/537.36 (KHTML, like Gecko) Chrome/129.0.6668.89 Mobile Safari/537.36 (compatible; Googlebot/2.1; +http://www.google.com/bot.html)"
162.213.251.195 - - [19/Oct/2024:12:09:04 -0400] "POST /wp-cron.php?doing_wp_cron=1729354144.2940349578857421875000 HTTP/1.1" 200 0 "-" "WordPress/6.6.2; https://dietcontrungnhanh.com"
66.249.70.197 - - [19/Oct/2024:12:09:01 -0400] "GET /chosen.php HTTP/1.1" 404 16551 "-" "Mozilla/5.0 (Linux; Android 6.0.1; Nexus 5X Build/MMB29P) AppleWebKit/537.36 (KHTML, like Gecko) Chrome/129.0.6668.89 Mobile Safari/537.36 (compatible; GoogleOther)"
162.213.251.195 - - [19/Oct/2024:12:10:20 -0400] "POST /wp-cron.php?doing_wp_cron=1729354220.1712009906768798828125 HTTP/1.1" 200 0 "-" "WordPress/6.6.2; https://dietcontrungnhanh.com"
66.249.70.198 - - [19/Oct/2024:12:10:19 -0400] "GET /upl.php HTTP/1.1" 404 16544 "-" "Mozilla/5.0 (Linux; Android 6.0.1; Nexus 5X Build/MMB29P) AppleWebKit/537.36 (KHTML, like Gecko) Chrome/129.0.6668.89 Mobile Safari/537.36 (compatible; Googlebot/2.1; +http://www.google.com/bot.html)"
162.213.251.195 - - [19/Oct/2024:12:11:50 -0400] "POST /wp-cron.php?doing_wp_cron=1729354309.7323250770568847656250 HTTP/1.1" 200 0 "-" "WordPress/6.6.2; https://dietcontrungnhanh.com"
66.249.71.3 - - [19/Oct/2024:12:11:47 -0400] "GET /wp-content/am.php HTTP/1.1" 404 16550 "-" "Mozilla/5.0 (Linux; Android 6.0.1; Nexus 5X Build/MMB29P) AppleWebKit/537.36 (KHTML, like Gecko) Chrome/129.0.6668.89 Mobile Safari/537.36 (compatible; GoogleOther)"
162.213.251.195 - - [19/Oct/2024:12:14:36 -0400] "POST /wp-cron.php?doing_wp_cron=1729354476.2765851020812988281250 HTTP/1.1" 200 0 "-" "WordPress/6.6.2; https://dietcontrungnhanh.com"
66.249.71.2 - - [19/Oct/2024:12:14:33 -0400] "GET /xz.php HTTP/1.1" 404 16566 "-" "Mozilla/5.0 (Linux; Android 6.0.1; Nexus 5X Build/MMB29P) AppleWebKit/537.36 (KHTML, like Gecko) Chrome/129.0.6668.89 Mobile Safari/537.36 (compatible; GoogleOther)"
162.213.251.195 - - [19/Oct/2024:12:17:22 -0400] "POST /wp-cron.php?doing_wp_cron=1729354642.1553668975830078125000 HTTP/1.1" 200 0 "-" "WordPress/6.6.2; https://dietcontrungnhanh.com"
66.249.71.3 - - [19/Oct/2024:12:17:20 -0400] "GET /wp-configer.php HTTP/1.1" 404 16554 "-" "Mozilla/5.0 (Linux; Android 6.0.1; Nexus 5X Build/MMB29P) AppleWebKit/537.36 (KHTML, like Gecko) Chrome/129.0.6668.89 Mobile Safari/537.36 (compatible; GoogleOther)"
162.213.251.195 - - [19/Oct/2024:12:20:08 -0400] "POST /wp-cron.php?doing_wp_cron=1729354808.2819340229034423828125 HTTP/1.1" 200 0 "-" "WordPress/6.6.2; https://dietcontrungnhanh.com"
66.249.71.1 - - [19/Oct/2024:12:20:05 -0400] "GET /wso1337.php HTTP/1.1" 404 16537 "-" "Mozilla/5.0 (Linux; Android 6.0.1; Nexus 5X Build/MMB29P) AppleWebKit/537.36 (KHTML, like Gecko) Chrome/129.0.6668.89 Mobile Safari/537.36 (compatible; GoogleOther)"
66.249.70.193 - - [19/Oct/2024:12:21:03 -0400] "GET /wp-content/themes/flatsome/assets/css/flatsome-shop.css?ver=3.18.7 HTTP/1.1" 200 6391 "https://dietcontrungnhanh.com/" "Mozilla/5.0 (Linux; Android 6.0.1; Nexus 5X Build/MMB29P) AppleWebKit/537.36 (KHTML, like Gecko) Chrome/129.0.6668.89 Mobile Safari/537.36 (compatible; Googlebot/2.1; +http://www.google.com/bot.html)"
66.249.70.194 - - [19/Oct/2024:12:21:03 -0400] "GET /wp-content/plugins/woocommerce/assets/client/blocks/wc-blocks.css?ver=wc-9.1.4 HTTP/1.1" 200 2339 "https://dietcontrungnhanh.com/" "Mozilla/5.0 (Linux; Android 6.0.1; Nexus 5X Build/MMB29P) AppleWebKit/537.36 (KHTML, like Gecko) Chrome/129.0.6668.89 Mobile Safari/537.36 (compatible; Googlebot/2.1; +http://www.google.com/bot.html)"
66.249.70.193 - - [19/Oct/2024:12:21:04 -0400] "GET /wp-content/plugins/woocommerce/assets/js/jquery-blockui/jquery.blockUI.min.js?ver=2.7.0-wc.9.1.4 HTTP/1.1" 200 3277 "https://dietcontrungnhanh.com/" "Mozilla/5.0 (Linux; Android 6.0.1; Nexus 5X Build/MMB29P) AppleWebKit/537.36 (KHTML, like Gecko) Chrome/129.0.6668.89 Mobile Safari/537.36 (compatible; Googlebot/2.1; +http://www.google.com/bot.html)"
66.249.70.193 - - [19/Oct/2024:12:21:04 -0400] "GET /wp-content/themes/flatsome/assets/js/chunk.popups.js?ver=3.18.7 HTTP/1.1" 200 6941 "https://dietcontrungnhanh.com/" "Mozilla/5.0 (Linux; Android 6.0.1; Nexus 5X Build/MMB29P) AppleWebKit/537.36 (KHTML, like Gecko) Chrome/129.0.6668.89 Mobile Safari/537.36 (compatible; Googlebot/2.1; +http://www.google.com/bot.html)"
66.249.70.193 - - [19/Oct/2024:12:21:05 -0400] "GET /wp-content/plugins/woocommerce/assets/js/frontend/order-attribution.min.js?ver=9.1.4 HTTP/1.1" 200 1006 "https://dietcontrungnhanh.com/" "Mozilla/5.0 (Linux; Android 6.0.1; Nexus 5X Build/MMB29P) AppleWebKit/537.36 (KHTML, like Gecko) Chrome/129.0.6668.89 Mobile Safari/537.36 (compatible; Googlebot/2.1; +http://www.google.com/bot.html)"
66.249.71.1 - - [19/Oct/2024:12:21:05 -0400] "GET /wp-content/plugins/contact-form-7/includes/js/index.js?ver=5.9.8 HTTP/1.1" 200 4002 "https://dietcontrungnhanh.com/" "Mozilla/5.0 (Linux; Android 6.0.1; Nexus 5X Build/MMB29P) AppleWebKit/537.36 (KHTML, like Gecko) Chrome/129.0.6668.89 Mobile Safari/537.36 (compatible; Googlebot/2.1; +http://www.google.com/bot.html)"
66.249.71.1 - - [19/Oct/2024:12:21:06 -0400] "GET /wp-includes/js/dist/i18n.min.js?ver=5e580eb46a90c2b997e6 HTTP/1.1" 200 3542 "https://dietcontrungnhanh.com/" "Mozilla/5.0 (Linux; Android 6.0.1; Nexus 5X Build/MMB29P) AppleWebKit/537.36 (KHTML, like Gecko) Chrome/129.0.6668.89 Mobile Safari/537.36 (compatible; Googlebot/2.1; +http://www.google.com/bot.html)"
66.249.70.193 - - [19/Oct/2024:12:21:06 -0400] "GET /wp-content/themes/flatsome/assets/js/chunk.tooltips.js?ver=3.18.7 HTTP/1.1" 200 9748 "https://dietcontrungnhanh.com/" "Mozilla/5.0 (Linux; Android 6.0.1; Nexus 5X Build/MMB29P) AppleWebKit/537.36 (KHTML, like Gecko) Chrome/129.0.6668.89 Mobile Safari/537.36 (compatible; Googlebot/2.1; +http://www.google.com/bot.html)"
66.249.70.193 - - [19/Oct/2024:12:21:06 -0400] "GET /wp-content/themes/flatsome/assets/js/woocommerce.js?ver=49415fe6a9266f32f1f2 HTTP/1.1" 200 7093 "https://dietcontrungnhanh.com/" "Mozilla/5.0 (Linux; Android 6.0.1; Nexus 5X Build/MMB29P) AppleWebKit/537.36 (KHTML, like Gecko) Chrome/129.0.6668.89 Mobile Safari/537.36 (compatible; Googlebot/2.1; +http://www.google.com/bot.html)"
66.249.71.1 - - [19/Oct/2024:12:21:08 -0400] "GET /wp-content/plugins/woocommerce/assets/js/frontend/add-to-cart.min.js?ver=9.1.4 HTTP/1.1" 200 989 "https://dietcontrungnhanh.com/" "Mozilla/5.0 (Linux; Android 6.0.1; Nexus 5X Build/MMB29P) AppleWebKit/537.36 (KHTML, like Gecko) Chrome/129.0.6668.89 Mobile Safari/537.36 (compatible; Googlebot/2.1; +http://www.google.com/bot.html)"
162.213.251.195 - - [19/Oct/2024:12:21:11 -0400] "POST /wp-cron.php?doing_wp_cron=1729354871.6571791172027587890625 HTTP/1.1" 200 0 "-" "WordPress/6.6.2; https://dietcontrungnhanh.com"
66.249.70.193 - - [19/Oct/2024:12:21:10 -0400] "POST /?wc-ajax=get_refreshed_fragments HTTP/1.1" 200 1500 "https://dietcontrungnhanh.com/" "Mozilla/5.0 (Linux; Android 6.0.1; Nexus 5X Build/MMB29P) AppleWebKit/537.36 (KHTML, like Gecko) Chrome/129.0.6668.89 Mobile Safari/537.36 (compatible; Googlebot/2.1; +http://www.google.com/bot.html)"
162.213.251.195 - - [19/Oct/2024:12:22:57 -0400] "POST /wp-cron.php?doing_wp_cron=1729354976.9374530315399169921875 HTTP/1.1" 200 0 "-" "WordPress/6.6.2; https://dietcontrungnhanh.com"
66.249.71.2 - - [19/Oct/2024:12:22:52 -0400] "GET /wordpress/32.php HTTP/1.1" 404 16523 "-" "Mozilla/5.0 (Linux; Android 6.0.1; Nexus 5X Build/MMB29P) AppleWebKit/537.36 (KHTML, like Gecko) Chrome/129.0.6668.89 Mobile Safari/537.36 (compatible; GoogleOther)"
162.213.251.195 - - [19/Oct/2024:12:25:45 -0400] "POST /wp-cron.php?doing_wp_cron=1729355145.1840560436248779296875 HTTP/1.1" 200 0 "-" "WordPress/6.6.2; https://dietcontrungnhanh.com"
66.249.71.3 - - [19/Oct/2024:12:25:38 -0400] "GET /install.php HTTP/1.1" 404 16525 "-" "Mozilla/5.0 (Linux; Android 6.0.1; Nexus 5X Build/MMB29P) AppleWebKit/537.36 (KHTML, like Gecko) Chrome/129.0.6668.89 Mobile Safari/537.36 (compatible; GoogleOther)"
162.213.251.195 - - [19/Oct/2024:12:27:02 -0400] "POST /wp-cron.php?doing_wp_cron=1729355221.7325899600982666015625 HTTP/1.1" 200 0 "-" "WordPress/6.6.2; https://dietcontrungnhanh.com"
66.249.71.4 - - [19/Oct/2024:12:27:01 -0400] "GET /xml.php HTTP/1.1" 404 16547 "-" "Mozilla/5.0 (Linux; Android 6.0.1; Nexus 5X Build/MMB29P) AppleWebKit/537.36 (KHTML, like Gecko) Chrome/129.0.6668.89 Mobile Safari/537.36 (compatible; Googlebot/2.1; +http://www.google.com/bot.html)"
162.213.251.195 - - [19/Oct/2024:12:28:40 -0400] "POST /wp-cron.php?doing_wp_cron=1729355320.2786951065063476562500 HTTP/1.1" 200 0 "-" "WordPress/6.6.2; https://dietcontrungnhanh.com"
66.249.70.197 - - [19/Oct/2024:12:28:35 -0400] "GET /error.php HTTP/1.1" 404 16546 "-" "Mozilla/5.0 (Linux; Android 6.0.1; Nexus 5X Build/MMB29P) AppleWebKit/537.36 (KHTML, like Gecko) Chrome/129.0.6668.89 Mobile Safari/537.36 (compatible; GoogleOther)"
162.213.251.195 - - [19/Oct/2024:12:29:31 -0400] "POST /wp-cron.php?doing_wp_cron=1729355371.6157159805297851562500 HTTP/1.1" 200 0 "-" "WordPress/6.6.2; https://dietcontrungnhanh.com"
66.249.70.196 - - [19/Oct/2024:12:29:31 -0400] "GET /wso2.8.php HTTP/1.1" 404 16539 "-" "Mozilla/5.0 (Linux; Android 6.0.1; Nexus 5X Build/MMB29P) AppleWebKit/537.36 (KHTML, like Gecko) Chrome/129.0.6668.89 Mobile Safari/537.36 (compatible; GoogleOther)"
162.213.251.195 - - [19/Oct/2024:12:31:35 -0400] "POST /wp-cron.php?doing_wp_cron=1729355495.2320868968963623046875 HTTP/1.1" 200 0 "-" "WordPress/6.6.2; https://dietcontrungnhanh.com"
66.249.71.3 - - [19/Oct/2024:12:31:32 -0400] "GET /kuda.php HTTP/1.1" 404 16550 "-" "Mozilla/5.0 (Linux; Android 6.0.1; Nexus 5X Build/MMB29P) AppleWebKit/537.36 (KHTML, like Gecko) Chrome/129.0.6668.89 Mobile Safari/537.36 (compatible; GoogleOther)"
162.213.251.195 - - [19/Oct/2024:12:34:44 -0400] "POST /wp-cron.php?doing_wp_cron=1729355684.3679618835449218750000 HTTP/1.1" 200 0 "-" "WordPress/6.6.2; https://dietcontrungnhanh.com"
66.249.70.195 - - [19/Oct/2024:12:34:30 -0400] "GET /eviltwin.php HTTP/1.1" 404 16552 "-" "Mozilla/5.0 (Linux; Android 6.0.1; Nexus 5X Build/MMB29P) AppleWebKit/537.36 (KHTML, like Gecko) Chrome/129.0.6668.89 Mobile Safari/537.36 (compatible; GoogleOther)"
162.213.251.195 - - [19/Oct/2024:12:37:29 -0400] "POST /wp-cron.php?doing_wp_cron=1729355849.6672708988189697265625 HTTP/1.1" 200 0 "-" "WordPress/6.6.2; https://dietcontrungnhanh.com"
66.249.70.193 - - [19/Oct/2024:12:37:25 -0400] "GET /cach-diet-kien-lua-hieu-qua/diet-kien-lua-hieu-qua HTTP/1.1" 404 18740 "-" "Mozilla/5.0 (Linux; Android 6.0.1; Nexus 5X Build/MMB29P) AppleWebKit/537.36 (KHTML, like Gecko) Chrome/129.0.6668.89 Mobile Safari/537.36 (compatible; GoogleOther)"
152.42.226.8 - - [19/Oct/2024:12:38:05 -0400] "GET //wp-includes/ID3/license.txt HTTP/1.1" 200 414 "-" "Mozilla/5.0 (Windows NT 10.0; Win64; x64) AppleWebKit/537.36 (KHTML, like Gecko) Chrome/95.0.4638.69 Safari/537.36"
162.213.251.195 - - [19/Oct/2024:12:38:06 -0400] "POST /wp-cron.php?doing_wp_cron=1729355886.3187239170074462890625 HTTP/1.1" 200 0 "-" "WordPress/6.6.2; https://dietcontrungnhanh.com"
152.42.226.8 - - [19/Oct/2024:12:38:05 -0400] "GET //feed/ HTTP/1.1" 301 0 "-" "Mozilla/5.0 (Windows NT 10.0; Win64; x64) AppleWebKit/537.36 (KHTML, like Gecko) Chrome/95.0.4638.69 Safari/537.36"
162.213.251.195 - - [19/Oct/2024:12:38:07 -0400] "POST /wp-cron.php?doing_wp_cron=1729355887.5539650917053222656250 HTTP/1.1" 200 0 "-" "WordPress/6.6.2; https://dietcontrungnhanh.com"
152.42.226.8 - - [19/Oct/2024:12:38:07 -0400] "GET //blog/wp-includes/wlwmanifest.xml HTTP/1.1" 301 0 "-" "Mozilla/5.0 (Windows NT 10.0; Win64; x64) AppleWebKit/537.36 (KHTML, like Gecko) Chrome/95.0.4638.69 Safari/537.36"
152.42.226.8 - - [19/Oct/2024:12:38:08 -0400] "GET //web/wp-includes/wlwmanifest.xml HTTP/1.1" 301 0 "-" "Mozilla/5.0 (Windows NT 10.0; Win64; x64) AppleWebKit/537.36 (KHTML, like Gecko) Chrome/95.0.4638.69 Safari/537.36"
162.213.251.195 - - [19/Oct/2024:12:38:09 -0400] "POST /wp-cron.php?doing_wp_cron=1729355889.1449511051177978515625 HTTP/1.1" 200 0 "-" "WordPress/6.6.2; https://dietcontrungnhanh.com"
152.42.226.8 - - [19/Oct/2024:12:38:08 -0400] "GET //wordpress/wp-includes/wlwmanifest.xml HTTP/1.1" 301 0 "-" "Mozilla/5.0 (Windows NT 10.0; Win64; x64) AppleWebKit/537.36 (KHTML, like Gecko) Chrome/95.0.4638.69 Safari/537.36"
162.213.251.195 - - [19/Oct/2024:12:38:10 -0400] "POST /wp-cron.php?doing_wp_cron=1729355890.0149979591369628906250 HTTP/1.1" 200 0 "-" "WordPress/6.6.2; https://dietcontrungnhanh.com"
152.42.226.8 - - [19/Oct/2024:12:38:09 -0400] "GET //wp/wp-includes/wlwmanifest.xml HTTP/1.1" 301 0 "-" "Mozilla/5.0 (Windows NT 10.0; Win64; x64) AppleWebKit/537.36 (KHTML, like Gecko) Chrome/95.0.4638.69 Safari/537.36"
162.213.251.195 - - [19/Oct/2024:12:38:11 -0400] "POST /wp-cron.php?doing_wp_cron=1729355890.9209558963775634765625 HTTP/1.1" 200 0 "-" "WordPress/6.6.2; https://dietcontrungnhanh.com"
152.42.226.8 - - [19/Oct/2024:12:38:10 -0400] "GET //2020/wp-includes/wlwmanifest.xml HTTP/1.1" 301 0 "-" "Mozilla/5.0 (Windows NT 10.0; Win64; x64) AppleWebKit/537.36 (KHTML, like Gecko) Chrome/95.0.4638.69 Safari/537.36"
162.213.251.195 - - [19/Oct/2024:12:38:12 -0400] "POST /wp-cron.php?doing_wp_cron=1729355891.8865070343017578125000 HTTP/1.1" 200 0 "-" "WordPress/6.6.2; https://dietcontrungnhanh.com"
152.42.226.8 - - [19/Oct/2024:12:38:11 -0400] "GET //2019/wp-includes/wlwmanifest.xml HTTP/1.1" 301 0 "-" "Mozilla/5.0 (Windows NT 10.0; Win64; x64) AppleWebKit/537.36 (KHTML, like Gecko) Chrome/95.0.4638.69 Safari/537.36"
162.213.251.195 - - [19/Oct/2024:12:38:13 -0400] "POST /wp-cron.php?doing_wp_cron=1729355892.9634270668029785156250 HTTP/1.1" 200 0 "-" "WordPress/6.6.2; https://dietcontrungnhanh.com"
152.42.226.8 - - [19/Oct/2024:12:38:12 -0400] "GET //2021/wp-includes/wlwmanifest.xml HTTP/1.1" 301 0 "-" "Mozilla/5.0 (Windows NT 10.0; Win64; x64) AppleWebKit/537.36 (KHTML, like Gecko) Chrome/95.0.4638.69 Safari/537.36"
162.213.251.195 - - [19/Oct/2024:12:38:14 -0400] "POST /wp-cron.php?doing_wp_cron=1729355893.9383349418640136718750 HTTP/1.1" 200 0 "-" "WordPress/6.6.2; https://dietcontrungnhanh.com"
152.42.226.8 - - [19/Oct/2024:12:38:13 -0400] "GET //shop/wp-includes/wlwmanifest.xml HTTP/1.1" 301 0 "-" "Mozilla/5.0 (Windows NT 10.0; Win64; x64) AppleWebKit/537.36 (KHTML, like Gecko) Chrome/95.0.4638.69 Safari/537.36"
152.42.226.8 - - [19/Oct/2024:12:38:14 -0400] "GET //wp1/wp-includes/wlwmanifest.xml HTTP/1.1" 301 0 "-" "Mozilla/5.0 (Windows NT 10.0; Win64; x64) AppleWebKit/537.36 (KHTML, like Gecko) Chrome/95.0.4638.69 Safari/537.36"
162.213.251.195 - - [19/Oct/2024:12:38:15 -0400] "POST /wp-cron.php?doing_wp_cron=1729355895.3518159389495849609375 HTTP/1.1" 200 0 "-" "WordPress/6.6.2; https://dietcontrungnhanh.com"
152.42.226.8 - - [19/Oct/2024:12:38:15 -0400] "GET //test/wp-includes/wlwmanifest.xml HTTP/1.1" 301 0 "-" "Mozilla/5.0 (Windows NT 10.0; Win64; x64) AppleWebKit/537.36 (KHTML, like Gecko) Chrome/95.0.4638.69 Safari/537.36"
162.213.251.195 - - [19/Oct/2024:12:38:16 -0400] "POST /wp-cron.php?doing_wp_cron=1729355896.1533789634704589843750 HTTP/1.1" 200 0 "-" "WordPress/6.6.2; https://dietcontrungnhanh.com"
152.42.226.8 - - [19/Oct/2024:12:38:15 -0400] "GET //site/wp-includes/wlwmanifest.xml HTTP/1.1" 301 0 "-" "Mozilla/5.0 (Windows NT 10.0; Win64; x64) AppleWebKit/537.36 (KHTML, like Gecko) Chrome/95.0.4638.69 Safari/537.36"
152.42.226.8 - - [19/Oct/2024:12:38:16 -0400] "GET //cms/wp-includes/wlwmanifest.xml HTTP/1.1" 301 0 "-" "Mozilla/5.0 (Windows NT 10.0; Win64; x64) AppleWebKit/537.36 (KHTML, like Gecko) Chrome/95.0.4638.69 Safari/537.36"
162.213.251.195 - - [19/Oct/2024:12:40:25 -0400] "POST /wp-cron.php?doing_wp_cron=1729356025.5387859344482421875000 HTTP/1.1" 200 0 "-" "WordPress/6.6.2; https://dietcontrungnhanh.com"
66.249.70.195 - - [19/Oct/2024:12:40:23 -0400] "GET /alf4.php HTTP/1.1" 404 16528 "-" "Mozilla/5.0 (Linux; Android 6.0.1; Nexus 5X Build/MMB29P) AppleWebKit/537.36 (KHTML, like Gecko) Chrome/129.0.6668.89 Mobile Safari/537.36 (compatible; GoogleOther)"
162.213.251.195 - - [19/Oct/2024:12:42:33 -0400] "POST /wp-cron.php?doing_wp_cron=1729356153.1864659786224365234375 HTTP/1.1" 200 0 "-" "WordPress/6.6.2; https://dietcontrungnhanh.com"
66.249.71.3 - - [19/Oct/2024:12:42:30 -0400] "GET /wp-ldd.php HTTP/1.1" 404 16556 "-" "Mozilla/5.0 (Linux; Android 6.0.1; Nexus 5X Build/MMB29P) AppleWebKit/537.36 (KHTML, like Gecko) Chrome/129.0.6668.89 Mobile Safari/537.36 (compatible; Googlebot/2.1; +http://www.google.com/bot.html)"
162.213.251.195 - - [19/Oct/2024:12:43:21 -0400] "POST /wp-cron.php?doing_wp_cron=1729356200.7683548927307128906250 HTTP/1.1" 200 0 "-" "WordPress/6.6.2; https://dietcontrungnhanh.com"
66.249.70.193 - - [19/Oct/2024:12:43:20 -0400] "GET /wp-content/ice.php HTTP/1.1" 404 16547 "-" "Mozilla/5.0 (Linux; Android 6.0.1; Nexus 5X Build/MMB29P) AppleWebKit/537.36 (KHTML, like Gecko) Chrome/129.0.6668.89 Mobile Safari/537.36 (compatible; GoogleOther)"
162.213.251.195 - - [19/Oct/2024:12:46:20 -0400] "POST /wp-cron.php?doing_wp_cron=1729356380.3973228931427001953125 HTTP/1.1" 200 0 "-" "WordPress/6.6.2; https://dietcontrungnhanh.com"
66.249.71.1 - - [19/Oct/2024:12:46:17 -0400] "GET /text.php HTTP/1.1" 404 16539 "-" "Mozilla/5.0 (Linux; Android 6.0.1; Nexus 5X Build/MMB29P) AppleWebKit/537.36 (KHTML, like Gecko) Chrome/129.0.6668.89 Mobile Safari/537.36 (compatible; GoogleOther)"
162.213.251.195 - - [19/Oct/2024:12:46:45 -0400] "POST /wp-cron.php?doing_wp_cron=1729356405.5846669673919677734375 HTTP/1.1" 200 0 "-" "WordPress/6.6.2; https://dietcontrungnhanh.com"
