66.249.70.197 - - [20/Oct/2024:02:04:06 -0400] "GET /graphql.php HTTP/1.1" 404 16559 "-" "Mozilla/5.0 (Linux; Android 6.0.1; Nexus 5X Build/MMB29P) AppleWebKit/537.36 (KHTML, like Gecko) Chrome/129.0.6668.89 Mobile Safari/537.36 (compatible; GoogleOther)"
162.213.251.195 - - [20/Oct/2024:02:06:49 -0400] "POST /wp-cron.php?doing_wp_cron=1729404409.4512999057769775390625 HTTP/1.1" 200 0 "-" "WordPress/6.6.2; https://dietcontrungnhanh.com"
66.249.70.198 - - [20/Oct/2024:02:06:45 -0400] "GET /xt/index.php HTTP/1.1" 301 0 "-" "Mozilla/5.0 (Linux; Android 6.0.1; Nexus 5X Build/MMB29P) AppleWebKit/537.36 (KHTML, like Gecko) Chrome/129.0.6668.89 Mobile Safari/537.36 (compatible; Googlebot/2.1; +http://www.google.com/bot.html)"
162.213.251.195 - - [20/Oct/2024:02:06:51 -0400] "POST /wp-cron.php?doing_wp_cron=1729404410.8884379863739013671875 HTTP/1.1" 200 0 "-" "WordPress/6.6.2; https://dietcontrungnhanh.com"
66.249.71.3 - - [20/Oct/2024:02:06:50 -0400] "GET /xt/ HTTP/1.1" 404 18696 "-" "Mozilla/5.0 (Linux; Android 6.0.1; Nexus 5X Build/MMB29P) AppleWebKit/537.36 (KHTML, like Gecko) Chrome/129.0.6668.89 Mobile Safari/537.36 (compatible; Googlebot/2.1; +http://www.google.com/bot.html)"
162.213.251.195 - - [20/Oct/2024:02:11:18 -0400] "POST /wp-cron.php?doing_wp_cron=1729404677.8243129253387451171875 HTTP/1.1" 200 0 "-" "WordPress/6.6.2; https://dietcontrungnhanh.com"
66.249.70.193 - - [20/Oct/2024:02:11:14 -0400] "GET /fePublicInfo/ HTTP/1.1" 404 18720 "-" "Mozilla/5.0 (Linux; Android 6.0.1; Nexus 5X Build/MMB29P) AppleWebKit/537.36 (KHTML, like Gecko) Chrome/129.0.6668.89 Mobile Safari/537.36 (compatible; GoogleOther)"
66.249.70.195 - - [20/Oct/2024:02:15:00 -0400] "GET /wp-content/plugins/core-stab/ HTTP/1.1" 404 19576 "-" "Mozilla/5.0 (Linux; Android 6.0.1; Nexus 5X Build/MMB29P) AppleWebKit/537.36 (KHTML, like Gecko) Chrome/129.0.6668.89 Mobile Safari/537.36 (compatible; Googlebot/2.1; +http://www.google.com/bot.html)"
162.213.251.195 - - [20/Oct/2024:02:15:07 -0400] "POST /wp-cron.php?doing_wp_cron=1729404906.9290618896484375000000 HTTP/1.1" 200 0 "-" "WordPress/6.6.2; https://dietcontrungnhanh.com"
66.249.70.194 - - [20/Oct/2024:02:15:00 -0400] "GET /.well-known/acme-challenge/index.php HTTP/1.1" 301 0 "-" "Mozilla/5.0 (Linux; Android 6.0.1; Nexus 5X Build/MMB29P) AppleWebKit/537.36 (KHTML, like Gecko) Chrome/129.0.6668.89 Mobile Safari/537.36 (compatible; Googlebot/2.1; +http://www.google.com/bot.html)"
66.249.70.193 - - [20/Oct/2024:02:15:08 -0400] "GET /.well-known/acme-challenge/ HTTP/1.1" 404 18725 "-" "Mozilla/5.0 (Linux; Android 6.0.1; Nexus 5X Build/MMB29P) AppleWebKit/537.36 (KHTML, like Gecko) Chrome/129.0.6668.89 Mobile Safari/537.36 (compatible; Googlebot/2.1; +http://www.google.com/bot.html)"
162.213.251.195 - - [20/Oct/2024:02:15:09 -0400] "POST /wp-cron.php?doing_wp_cron=1729404909.3026239871978759765625 HTTP/1.1" 200 0 "-" "WordPress/6.6.2; https://dietcontrungnhanh.com"
66.249.71.1 - - [20/Oct/2024:02:15:08 -0400] "GET /h5 HTTP/1.1" 404 18707 "-" "Mozilla/5.0 (Linux; Android 6.0.1; Nexus 5X Build/MMB29P) AppleWebKit/537.36 (KHTML, like Gecko) Chrome/129.0.6668.89 Mobile Safari/537.36 (compatible; Googlebot/2.1; +http://www.google.com/bot.html)"
162.213.251.195 - - [20/Oct/2024:02:16:12 -0400] "POST /wp-cron.php?doing_wp_cron=1729404971.7289021015167236328125 HTTP/1.1" 200 0 "-" "WordPress/6.6.2; https://dietcontrungnhanh.com"
66.249.71.3 - - [20/Oct/2024:02:16:11 -0400] "GET /api HTTP/1.1" 404 18690 "-" "Mozilla/5.0 (Linux; Android 6.0.1; Nexus 5X Build/MMB29P) AppleWebKit/537.36 (KHTML, like Gecko) Chrome/129.0.6668.89 Mobile Safari/537.36 (compatible; Googlebot/2.1; +http://www.google.com/bot.html)"
66.249.70.198 - - [20/Oct/2024:02:22:13 -0400] "GET /wp-content/plugins/ccx/index.php HTTP/1.1" 403 1242 "-" "Mozilla/5.0 (Linux; Android 6.0.1; Nexus 5X Build/MMB29P) AppleWebKit/537.36 (KHTML, like Gecko) Chrome/129.0.6668.89 Mobile Safari/537.36 (compatible; Googlebot/2.1; +http://www.google.com/bot.html)"
162.213.251.195 - - [20/Oct/2024:02:24:22 -0400] "POST /wp-cron.php?doing_wp_cron=1729405461.7130959033966064453125 HTTP/1.1" 200 0 "-" "WordPress/6.6.2; https://dietcontrungnhanh.com"
66.249.71.2 - - [20/Oct/2024:02:24:14 -0400] "GET /wp-content/plugins/BrutalShell/ HTTP/1.1" 404 19590 "-" "Mozilla/5.0 (Linux; Android 6.0.1; Nexus 5X Build/MMB29P) AppleWebKit/537.36 (KHTML, like Gecko) Chrome/129.0.6668.89 Mobile Safari/537.36 (compatible; Googlebot/2.1; +http://www.google.com/bot.html)"
20.193.152.158 - - [20/Oct/2024:02:24:40 -0400] "GET /wp-admin/css/ HTTP/1.1" 403 1242 "binance.com" "Mozilla/5.0 (Windows NT 10.0; Win64; x64) AppleWebKit/537.36 (KHTML, like Gecko) Chrome/90.0.4430.85 Safari/537.36"
162.213.251.195 - - [20/Oct/2024:02:26:17 -0400] "POST /wp-cron.php?doing_wp_cron=1729405577.4115729331970214843750 HTTP/1.1" 200 0 "-" "WordPress/6.6.2; https://dietcontrungnhanh.com"
66.249.70.196 - - [20/Oct/2024:02:26:14 -0400] "GET /m/allticker/1 HTTP/1.1" 404 19576 "-" "Mozilla/5.0 (Linux; Android 6.0.1; Nexus 5X Build/MMB29P) AppleWebKit/537.36 (KHTML, like Gecko) Chrome/129.0.6668.89 Mobile Safari/537.36 (compatible; GoogleOther)"
162.213.251.195 - - [20/Oct/2024:02:26:37 -0400] "POST /wp-cron.php?doing_wp_cron=1729405596.9541759490966796875000 HTTP/1.1" 200 0 "-" "WordPress/6.6.2; https://dietcontrungnhanh.com"
66.249.70.196 - - [20/Oct/2024:02:26:36 -0400] "GET /graphql/console HTTP/1.1" 404 18723 "-" "Mozilla/5.0 (Linux; Android 6.0.1; Nexus 5X Build/MMB29P) AppleWebKit/537.36 (KHTML, like Gecko) Chrome/129.0.6668.89 Mobile Safari/537.36 (compatible; GoogleOther)"
66.249.70.193 - - [20/Oct/2024:02:30:23 -0400] "GET /wp-content/plugins/xt/index.php HTTP/1.1" 403 1242 "-" "Mozilla/5.0 (Linux; Android 6.0.1; Nexus 5X Build/MMB29P) AppleWebKit/537.36 (KHTML, like Gecko) Chrome/129.0.6668.89 Mobile Safari/537.36 (compatible; Googlebot/2.1; +http://www.google.com/bot.html)"
162.213.251.195 - - [20/Oct/2024:02:31:27 -0400] "POST /wp-cron.php?doing_wp_cron=1729405887.2879760265350341796875 HTTP/1.1" 200 0 "-" "WordPress/6.6.2; https://dietcontrungnhanh.com"
66.249.71.3 - - [20/Oct/2024:02:31:24 -0400] "GET /xt.php HTTP/1.1" 404 16553 "-" "Mozilla/5.0 (Linux; Android 6.0.1; Nexus 5X Build/MMB29P) AppleWebKit/537.36 (KHTML, like Gecko) Chrome/129.0.6668.89 Mobile Safari/537.36 (compatible; Googlebot/2.1; +http://www.google.com/bot.html)"
66.249.70.193 - - [20/Oct/2024:02:33:30 -0400] "GET /Www HTTP/1.1" 404 18715 "-" "Mozilla/5.0 (Linux; Android 6.0.1; Nexus 5X Build/MMB29P) AppleWebKit/537.36 (KHTML, like Gecko) Chrome/129.0.6668.89 Mobile Safari/537.36 (compatible; Googlebot/2.1; +http://www.google.com/bot.html)"
162.213.251.195 - - [20/Oct/2024:02:33:32 -0400] "POST /wp-cron.php?doing_wp_cron=1729406012.3847849369049072265625 HTTP/1.1" 200 0 "-" "WordPress/6.6.2; https://dietcontrungnhanh.com"
66.249.70.195 - - [20/Oct/2024:02:33:29 -0400] "GET /robots.txt HTTP/1.1" 200 116 "-" "Mozilla/5.0 (compatible; Googlebot/2.1; +http://www.google.com/bot.html)"
162.213.251.195 - - [20/Oct/2024:02:35:08 -0400] "POST /wp-cron.php?doing_wp_cron=1729406107.5272850990295410156250 HTTP/1.1" 200 0 "-" "WordPress/6.6.2; https://dietcontrungnhanh.com"
66.249.71.2 - - [20/Oct/2024:02:35:04 -0400] "GET /h5/ HTTP/1.1" 404 18721 "-" "Mozilla/5.0 (Linux; Android 6.0.1; Nexus 5X Build/MMB29P) AppleWebKit/537.36 (KHTML, like Gecko) Chrome/129.0.6668.89 Mobile Safari/537.36 (compatible; Googlebot/2.1; +http://www.google.com/bot.html)"
162.213.251.195 - - [20/Oct/2024:02:38:37 -0400] "POST /wp-cron.php?doing_wp_cron=1729406317.4097490310668945312500 HTTP/1.1" 200 0 "-" "WordPress/6.6.2; https://dietcontrungnhanh.com"
66.249.70.193 - - [20/Oct/2024:02:38:34 -0400] "GET /diet-chuot-tan-goc/ HTTP/1.1" 404 18691 "-" "Mozilla/5.0 (Linux; Android 6.0.1; Nexus 5X Build/MMB29P) AppleWebKit/537.36 (KHTML, like Gecko) Chrome/129.0.6668.89 Mobile Safari/537.36 (compatible; Googlebot/2.1; +http://www.google.com/bot.html)"
162.213.251.195 - - [20/Oct/2024:02:42:12 -0400] "POST /wp-cron.php?doing_wp_cron=1729406531.6933751106262207031250 HTTP/1.1" 200 0 "-" "WordPress/6.6.2; https://dietcontrungnhanh.com"
162.213.251.195 - - [20/Oct/2024:02:42:12 -0400] "POST /wp-cron.php?doing_wp_cron=1729406531.6926710605621337890625 HTTP/1.1" 200 0 "-" "WordPress/6.6.2; https://dietcontrungnhanh.com"
66.249.71.2 - - [20/Oct/2024:02:42:08 -0400] "GET /robots.txt HTTP/1.1" 200 116 "-" "Mozilla/5.0 (compatible; Googlebot/2.1; +http://www.google.com/bot.html)"
66.249.70.195 - - [20/Oct/2024:02:42:09 -0400] "GET /app/ HTTP/1.1" 404 18684 "-" "Mozilla/5.0 (Linux; Android 6.0.1; Nexus 5X Build/MMB29P) AppleWebKit/537.36 (KHTML, like Gecko) Chrome/129.0.6668.89 Mobile Safari/537.36 (compatible; GoogleOther)"
162.213.251.195 - - [20/Oct/2024:02:42:34 -0400] "POST /wp-cron.php?doing_wp_cron=1729406554.4175429344177246093750 HTTP/1.1" 200 0 "-" "WordPress/6.6.2; https://dietcontrungnhanh.com"
66.249.70.193 - - [20/Oct/2024:02:42:33 -0400] "GET /wp-admin/wp-ldd.php HTTP/1.1" 404 16562 "-" "Mozilla/5.0 (Linux; Android 6.0.1; Nexus 5X Build/MMB29P) AppleWebKit/537.36 (KHTML, like Gecko) Chrome/129.0.6668.89 Mobile Safari/537.36 (compatible; Googlebot/2.1; +http://www.google.com/bot.html)"
162.213.251.195 - - [20/Oct/2024:02:43:20 -0400] "POST /wp-cron.php?doing_wp_cron=1729406600.2246580123901367187500 HTTP/1.1" 200 0 "-" "WordPress/6.6.2; https://dietcontrungnhanh.com"
66.249.70.195 - - [20/Oct/2024:02:43:19 -0400] "GET /WSOEnigma.php HTTP/1.1" 404 16554 "-" "Mozilla/5.0 (Linux; Android 6.0.1; Nexus 5X Build/MMB29P) AppleWebKit/537.36 (KHTML, like Gecko) Chrome/129.0.6668.89 Mobile Safari/537.36 (compatible; Googlebot/2.1; +http://www.google.com/bot.html)"
162.213.251.195 - - [20/Oct/2024:02:44:35 -0400] "POST /wp-cron.php?doing_wp_cron=1729406675.4636399745941162109375 HTTP/1.1" 200 0 "-" "WordPress/6.6.2; https://dietcontrungnhanh.com"
66.249.70.195 - - [20/Oct/2024:02:44:34 -0400] "GET /wp-on.php HTTP/1.1" 404 16550 "-" "Mozilla/5.0 (Linux; Android 6.0.1; Nexus 5X Build/MMB29P) AppleWebKit/537.36 (KHTML, like Gecko) Chrome/129.0.6668.89 Mobile Safari/537.36 (compatible; GoogleOther)"
162.213.251.195 - - [20/Oct/2024:02:47:09 -0400] "POST /wp-cron.php?doing_wp_cron=1729406829.3302049636840820312500 HTTP/1.1" 200 0 "-" "WordPress/6.6.2; https://dietcontrungnhanh.com"
66.249.71.3 - - [20/Oct/2024:02:47:06 -0400] "GET /dich-vu-diet-kien/ HTTP/1.1" 404 18718 "-" "Mozilla/5.0 (Linux; Android 6.0.1; Nexus 5X Build/MMB29P) AppleWebKit/537.36 (KHTML, like Gecko) Chrome/129.0.6668.89 Mobile Safari/537.36 (compatible; Googlebot/2.1; +http://www.google.com/bot.html)"
162.213.251.195 - - [20/Oct/2024:02:49:09 -0400] "POST /wp-cron.php?doing_wp_cron=1729406949.6172409057617187500000 HTTP/1.1" 200 0 "-" "WordPress/6.6.2; https://dietcontrungnhanh.com"
66.249.70.193 - - [20/Oct/2024:02:49:06 -0400] "GET /api/gql HTTP/1.1" 404 18709 "-" "Mozilla/5.0 (Linux; Android 6.0.1; Nexus 5X Build/MMB29P) AppleWebKit/537.36 (KHTML, like Gecko) Chrome/129.0.6668.89 Mobile Safari/537.36 (compatible; GoogleOther)"
66.249.70.196 - - [20/Oct/2024:02:52:11 -0400] "GET /js/a.script HTTP/1.1" 404 18706 "-" "Mozilla/5.0 (Linux; Android 6.0.1; Nexus 5X Build/MMB29P) AppleWebKit/537.36 (KHTML, like Gecko) Chrome/129.0.6668.89 Mobile Safari/537.36 (compatible; Googlebot/2.1; +http://www.google.com/bot.html)"
162.213.251.195 - - [20/Oct/2024:02:52:18 -0400] "POST /wp-cron.php?doing_wp_cron=1729407137.9290421009063720703125 HTTP/1.1" 200 0 "-" "WordPress/6.6.2; https://dietcontrungnhanh.com"
66.249.70.197 - - [20/Oct/2024:02:52:11 -0400] "GET /2020 HTTP/1.1" 404 18710 "-" "Mozilla/5.0 (Linux; Android 6.0.1; Nexus 5X Build/MMB29P) AppleWebKit/537.36 (KHTML, like Gecko) Chrome/129.0.6668.89 Mobile Safari/537.36 (compatible; Googlebot/2.1; +http://www.google.com/bot.html)"
162.213.251.195 - - [20/Oct/2024:02:54:23 -0400] "POST /wp-cron.php?doing_wp_cron=1729407263.4314548969268798828125 HTTP/1.1" 200 0 "-" "WordPress/6.6.2; https://dietcontrungnhanh.com"
66.249.70.197 - - [20/Oct/2024:02:54:19 -0400] "GET /Blog HTTP/1.1" 404 18714 "-" "Mozilla/5.0 (Linux; Android 6.0.1; Nexus 5X Build/MMB29P) AppleWebKit/537.36 (KHTML, like Gecko) Chrome/129.0.6668.89 Mobile Safari/537.36 (compatible; Googlebot/2.1; +http://www.google.com/bot.html)"
162.213.251.195 - - [20/Oct/2024:02:54:26 -0400] "POST /wp-cron.php?doing_wp_cron=1729407266.0989489555358886718750 HTTP/1.1" 200 0 "-" "WordPress/6.6.2; https://dietcontrungnhanh.com"
66.249.70.197 - - [20/Oct/2024:02:54:25 -0400] "GET /images/leaf.php HTTP/1.1" 404 16544 "-" "Mozilla/5.0 (Linux; Android 6.0.1; Nexus 5X Build/MMB29P) AppleWebKit/537.36 (KHTML, like Gecko) Chrome/129.0.6668.89 Mobile Safari/537.36 (compatible; Googlebot/2.1; +http://www.google.com/bot.html)"
162.213.251.195 - - [20/Oct/2024:02:55:28 -0400] "POST /wp-cron.php?doing_wp_cron=1729407328.1125800609588623046875 HTTP/1.1" 200 0 "-" "WordPress/6.6.2; https://dietcontrungnhanh.com"
66.249.70.197 - - [20/Oct/2024:02:55:27 -0400] "GET /banner.do%3Fcode=1 HTTP/1.1" 404 18718 "-" "Mozilla/5.0 (Linux; Android 6.0.1; Nexus 5X Build/MMB29P) AppleWebKit/537.36 (KHTML, like Gecko) Chrome/129.0.6668.89 Mobile Safari/537.36 (compatible; Googlebot/2.1; +http://www.google.com/bot.html)"
66.249.71.3 - - [20/Oct/2024:02:55:28 -0400] "GET /dich-vu-diet-con-trung-tai-tp-hcm/ HTTP/1.1" 404 18735 "-" "Mozilla/5.0 (Linux; Android 6.0.1; Nexus 5X Build/MMB29P) AppleWebKit/537.36 (KHTML, like Gecko) Chrome/129.0.6668.89 Mobile Safari/537.36 (compatible; Googlebot/2.1; +http://www.google.com/bot.html)"
162.213.251.195 - - [20/Oct/2024:02:55:30 -0400] "POST /wp-cron.php?doing_wp_cron=1729407329.8293950557708740234375 HTTP/1.1" 200 0 "-" "WordPress/6.6.2; https://dietcontrungnhanh.com"
66.249.70.196 - - [20/Oct/2024:02:55:29 -0400] "GET /main HTTP/1.1" 404 18710 "-" "Mozilla/5.0 (Linux; Android 6.0.1; Nexus 5X Build/MMB29P) AppleWebKit/537.36 (KHTML, like Gecko) Chrome/129.0.6668.89 Mobile Safari/537.36 (compatible; Googlebot/2.1; +http://www.google.com/bot.html)"
66.249.70.197 - - [20/Oct/2024:02:55:29 -0400] "GET /.well-known/leafmailer2.8.php HTTP/1.1" 404 16563 "-" "Mozilla/5.0 (Linux; Android 6.0.1; Nexus 5X Build/MMB29P) AppleWebKit/537.36 (KHTML, like Gecko) Chrome/129.0.6668.89 Mobile Safari/537.36 (compatible; Googlebot/2.1; +http://www.google.com/bot.html)"
162.213.251.195 - - [20/Oct/2024:02:56:16 -0400] "POST /wp-cron.php?doing_wp_cron=1729407375.4847640991210937500000 HTTP/1.1" 200 0 "-" "WordPress/6.6.2; https://dietcontrungnhanh.com"
66.249.71.4 - - [20/Oct/2024:02:56:14 -0400] "GET /jiaoyimao/ HTTP/1.1" 404 18727 "-" "Mozilla/5.0 (Linux; Android 6.0.1; Nexus 5X Build/MMB29P) AppleWebKit/537.36 (KHTML, like Gecko) Chrome/129.0.6668.89 Mobile Safari/537.36 (compatible; GoogleOther)"
162.213.251.195 - - [20/Oct/2024:02:59:38 -0400] "POST /wp-cron.php?doing_wp_cron=1729407578.6246769428253173828125 HTTP/1.1" 200 0 "-" "WordPress/6.6.2; https://dietcontrungnhanh.com"
66.249.70.195 - - [20/Oct/2024:02:59:32 -0400] "GET /diet-moi-chua/ HTTP/1.1" 404 18718 "-" "Mozilla/5.0 (Linux; Android 6.0.1; Nexus 5X Build/MMB29P) AppleWebKit/537.36 (KHTML, like Gecko) Chrome/129.0.6668.89 Mobile Safari/537.36 (compatible; Googlebot/2.1; +http://www.google.com/bot.html)"
162.213.251.195 - - [20/Oct/2024:03:03:52 -0400] "POST /wp-cron.php?doing_wp_cron=1729407831.8563950061798095703125 HTTP/1.1" 200 0 "-" "WordPress/6.6.2; https://dietcontrungnhanh.com"
66.249.70.194 - - [20/Oct/2024:03:03:41 -0400] "GET /proxy.php HTTP/1.1" 404 16549 "-" "Mozilla/5.0 (Linux; Android 6.0.1; Nexus 5X Build/MMB29P) AppleWebKit/537.36 (KHTML, like Gecko) Chrome/129.0.6668.89 Mobile Safari/537.36 (compatible; Googlebot/2.1; +http://www.google.com/bot.html)"
162.213.251.195 - - [20/Oct/2024:03:04:55 -0400] "POST /wp-cron.php?doing_wp_cron=1729407894.7047131061553955078125 HTTP/1.1" 200 0 "-" "WordPress/6.6.2; https://dietcontrungnhanh.com"
66.249.71.4 - - [20/Oct/2024:03:04:54 -0400] "GET /m/ HTTP/1.1" 404 18698 "-" "Mozilla/5.0 (Linux; Android 6.0.1; Nexus 5X Build/MMB29P) AppleWebKit/537.36 (KHTML, like Gecko) Chrome/129.0.6668.89 Mobile Safari/537.36 (compatible; Googlebot/2.1; +http://www.google.com/bot.html)"
162.213.251.195 - - [20/Oct/2024:03:08:38 -0400] "POST /wp-cron.php?doing_wp_cron=1729408118.3079040050506591796875 HTTP/1.1" 200 0 "-" "WordPress/6.6.2; https://dietcontrungnhanh.com"
51.222.253.18 - - [20/Oct/2024:03:08:31 -0400] "GET /robots.txt HTTP/1.1" 200 116 "-" "Mozilla/5.0 (compatible; AhrefsBot/7.0; +http://ahrefs.com/robot/)"
162.213.251.195 - - [20/Oct/2024:03:10:12 -0400] "POST /wp-cron.php?doing_wp_cron=1729408211.7845621109008789062500 HTTP/1.1" 200 0 "-" "WordPress/6.6.2; https://dietcontrungnhanh.com"
66.249.71.3 - - [20/Oct/2024:03:10:08 -0400] "GET /im/h5/ HTTP/1.1" 404 18727 "-" "Mozilla/5.0 (Linux; Android 6.0.1; Nexus 5X Build/MMB29P) AppleWebKit/537.36 (KHTML, like Gecko) Chrome/129.0.6668.89 Mobile Safari/537.36 (compatible; Googlebot/2.1; +http://www.google.com/bot.html)"
66.249.70.196 - - [20/Oct/2024:03:11:14 -0400] "GET /cgi-bin/cgi-bin/about.php HTTP/1.1" 404 17374 "-" "Mozilla/5.0 (Linux; Android 6.0.1; Nexus 5X Build/MMB29P) AppleWebKit/537.36 (KHTML, like Gecko) Chrome/129.0.6668.89 Mobile Safari/537.36 (compatible; GoogleOther)"
162.213.251.195 - - [20/Oct/2024:03:11:15 -0400] "POST /wp-cron.php?doing_wp_cron=1729408274.5913710594177246093750 HTTP/1.1" 200 0 "-" "WordPress/6.6.2; https://dietcontrungnhanh.com"
66.249.70.196 - - [20/Oct/2024:03:11:14 -0400] "GET /dsxs/ HTTP/1.1" 404 18700 "-" "Mozilla/5.0 (Linux; Android 6.0.1; Nexus 5X Build/MMB29P) AppleWebKit/537.36 (KHTML, like Gecko) Chrome/129.0.6668.89 Mobile Safari/537.36 (compatible; Googlebot/2.1; +http://www.google.com/bot.html)"
162.213.251.195 - - [20/Oct/2024:03:11:18 -0400] "POST /wp-cron.php?doing_wp_cron=1729408277.8660659790039062500000 HTTP/1.1" 200 0 "-" "WordPress/6.6.2; https://dietcontrungnhanh.com"
66.249.70.197 - - [20/Oct/2024:03:11:17 -0400] "GET /dich-vu-diet-con-trung/feed/ HTTP/1.1" 404 18717 "-" "Mozilla/5.0 (Linux; Android 6.0.1; Nexus 5X Build/MMB29P) AppleWebKit/537.36 (KHTML, like Gecko) Chrome/129.0.6668.89 Mobile Safari/537.36 (compatible; Googlebot/2.1; +http://www.google.com/bot.html)"
162.213.251.195 - - [20/Oct/2024:03:13:04 -0400] "POST /wp-cron.php?doing_wp_cron=1729408384.0237329006195068359375 HTTP/1.1" 200 0 "-" "WordPress/6.6.2; https://dietcontrungnhanh.com"
114.119.145.115 - - [20/Oct/2024:03:13:00 -0400] "GET /robots.txt HTTP/1.1" 301 0 "-" "Mozilla/5.0 (compatible;PetalBot;+https://webmaster.petalsearch.com/site/petalbot)"
162.213.251.195 - - [20/Oct/2024:03:13:07 -0400] "POST /wp-cron.php?doing_wp_cron=1729408386.6564309597015380859375 HTTP/1.1" 200 0 "-" "WordPress/6.6.2; https://dietcontrungnhanh.com"
114.119.145.115 - - [20/Oct/2024:03:13:06 -0400] "GET /robots.txt HTTP/1.1" 200 116 "-" "Mozilla/5.0 (compatible;PetalBot;+https://webmaster.petalsearch.com/site/petalbot)"
162.213.251.195 - - [20/Oct/2024:03:13:57 -0400] "POST /wp-cron.php?doing_wp_cron=1729408437.5329608917236328125000 HTTP/1.1" 200 0 "-" "WordPress/6.6.2; https://dietcontrungnhanh.com"
114.119.130.169 - - [20/Oct/2024:03:13:57 -0400] "GET /robots.txt HTTP/1.1" 301 0 "-" "Mozilla/5.0 (compatible;PetalBot;+https://webmaster.petalsearch.com/site/petalbot)"
162.213.251.195 - - [20/Oct/2024:03:14:03 -0400] "POST /wp-cron.php?doing_wp_cron=1729408442.6937179565429687500000 HTTP/1.1" 200 0 "-" "WordPress/6.6.2; https://dietcontrungnhanh.com"
114.119.130.169 - - [20/Oct/2024:03:14:02 -0400] "GET /robots.txt HTTP/1.1" 200 116 "-" "Mozilla/5.0 (compatible;PetalBot;+https://webmaster.petalsearch.com/site/petalbot)"
162.213.251.195 - - [20/Oct/2024:03:15:06 -0400] "POST /wp-cron.php?doing_wp_cron=1729408505.4275410175323486328125 HTTP/1.1" 200 0 "-" "WordPress/6.6.2; https://dietcontrungnhanh.com"
66.249.70.197 - - [20/Oct/2024:03:15:04 -0400] "GET /login.html HTTP/1.1" 404 18728 "-" "Mozilla/5.0 (Linux; Android 6.0.1; Nexus 5X Build/MMB29P) AppleWebKit/537.36 (KHTML, like Gecko) Chrome/129.0.6668.89 Mobile Safari/537.36 (compatible; Googlebot/2.1; +http://www.google.com/bot.html)"
162.213.251.195 - - [20/Oct/2024:03:25:24 -0400] "POST /wp-cron.php?doing_wp_cron=1729409124.1661360263824462890625 HTTP/1.1" 200 0 "-" "WordPress/6.6.2; https://dietcontrungnhanh.com"
66.249.70.194 - - [20/Oct/2024:03:25:10 -0400] "GET /README.md HTTP/1.1" 404 18733 "-" "Mozilla/5.0 (Linux; Android 6.0.1; Nexus 5X Build/MMB29P) AppleWebKit/537.36 (KHTML, like Gecko) Chrome/129.0.6668.89 Mobile Safari/537.36 (compatible; Googlebot/2.1; +http://www.google.com/bot.html)"
162.213.251.195 - - [20/Oct/2024:03:31:24 -0400] "POST /wp-cron.php?doing_wp_cron=1729409484.3934099674224853515625 HTTP/1.1" 200 0 "-" "WordPress/6.6.2; https://dietcontrungnhanh.com"
66.249.71.4 - - [20/Oct/2024:03:31:14 -0400] "GET /mobile/ HTTP/1.1" 404 18728 "-" "Mozilla/5.0 (Linux; Android 6.0.1; Nexus 5X Build/MMB29P) AppleWebKit/537.36 (KHTML, like Gecko) Chrome/129.0.6668.89 Mobile Safari/537.36 (compatible; GoogleOther)"
162.213.251.195 - - [20/Oct/2024:03:32:28 -0400] "POST /wp-cron.php?doing_wp_cron=1729409547.8381199836730957031250 HTTP/1.1" 200 0 "-" "WordPress/6.6.2; https://dietcontrungnhanh.com"
66.249.70.197 - - [20/Oct/2024:03:32:27 -0400] "GET /user/reg.php HTTP/1.1" 404 16540 "-" "Mozilla/5.0 (Linux; Android 6.0.1; Nexus 5X Build/MMB29P) AppleWebKit/537.36 (KHTML, like Gecko) Chrome/129.0.6668.89 Mobile Safari/537.36 (compatible; Googlebot/2.1; +http://www.google.com/bot.html)"
162.213.251.195 - - [20/Oct/2024:03:35:42 -0400] "POST /wp-cron.php?doing_wp_cron=1729409742.3446559906005859375000 HTTP/1.1" 200 0 "-" "WordPress/6.6.2; https://dietcontrungnhanh.com"
66.249.70.198 - - [20/Oct/2024:03:35:30 -0400] "GET /Pay_Index.html HTTP/1.1" 404 18710 "-" "Mozilla/5.0 (Linux; Android 6.0.1; Nexus 5X Build/MMB29P) AppleWebKit/537.36 (KHTML, like Gecko) Chrome/129.0.6668.89 Mobile Safari/537.36 (compatible; Googlebot/2.1; +http://www.google.com/bot.html)"
162.213.251.195 - - [20/Oct/2024:03:36:46 -0400] "POST /wp-cron.php?doing_wp_cron=1729409805.7103009223937988281250 HTTP/1.1" 200 0 "-" "WordPress/6.6.2; https://dietcontrungnhanh.com"
66.249.71.2 - - [20/Oct/2024:03:36:45 -0400] "GET /alfanew2.php7 HTTP/1.1" 404 16543 "-" "Mozilla/5.0 (Linux; Android 6.0.1; Nexus 5X Build/MMB29P) AppleWebKit/537.36 (KHTML, like Gecko) Chrome/129.0.6668.89 Mobile Safari/537.36 (compatible; Googlebot/2.1; +http://www.google.com/bot.html)"
162.213.251.195 - - [20/Oct/2024:03:38:55 -0400] "POST /wp-cron.php?doing_wp_cron=1729409934.9891679286956787109375 HTTP/1.1" 200 0 "-" "WordPress/6.6.2; https://dietcontrungnhanh.com"
66.249.70.198 - - [20/Oct/2024:03:38:48 -0400] "GET /wp-admin/images/install.php HTTP/1.1" 404 17382 "-" "Mozilla/5.0 (Linux; Android 6.0.1; Nexus 5X Build/MMB29P) AppleWebKit/537.36 (KHTML, like Gecko) Chrome/129.0.6668.89 Mobile Safari/537.36 (compatible; Googlebot/2.1; +http://www.google.com/bot.html)"
162.213.251.195 - - [20/Oct/2024:03:39:57 -0400] "POST /wp-cron.php?doing_wp_cron=1729409997.2801120281219482421875 HTTP/1.1" 200 0 "-" "WordPress/6.6.2; https://dietcontrungnhanh.com"
66.249.70.196 - - [20/Oct/2024:03:39:56 -0400] "GET /_well-known/amaxx.php HTTP/1.1" 404 16565 "-" "Mozilla/5.0 (Linux; Android 6.0.1; Nexus 5X Build/MMB29P) AppleWebKit/537.36 (KHTML, like Gecko) Chrome/129.0.6668.89 Mobile Safari/537.36 (compatible; Googlebot/2.1; +http://www.google.com/bot.html)"
162.213.251.195 - - [20/Oct/2024:03:45:24 -0400] "POST /wp-cron.php?doing_wp_cron=1729410324.0921099185943603515625 HTTP/1.1" 200 0 "-" "WordPress/6.6.2; https://dietcontrungnhanh.com"
114.119.144.163 - - [20/Oct/2024:03:45:16 -0400] "GET /robots.txt HTTP/1.1" 200 116 "-" "Mozilla/5.0 (compatible;PetalBot;+https://webmaster.petalsearch.com/site/petalbot)"
162.213.251.195 - - [20/Oct/2024:03:46:10 -0400] "POST /wp-cron.php?doing_wp_cron=1729410369.7232270240783691406250 HTTP/1.1" 200 0 "-" "WordPress/6.6.2; https://dietcontrungnhanh.com"
66.249.70.193 - - [20/Oct/2024:03:46:09 -0400] "GET /mobile/ HTTP/1.1" 404 18735 "-" "Mozilla/5.0 (Linux; Android 6.0.1; Nexus 5X Build/MMB29P) AppleWebKit/537.36 (KHTML, like Gecko) Chrome/129.0.6668.89 Mobile Safari/537.36 (compatible; Googlebot/2.1; +http://www.google.com/bot.html)"
162.213.251.195 - - [20/Oct/2024:03:51:23 -0400] "POST /wp-cron.php?doing_wp_cron=1729410683.4772109985351562500000 HTTP/1.1" 200 0 "-" "WordPress/6.6.2; https://dietcontrungnhanh.com"
66.249.70.196 - - [20/Oct/2024:03:51:14 -0400] "GET /wp-old HTTP/1.1" 404 18719 "-" "Mozilla/5.0 (Linux; Android 6.0.1; Nexus 5X Build/MMB29P) AppleWebKit/537.36 (KHTML, like Gecko) Chrome/129.0.6668.89 Mobile Safari/537.36 (compatible; GoogleOther)"
162.213.251.195 - - [20/Oct/2024:03:53:05 -0400] "POST /wp-cron.php?doing_wp_cron=1729410785.1455650329589843750000 HTTP/1.1" 200 0 "-" "WordPress/6.6.2; https://dietcontrungnhanh.com"
66.249.70.198 - - [20/Oct/2024:03:52:49 -0400] "GET /.well-known/wso112233.php HTTP/1.1" 404 16551 "-" "Mozilla/5.0 (Linux; Android 6.0.1; Nexus 5X Build/MMB29P) AppleWebKit/537.36 (KHTML, like Gecko) Chrome/129.0.6668.89 Mobile Safari/537.36 (compatible; Googlebot/2.1; +http://www.google.com/bot.html)"
162.213.251.195 - - [20/Oct/2024:03:54:33 -0400] "POST /wp-cron.php?doing_wp_cron=1729410872.7761869430541992187500 HTTP/1.1" 200 0 "-" "WordPress/6.6.2; https://dietcontrungnhanh.com"
66.249.70.198 - - [20/Oct/2024:03:54:29 -0400] "GET /api/Business/ HTTP/1.1" 404 18722 "-" "Mozilla/5.0 (Linux; Android 6.0.1; Nexus 5X Build/MMB29P) AppleWebKit/537.36 (KHTML, like Gecko) Chrome/129.0.6668.89 Mobile Safari/537.36 (compatible; Googlebot/2.1; +http://www.google.com/bot.html)"
162.213.251.195 - - [20/Oct/2024:03:55:09 -0400] "POST /wp-cron.php?doing_wp_cron=1729410908.6147139072418212890625 HTTP/1.1" 200 0 "-" "WordPress/6.6.2; https://dietcontrungnhanh.com"
66.249.70.196 - - [20/Oct/2024:03:55:07 -0400] "GET /author/admin_dct/ HTTP/1.1" 404 18729 "-" "Mozilla/5.0 (Linux; Android 6.0.1; Nexus 5X Build/MMB29P) AppleWebKit/537.36 (KHTML, like Gecko) Chrome/129.0.6668.89 Mobile Safari/537.36 (compatible; Googlebot/2.1; +http://www.google.com/bot.html)"
162.213.251.195 - - [20/Oct/2024:03:57:18 -0400] "POST /wp-cron.php?doing_wp_cron=1729411037.5247609615325927734375 HTTP/1.1" 200 0 "-" "WordPress/6.6.2; https://dietcontrungnhanh.com"
2400:8901::f03c:95ff:fece:fdc9 - - [20/Oct/2024:03:57:10 -0400] "GET /dup-installer/main.installer.php HTTP/1.1" 404 16562 "http://dietcontrungnhanh.com/dup-installer/main.installer.php" "-"
149.255.196.51 - - [20/Oct/2024:03:59:19 -0400] "GET /wp-login.php HTTP/1.1" 200 2801 "https://dietcontrungnhanh.com/wp-login.php" "Mozilla/5.0 (Macintosh; Intel Mac OS X 10_12_6) AppleWebKit/537.36 (KHTML, like Gecko) Chrome/70.0.3538.110 Safari/537.36"
162.213.251.195 - - [20/Oct/2024:03:59:26 -0400] "POST /wp-cron.php?doing_wp_cron=1729411163.0030210018157958984375 HTTP/1.1" 200 0 "-" "WordPress/6.6.2; https://dietcontrungnhanh.com"
149.255.196.51 - - [20/Oct/2024:03:59:28 -0400] "POST /wp-login.php HTTP/1.1" 200 2956 "https://www.makanestate.co.uk/wp-login.php" "Mozilla/5.0 (Macintosh; Intel Mac OS X 10_12_6) AppleWebKit/537.36 (KHTML, like Gecko) Chrome/70.0.3538.110 Safari/537.36"
209.141.48.88 - - [20/Oct/2024:04:04:15 -0400] "GET /wp-login.php HTTP/1.1" 200 0 "-" "Mozilla/5.0 (Macintosh; Intel Mac OS X 10_9_2) AppleWebKit/537.74.9 (KHTML, like Gecko) Version/7.0.2 Safari/537.74.9"
162.213.251.195 - - [20/Oct/2024:04:04:30 -0400] "POST /wp-cron.php?doing_wp_cron=1729411468.5236830711364746093750 HTTP/1.1" 200 0 "-" "WordPress/6.6.2; https://dietcontrungnhanh.com"

Youez - 2016 - github.com/yon3zu
LinuXploit