403Webshell
Server IP : 104.21.14.103  /  Your IP : 3.143.235.248
Web Server : LiteSpeed
System : Linux business53.web-hosting.com 4.18.0-553.lve.el8.x86_64 #1 SMP Mon May 27 15:27:34 UTC 2024 x86_64
User : giankuin ( 1871)
PHP Version : 7.4.33
Disable Function : NONE
MySQL : OFF  |  cURL : ON  |  WGET : ON  |  Perl : ON  |  Python : ON  |  Sudo : OFF  |  Pkexec : OFF
Directory :  /proc/self/root/proc/thread-self/root/home/giankuin/access-logs/

Upload File :
current_dir [ Writeable ] document_root [ Writeable ]

 

Command :


[ Back ]     

Current File : /proc/self/root/proc/thread-self/root/home/giankuin/access-logs/dietcontrungnhanh.com.giandon24h.com-ssl_log
162.213.251.195 - - [19/Oct/2024:08:28:59 -0400] "POST /wp-cron.php?doing_wp_cron=1729340938.9088089466094970703125 HTTP/1.1" 200 0 "-" "WordPress/6.6.2; https://dietcontrungnhanh.com"
198.98.62.41 - - [19/Oct/2024:08:28:52 -0400] "GET /wp-login.php HTTP/1.1" 200 2812 "-" "Mozilla/5.0 (Windows NT 6.1; WOW64) AppleWebKit/537.36 (KHTML, like Gecko) Chrome/36.0.1985.143 Safari/537.36"
162.213.251.195 - - [19/Oct/2024:08:29:01 -0400] "POST /wp-cron.php?doing_wp_cron=1729340940.6544630527496337890625 HTTP/1.1" 200 0 "-" "WordPress/6.6.2; https://dietcontrungnhanh.com"
198.98.62.41 - - [19/Oct/2024:08:29:00 -0400] "POST /wp-login.php HTTP/1.1" 200 3002 "-" "Mozilla/5.0 (Windows NT 6.1; WOW64) AppleWebKit/537.36 (KHTML, like Gecko) Chrome/36.0.1985.143 Safari/537.36"
162.213.251.195 - - [19/Oct/2024:08:33:53 -0400] "POST /wp-cron.php?doing_wp_cron=1729341233.4534389972686767578125 HTTP/1.1" 200 0 "-" "WordPress/6.6.2; https://dietcontrungnhanh.com"
205.185.125.40 - - [19/Oct/2024:08:33:48 -0400] "GET /wp-login.php HTTP/1.1" 200 2812 "-" "Mozilla/5.0 (X11; Linux x86_64) AppleWebKit/537.36 (KHTML, like Gecko) Chrome/36.0.1985.143 Safari/537.36"
205.185.125.40 - - [19/Oct/2024:08:33:54 -0400] "POST /wp-login.php HTTP/1.1" 200 3006 "-" "Mozilla/5.0 (X11; Linux x86_64) AppleWebKit/537.36 (KHTML, like Gecko) Chrome/36.0.1985.143 Safari/537.36"
162.213.251.195 - - [19/Oct/2024:08:50:24 -0400] "POST /wp-cron.php?doing_wp_cron=1729342224.6163311004638671875000 HTTP/1.1" 200 0 "-" "WordPress/6.6.2; https://dietcontrungnhanh.com"
66.249.71.43 - - [19/Oct/2024:08:50:18 -0400] "GET /robots.txt HTTP/1.1" 301 0 "-" "Mozilla/5.0 (compatible; Googlebot/2.1; +http://www.google.com/bot.html)"
162.213.251.195 - - [19/Oct/2024:08:50:26 -0400] "POST /wp-cron.php?doing_wp_cron=1729342225.8455109596252441406250 HTTP/1.1" 200 0 "-" "WordPress/6.6.2; https://dietcontrungnhanh.com"
66.249.70.195 - - [19/Oct/2024:08:50:25 -0400] "GET /robots.txt HTTP/1.1" 200 116 "-" "Mozilla/5.0 (compatible; Googlebot/2.1; +http://www.google.com/bot.html)"
162.213.251.195 - - [19/Oct/2024:08:50:30 -0400] "POST /wp-cron.php?doing_wp_cron=1729342230.4621000289916992187500 HTTP/1.1" 200 0 "-" "WordPress/6.6.2; https://dietcontrungnhanh.com"
66.249.66.38 - - [19/Oct/2024:08:50:30 -0400] "GET /SITE HTTP/1.1" 301 0 "-" "Mozilla/5.0 (Linux; Android 6.0.1; Nexus 5X Build/MMB29P) AppleWebKit/537.36 (KHTML, like Gecko) Chrome/129.0.6668.89 Mobile Safari/537.36 (compatible; Googlebot/2.1; +http://www.google.com/bot.html)"
162.213.251.195 - - [19/Oct/2024:08:50:41 -0400] "POST /wp-cron.php?doing_wp_cron=1729342241.2887940406799316406250 HTTP/1.1" 200 0 "-" "WordPress/6.6.2; https://dietcontrungnhanh.com"
66.249.71.45 - - [19/Oct/2024:08:50:40 -0400] "GET /BLOG HTTP/1.1" 301 0 "-" "Mozilla/5.0 (Linux; Android 6.0.1; Nexus 5X Build/MMB29P) AppleWebKit/537.36 (KHTML, like Gecko) Chrome/129.0.6668.89 Mobile Safari/537.36 (compatible; GoogleOther)"
162.213.251.195 - - [19/Oct/2024:08:50:47 -0400] "POST /wp-cron.php?doing_wp_cron=1729342247.1698310375213623046875 HTTP/1.1" 200 0 "-" "WordPress/6.6.2; https://dietcontrungnhanh.com"
66.249.66.38 - - [19/Oct/2024:08:50:46 -0400] "GET /WordPress HTTP/1.1" 301 0 "-" "Mozilla/5.0 (Linux; Android 6.0.1; Nexus 5X Build/MMB29P) AppleWebKit/537.36 (KHTML, like Gecko) Chrome/129.0.6668.89 Mobile Safari/537.36 (compatible; GoogleOther)"
162.213.251.195 - - [19/Oct/2024:08:59:33 -0400] "POST /wp-cron.php?doing_wp_cron=1729342773.6448938846588134765625 HTTP/1.1" 200 0 "-" "WordPress/6.6.2; https://dietcontrungnhanh.com"
66.249.66.38 - - [19/Oct/2024:08:59:29 -0400] "GET /.vscode/sftp.json HTTP/1.1" 301 0 "-" "Mozilla/5.0 (Linux; Android 6.0.1; Nexus 5X Build/MMB29P) AppleWebKit/537.36 (KHTML, like Gecko) Chrome/129.0.6668.89 Mobile Safari/537.36 (compatible; GoogleOther)"
162.213.251.195 - - [19/Oct/2024:09:18:55 -0400] "POST /wp-cron.php?doing_wp_cron=1729343935.4088220596313476562500 HTTP/1.1" 200 0 "-" "WordPress/6.6.2; https://dietcontrungnhanh.com"
107.189.29.177 - - [19/Oct/2024:09:18:51 -0400] "GET /wp-login.php HTTP/1.1" 200 2812 "-" "Mozilla/5.0 (Windows NT 6.1; rv:31.0) Gecko/20100101 Firefox/31.0"
107.189.29.177 - - [19/Oct/2024:09:18:56 -0400] "POST /wp-login.php HTTP/1.1" 200 2995 "-" "Mozilla/5.0 (Windows NT 6.1; rv:31.0) Gecko/20100101 Firefox/31.0"
162.213.251.195 - - [19/Oct/2024:09:20:14 -0400] "POST /wp-cron.php?doing_wp_cron=1729344014.1222000122070312500000 HTTP/1.1" 200 0 "-" "WordPress/6.6.2; https://dietcontrungnhanh.com"
66.249.66.35 - - [19/Oct/2024:09:20:13 -0400] "GET /Site HTTP/1.1" 301 0 "-" "Mozilla/5.0 (Linux; Android 6.0.1; Nexus 5X Build/MMB29P) AppleWebKit/537.36 (KHTML, like Gecko) Chrome/129.0.6668.89 Mobile Safari/537.36 (compatible; Googlebot/2.1; +http://www.google.com/bot.html)"
162.213.251.195 - - [19/Oct/2024:09:20:16 -0400] "POST /wp-cron.php?doing_wp_cron=1729344015.7995910644531250000000 HTTP/1.1" 200 0 "-" "WordPress/6.6.2; https://dietcontrungnhanh.com"
66.249.71.2 - - [19/Oct/2024:09:20:15 -0400] "GET /robots.txt HTTP/1.1" 200 116 "-" "Mozilla/5.0 (compatible; Googlebot/2.1; +http://www.google.com/bot.html)"
162.213.251.195 - - [19/Oct/2024:09:20:51 -0400] "POST /wp-cron.php?doing_wp_cron=1729344051.2304871082305908203125 HTTP/1.1" 200 0 "-" "WordPress/6.6.2; https://dietcontrungnhanh.com"
45.61.185.119 - - [19/Oct/2024:09:20:50 -0400] "GET /wp-login.php HTTP/1.1" 200 2812 "-" "Mozilla/5.0 (Macintosh; Intel Mac OS X 10_8_5) AppleWebKit/537.36 (KHTML, like Gecko) Chrome/36.0.1985.125 Safari/537.36"
45.61.185.119 - - [19/Oct/2024:09:20:52 -0400] "POST /wp-login.php HTTP/1.1" 200 3006 "-" "Mozilla/5.0 (Macintosh; Intel Mac OS X 10_8_5) AppleWebKit/537.36 (KHTML, like Gecko) Chrome/36.0.1985.125 Safari/537.36"
162.213.251.195 - - [19/Oct/2024:09:23:52 -0400] "POST /wp-cron.php?doing_wp_cron=1729344231.9715139865875244140625 HTTP/1.1" 200 0 "-" "WordPress/6.6.2; https://dietcontrungnhanh.com"
104.244.76.114 - - [19/Oct/2024:09:23:47 -0400] "GET /wp-login.php HTTP/1.1" 200 2812 "-" "Mozilla/5.0 (Windows NT 6.2; WOW64) AppleWebKit/537.36 (KHTML, like Gecko) Chrome/36.0.1985.125 Safari/537.36"
162.213.251.195 - - [19/Oct/2024:09:23:53 -0400] "POST /wp-cron.php?doing_wp_cron=1729344233.1228721141815185546875 HTTP/1.1" 200 0 "-" "WordPress/6.6.2; https://dietcontrungnhanh.com"
104.244.76.114 - - [19/Oct/2024:09:23:52 -0400] "POST /wp-login.php HTTP/1.1" 200 3002 "-" "Mozilla/5.0 (Windows NT 6.2; WOW64) AppleWebKit/537.36 (KHTML, like Gecko) Chrome/36.0.1985.125 Safari/537.36"
162.213.251.195 - - [19/Oct/2024:09:25:12 -0400] "POST /wp-cron.php?doing_wp_cron=1729344311.8787341117858886718750 HTTP/1.1" 200 0 "-" "WordPress/6.6.2; https://dietcontrungnhanh.com"
35.171.144.152 - - [19/Oct/2024:09:25:11 -0400] "GET / HTTP/1.1" 200 27056 "-" "Mozilla/5.0 \\(Windows NT 10.0\\; Win64\\; x64\\) AppleWebKit/537.36 \\(KHTML, like Gecko\\) Chrome/100.0.4896.60 Safari/537.36"
162.213.251.195 - - [19/Oct/2024:09:25:18 -0400] "POST /wp-cron.php?doing_wp_cron=1729344318.1835761070251464843750 HTTP/1.1" 200 0 "-" "WordPress/6.6.2; https://dietcontrungnhanh.com"
35.171.144.152 - - [19/Oct/2024:09:25:17 -0400] "GET / HTTP/1.1" 301 0 "-" "Mozilla/5.0 \\(Windows NT 10.0\\; Win64\\; x64\\) AppleWebKit/537.36 \\(KHTML, like Gecko\\) Chrome/100.0.4896.60 Safari/537.36"
162.213.251.195 - - [19/Oct/2024:09:25:20 -0400] "POST /wp-cron.php?doing_wp_cron=1729344320.0517539978027343750000 HTTP/1.1" 200 0 "-" "WordPress/6.6.2; https://dietcontrungnhanh.com"
35.171.144.152 - - [19/Oct/2024:09:25:19 -0400] "GET / HTTP/1.1" 200 27119 "-" "Mozilla/5.0 \\(Windows NT 10.0\\; Win64\\; x64\\) AppleWebKit/537.36 \\(KHTML, like Gecko\\) Chrome/100.0.4896.60 Safari/537.36"
162.213.251.195 - - [19/Oct/2024:09:25:24 -0400] "POST /wp-cron.php?doing_wp_cron=1729344323.6256730556488037109375 HTTP/1.1" 200 0 "-" "WordPress/6.6.2; https://dietcontrungnhanh.com"
35.171.144.152 - - [19/Oct/2024:09:25:23 -0400] "GET / HTTP/1.1" 200 27033 "-" "Mozilla/5.0 \\(Windows NT 10.0\\; Win64\\; x64\\) AppleWebKit/537.36 \\(KHTML, like Gecko\\) Chrome/100.0.4896.60 Safari/537.36"
162.213.251.195 - - [19/Oct/2024:09:25:28 -0400] "POST /wp-cron.php?doing_wp_cron=1729344327.5269958972930908203125 HTTP/1.1" 200 0 "-" "WordPress/6.6.2; https://dietcontrungnhanh.com"
35.171.144.152 - - [19/Oct/2024:09:25:26 -0400] "GET / HTTP/1.1" 301 0 "-" "Mozilla/5.0 \\(Windows NT 10.0\\; Win64\\; x64\\) AppleWebKit/537.36 \\(KHTML, like Gecko\\) Chrome/100.0.4896.60 Safari/537.36"
162.213.251.195 - - [19/Oct/2024:09:25:30 -0400] "POST /wp-cron.php?doing_wp_cron=1729344329.7586040496826171875000 HTTP/1.1" 200 0 "-" "WordPress/6.6.2; https://dietcontrungnhanh.com"
35.171.144.152 - - [19/Oct/2024:09:25:29 -0400] "GET / HTTP/1.1" 200 27062 "-" "Mozilla/5.0 \\(Windows NT 10.0\\; Win64\\; x64\\) AppleWebKit/537.36 \\(KHTML, like Gecko\\) Chrome/100.0.4896.60 Safari/537.36"
162.213.251.195 - - [19/Oct/2024:09:26:24 -0400] "POST /wp-cron.php?doing_wp_cron=1729344384.1356139183044433593750 HTTP/1.1" 200 0 "-" "WordPress/6.6.2; https://dietcontrungnhanh.com"
209.141.43.103 - - [19/Oct/2024:09:26:23 -0400] "GET /wp-login.php HTTP/1.1" 200 2800 "-" "Mozilla/5.0 (Windows NT 6.1; WOW64; rv:24.0) Gecko/20100101 Firefox/24.0"
209.141.43.103 - - [19/Oct/2024:09:26:24 -0400] "POST /wp-login.php HTTP/1.1" 200 2964 "-" "Mozilla/5.0 (Windows NT 6.1; WOW64; rv:24.0) Gecko/20100101 Firefox/24.0"
162.213.251.195 - - [19/Oct/2024:09:26:37 -0400] "POST /wp-cron.php?doing_wp_cron=1729344397.1886079311370849609375 HTTP/1.1" 200 0 "-" "WordPress/6.6.2; https://dietcontrungnhanh.com"
103.131.71.20 - - [19/Oct/2024:09:26:36 -0400] "GET /robots.txt HTTP/1.1" 200 116 "-" "Mozilla/5.0 (compatible; coccocbot-image/1.0; +http://help.coccoc.com/searchengine)"
162.213.251.195 - - [19/Oct/2024:09:26:47 -0400] "POST /wp-cron.php?doing_wp_cron=1729344406.9186658859252929687500 HTTP/1.1" 200 0 "-" "WordPress/6.6.2; https://dietcontrungnhanh.com"
103.131.71.31 - - [19/Oct/2024:09:26:46 -0400] "GET /uploads/shops/thumb/den-diet-con-trung-we-1530w.jpg HTTP/1.1" 404 19602 "-" "Mozilla/5.0 (compatible; coccocbot-image/1.0; +http://help.coccoc.com/searchengine)"
162.213.251.195 - - [19/Oct/2024:09:31:24 -0400] "POST /wp-cron.php?doing_wp_cron=1729344684.4040169715881347656250 HTTP/1.1" 200 0 "-" "WordPress/6.6.2; https://dietcontrungnhanh.com"
194.247.173.99 - - [19/Oct/2024:09:31:18 -0400] "GET /robots.txt HTTP/1.1" 200 116 "-" "Mozilla/5.0 (compatible; MJ12bot/v1.4.8; http://mj12bot.com/)"
162.213.251.195 - - [19/Oct/2024:09:31:27 -0400] "POST /wp-cron.php?doing_wp_cron=1729344687.5350430011749267578125 HTTP/1.1" 200 0 "-" "WordPress/6.6.2; https://dietcontrungnhanh.com"
194.247.173.99 - - [19/Oct/2024:09:31:27 -0400] "GET /thi-cong-mang-lan-quan-3/%20 HTTP/1.1" 301 0 "-" "Mozilla/5.0 (compatible; MJ12bot/v1.4.8; http://mj12bot.com/)"
162.213.251.195 - - [19/Oct/2024:09:31:30 -0400] "POST /wp-cron.php?doing_wp_cron=1729344690.6789228916168212890625 HTTP/1.1" 200 0 "-" "WordPress/6.6.2; https://dietcontrungnhanh.com"
194.247.173.99 - - [19/Oct/2024:09:31:30 -0400] "GET /thi-cong-mang-lan-quan-3/ HTTP/1.1" 404 18732 "-" "Mozilla/5.0 (compatible; MJ12bot/v1.4.8; http://mj12bot.com/)"
162.213.251.195 - - [19/Oct/2024:09:43:36 -0400] "POST /wp-cron.php?doing_wp_cron=1729345416.0109829902648925781250 HTTP/1.1" 200 0 "-" "WordPress/6.6.2; https://dietcontrungnhanh.com"
209.141.43.103 - - [19/Oct/2024:09:43:30 -0400] "GET /wp-login.php HTTP/1.1" 200 2812 "-" "Mozilla/5.0 (Macintosh; Intel Mac OS X 10.8; rv:31.0) Gecko/20100101 Firefox/31.0"
209.141.43.103 - - [19/Oct/2024:09:43:36 -0400] "POST /wp-login.php HTTP/1.1" 200 3002 "-" "Mozilla/5.0 (Macintosh; Intel Mac OS X 10.8; rv:31.0) Gecko/20100101 Firefox/31.0"
162.213.251.195 - - [19/Oct/2024:09:47:28 -0400] "POST /wp-cron.php?doing_wp_cron=1729345648.1984629631042480468750 HTTP/1.1" 200 0 "-" "WordPress/6.6.2; https://dietcontrungnhanh.com"
150.158.45.24 - - [19/Oct/2024:09:47:26 -0400] "GET / HTTP/1.1" 200 27032 "http://dietcontrungnhanh.com" "Mozilla/5.0 (Linux; Android 10; LIO-AN00 Build/HUAWEILIO-AN00; wv) MicroMessenger Weixin QQ AppleWebKit/537.36 (KHTML, like Gecko) Version/4.0 Chrome/78.0.3904.62 XWEB/2692 MMWEBSDK/200901 Mobile Safari/537.36"
162.213.251.195 - - [19/Oct/2024:09:49:24 -0400] "POST /wp-cron.php?doing_wp_cron=1729345763.9343900680541992187500 HTTP/1.1" 200 0 "-" "WordPress/6.6.2; https://dietcontrungnhanh.com"
104.244.76.114 - - [19/Oct/2024:09:49:21 -0400] "GET /wp-login.php HTTP/1.1" 200 2812 "-" "Mozilla/5.0 (Windows NT 6.1; WOW64; rv:31.0) Gecko/20100101 Firefox/31.0"
162.213.251.195 - - [19/Oct/2024:09:49:25 -0400] "POST /wp-cron.php?doing_wp_cron=1729345764.7345330715179443359375 HTTP/1.1" 200 0 "-" "WordPress/6.6.2; https://dietcontrungnhanh.com"
104.244.76.114 - - [19/Oct/2024:09:49:24 -0400] "POST /wp-login.php HTTP/1.1" 200 2997 "-" "Mozilla/5.0 (Windows NT 6.1; WOW64; rv:31.0) Gecko/20100101 Firefox/31.0"
162.213.251.195 - - [19/Oct/2024:10:20:57 -0400] "POST /wp-cron.php?doing_wp_cron=1729347656.1734759807586669921875 HTTP/1.1" 200 0 "-" "WordPress/6.6.2; https://dietcontrungnhanh.com"
66.249.71.3 - - [19/Oct/2024:10:20:43 -0400] "GET /index3.php HTTP/1.1" 404 16533 "-" "Mozilla/5.0 (Linux; Android 6.0.1; Nexus 5X Build/MMB29P) AppleWebKit/537.36 (KHTML, like Gecko) Chrome/129.0.6668.89 Mobile Safari/537.36 (compatible; Googlebot/2.1; +http://www.google.com/bot.html)"
66.249.71.2 - - [19/Oct/2024:10:20:57 -0400] "GET /vendor/phpunit/phpunit/src/Util/upload.php HTTP/1.1" 404 17390 "-" "Mozilla/5.0 (Linux; Android 6.0.1; Nexus 5X Build/MMB29P) AppleWebKit/537.36 (KHTML, like Gecko) Chrome/129.0.6668.89 Mobile Safari/537.36 (compatible; GoogleOther)"
162.213.251.195 - - [19/Oct/2024:10:21:02 -0400] "POST /wp-cron.php?doing_wp_cron=1729347661.8020319938659667968750 HTTP/1.1" 200 0 "-" "WordPress/6.6.2; https://dietcontrungnhanh.com"
66.249.70.196 - - [19/Oct/2024:10:21:01 -0400] "GET /cach-diet-moi-dan-gian HTTP/1.1" 404 18712 "-" "Mozilla/5.0 (Linux; Android 6.0.1; Nexus 5X Build/MMB29P) AppleWebKit/537.36 (KHTML, like Gecko) Chrome/129.0.6668.89 Mobile Safari/537.36 (compatible; Googlebot/2.1; +http://www.google.com/bot.html)"
66.249.71.2 - - [19/Oct/2024:10:21:04 -0400] "GET /Uploading.php HTTP/1.1" 404 16534 "-" "Mozilla/5.0 (Linux; Android 6.0.1; Nexus 5X Build/MMB29P) AppleWebKit/537.36 (KHTML, like Gecko) Chrome/129.0.6668.89 Mobile Safari/537.36 (compatible; GoogleOther)"
162.213.251.195 - - [19/Oct/2024:10:21:07 -0400] "POST /wp-cron.php?doing_wp_cron=1729347665.5138890743255615234375 HTTP/1.1" 200 0 "-" "WordPress/6.6.2; https://dietcontrungnhanh.com"
66.249.71.2 - - [19/Oct/2024:10:21:07 -0400] "GET /main HTTP/1.1" 404 18711 "-" "Mozilla/5.0 (Linux; Android 6.0.1; Nexus 5X Build/MMB29P) AppleWebKit/537.36 (KHTML, like Gecko) Chrome/129.0.6668.89 Mobile Safari/537.36 (compatible; Googlebot/2.1; +http://www.google.com/bot.html)"
162.213.251.195 - - [19/Oct/2024:10:24:13 -0400] "POST /wp-cron.php?doing_wp_cron=1729347853.4889180660247802734375 HTTP/1.1" 200 0 "-" "WordPress/6.6.2; https://dietcontrungnhanh.com"
66.249.71.4 - - [19/Oct/2024:10:24:10 -0400] "GET /home HTTP/1.1" 404 18711 "-" "Mozilla/5.0 (Linux; Android 6.0.1; Nexus 5X Build/MMB29P) AppleWebKit/537.36 (KHTML, like Gecko) Chrome/129.0.6668.89 Mobile Safari/537.36 (compatible; Googlebot/2.1; +http://www.google.com/bot.html)"
162.213.251.195 - - [19/Oct/2024:10:25:17 -0400] "POST /wp-cron.php?doing_wp_cron=1729347916.7093579769134521484375 HTTP/1.1" 200 0 "-" "WordPress/6.6.2; https://dietcontrungnhanh.com"
66.249.70.196 - - [19/Oct/2024:10:25:16 -0400] "GET /index2.php HTTP/1.1" 404 16542 "-" "Mozilla/5.0 (Linux; Android 6.0.1; Nexus 5X Build/MMB29P) AppleWebKit/537.36 (KHTML, like Gecko) Chrome/129.0.6668.89 Mobile Safari/537.36 (compatible; Googlebot/2.1; +http://www.google.com/bot.html)"
162.213.251.195 - - [19/Oct/2024:10:25:37 -0400] "POST /wp-cron.php?doing_wp_cron=1729347936.6930398941040039062500 HTTP/1.1" 200 0 "-" "WordPress/6.6.2; https://dietcontrungnhanh.com"
66.249.70.196 - - [19/Oct/2024:10:25:35 -0400] "GET /wp-content/shell.php HTTP/1.1" 404 16547 "-" "Mozilla/5.0 (Linux; Android 6.0.1; Nexus 5X Build/MMB29P) AppleWebKit/537.36 (KHTML, like Gecko) Chrome/129.0.6668.89 Mobile Safari/537.36 (compatible; GoogleOther)"
162.213.251.195 - - [19/Oct/2024:10:26:59 -0400] "POST /wp-cron.php?doing_wp_cron=1729348019.4444270133972167968750 HTTP/1.1" 200 0 "-" "WordPress/6.6.2; https://dietcontrungnhanh.com"
66.249.70.196 - - [19/Oct/2024:10:26:59 -0400] "GET /blog/alfacgiapi/JANCOK.php HTTP/1.1" 404 17413 "-" "Mozilla/5.0 (Linux; Android 6.0.1; Nexus 5X Build/MMB29P) AppleWebKit/537.36 (KHTML, like Gecko) Chrome/129.0.6668.89 Mobile Safari/537.36 (compatible; GoogleOther)"
162.213.251.195 - - [19/Oct/2024:10:27:19 -0400] "POST /wp-cron.php?doing_wp_cron=1729348038.8257369995117187500000 HTTP/1.1" 200 0 "-" "WordPress/6.6.2; https://dietcontrungnhanh.com"
66.249.71.3 - - [19/Oct/2024:10:27:18 -0400] "GET /dich-vu-diet-gian HTTP/1.1" 301 0 "-" "Mozilla/5.0 (Linux; Android 6.0.1; Nexus 5X Build/MMB29P) AppleWebKit/537.36 (KHTML, like Gecko) Chrome/129.0.6668.89 Mobile Safari/537.36 (compatible; Googlebot/2.1; +http://www.google.com/bot.html)"
162.213.251.195 - - [19/Oct/2024:10:27:20 -0400] "POST /wp-cron.php?doing_wp_cron=1729348040.2000999450683593750000 HTTP/1.1" 200 0 "-" "WordPress/6.6.2; https://dietcontrungnhanh.com"
66.249.70.196 - - [19/Oct/2024:10:27:19 -0400] "GET /dich-vu-diet-gian-cu-chi/ HTTP/1.1" 200 27833 "-" "Mozilla/5.0 (Linux; Android 6.0.1; Nexus 5X Build/MMB29P) AppleWebKit/537.36 (KHTML, like Gecko) Chrome/129.0.6668.89 Mobile Safari/537.36 (compatible; Googlebot/2.1; +http://www.google.com/bot.html)"
162.213.251.195 - - [19/Oct/2024:10:27:22 -0400] "POST /wp-cron.php?doing_wp_cron=1729348041.9889340400695800781250 HTTP/1.1" 200 0 "-" "WordPress/6.6.2; https://dietcontrungnhanh.com"
66.249.70.196 - - [19/Oct/2024:10:27:21 -0400] "GET /main.php HTTP/1.1" 404 16551 "-" "Mozilla/5.0 (Linux; Android 6.0.1; Nexus 5X Build/MMB29P) AppleWebKit/537.36 (KHTML, like Gecko) Chrome/129.0.6668.89 Mobile Safari/537.36 (compatible; Googlebot/2.1; +http://www.google.com/bot.html)"
66.249.71.2 - - [19/Oct/2024:10:27:29 -0400] "GET /wp-content/themes/flatsome/assets/js/flatsome.js?ver=a0a7aee297766598a20e HTTP/1.1" 200 16076 "https://dietcontrungnhanh.com/dich-vu-diet-gian-cu-chi/" "Mozilla/5.0 (Linux; Android 6.0.1; Nexus 5X Build/MMB29P) AppleWebKit/537.36 (KHTML, like Gecko) Chrome/129.0.6668.89 Mobile Safari/537.36 (compatible; Googlebot/2.1; +http://www.google.com/bot.html)"
66.249.71.2 - - [19/Oct/2024:10:27:30 -0400] "GET /wp-content/themes/flatsome/assets/css/flatsome-shop.css?ver=3.18.7 HTTP/1.1" 200 6391 "https://dietcontrungnhanh.com/dich-vu-diet-gian-cu-chi/" "Mozilla/5.0 (Linux; Android 6.0.1; Nexus 5X Build/MMB29P) AppleWebKit/537.36 (KHTML, like Gecko) Chrome/129.0.6668.89 Mobile Safari/537.36 (compatible; Googlebot/2.1; +http://www.google.com/bot.html)"
66.249.70.196 - - [19/Oct/2024:10:27:30 -0400] "GET /wp-content/themes/123web-vn/style.css?ver=3.0 HTTP/1.1" 200 3621 "https://dietcontrungnhanh.com/dich-vu-diet-gian-cu-chi/" "Mozilla/5.0 (Linux; Android 6.0.1; Nexus 5X Build/MMB29P) AppleWebKit/537.36 (KHTML, like Gecko) Chrome/129.0.6668.89 Mobile Safari/537.36 (compatible; Googlebot/2.1; +http://www.google.com/bot.html)"
66.249.70.196 - - [19/Oct/2024:10:27:31 -0400] "GET /wp-content/plugins/contact-form-7/includes/css/styles.css?ver=5.9.8 HTTP/1.1" 200 890 "https://dietcontrungnhanh.com/dich-vu-diet-gian-cu-chi/" "Mozilla/5.0 (Linux; Android 6.0.1; Nexus 5X Build/MMB29P) AppleWebKit/537.36 (KHTML, like Gecko) Chrome/129.0.6668.89 Mobile Safari/537.36 (compatible; Googlebot/2.1; +http://www.google.com/bot.html)"
66.249.71.2 - - [19/Oct/2024:10:27:31 -0400] "GET /wp-content/plugins/woocommerce/assets/client/blocks/wc-blocks.css?ver=wc-9.1.4 HTTP/1.1" 200 2339 "https://dietcontrungnhanh.com/dich-vu-diet-gian-cu-chi/" "Mozilla/5.0 (Linux; Android 6.0.1; Nexus 5X Build/MMB29P) AppleWebKit/537.36 (KHTML, like Gecko) Chrome/129.0.6668.89 Mobile Safari/537.36 (compatible; Googlebot/2.1; +http://www.google.com/bot.html)"
66.249.70.196 - - [19/Oct/2024:10:27:31 -0400] "GET /wp-content/themes/flatsome/assets/js/chunk.slider.js?ver=3.18.7 HTTP/1.1" 200 12985 "https://dietcontrungnhanh.com/dich-vu-diet-gian-cu-chi/" "Mozilla/5.0 (Linux; Android 6.0.1; Nexus 5X Build/MMB29P) AppleWebKit/537.36 (KHTML, like Gecko) Chrome/129.0.6668.89 Mobile Safari/537.36 (compatible; Googlebot/2.1; +http://www.google.com/bot.html)"
66.249.70.196 - - [19/Oct/2024:10:27:32 -0400] "GET /wp-content/plugins/easy-table-of-contents/assets/css/screen.min.css?ver=2.0.68.1 HTTP/1.1" 200 1391 "https://dietcontrungnhanh.com/dich-vu-diet-gian-cu-chi/" "Mozilla/5.0 (Linux; Android 6.0.1; Nexus 5X Build/MMB29P) AppleWebKit/537.36 (KHTML, like Gecko) Chrome/129.0.6668.89 Mobile Safari/537.36 (compatible; Googlebot/2.1; +http://www.google.com/bot.html)"
66.249.70.196 - - [19/Oct/2024:10:27:32 -0400] "GET /wp-includes/js/jquery/jquery.min.js?ver=3.7.1 HTTP/1.1" 200 29744 "https://dietcontrungnhanh.com/dich-vu-diet-gian-cu-chi/" "Mozilla/5.0 (Linux; Android 6.0.1; Nexus 5X Build/MMB29P) AppleWebKit/537.36 (KHTML, like Gecko) Chrome/129.0.6668.89 Mobile Safari/537.36 (compatible; Googlebot/2.1; +http://www.google.com/bot.html)"
66.249.70.196 - - [19/Oct/2024:10:27:32 -0400] "GET /wp-content/themes/123web-vn/assets/fontsawesome/css/all.min.css?ver=6.6.2 HTTP/1.1" 200 30125 "https://dietcontrungnhanh.com/dich-vu-diet-gian-cu-chi/" "Mozilla/5.0 (Linux; Android 6.0.1; Nexus 5X Build/MMB29P) AppleWebKit/537.36 (KHTML, like Gecko) Chrome/129.0.6668.89 Mobile Safari/537.36 (compatible; Googlebot/2.1; +http://www.google.com/bot.html)"
66.249.70.196 - - [19/Oct/2024:10:27:32 -0400] "GET /wp-content/themes/flatsome/assets/css/flatsome.css?ver=3.18.7 HTTP/1.1" 200 28781 "https://dietcontrungnhanh.com/dich-vu-diet-gian-cu-chi/" "Mozilla/5.0 (Linux; Android 6.0.1; Nexus 5X Build/MMB29P) AppleWebKit/537.36 (KHTML, like Gecko) Chrome/129.0.6668.89 Mobile Safari/537.36 (compatible; Googlebot/2.1; +http://www.google.com/bot.html)"
66.249.70.196 - - [19/Oct/2024:10:27:33 -0400] "GET /wp-content/plugins/easy-table-of-contents/assets/js/front.min.js?ver=2.0.68.1-1722997104 HTTP/1.1" 200 1328 "https://dietcontrungnhanh.com/dich-vu-diet-gian-cu-chi/" "Mozilla/5.0 (Linux; Android 6.0.1; Nexus 5X Build/MMB29P) AppleWebKit/537.36 (KHTML, like Gecko) Chrome/129.0.6668.89 Mobile Safari/537.36 (compatible; Googlebot/2.1; +http://www.google.com/bot.html)"
66.249.70.196 - - [19/Oct/2024:10:27:33 -0400] "GET /wp-content/plugins/woocommerce/assets/js/js-cookie/js.cookie.min.js?ver=2.1.4-wc.9.1.4 HTTP/1.1" 200 760 "https://dietcontrungnhanh.com/dich-vu-diet-gian-cu-chi/" "Mozilla/5.0 (Linux; Android 6.0.1; Nexus 5X Build/MMB29P) AppleWebKit/537.36 (KHTML, like Gecko) Chrome/129.0.6668.89 Mobile Safari/537.36 (compatible; Googlebot/2.1; +http://www.google.com/bot.html)"
66.249.71.2 - - [19/Oct/2024:10:27:33 -0400] "GET /wp-content/plugins/woocommerce/assets/js/jquery-blockui/jquery.blockUI.min.js?ver=2.7.0-wc.9.1.4 HTTP/1.1" 200 3277 "https://dietcontrungnhanh.com/dich-vu-diet-gian-cu-chi/" "Mozilla/5.0 (Linux; Android 6.0.1; Nexus 5X Build/MMB29P) AppleWebKit/537.36 (KHTML, like Gecko) Chrome/129.0.6668.89 Mobile Safari/537.36 (compatible; Googlebot/2.1; +http://www.google.com/bot.html)"
66.249.70.196 - - [19/Oct/2024:10:27:33 -0400] "GET /wp-content/plugins/contact-form-7/includes/js/index.js?ver=5.9.8 HTTP/1.1" 200 4002 "https://dietcontrungnhanh.com/dich-vu-diet-gian-cu-chi/" "Mozilla/5.0 (Linux; Android 6.0.1; Nexus 5X Build/MMB29P) AppleWebKit/537.36 (KHTML, like Gecko) Chrome/129.0.6668.89 Mobile Safari/537.36 (compatible; Googlebot/2.1; +http://www.google.com/bot.html)"
66.249.71.2 - - [19/Oct/2024:10:27:33 -0400] "GET /wp-content/plugins/easy-table-of-contents/vendor/sticky-kit/jquery.sticky-kit.min.js?ver=1.9.2 HTTP/1.1" 200 1180 "https://dietcontrungnhanh.com/dich-vu-diet-gian-cu-chi/" "Mozilla/5.0 (Linux; Android 6.0.1; Nexus 5X Build/MMB29P) AppleWebKit/537.36 (KHTML, like Gecko) Chrome/129.0.6668.89 Mobile Safari/537.36 (compatible; Googlebot/2.1; +http://www.google.com/bot.html)"
66.249.70.196 - - [19/Oct/2024:10:27:33 -0400] "GET /wp-content/plugins/contact-form-7/includes/swv/js/index.js?ver=5.9.8 HTTP/1.1" 200 3228 "https://dietcontrungnhanh.com/dich-vu-diet-gian-cu-chi/" "Mozilla/5.0 (Linux; Android 6.0.1; Nexus 5X Build/MMB29P) AppleWebKit/537.36 (KHTML, like Gecko) Chrome/129.0.6668.89 Mobile Safari/537.36 (compatible; Googlebot/2.1; +http://www.google.com/bot.html)"
66.249.70.196 - - [19/Oct/2024:10:27:34 -0400] "GET /wp-content/plugins/perfmatters/js/lazyload.min.js?ver=2.3.0 HTTP/1.1" 200 3135 "https://dietcontrungnhanh.com/dich-vu-diet-gian-cu-chi/" "Mozilla/5.0 (Linux; Android 6.0.1; Nexus 5X Build/MMB29P) AppleWebKit/537.36 (KHTML, like Gecko) Chrome/129.0.6668.89 Mobile Safari/537.36 (compatible; Googlebot/2.1; +http://www.google.com/bot.html)"
66.249.71.2 - - [19/Oct/2024:10:27:34 -0400] "GET /wp-content/plugins/easy-table-of-contents/vendor/js-cookie/js.cookie.min.js?ver=2.2.1 HTTP/1.1" 200 995 "https://dietcontrungnhanh.com/dich-vu-diet-gian-cu-chi/" "Mozilla/5.0 (Linux; Android 6.0.1; Nexus 5X Build/MMB29P) AppleWebKit/537.36 (KHTML, like Gecko) Chrome/129.0.6668.89 Mobile Safari/537.36 (compatible; Googlebot/2.1; +http://www.google.com/bot.html)"
66.249.71.2 - - [19/Oct/2024:10:27:34 -0400] "GET /wp-content/themes/flatsome/assets/js/woocommerce.js?ver=49415fe6a9266f32f1f2 HTTP/1.1" 200 7093 "https://dietcontrungnhanh.com/dich-vu-diet-gian-cu-chi/" "Mozilla/5.0 (Linux; Android 6.0.1; Nexus 5X Build/MMB29P) AppleWebKit/537.36 (KHTML, like Gecko) Chrome/129.0.6668.89 Mobile Safari/537.36 (compatible; Googlebot/2.1; +http://www.google.com/bot.html)"
66.249.70.196 - - [19/Oct/2024:10:27:34 -0400] "GET /wp-includes/js/dist/i18n.min.js?ver=5e580eb46a90c2b997e6 HTTP/1.1" 200 3542 "https://dietcontrungnhanh.com/dich-vu-diet-gian-cu-chi/" "Mozilla/5.0 (Linux; Android 6.0.1; Nexus 5X Build/MMB29P) AppleWebKit/537.36 (KHTML, like Gecko) Chrome/129.0.6668.89 Mobile Safari/537.36 (compatible; Googlebot/2.1; +http://www.google.com/bot.html)"
66.249.71.2 - - [19/Oct/2024:10:27:35 -0400] "GET /wp-content/themes/flatsome/assets/js/chunk.popups.js?ver=3.18.7 HTTP/1.1" 200 6941 "https://dietcontrungnhanh.com/dich-vu-diet-gian-cu-chi/" "Mozilla/5.0 (Linux; Android 6.0.1; Nexus 5X Build/MMB29P) AppleWebKit/537.36 (KHTML, like Gecko) Chrome/129.0.6668.89 Mobile Safari/537.36 (compatible; Googlebot/2.1; +http://www.google.com/bot.html)"
66.249.71.2 - - [19/Oct/2024:10:27:35 -0400] "GET /wp-content/plugins/woocommerce/assets/js/frontend/cart-fragments.min.js?ver=9.1.4 HTTP/1.1" 200 943 "https://dietcontrungnhanh.com/dich-vu-diet-gian-cu-chi/" "Mozilla/5.0 (Linux; Android 6.0.1; Nexus 5X Build/MMB29P) AppleWebKit/537.36 (KHTML, like Gecko) Chrome/129.0.6668.89 Mobile Safari/537.36 (compatible; Googlebot/2.1; +http://www.google.com/bot.html)"
66.249.70.196 - - [19/Oct/2024:10:27:35 -0400] "GET /wp-content/themes/flatsome/inc/extensions/flatsome-live-search/flatsome-live-search.js?ver=3.18.7 HTTP/1.1" 200 4709 "https://dietcontrungnhanh.com/dich-vu-diet-gian-cu-chi/" "Mozilla/5.0 (Linux; Android 6.0.1; Nexus 5X Build/MMB29P) AppleWebKit/537.36 (KHTML, like Gecko) Chrome/129.0.6668.89 Mobile Safari/537.36 (compatible; Googlebot/2.1; +http://www.google.com/bot.html)"
66.249.71.2 - - [19/Oct/2024:10:27:36 -0400] "GET /wp-includes/js/dist/hooks.min.js?ver=2810c76e705dd1a53b18 HTTP/1.1" 200 1460 "https://dietcontrungnhanh.com/dich-vu-diet-gian-cu-chi/" "Mozilla/5.0 (Linux; Android 6.0.1; Nexus 5X Build/MMB29P) AppleWebKit/537.36 (KHTML, like Gecko) Chrome/129.0.6668.89 Mobile Safari/537.36 (compatible; Googlebot/2.1; +http://www.google.com/bot.html)"
66.249.71.2 - - [19/Oct/2024:10:27:36 -0400] "GET /wp-content/plugins/easy-table-of-contents/assets/js/smooth_scroll.min.js?ver=2.0.68.1 HTTP/1.1" 200 466 "https://dietcontrungnhanh.com/dich-vu-diet-gian-cu-chi/" "Mozilla/5.0 (Linux; Android 6.0.1; Nexus 5X Build/MMB29P) AppleWebKit/537.36 (KHTML, like Gecko) Chrome/129.0.6668.89 Mobile Safari/537.36 (compatible; Googlebot/2.1; +http://www.google.com/bot.html)"
66.249.71.2 - - [19/Oct/2024:10:27:36 -0400] "GET /wp-content/plugins/woocommerce/assets/js/frontend/order-attribution.min.js?ver=9.1.4 HTTP/1.1" 200 1006 "https://dietcontrungnhanh.com/dich-vu-diet-gian-cu-chi/" "Mozilla/5.0 (Linux; Android 6.0.1; Nexus 5X Build/MMB29P) AppleWebKit/537.36 (KHTML, like Gecko) Chrome/129.0.6668.89 Mobile Safari/537.36 (compatible; Googlebot/2.1; +http://www.google.com/bot.html)"
66.249.71.2 - - [19/Oct/2024:10:27:37 -0400] "GET /wp-content/plugins/woocommerce/assets/js/frontend/woocommerce.min.js?ver=9.1.4 HTTP/1.1" 200 814 "https://dietcontrungnhanh.com/dich-vu-diet-gian-cu-chi/" "Mozilla/5.0 (Linux; Android 6.0.1; Nexus 5X Build/MMB29P) AppleWebKit/537.36 (KHTML, like Gecko) Chrome/129.0.6668.89 Mobile Safari/537.36 (compatible; Googlebot/2.1; +http://www.google.com/bot.html)"
66.249.70.196 - - [19/Oct/2024:10:27:37 -0400] "GET /wp-content/plugins/woocommerce/assets/js/sourcebuster/sourcebuster.min.js?ver=9.1.4 HTTP/1.1" 200 4609 "https://dietcontrungnhanh.com/dich-vu-diet-gian-cu-chi/" "Mozilla/5.0 (Linux; Android 6.0.1; Nexus 5X Build/MMB29P) AppleWebKit/537.36 (KHTML, like Gecko) Chrome/129.0.6668.89 Mobile Safari/537.36 (compatible; Googlebot/2.1; +http://www.google.com/bot.html)"
66.249.71.2 - - [19/Oct/2024:10:27:37 -0400] "GET /wp-content/themes/flatsome/assets/js/chunk.tooltips.js?ver=3.18.7 HTTP/1.1" 200 9748 "https://dietcontrungnhanh.com/dich-vu-diet-gian-cu-chi/" "Mozilla/5.0 (Linux; Android 6.0.1; Nexus 5X Build/MMB29P) AppleWebKit/537.36 (KHTML, like Gecko) Chrome/129.0.6668.89 Mobile Safari/537.36 (compatible; Googlebot/2.1; +http://www.google.com/bot.html)"
66.249.70.196 - - [19/Oct/2024:10:27:37 -0400] "GET /wp-includes/js/hoverIntent.min.js?ver=1.10.2 HTTP/1.1" 200 668 "https://dietcontrungnhanh.com/dich-vu-diet-gian-cu-chi/" "Mozilla/5.0 (Linux; Android 6.0.1; Nexus 5X Build/MMB29P) AppleWebKit/537.36 (KHTML, like Gecko) Chrome/129.0.6668.89 Mobile Safari/537.36 (compatible; Googlebot/2.1; +http://www.google.com/bot.html)"
66.249.70.196 - - [19/Oct/2024:10:27:37 -0400] "GET /wp-content/plugins/woocommerce/assets/js/frontend/add-to-cart.min.js?ver=9.1.4 HTTP/1.1" 200 989 "https://dietcontrungnhanh.com/dich-vu-diet-gian-cu-chi/" "Mozilla/5.0 (Linux; Android 6.0.1; Nexus 5X Build/MMB29P) AppleWebKit/537.36 (KHTML, like Gecko) Chrome/129.0.6668.89 Mobile Safari/537.36 (compatible; Googlebot/2.1; +http://www.google.com/bot.html)"
66.249.71.2 - - [19/Oct/2024:10:27:38 -0400] "GET /wp-includes/js/jquery/jquery-migrate.min.js?ver=3.4.1 HTTP/1.1" 200 4678 "https://dietcontrungnhanh.com/dich-vu-diet-gian-cu-chi/" "Mozilla/5.0 (Linux; Android 6.0.1; Nexus 5X Build/MMB29P) AppleWebKit/537.36 (KHTML, like Gecko) Chrome/129.0.6668.89 Mobile Safari/537.36 (compatible; Googlebot/2.1; +http://www.google.com/bot.html)"
162.213.251.195 - - [19/Oct/2024:10:27:39 -0400] "POST /wp-cron.php?doing_wp_cron=1729348059.6639881134033203125000 HTTP/1.1" 200 0 "-" "WordPress/6.6.2; https://dietcontrungnhanh.com"
66.249.70.196 - - [19/Oct/2024:10:27:39 -0400] "POST /?wc-ajax=get_refreshed_fragments HTTP/1.1" 200 1500 "https://dietcontrungnhanh.com/dich-vu-diet-gian-cu-chi/" "Mozilla/5.0 (Linux; Android 6.0.1; Nexus 5X Build/MMB29P) AppleWebKit/537.36 (KHTML, like Gecko) Chrome/129.0.6668.89 Mobile Safari/537.36 (compatible; Googlebot/2.1; +http://www.google.com/bot.html)"
162.213.251.195 - - [19/Oct/2024:10:29:22 -0400] "POST /wp-cron.php?doing_wp_cron=1729348162.0676760673522949218750 HTTP/1.1" 200 0 "-" "WordPress/6.6.2; https://dietcontrungnhanh.com"
66.249.70.197 - - [19/Oct/2024:10:29:18 -0400] "GET /BLOG HTTP/1.1" 404 18730 "-" "Mozilla/5.0 (Linux; Android 6.0.1; Nexus 5X Build/MMB29P) AppleWebKit/537.36 (KHTML, like Gecko) Chrome/129.0.6668.89 Mobile Safari/537.36 (compatible; GoogleOther)"
162.213.251.195 - - [19/Oct/2024:10:30:30 -0400] "POST /wp-cron.php?doing_wp_cron=1729348229.9143409729003906250000 HTTP/1.1" 200 0 "-" "WordPress/6.6.2; https://dietcontrungnhanh.com"
66.249.71.2 - - [19/Oct/2024:10:30:28 -0400] "GET /archivarix.cms.php HTTP/1.1" 404 16538 "-" "Mozilla/5.0 (Linux; Android 6.0.1; Nexus 5X Build/MMB29P) AppleWebKit/537.36 (KHTML, like Gecko) Chrome/129.0.6668.89 Mobile Safari/537.36 (compatible; Googlebot/2.1; +http://www.google.com/bot.html)"
162.213.251.195 - - [19/Oct/2024:10:32:08 -0400] "POST /wp-cron.php?doing_wp_cron=1729348328.2739920616149902343750 HTTP/1.1" 200 0 "-" "WordPress/6.6.2; https://dietcontrungnhanh.com"
66.249.71.4 - - [19/Oct/2024:10:32:05 -0400] "GET /sad/about.php HTTP/1.1" 404 16551 "-" "Mozilla/5.0 (Linux; Android 6.0.1; Nexus 5X Build/MMB29P) AppleWebKit/537.36 (KHTML, like Gecko) Chrome/129.0.6668.89 Mobile Safari/537.36 (compatible; GoogleOther)"
162.213.251.195 - - [19/Oct/2024:10:33:47 -0400] "POST /wp-cron.php?doing_wp_cron=1729348427.6740489006042480468750 HTTP/1.1" 200 0 "-" "WordPress/6.6.2; https://dietcontrungnhanh.com"
66.249.70.197 - - [19/Oct/2024:10:33:44 -0400] "GET /SITE HTTP/1.1" 404 18718 "-" "Mozilla/5.0 (Linux; Android 6.0.1; Nexus 5X Build/MMB29P) AppleWebKit/537.36 (KHTML, like Gecko) Chrome/129.0.6668.89 Mobile Safari/537.36 (compatible; Googlebot/2.1; +http://www.google.com/bot.html)"
162.213.251.195 - - [19/Oct/2024:10:34:52 -0400] "POST /wp-cron.php?doing_wp_cron=1729348492.1435608863830566406250 HTTP/1.1" 200 0 "-" "WordPress/6.6.2; https://dietcontrungnhanh.com"
66.249.70.198 - - [19/Oct/2024:10:34:51 -0400] "GET /archives.php HTTP/1.1" 404 16554 "-" "Mozilla/5.0 (Linux; Android 6.0.1; Nexus 5X Build/MMB29P) AppleWebKit/537.36 (KHTML, like Gecko) Chrome/129.0.6668.89 Mobile Safari/537.36 (compatible; GoogleOther)"
162.213.251.195 - - [19/Oct/2024:10:37:06 -0400] "POST /wp-cron.php?doing_wp_cron=1729348626.0238978862762451171875 HTTP/1.1" 200 0 "-" "WordPress/6.6.2; https://dietcontrungnhanh.com"
66.249.70.196 - - [19/Oct/2024:10:37:01 -0400] "GET /diet-moi-sinh-hoc HTTP/1.1" 404 18727 "-" "Mozilla/5.0 (Linux; Android 6.0.1; Nexus 5X Build/MMB29P) AppleWebKit/537.36 (KHTML, like Gecko) Chrome/129.0.6668.89 Mobile Safari/537.36 (compatible; Googlebot/2.1; +http://www.google.com/bot.html)"
162.213.251.195 - - [19/Oct/2024:10:37:39 -0400] "POST /wp-cron.php?doing_wp_cron=1729348658.9893529415130615234375 HTTP/1.1" 200 0 "-" "WordPress/6.6.2; https://dietcontrungnhanh.com"
66.249.71.3 - - [19/Oct/2024:10:37:38 -0400] "GET /simple_php_backdoor_by_dk.php HTTP/1.1" 404 16538 "-" "Mozilla/5.0 (Linux; Android 6.0.1; Nexus 5X Build/MMB29P) AppleWebKit/537.36 (KHTML, like Gecko) Chrome/129.0.6668.89 Mobile Safari/537.36 (compatible; GoogleOther)"
162.213.251.195 - - [19/Oct/2024:10:40:20 -0400] "POST /wp-cron.php?doing_wp_cron=1729348820.3293991088867187500000 HTTP/1.1" 200 0 "-" "WordPress/6.6.2; https://dietcontrungnhanh.com"
66.249.70.198 - - [19/Oct/2024:10:40:17 -0400] "GET /cach-diet-muoi-hieu-qua-nhat HTTP/1.1" 404 18727 "-" "Mozilla/5.0 (Linux; Android 6.0.1; Nexus 5X Build/MMB29P) AppleWebKit/537.36 (KHTML, like Gecko) Chrome/129.0.6668.89 Mobile Safari/537.36 (compatible; Googlebot/2.1; +http://www.google.com/bot.html)"
162.213.251.195 - - [19/Oct/2024:10:43:17 -0400] "POST /wp-cron.php?doing_wp_cron=1729348997.0998349189758300781250 HTTP/1.1" 200 0 "-" "WordPress/6.6.2; https://dietcontrungnhanh.com"
66.249.70.198 - - [19/Oct/2024:10:43:14 -0400] "GET /who.php HTTP/1.1" 404 16532 "-" "Mozilla/5.0 (Linux; Android 6.0.1; Nexus 5X Build/MMB29P) AppleWebKit/537.36 (KHTML, like Gecko) Chrome/129.0.6668.89 Mobile Safari/537.36 (compatible; GoogleOther)"
162.213.251.195 - - [19/Oct/2024:10:43:35 -0400] "POST /wp-cron.php?doing_wp_cron=1729349015.4157478809356689453125 HTTP/1.1" 200 0 "-" "WordPress/6.6.2; https://dietcontrungnhanh.com"
66.249.70.196 - - [19/Oct/2024:10:43:34 -0400] "GET /cac-meo-diet-gian-hieu-qua HTTP/1.1" 404 18704 "-" "Mozilla/5.0 (Linux; Android 6.0.1; Nexus 5X Build/MMB29P) AppleWebKit/537.36 (KHTML, like Gecko) Chrome/129.0.6668.89 Mobile Safari/537.36 (compatible; Googlebot/2.1; +http://www.google.com/bot.html)"
162.213.251.195 - - [19/Oct/2024:10:46:00 -0400] "POST /wp-cron.php?doing_wp_cron=1729349159.8859939575195312500000 HTTP/1.1" 200 0 "-" "WordPress/6.6.2; https://dietcontrungnhanh.com"
66.249.70.198 - - [19/Oct/2024:10:45:56 -0400] "GET /wordpress.php HTTP/1.1" 404 16524 "-" "Mozilla/5.0 (Linux; Android 6.0.1; Nexus 5X Build/MMB29P) AppleWebKit/537.36 (KHTML, like Gecko) Chrome/129.0.6668.89 Mobile Safari/537.36 (compatible; GoogleOther)"
162.213.251.195 - - [19/Oct/2024:10:46:38 -0400] "POST /wp-cron.php?doing_wp_cron=1729349198.4951701164245605468750 HTTP/1.1" 200 0 "-" "WordPress/6.6.2; https://dietcontrungnhanh.com"
66.249.71.2 - - [19/Oct/2024:10:46:38 -0400] "GET /.vscode/sftp.json HTTP/1.1" 404 18739 "-" "Mozilla/5.0 (Linux; Android 6.0.1; Nexus 5X Build/MMB29P) AppleWebKit/537.36 (KHTML, like Gecko) Chrome/129.0.6668.89 Mobile Safari/537.36 (compatible; GoogleOther)"
162.213.251.195 - - [19/Oct/2024:10:46:50 -0400] "POST /wp-cron.php?doing_wp_cron=1729349210.2217800617218017578125 HTTP/1.1" 200 0 "-" "WordPress/6.6.2; https://dietcontrungnhanh.com"
66.249.70.196 - - [19/Oct/2024:10:46:49 -0400] "GET /soi-cau-mb-hom-nay-chinh-xac-nhat-ngay-26-12-p281.html HTTP/1.1" 404 18727 "-" "Mozilla/5.0 (Linux; Android 6.0.1; Nexus 5X Build/MMB29P) AppleWebKit/537.36 (KHTML, like Gecko) Chrome/129.0.6668.89 Mobile Safari/537.36 (compatible; Googlebot/2.1; +http://www.google.com/bot.html)"
162.213.251.195 - - [19/Oct/2024:10:48:45 -0400] "POST /wp-cron.php?doing_wp_cron=1729349324.7996850013732910156250 HTTP/1.1" 200 0 "-" "WordPress/6.6.2; https://dietcontrungnhanh.com"
66.249.71.4 - - [19/Oct/2024:10:48:42 -0400] "GET /q.php HTTP/1.1" 404 16562 "-" "Mozilla/5.0 (Linux; Android 6.0.1; Nexus 5X Build/MMB29P) AppleWebKit/537.36 (KHTML, like Gecko) Chrome/129.0.6668.89 Mobile Safari/537.36 (compatible; GoogleOther)"
162.213.251.195 - - [19/Oct/2024:10:50:07 -0400] "POST /wp-cron.php?doing_wp_cron=1729349407.2643148899078369140625 HTTP/1.1" 200 0 "-" "WordPress/6.6.2; https://dietcontrungnhanh.com"
66.249.71.3 - - [19/Oct/2024:10:50:06 -0400] "GET /Site HTTP/1.1" 404 18711 "-" "Mozilla/5.0 (Linux; Android 6.0.1; Nexus 5X Build/MMB29P) AppleWebKit/537.36 (KHTML, like Gecko) Chrome/129.0.6668.89 Mobile Safari/537.36 (compatible; Googlebot/2.1; +http://www.google.com/bot.html)"
162.213.251.195 - - [19/Oct/2024:10:51:30 -0400] "POST /wp-cron.php?doing_wp_cron=1729349489.8058180809020996093750 HTTP/1.1" 200 0 "-" "WordPress/6.6.2; https://dietcontrungnhanh.com"
66.249.71.3 - - [19/Oct/2024:10:51:29 -0400] "GET /n.php HTTP/1.1" 404 16534 "-" "Mozilla/5.0 (Linux; Android 6.0.1; Nexus 5X Build/MMB29P) AppleWebKit/537.36 (KHTML, like Gecko) Chrome/129.0.6668.89 Mobile Safari/537.36 (compatible; GoogleOther)"
162.213.251.195 - - [19/Oct/2024:10:53:26 -0400] "POST /wp-cron.php?doing_wp_cron=1729349606.4276959896087646484375 HTTP/1.1" 200 0 "-" "WordPress/6.6.2; https://dietcontrungnhanh.com"
66.249.70.196 - - [19/Oct/2024:10:53:22 -0400] "GET /cach-diet-kien-lua-hieu-qua/diet-kien-lua-hieu-qua HTTP/1.1" 404 18744 "-" "Mozilla/5.0 (Linux; Android 6.0.1; Nexus 5X Build/MMB29P) AppleWebKit/537.36 (KHTML, like Gecko) Chrome/129.0.6668.89 Mobile Safari/537.36 (compatible; Googlebot/2.1; +http://www.google.com/bot.html)"
162.213.251.195 - - [19/Oct/2024:10:54:15 -0400] "POST /wp-cron.php?doing_wp_cron=1729349655.4093549251556396484375 HTTP/1.1" 200 0 "-" "WordPress/6.6.2; https://dietcontrungnhanh.com"
66.249.71.2 - - [19/Oct/2024:10:54:15 -0400] "GET /blog/wp-content/1975.php HTTP/1.1" 404 17363 "-" "Mozilla/5.0 (Linux; Android 6.0.1; Nexus 5X Build/MMB29P) AppleWebKit/537.36 (KHTML, like Gecko) Chrome/129.0.6668.89 Mobile Safari/537.36 (compatible; GoogleOther)"
162.213.251.195 - - [19/Oct/2024:10:56:43 -0400] "POST /wp-cron.php?doing_wp_cron=1729349803.5753669738769531250000 HTTP/1.1" 200 0 "-" "WordPress/6.6.2; https://dietcontrungnhanh.com"
66.249.71.4 - - [19/Oct/2024:10:56:39 -0400] "GET /chosen.php HTTP/1.1" 404 16532 "-" "Mozilla/5.0 (Linux; Android 6.0.1; Nexus 5X Build/MMB29P) AppleWebKit/537.36 (KHTML, like Gecko) Chrome/129.0.6668.89 Mobile Safari/537.36 (compatible; Googlebot/2.1; +http://www.google.com/bot.html)"
162.213.251.195 - - [19/Oct/2024:10:57:02 -0400] "POST /wp-cron.php?doing_wp_cron=1729349822.3139979839324951171875 HTTP/1.1" 200 0 "-" "WordPress/6.6.2; https://dietcontrungnhanh.com"
66.249.71.3 - - [19/Oct/2024:10:57:01 -0400] "GET /xo.php HTTP/1.1" 404 16536 "-" "Mozilla/5.0 (Linux; Android 6.0.1; Nexus 5X Build/MMB29P) AppleWebKit/537.36 (KHTML, like Gecko) Chrome/129.0.6668.89 Mobile Safari/537.36 (compatible; GoogleOther)"
162.213.251.195 - - [19/Oct/2024:10:59:51 -0400] "POST /wp-cron.php?doing_wp_cron=1729349991.2569329738616943359375 HTTP/1.1" 200 0 "-" "WordPress/6.6.2; https://dietcontrungnhanh.com"
66.249.71.2 - - [19/Oct/2024:10:59:47 -0400] "GET /skipper.php HTTP/1.1" 404 16529 "-" "Mozilla/5.0 (Linux; Android 6.0.1; Nexus 5X Build/MMB29P) AppleWebKit/537.36 (KHTML, like Gecko) Chrome/129.0.6668.89 Mobile Safari/537.36 (compatible; GoogleOther)"
162.213.251.195 - - [19/Oct/2024:10:59:56 -0400] "POST /wp-cron.php?doing_wp_cron=1729349996.3551819324493408203125 HTTP/1.1" 200 0 "-" "WordPress/6.6.2; https://dietcontrungnhanh.com"
66.249.70.193 - - [19/Oct/2024:10:59:56 -0400] "GET /wp-content/inputs.php HTTP/1.1" 404 16549 "-" "Mozilla/5.0 (Linux; Android 6.0.1; Nexus 5X Build/MMB29P) AppleWebKit/537.36 (KHTML, like Gecko) Chrome/129.0.6668.89 Mobile Safari/537.36 (compatible; Googlebot/2.1; +http://www.google.com/bot.html)"
162.213.251.195 - - [19/Oct/2024:11:02:36 -0400] "POST /wp-cron.php?doing_wp_cron=1729350155.8866569995880126953125 HTTP/1.1" 200 0 "-" "WordPress/6.6.2; https://dietcontrungnhanh.com"
66.249.70.193 - - [19/Oct/2024:11:02:33 -0400] "GET /wp-mails.php HTTP/1.1" 404 16527 "-" "Mozilla/5.0 (Linux; Android 6.0.1; Nexus 5X Build/MMB29P) AppleWebKit/537.36 (KHTML, like Gecko) Chrome/129.0.6668.89 Mobile Safari/537.36 (compatible; GoogleOther)"
162.213.251.195 - - [19/Oct/2024:11:05:22 -0400] "POST /wp-cron.php?doing_wp_cron=1729350321.9683349132537841796875 HTTP/1.1" 200 0 "-" "WordPress/6.6.2; https://dietcontrungnhanh.com"
66.249.70.195 - - [19/Oct/2024:11:05:18 -0400] "GET /cach-diet-moi-dan-gian HTTP/1.1" 404 18717 "-" "Mozilla/5.0 (Linux; Android 6.0.1; Nexus 5X Build/MMB29P) AppleWebKit/537.36 (KHTML, like Gecko) Chrome/129.0.6668.89 Mobile Safari/537.36 (compatible; GoogleOther)"
162.213.251.195 - - [19/Oct/2024:11:06:06 -0400] "POST /wp-cron.php?doing_wp_cron=1729350366.4175040721893310546875 HTTP/1.1" 200 0 "-" "WordPress/6.6.2; https://dietcontrungnhanh.com"
66.249.70.193 - - [19/Oct/2024:11:06:05 -0400] "GET /cach-diet-kien-den-tren-cay HTTP/1.1" 404 18730 "-" "Mozilla/5.0 (Linux; Android 6.0.1; Nexus 5X Build/MMB29P) AppleWebKit/537.36 (KHTML, like Gecko) Chrome/129.0.6668.89 Mobile Safari/537.36 (compatible; Googlebot/2.1; +http://www.google.com/bot.html)"
162.213.251.195 - - [19/Oct/2024:11:08:19 -0400] "POST /wp-cron.php?doing_wp_cron=1729350499.4138300418853759765625 HTTP/1.1" 200 0 "-" "WordPress/6.6.2; https://dietcontrungnhanh.com"
66.249.70.195 - - [19/Oct/2024:11:08:12 -0400] "GET /!.php HTTP/1.1" 404 16533 "-" "Mozilla/5.0 (Linux; Android 6.0.1; Nexus 5X Build/MMB29P) AppleWebKit/537.36 (KHTML, like Gecko) Chrome/129.0.6668.89 Mobile Safari/537.36 (compatible; GoogleOther)"
162.213.251.195 - - [19/Oct/2024:11:10:55 -0400] "POST /wp-cron.php?doing_wp_cron=1729350655.4693639278411865234375 HTTP/1.1" 200 0 "-" "WordPress/6.6.2; https://dietcontrungnhanh.com"
66.249.71.2 - - [19/Oct/2024:11:10:52 -0400] "GET /tuco.php HTTP/1.1" 404 16548 "-" "Mozilla/5.0 (Linux; Android 6.0.1; Nexus 5X Build/MMB29P) AppleWebKit/537.36 (KHTML, like Gecko) Chrome/129.0.6668.89 Mobile Safari/537.36 (compatible; GoogleOther)"
162.213.251.195 - - [19/Oct/2024:11:12:25 -0400] "POST /wp-cron.php?doing_wp_cron=1729350745.1207709312438964843750 HTTP/1.1" 200 0 "-" "WordPress/6.6.2; https://dietcontrungnhanh.com"
66.249.71.2 - - [19/Oct/2024:11:12:21 -0400] "GET /vendor/phpunit/phpunit/src/Util/PHP/ HTTP/1.1" 404 19614 "-" "Mozilla/5.0 (Linux; Android 6.0.1; Nexus 5X Build/MMB29P) AppleWebKit/537.36 (KHTML, like Gecko) Chrome/129.0.6668.89 Mobile Safari/537.36 (compatible; GoogleOther)"
162.213.251.195 - - [19/Oct/2024:11:13:39 -0400] "POST /wp-cron.php?doing_wp_cron=1729350819.0303599834442138671875 HTTP/1.1" 200 0 "-" "WordPress/6.6.2; https://dietcontrungnhanh.com"
66.249.71.3 - - [19/Oct/2024:11:13:38 -0400] "GET /russian.php HTTP/1.1" 404 16535 "-" "Mozilla/5.0 (Linux; Android 6.0.1; Nexus 5X Build/MMB29P) AppleWebKit/537.36 (KHTML, like Gecko) Chrome/129.0.6668.89 Mobile Safari/537.36 (compatible; GoogleOther)"
162.213.251.195 - - [19/Oct/2024:11:14:29 -0400] "POST /wp-cron.php?doing_wp_cron=1729350868.7075378894805908203125 HTTP/1.1" 200 0 "-" "WordPress/6.6.2; https://dietcontrungnhanh.com"
66.249.70.198 - - [19/Oct/2024:11:14:28 -0400] "GET /dich-vu-diet-con-trung HTTP/1.1" 404 18687 "-" "Mozilla/5.0 (Linux; Android 6.0.1; Nexus 5X Build/MMB29P) AppleWebKit/537.36 (KHTML, like Gecko) Chrome/129.0.6668.89 Mobile Safari/537.36 (compatible; Googlebot/2.1; +http://www.google.com/bot.html)"
162.213.251.195 - - [19/Oct/2024:11:14:41 -0400] "POST /wp-cron.php?doing_wp_cron=1729350881.3983380794525146484375 HTTP/1.1" 200 0 "-" "WordPress/6.6.2; https://dietcontrungnhanh.com"
66.249.70.197 - - [19/Oct/2024:11:14:40 -0400] "GET /administrator/index.php HTTP/1.1" 301 0 "-" "Mozilla/5.0 (Linux; Android 6.0.1; Nexus 5X Build/MMB29P) AppleWebKit/537.36 (KHTML, like Gecko) Chrome/129.0.6668.89 Mobile Safari/537.36 (compatible; Googlebot/2.1; +http://www.google.com/bot.html)"
66.249.70.197 - - [19/Oct/2024:11:14:42 -0400] "GET /administrator/ HTTP/1.1" 404 18739 "-" "Mozilla/5.0 (Linux; Android 6.0.1; Nexus 5X Build/MMB29P) AppleWebKit/537.36 (KHTML, like Gecko) Chrome/129.0.6668.89 Mobile Safari/537.36 (compatible; Googlebot/2.1; +http://www.google.com/bot.html)"
162.213.251.195 - - [19/Oct/2024:11:16:26 -0400] "POST /wp-cron.php?doing_wp_cron=1729350986.6409049034118652343750 HTTP/1.1" 200 0 "-" "WordPress/6.6.2; https://dietcontrungnhanh.com"
66.249.70.196 - - [19/Oct/2024:11:16:23 -0400] "GET /fatal.php HTTP/1.1" 404 16553 "-" "Mozilla/5.0 (Linux; Android 6.0.1; Nexus 5X Build/MMB29P) AppleWebKit/537.36 (KHTML, like Gecko) Chrome/129.0.6668.89 Mobile Safari/537.36 (compatible; GoogleOther)"
66.249.70.196 - - [19/Oct/2024:11:16:43 -0400] "GET /wp-admin/customize.php HTTP/1.1" 302 0 "-" "Mozilla/5.0 (Linux; Android 6.0.1; Nexus 5X Build/MMB29P) AppleWebKit/537.36 (KHTML, like Gecko) Chrome/129.0.6668.89 Mobile Safari/537.36 (compatible; Googlebot/2.1; +http://www.google.com/bot.html)"
162.213.251.195 - - [19/Oct/2024:11:16:45 -0400] "POST /wp-cron.php?doing_wp_cron=1729351004.8550739288330078125000 HTTP/1.1" 200 0 "-" "WordPress/6.6.2; https://dietcontrungnhanh.com"
66.249.70.197 - - [19/Oct/2024:11:16:44 -0400] "GET /wp-login.php?redirect_to=https%3A%2F%2Fdietcontrungnhanh.com%2Fwp-admin%2Fcustomize.php&reauth=1 HTTP/1.1" 200 2820 "-" "Mozilla/5.0 (Linux; Android 6.0.1; Nexus 5X Build/MMB29P) AppleWebKit/537.36 (KHTML, like Gecko) Chrome/129.0.6668.89 Mobile Safari/537.36 (compatible; Googlebot/2.1; +http://www.google.com/bot.html)"
66.249.70.196 - - [19/Oct/2024:11:16:47 -0400] "GET /wp-includes/js/underscore.min.js?ver=1.13.4 HTTP/1.1" 200 7179 "https://dietcontrungnhanh.com/wp-login.php?redirect_to=https%3A%2F%2Fdietcontrungnhanh.com%2Fwp-admin%2Fcustomize.php&reauth=1" "Mozilla/5.0 (Linux; Android 6.0.1; Nexus 5X Build/MMB29P) AppleWebKit/537.36 (KHTML, like Gecko) Chrome/129.0.6668.89 Mobile Safari/537.36 (compatible; Googlebot/2.1; +http://www.google.com/bot.html)"
66.249.70.196 - - [19/Oct/2024:11:16:48 -0400] "GET /wp-includes/css/dashicons.min.css?ver=6.6.2 HTTP/1.1" 200 35110 "https://dietcontrungnhanh.com/wp-login.php?redirect_to=https%3A%2F%2Fdietcontrungnhanh.com%2Fwp-admin%2Fcustomize.php&reauth=1" "Mozilla/5.0 (Linux; Android 6.0.1; Nexus 5X Build/MMB29P) AppleWebKit/537.36 (KHTML, like Gecko) Chrome/129.0.6668.89 Mobile Safari/537.36 (compatible; Googlebot/2.1; +http://www.google.com/bot.html)"
66.249.71.2 - - [19/Oct/2024:11:16:48 -0400] "GET /wp-admin/css/l10n.min.css?ver=6.6.2 HTTP/1.1" 200 675 "https://dietcontrungnhanh.com/wp-login.php?redirect_to=https%3A%2F%2Fdietcontrungnhanh.com%2Fwp-admin%2Fcustomize.php&reauth=1" "Mozilla/5.0 (Linux; Android 6.0.1; Nexus 5X Build/MMB29P) AppleWebKit/537.36 (KHTML, like Gecko) Chrome/129.0.6668.89 Mobile Safari/537.36 (compatible; Googlebot/2.1; +http://www.google.com/bot.html)"
66.249.70.196 - - [19/Oct/2024:11:16:48 -0400] "GET /wp-admin/css/login.min.css?ver=6.6.2 HTTP/1.1" 200 1981 "https://dietcontrungnhanh.com/wp-login.php?redirect_to=https%3A%2F%2Fdietcontrungnhanh.com%2Fwp-admin%2Fcustomize.php&reauth=1" "Mozilla/5.0 (Linux; Android 6.0.1; Nexus 5X Build/MMB29P) AppleWebKit/537.36 (KHTML, like Gecko) Chrome/129.0.6668.89 Mobile Safari/537.36 (compatible; Googlebot/2.1; +http://www.google.com/bot.html)"
