206.189.200.16 - - [18/Oct/2024:18:14:25 -0400] "GET /wp-content/themes/sahifa/index.php?here=1111 HTTP/1.1" 301 0 "thietke365.net" "Mozilla/5.0 (Windows NT 6.1; Win64; x64) AppleWebKit/537.36 (KHTML, like Gecko) Chrome/242.02.8301.120 Safari/537.36"
206.189.200.16 - - [18/Oct/2024:18:14:26 -0400] "GET /wp-content/themes/sahifa/?here=1111 HTTP/1.1" 404 29062 "thietke365.net" "Mozilla/5.0 (Windows NT 6.1; Win64; x64) AppleWebKit/537.36 (KHTML, like Gecko) Chrome/242.02.8301.120 Safari/537.36"
162.213.251.195 - - [18/Oct/2024:18:33:37 -0400] "POST /wp-cron.php?doing_wp_cron=1729290817.6252760887145996093750 HTTP/1.1" 200 0 "-" "WordPress/6.6.2; https://thietke365.net"
216.244.66.249 - - [18/Oct/2024:18:33:32 -0400] "GET /san-pham/theme-wordpress-flatsome-ban-ghe-matxa/ HTTP/1.1" 200 37814 "-" "Mozilla/5.0 (compatible; DotBot/1.2; +https://opensiteexplorer.org/dotbot; [email protected])"
162.213.251.195 - - [18/Oct/2024:18:35:36 -0400] "POST /wp-cron.php?doing_wp_cron=1729290936.0788669586181640625000 HTTP/1.1" 200 0 "-" "WordPress/6.6.2; https://thietke365.net"
87.120.114.208 - - [18/Oct/2024:18:35:33 -0400] "POST /wp-login.php HTTP/1.1" 200 3074 "-" "Mozilla/5.0"
162.213.251.195 - - [18/Oct/2024:18:50:53 -0400] "POST /wp-cron.php?doing_wp_cron=1729291852.9310181140899658203125 HTTP/1.1" 200 0 "-" "WordPress/6.6.2; https://thietke365.net"
2a0d:b201:1012:1b37:1:0:6ed0:8a79 - - [18/Oct/2024:18:50:46 -0400] "GET /wp-login.php HTTP/1.1" 200 2888 "https://thietke365.net/wp-login.php" "Mozilla/5.0 (X11; Ubuntu; Linux x86_64; rv:63.0) Gecko/20100101 Firefox/63.0"
2a0d:b201:1012:1b37:1:0:6ed0:8a79 - - [18/Oct/2024:18:50:54 -0400] "POST /wp-login.php HTTP/1.1" 200 3080 "http://drjoosub.co.za/admin/index.php" "Mozilla/5.0 (X11; Ubuntu; Linux x86_64; rv:63.0) Gecko/20100101 Firefox/63.0"
162.213.251.195 - - [18/Oct/2024:18:55:58 -0400] "POST /wp-cron.php?doing_wp_cron=1729292158.4640069007873535156250 HTTP/1.1" 200 0 "-" "WordPress/6.6.2; https://thietke365.net"
216.244.66.249 - - [18/Oct/2024:18:55:54 -0400] "GET /robots.txt HTTP/1.1" 200 111 "-" "Mozilla/5.0 (compatible; DotBot/1.2; +https://opensiteexplorer.org/dotbot; [email protected])"
162.213.251.195 - - [18/Oct/2024:19:05:17 -0400] "POST /wp-cron.php?doing_wp_cron=1729292717.3519439697265625000000 HTTP/1.1" 200 0 "-" "WordPress/6.6.2; https://thietke365.net"
66.249.76.39 - - [18/Oct/2024:19:05:16 -0400] "GET /robots.txt HTTP/1.1" 200 111 "-" "Mozilla/5.0 (compatible; Googlebot/2.1; +http://www.google.com/bot.html)"
162.213.251.195 - - [18/Oct/2024:19:05:17 -0400] "POST /wp-cron.php?doing_wp_cron=1729292717.3521039485931396484375 HTTP/1.1" 200 0 "-" "WordPress/6.6.2; https://thietke365.net"
87.120.114.208 - - [18/Oct/2024:19:05:07 -0400] "POST /wp-login.php HTTP/1.1" 200 3074 "-" "Mozilla/5.0"
66.249.64.71 - - [18/Oct/2024:19:05:17 -0400] "GET /wp-content/uploads/2023/10/dulich9.jpg HTTP/1.1" 200 337477 "-" "Googlebot-Image/1.0"
162.213.251.195 - - [18/Oct/2024:19:11:46 -0400] "POST /wp-cron.php?doing_wp_cron=1729293105.9223730564117431640625 HTTP/1.1" 200 0 "-" "WordPress/6.6.2; https://thietke365.net"
17.241.227.159 - - [18/Oct/2024:19:11:41 -0400] "GET /robots.txt HTTP/1.1" 200 111 "-" "Mozilla/5.0 (Macintosh; Intel Mac OS X 10_15_7) AppleWebKit/605.1.15 (KHTML, like Gecko) Version/17.4 Safari/605.1.15 (Applebot/0.1; +http://www.apple.com/go/applebot)"
17.241.227.159 - - [18/Oct/2024:19:11:46 -0400] "GET /san-pham/theme-wordpress-nha-khoa-03/ HTTP/1.1" 200 37825 "-" "Mozilla/5.0 (Macintosh; Intel Mac OS X 10_15_7) AppleWebKit/605.1.15 (KHTML, like Gecko) Version/17.4 Safari/605.1.15 (Applebot/0.1; +http://www.apple.com/go/applebot)"
17.22.237.49 - - [18/Oct/2024:19:17:53 -0400] "GET /wp-content/plugins/wp-bottom-menu/assets/css/style.css?ver=2.2.1 HTTP/1.1" 200 939 "https://thietke365.net/san-pham/theme-wordpress-nha-khoa-03/" "Mozilla/5.0 (Macintosh; Intel Mac OS X 10_15_7) AppleWebKit/605.1.15 (KHTML, like Gecko) Version/17.4 Safari/605.1.15 (Applebot/0.1; +http://www.apple.com/go/applebot)"
17.22.253.13 - - [18/Oct/2024:19:17:53 -0400] "GET /wp-content/plugins/woocommerce/assets/css/photoswipe/default-skin/default-skin.min.css?ver=8.0.2 HTTP/1.1" 200 1728 "https://thietke365.net/san-pham/theme-wordpress-nha-khoa-03/" "Mozilla/5.0 (Macintosh; Intel Mac OS X 10_15_7) AppleWebKit/605.1.15 (KHTML, like Gecko) Version/17.4 Safari/605.1.15 (Applebot/0.1; +http://www.apple.com/go/applebot)"
17.22.237.251 - - [18/Oct/2024:19:17:53 -0400] "GET /wp-content/plugins/yith-woocommerce-product-add-ons/assets/css/front.css?ver=4.0.1 HTTP/1.1" 200 4748 "https://thietke365.net/san-pham/theme-wordpress-nha-khoa-03/" "Mozilla/5.0 (Macintosh; Intel Mac OS X 10_15_7) AppleWebKit/605.1.15 (KHTML, like Gecko) Version/17.4 Safari/605.1.15 (Applebot/0.1; +http://www.apple.com/go/applebot)"
17.22.245.135 - - [18/Oct/2024:19:17:53 -0400] "GET /wp-content/plugins/contact-form-7/includes/css/styles.css?ver=5.8 HTTP/1.1" 200 878 "https://thietke365.net/san-pham/theme-wordpress-nha-khoa-03/" "Mozilla/5.0 (Macintosh; Intel Mac OS X 10_15_7) AppleWebKit/605.1.15 (KHTML, like Gecko) Version/17.4 Safari/605.1.15 (Applebot/0.1; +http://www.apple.com/go/applebot)"
17.22.253.228 - - [18/Oct/2024:19:17:54 -0400] "GET /wp-content/plugins/wp-bottom-menu/inc/customizer/customizer-repeater/css/font-awesome.min.css?ver=1.1.0 HTTP/1.1" 200 6658 "https://thietke365.net/san-pham/theme-wordpress-nha-khoa-03/" "Mozilla/5.0 (Macintosh; Intel Mac OS X 10_15_7) AppleWebKit/605.1.15 (KHTML, like Gecko) Version/17.4 Safari/605.1.15 (Applebot/0.1; +http://www.apple.com/go/applebot)"
17.22.245.125 - - [18/Oct/2024:19:17:54 -0400] "GET /wp-content/plugins/woocommerce/assets/css/photoswipe/photoswipe.min.css?ver=8.0.2 HTTP/1.1" 200 857 "https://thietke365.net/san-pham/theme-wordpress-nha-khoa-03/" "Mozilla/5.0 (Macintosh; Intel Mac OS X 10_15_7) AppleWebKit/605.1.15 (KHTML, like Gecko) Version/17.4 Safari/605.1.15 (Applebot/0.1; +http://www.apple.com/go/applebot)"
17.22.253.211 - - [18/Oct/2024:19:17:54 -0400] "GET /wp-content/plugins/yith-woocommerce-product-add-ons/plugin-fw/assets/css/yith-icon.css?ver=4.4.0 HTTP/1.1" 200 11651 "https://thietke365.net/san-pham/theme-wordpress-nha-khoa-03/" "Mozilla/5.0 (Macintosh; Intel Mac OS X 10_15_7) AppleWebKit/605.1.15 (KHTML, like Gecko) Version/17.4 Safari/605.1.15 (Applebot/0.1; +http://www.apple.com/go/applebot)"
17.22.245.129 - - [18/Oct/2024:19:17:54 -0400] "GET /wp-includes/css/dashicons.min.css?ver=6.6.2 HTTP/1.1" 200 35110 "https://thietke365.net/san-pham/theme-wordpress-nha-khoa-03/" "Mozilla/5.0 (Macintosh; Intel Mac OS X 10_15_7) AppleWebKit/605.1.15 (KHTML, like Gecko) Version/17.4 Safari/605.1.15 (Applebot/0.1; +http://www.apple.com/go/applebot)"
17.22.253.13 - - [18/Oct/2024:19:17:54 -0400] "GET /wp-content/themes/flatsome/assets/css/flatsome.css?ver=3.16.6 HTTP/1.1" 200 30769 "https://thietke365.net/san-pham/theme-wordpress-nha-khoa-03/" "Mozilla/5.0 (Macintosh; Intel Mac OS X 10_15_7) AppleWebKit/605.1.15 (KHTML, like Gecko) Version/17.4 Safari/605.1.15 (Applebot/0.1; +http://www.apple.com/go/applebot)"
17.22.253.232 - - [18/Oct/2024:19:17:55 -0400] "GET /wp-admin/css/color-picker.min.css?ver=6.6.2 HTTP/1.1" 200 752 "https://thietke365.net/san-pham/theme-wordpress-nha-khoa-03/" "Mozilla/5.0 (Macintosh; Intel Mac OS X 10_15_7) AppleWebKit/605.1.15 (KHTML, like Gecko) Version/17.4 Safari/605.1.15 (Applebot/0.1; +http://www.apple.com/go/applebot)"
17.22.245.125 - - [18/Oct/2024:19:17:55 -0400] "GET /wp-content/themes/flatsome/assets/css/flatsome-shop.css?ver=3.16.6 HTTP/1.1" 200 5220 "https://thietke365.net/san-pham/theme-wordpress-nha-khoa-03/" "Mozilla/5.0 (Macintosh; Intel Mac OS X 10_15_7) AppleWebKit/605.1.15 (KHTML, like Gecko) Version/17.4 Safari/605.1.15 (Applebot/0.1; +http://www.apple.com/go/applebot)"
17.22.253.228 - - [18/Oct/2024:19:17:55 -0400] "GET /wp-content/themes/flatsome-child/style.css?ver=3.0 HTTP/1.1" 200 167 "https://thietke365.net/san-pham/theme-wordpress-nha-khoa-03/" "Mozilla/5.0 (Macintosh; Intel Mac OS X 10_15_7) AppleWebKit/605.1.15 (KHTML, like Gecko) Version/17.4 Safari/605.1.15 (Applebot/0.1; +http://www.apple.com/go/applebot)"
17.22.253.211 - - [18/Oct/2024:19:17:55 -0400] "GET /wp-content/themes/flatsome-child/thang.css?ver=6712eb32dfe5c HTTP/1.1" 200 17306 "https://thietke365.net/san-pham/theme-wordpress-nha-khoa-03/" "Mozilla/5.0 (Macintosh; Intel Mac OS X 10_15_7) AppleWebKit/605.1.15 (KHTML, like Gecko) Version/17.4 Safari/605.1.15 (Applebot/0.1; +http://www.apple.com/go/applebot)"
17.22.253.13 - - [18/Oct/2024:19:17:55 -0400] "GET /wp-includes/js/jquery/jquery-migrate.min.js?ver=3.4.1 HTTP/1.1" 200 4678 "https://thietke365.net/san-pham/theme-wordpress-nha-khoa-03/" "Mozilla/5.0 (Macintosh; Intel Mac OS X 10_15_7) AppleWebKit/605.1.15 (KHTML, like Gecko) Version/17.4 Safari/605.1.15 (Applebot/0.1; +http://www.apple.com/go/applebot)"
17.22.245.125 - - [18/Oct/2024:19:17:56 -0400] "GET /wp-content/plugins/contact-form-7/includes/js/index.js?ver=5.8 HTTP/1.1" 200 3918 "https://thietke365.net/san-pham/theme-wordpress-nha-khoa-03/" "Mozilla/5.0 (Macintosh; Intel Mac OS X 10_15_7) AppleWebKit/605.1.15 (KHTML, like Gecko) Version/17.4 Safari/605.1.15 (Applebot/0.1; +http://www.apple.com/go/applebot)"
17.22.237.251 - - [18/Oct/2024:19:17:56 -0400] "GET /wp-includes/js/jquery/jquery.min.js?ver=3.7.1 HTTP/1.1" 200 29744 "https://thietke365.net/san-pham/theme-wordpress-nha-khoa-03/" "Mozilla/5.0 (Macintosh; Intel Mac OS X 10_15_7) AppleWebKit/605.1.15 (KHTML, like Gecko) Version/17.4 Safari/605.1.15 (Applebot/0.1; +http://www.apple.com/go/applebot)"
17.22.245.125 - - [18/Oct/2024:19:17:56 -0400] "GET /wp-content/plugins/woocommerce/assets/js/photoswipe/photoswipe.min.js?ver=4.1.1-wc.8.0.2 HTTP/1.1" 200 11652 "https://thietke365.net/san-pham/theme-wordpress-nha-khoa-03/" "Mozilla/5.0 (Macintosh; Intel Mac OS X 10_15_7) AppleWebKit/605.1.15 (KHTML, like Gecko) Version/17.4 Safari/605.1.15 (Applebot/0.1; +http://www.apple.com/go/applebot)"
17.22.253.228 - - [18/Oct/2024:19:17:57 -0400] "GET /wp-content/plugins/contact-form-7/includes/swv/js/index.js?ver=5.8 HTTP/1.1" 200 3061 "https://thietke365.net/san-pham/theme-wordpress-nha-khoa-03/" "Mozilla/5.0 (Macintosh; Intel Mac OS X 10_15_7) AppleWebKit/605.1.15 (KHTML, like Gecko) Version/17.4 Safari/605.1.15 (Applebot/0.1; +http://www.apple.com/go/applebot)"
17.22.253.211 - - [18/Oct/2024:19:17:57 -0400] "GET /wp-content/plugins/woocommerce/assets/js/photoswipe/photoswipe-ui-default.min.js?ver=4.1.1-wc.8.0.2 HTTP/1.1" 200 3478 "https://thietke365.net/san-pham/theme-wordpress-nha-khoa-03/" "Mozilla/5.0 (Macintosh; Intel Mac OS X 10_15_7) AppleWebKit/605.1.15 (KHTML, like Gecko) Version/17.4 Safari/605.1.15 (Applebot/0.1; +http://www.apple.com/go/applebot)"
17.22.245.129 - - [18/Oct/2024:19:17:57 -0400] "GET /wp-content/plugins/woocommerce/assets/js/jquery-blockui/jquery.blockUI.min.js?ver=2.7.0-wc.8.0.2 HTTP/1.1" 200 3277 "https://thietke365.net/san-pham/theme-wordpress-nha-khoa-03/" "Mozilla/5.0 (Macintosh; Intel Mac OS X 10_15_7) AppleWebKit/605.1.15 (KHTML, like Gecko) Version/17.4 Safari/605.1.15 (Applebot/0.1; +http://www.apple.com/go/applebot)"
17.22.237.251 - - [18/Oct/2024:19:17:57 -0400] "GET /wp-content/plugins/woocommerce/assets/js/frontend/single-product.min.js?ver=8.0.2 HTTP/1.1" 200 1746 "https://thietke365.net/san-pham/theme-wordpress-nha-khoa-03/" "Mozilla/5.0 (Macintosh; Intel Mac OS X 10_15_7) AppleWebKit/605.1.15 (KHTML, like Gecko) Version/17.4 Safari/605.1.15 (Applebot/0.1; +http://www.apple.com/go/applebot)"
17.22.253.211 - - [18/Oct/2024:19:17:58 -0400] "GET /wp-content/plugins/woocommerce/assets/js/frontend/woocommerce.min.js?ver=8.0.2 HTTP/1.1" 200 684 "https://thietke365.net/san-pham/theme-wordpress-nha-khoa-03/" "Mozilla/5.0 (Macintosh; Intel Mac OS X 10_15_7) AppleWebKit/605.1.15 (KHTML, like Gecko) Version/17.4 Safari/605.1.15 (Applebot/0.1; +http://www.apple.com/go/applebot)"
17.22.253.138 - - [18/Oct/2024:19:17:58 -0400] "GET /wp-content/plugins/woocommerce/assets/js/frontend/add-to-cart.min.js?ver=8.0.2 HTTP/1.1" 200 972 "https://thietke365.net/san-pham/theme-wordpress-nha-khoa-03/" "Mozilla/5.0 (Macintosh; Intel Mac OS X 10_15_7) AppleWebKit/605.1.15 (KHTML, like Gecko) Version/17.4 Safari/605.1.15 (Applebot/0.1; +http://www.apple.com/go/applebot)"
17.22.237.49 - - [18/Oct/2024:19:17:58 -0400] "GET /wp-content/plugins/woocommerce/assets/js/js-cookie/js.cookie.min.js?ver=2.1.4-wc.8.0.2 HTTP/1.1" 200 893 "https://thietke365.net/san-pham/theme-wordpress-nha-khoa-03/" "Mozilla/5.0 (Macintosh; Intel Mac OS X 10_15_7) AppleWebKit/605.1.15 (KHTML, like Gecko) Version/17.4 Safari/605.1.15 (Applebot/0.1; +http://www.apple.com/go/applebot)"
17.22.253.78 - - [18/Oct/2024:19:17:59 -0400] "GET /wp-includes/js/jquery/ui/mouse.min.js?ver=1.13.3 HTTP/1.1" 200 1012 "https://thietke365.net/san-pham/theme-wordpress-nha-khoa-03/" "Mozilla/5.0 (Macintosh; Intel Mac OS X 10_15_7) AppleWebKit/605.1.15 (KHTML, like Gecko) Version/17.4 Safari/605.1.15 (Applebot/0.1; +http://www.apple.com/go/applebot)"
17.22.237.159 - - [18/Oct/2024:19:17:59 -0400] "GET /wp-content/plugins/wp-bottom-menu/assets/js/main.js?ver=2.2.1 HTTP/1.1" 200 602 "https://thietke365.net/san-pham/theme-wordpress-nha-khoa-03/" "Mozilla/5.0 (Macintosh; Intel Mac OS X 10_15_7) AppleWebKit/605.1.15 (KHTML, like Gecko) Version/17.4 Safari/605.1.15 (Applebot/0.1; +http://www.apple.com/go/applebot)"
17.22.253.20 - - [18/Oct/2024:19:17:59 -0400] "GET /wp-includes/js/jquery/ui/draggable.min.js?ver=1.13.3 HTTP/1.1" 200 4691 "https://thietke365.net/san-pham/theme-wordpress-nha-khoa-03/" "Mozilla/5.0 (Macintosh; Intel Mac OS X 10_15_7) AppleWebKit/605.1.15 (KHTML, like Gecko) Version/17.4 Safari/605.1.15 (Applebot/0.1; +http://www.apple.com/go/applebot)"
17.22.245.129 - - [18/Oct/2024:19:17:59 -0400] "GET /wp-includes/js/jquery/ui/core.min.js?ver=1.13.3 HTTP/1.1" 200 6811 "https://thietke365.net/san-pham/theme-wordpress-nha-khoa-03/" "Mozilla/5.0 (Macintosh; Intel Mac OS X 10_15_7) AppleWebKit/605.1.15 (KHTML, like Gecko) Version/17.4 Safari/605.1.15 (Applebot/0.1; +http://www.apple.com/go/applebot)"
17.22.253.144 - - [18/Oct/2024:19:18:00 -0400] "GET /wp-includes/js/jquery/ui/slider.min.js?ver=1.13.3 HTTP/1.1" 200 3010 "https://thietke365.net/san-pham/theme-wordpress-nha-khoa-03/" "Mozilla/5.0 (Macintosh; Intel Mac OS X 10_15_7) AppleWebKit/605.1.15 (KHTML, like Gecko) Version/17.4 Safari/605.1.15 (Applebot/0.1; +http://www.apple.com/go/applebot)"
17.22.253.75 - - [18/Oct/2024:19:18:00 -0400] "GET /wp-content/themes/flatsome/inc/extensions/flatsome-live-search/flatsome-live-search.js?ver=3.16.6 HTTP/1.1" 200 4841 "https://thietke365.net/san-pham/theme-wordpress-nha-khoa-03/" "Mozilla/5.0 (Macintosh; Intel Mac OS X 10_15_7) AppleWebKit/605.1.15 (KHTML, like Gecko) Version/17.4 Safari/605.1.15 (Applebot/0.1; +http://www.apple.com/go/applebot)"
17.22.253.41 - - [18/Oct/2024:19:18:00 -0400] "GET /wp-admin/js/iris.min.js?ver=4.0.1 HTTP/1.1" 200 7724 "https://thietke365.net/san-pham/theme-wordpress-nha-khoa-03/" "Mozilla/5.0 (Macintosh; Intel Mac OS X 10_15_7) AppleWebKit/605.1.15 (KHTML, like Gecko) Version/17.4 Safari/605.1.15 (Applebot/0.1; +http://www.apple.com/go/applebot)"
17.22.237.159 - - [18/Oct/2024:19:18:00 -0400] "GET /wp-includes/js/dist/hooks.min.js?ver=2810c76e705dd1a53b18 HTTP/1.1" 200 1460 "https://thietke365.net/san-pham/theme-wordpress-nha-khoa-03/" "Mozilla/5.0 (Macintosh; Intel Mac OS X 10_15_7) AppleWebKit/605.1.15 (KHTML, like Gecko) Version/17.4 Safari/605.1.15 (Applebot/0.1; +http://www.apple.com/go/applebot)"
17.22.253.40 - - [18/Oct/2024:19:18:01 -0400] "GET /wp-includes/js/jquery/jquery.ui.touch-punch.js?ver=0.2.2 HTTP/1.1" 200 509 "https://thietke365.net/san-pham/theme-wordpress-nha-khoa-03/" "Mozilla/5.0 (Macintosh; Intel Mac OS X 10_15_7) AppleWebKit/605.1.15 (KHTML, like Gecko) Version/17.4 Safari/605.1.15 (Applebot/0.1; +http://www.apple.com/go/applebot)"
17.22.253.75 - - [18/Oct/2024:19:18:01 -0400] "GET /wp-includes/js/underscore.min.js?ver=1.13.4 HTTP/1.1" 200 7179 "https://thietke365.net/san-pham/theme-wordpress-nha-khoa-03/" "Mozilla/5.0 (Macintosh; Intel Mac OS X 10_15_7) AppleWebKit/605.1.15 (KHTML, like Gecko) Version/17.4 Safari/605.1.15 (Applebot/0.1; +http://www.apple.com/go/applebot)"
17.22.245.63 - - [18/Oct/2024:19:18:01 -0400] "GET /wp-includes/js/dist/i18n.min.js?ver=5e580eb46a90c2b997e6 HTTP/1.1" 200 3542 "https://thietke365.net/san-pham/theme-wordpress-nha-khoa-03/" "Mozilla/5.0 (Macintosh; Intel Mac OS X 10_15_7) AppleWebKit/605.1.15 (KHTML, like Gecko) Version/17.4 Safari/605.1.15 (Applebot/0.1; +http://www.apple.com/go/applebot)"
17.22.253.144 - - [18/Oct/2024:19:18:01 -0400] "GET /wp-content/plugins/woocommerce/assets/js/frontend/add-to-cart-variation.min.js?ver=8.0.2 HTTP/1.1" 200 3472 "https://thietke365.net/san-pham/theme-wordpress-nha-khoa-03/" "Mozilla/5.0 (Macintosh; Intel Mac OS X 10_15_7) AppleWebKit/605.1.15 (KHTML, like Gecko) Version/17.4 Safari/605.1.15 (Applebot/0.1; +http://www.apple.com/go/applebot)"
17.22.245.97 - - [18/Oct/2024:19:18:02 -0400] "GET /wp-admin/js/color-picker.min.js?ver=4.0.1 HTTP/1.1" 200 1064 "https://thietke365.net/san-pham/theme-wordpress-nha-khoa-03/" "Mozilla/5.0 (Macintosh; Intel Mac OS X 10_15_7) AppleWebKit/605.1.15 (KHTML, like Gecko) Version/17.4 Safari/605.1.15 (Applebot/0.1; +http://www.apple.com/go/applebot)"
17.22.253.41 - - [18/Oct/2024:19:18:02 -0400] "GET /wp-includes/js/jquery/ui/datepicker.min.js?ver=1.13.3 HTTP/1.1" 200 10506 "https://thietke365.net/san-pham/theme-wordpress-nha-khoa-03/" "Mozilla/5.0 (Macintosh; Intel Mac OS X 10_15_7) AppleWebKit/605.1.15 (KHTML, like Gecko) Version/17.4 Safari/605.1.15 (Applebot/0.1; +http://www.apple.com/go/applebot)"
17.22.245.63 - - [18/Oct/2024:19:18:02 -0400] "GET /wp-content/plugins/yith-woocommerce-product-add-ons/assets/js/front.min.js?ver=4.0.1 HTTP/1.1" 200 9321 "https://thietke365.net/san-pham/theme-wordpress-nha-khoa-03/" "Mozilla/5.0 (Macintosh; Intel Mac OS X 10_15_7) AppleWebKit/605.1.15 (KHTML, like Gecko) Version/17.4 Safari/605.1.15 (Applebot/0.1; +http://www.apple.com/go/applebot)"
17.22.237.30 - - [18/Oct/2024:19:18:03 -0400] "GET /wp-includes/js/jquery/ui/progressbar.min.js?ver=1.13.3 HTTP/1.1" 200 844 "https://thietke365.net/san-pham/theme-wordpress-nha-khoa-03/" "Mozilla/5.0 (Macintosh; Intel Mac OS X 10_15_7) AppleWebKit/605.1.15 (KHTML, like Gecko) Version/17.4 Safari/605.1.15 (Applebot/0.1; +http://www.apple.com/go/applebot)"
17.22.253.41 - - [18/Oct/2024:19:18:03 -0400] "GET /wp-includes/js/hoverIntent.min.js?ver=1.10.2 HTTP/1.1" 200 668 "https://thietke365.net/san-pham/theme-wordpress-nha-khoa-03/" "Mozilla/5.0 (Macintosh; Intel Mac OS X 10_15_7) AppleWebKit/605.1.15 (KHTML, like Gecko) Version/17.4 Safari/605.1.15 (Applebot/0.1; +http://www.apple.com/go/applebot)"
17.22.253.40 - - [18/Oct/2024:19:18:03 -0400] "GET /wp-includes/js/wp-util.min.js?ver=6.6.2 HTTP/1.1" 200 690 "https://thietke365.net/san-pham/theme-wordpress-nha-khoa-03/" "Mozilla/5.0 (Macintosh; Intel Mac OS X 10_15_7) AppleWebKit/605.1.15 (KHTML, like Gecko) Version/17.4 Safari/605.1.15 (Applebot/0.1; +http://www.apple.com/go/applebot)"
17.22.245.63 - - [18/Oct/2024:19:18:03 -0400] "GET /wp-content/themes/flatsome/assets/js/flatsome.js?ver=8d32fe071187c00e5c8eae51dcdefdd9 HTTP/1.1" 200 15454 "https://thietke365.net/san-pham/theme-wordpress-nha-khoa-03/" "Mozilla/5.0 (Macintosh; Intel Mac OS X 10_15_7) AppleWebKit/605.1.15 (KHTML, like Gecko) Version/17.4 Safari/605.1.15 (Applebot/0.1; +http://www.apple.com/go/applebot)"
17.22.253.144 - - [18/Oct/2024:19:18:03 -0400] "GET /wp-includes/js/dist/vendor/wp-polyfill.min.js?ver=3.15.0 HTTP/1.1" 200 13501 "https://thietke365.net/san-pham/theme-wordpress-nha-khoa-03/" "Mozilla/5.0 (Macintosh; Intel Mac OS X 10_15_7) AppleWebKit/605.1.15 (KHTML, like Gecko) Version/17.4 Safari/605.1.15 (Applebot/0.1; +http://www.apple.com/go/applebot)"
17.22.253.41 - - [18/Oct/2024:19:18:04 -0400] "GET /wp-content/themes/flatsome/assets/js/woocommerce.js?ver=7a63f7aa2c4bbf851812535d8e4e7958 HTTP/1.1" 200 5805 "https://thietke365.net/san-pham/theme-wordpress-nha-khoa-03/" "Mozilla/5.0 (Macintosh; Intel Mac OS X 10_15_7) AppleWebKit/605.1.15 (KHTML, like Gecko) Version/17.4 Safari/605.1.15 (Applebot/0.1; +http://www.apple.com/go/applebot)"
17.22.253.41 - - [18/Oct/2024:19:18:04 -0400] "GET /wp-includes/js/wp-emoji-release.min.js?ver=6.6.2 HTTP/1.1" 200 4676 "https://thietke365.net/san-pham/theme-wordpress-nha-khoa-03/" "Mozilla/5.0 (Macintosh; Intel Mac OS X 10_15_7) AppleWebKit/605.1.15 (KHTML, like Gecko) Version/17.4 Safari/605.1.15 (Applebot/0.1; +http://www.apple.com/go/applebot)"
17.22.245.63 - - [18/Oct/2024:19:18:05 -0400] "GET /wp-content/themes/flatsome/assets/js/chunk.vendors-slider.f0d2cbc9.js HTTP/1.1" 200 12808 "https://thietke365.net/san-pham/theme-wordpress-nha-khoa-03/" "Mozilla/5.0 (Macintosh; Intel Mac OS X 10_15_7) AppleWebKit/605.1.15 (KHTML, like Gecko) Version/17.4 Safari/605.1.15 (Applebot/0.1; +http://www.apple.com/go/applebot)"
162.213.251.195 - - [18/Oct/2024:19:22:40 -0400] "POST /wp-cron.php?doing_wp_cron=1729293760.4161579608917236328125 HTTP/1.1" 200 0 "-" "WordPress/6.6.2; https://thietke365.net"
216.244.66.249 - - [18/Oct/2024:19:22:33 -0400] "GET /san-pham/theme-wordpress-ban-tra-xanh/ HTTP/1.1" 200 37765 "-" "Mozilla/5.0 (compatible; DotBot/1.2; +https://opensiteexplorer.org/dotbot; [email protected])"
162.213.251.195 - - [18/Oct/2024:19:23:41 -0400] "POST /wp-cron.php?doing_wp_cron=1729293820.8140399456024169921875 HTTP/1.1" 200 0 "-" "WordPress/6.6.2; https://thietke365.net"
216.244.66.249 - - [18/Oct/2024:19:23:40 -0400] "GET /san-pham/theme-wordpress-du-lich-khach-san-01/ HTTP/1.1" 200 37815 "-" "Mozilla/5.0 (compatible; DotBot/1.2; +https://opensiteexplorer.org/dotbot; [email protected])"
162.213.251.195 - - [18/Oct/2024:19:25:16 -0400] "POST /wp-cron.php?doing_wp_cron=1729293915.9200420379638671875000 HTTP/1.1" 200 0 "-" "WordPress/6.6.2; https://thietke365.net"
216.244.66.249 - - [18/Oct/2024:19:25:12 -0400] "GET /san-pham/theme-wordpress-do-em-be-kid-plaza/ HTTP/1.1" 200 37802 "-" "Mozilla/5.0 (compatible; DotBot/1.2; +https://opensiteexplorer.org/dotbot; [email protected])"
162.213.251.195 - - [18/Oct/2024:19:27:20 -0400] "POST /wp-cron.php?doing_wp_cron=1729294040.2166519165039062500000 HTTP/1.1" 200 0 "-" "WordPress/6.6.2; https://thietke365.net"
216.244.66.249 - - [18/Oct/2024:19:27:16 -0400] "GET /san-pham/theme-wordpress-hai-san-2/ HTTP/1.1" 200 37659 "-" "Mozilla/5.0 (compatible; DotBot/1.2; +https://opensiteexplorer.org/dotbot; [email protected])"
162.213.251.195 - - [18/Oct/2024:19:32:20 -0400] "POST /wp-cron.php?doing_wp_cron=1729294339.9004189968109130859375 HTTP/1.1" 200 0 "-" "WordPress/6.6.2; https://thietke365.net"
43.130.62.164 - - [18/Oct/2024:19:32:16 -0400] "GET / HTTP/1.1" 200 33467 "http://thietke365.net" "Mozilla/5.0 (iPhone; CPU iPhone OS 13_2_3 like Mac OS X) AppleWebKit/605.1.15 (KHTML, like Gecko) Version/13.0.3 Mobile/15E148 Safari/604.1"
162.213.251.195 - - [18/Oct/2024:19:33:02 -0400] "POST /wp-cron.php?doing_wp_cron=1729294382.5827310085296630859375 HTTP/1.1" 200 0 "-" "WordPress/6.6.2; https://thietke365.net"
205.210.31.166 - - [18/Oct/2024:19:33:02 -0400] "GET / HTTP/1.1" 200 38581 "-" "Expanse, a Palo Alto Networks company, searches across the global IPv4 space multiple times per day to identify customers' presences on the Internet. If you would like to be excluded from our scans, please send IP addresses/domains to: [email protected]"
162.213.251.195 - - [18/Oct/2024:19:34:49 -0400] "POST /wp-cron.php?doing_wp_cron=1729294488.9307379722595214843750 HTTP/1.1" 200 0 "-" "WordPress/6.6.2; https://thietke365.net"
87.120.114.208 - - [18/Oct/2024:19:34:45 -0400] "POST /wp-login.php HTTP/1.1" 200 3064 "-" "Mozilla/5.0"
162.213.251.195 - - [18/Oct/2024:19:35:33 -0400] "POST /wp-cron.php?doing_wp_cron=1729294533.2543048858642578125000 HTTP/1.1" 200 0 "-" "WordPress/6.6.2; https://thietke365.net"
17.241.75.73 - - [18/Oct/2024:19:35:32 -0400] "GET /thong-bao-nghi-le/ HTTP/1.1" 200 31002 "-" "Mozilla/5.0 (Macintosh; Intel Mac OS X 10_15_7) AppleWebKit/605.1.15 (KHTML, like Gecko) Version/17.4 Safari/605.1.15 (Applebot/0.1; +http://www.apple.com/go/applebot)"
17.22.237.160 - - [18/Oct/2024:19:38:14 -0400] "GET /wp-content/themes/flatsome-child/thang.css?ver=6712f0c5b1122 HTTP/1.1" 200 17306 "https://thietke365.net/thong-bao-nghi-le/" "Mozilla/5.0 (Macintosh; Intel Mac OS X 10_15_7) AppleWebKit/605.1.15 (KHTML, like Gecko) Version/17.4 Safari/605.1.15 (Applebot/0.1; +http://www.apple.com/go/applebot)"
206.189.2.13 - - [18/Oct/2024:19:56:13 -0400] "GET / HTTP/1.1" 200 0 "-" "-"
162.213.251.195 - - [18/Oct/2024:19:56:19 -0400] "POST /wp-cron.php?doing_wp_cron=1729295779.0175559520721435546875 HTTP/1.1" 200 0 "-" "WordPress/6.6.2; https://thietke365.net"
162.213.251.195 - - [18/Oct/2024:19:56:19 -0400] "POST /wp-cron.php?doing_wp_cron=1729295779.0176210403442382812500 HTTP/1.1" 200 0 "-" "WordPress/6.6.2; https://thietke365.net"
206.189.2.13 - - [18/Oct/2024:19:56:14 -0400] "GET / HTTP/1.1" 200 13424 "-" "Mozilla/5.0 (Linux; Android 6.0; HTC One M9 Build/MRA615981) AppleWebKit/537.36 (KHTML, like Gecko) Chrome/52.0.3161.98 Mobile Safari/537.3"
206.189.2.13 - - [18/Oct/2024:19:56:19 -0400] "GET /server HTTP/1.1" 404 29121 "-" "Go-http-client/1.1"
206.189.2.13 - - [18/Oct/2024:19:56:20 -0400] "GET /.vscode/sftp.json HTTP/1.1" 404 29194 "-" "Go-http-client/1.1"
206.189.2.13 - - [18/Oct/2024:19:56:21 -0400] "GET /about HTTP/1.1" 404 29100 "-" "Go-http-client/1.1"
206.189.2.13 - - [18/Oct/2024:19:56:21 -0400] "GET /debug/default/view?panel=config HTTP/1.1" 404 29150 "-" "Go-http-client/1.1"
162.213.251.195 - - [18/Oct/2024:19:56:23 -0400] "POST /wp-cron.php?doing_wp_cron=1729295783.0114328861236572265625 HTTP/1.1" 200 0 "-" "WordPress/6.6.2; https://thietke365.net"
206.189.2.13 - - [18/Oct/2024:19:56:22 -0400] "GET /v2/_catalog HTTP/1.1" 404 29266 "-" "Go-http-client/1.1"
206.189.2.13 - - [18/Oct/2024:19:56:23 -0400] "GET /ecp/Current/exporttool/microsoft.exchange.ediscovery.exporttool.application HTTP/1.1" 404 29142 "-" "Go-http-client/1.1"
206.189.2.13 - - [18/Oct/2024:19:56:24 -0400] "GET /login.action HTTP/1.1" 404 29179 "-" "Go-http-client/1.1"
206.189.2.13 - - [18/Oct/2024:19:56:25 -0400] "GET /_all_dbs HTTP/1.1" 404 29238 "-" "Mozilla/5.0 (l9scan/2.0.33e27393e2431313e2838313; +https://leakix.net)"
206.189.2.13 - - [18/Oct/2024:19:56:25 -0400] "GET /.DS_Store HTTP/1.1" 404 29004 "-" "Go-http-client/1.1"
206.189.2.13 - - [18/Oct/2024:19:56:26 -0400] "GET /.env HTTP/1.1" 403 1242 "-" "Go-http-client/1.1"
206.189.2.13 - - [18/Oct/2024:19:56:27 -0400] "GET /.git/config HTTP/1.1" 403 1242 "-" "Go-http-client/1.1"
206.189.2.13 - - [18/Oct/2024:19:56:27 -0400] "GET /s/33e27393e2431313e2838313/_/;/META-INF/maven/com.atlassian.jira/jira-webapp-dist/pom.properties HTTP/1.1" 404 29276 "-" "Go-http-client/1.1"
206.189.2.13 - - [18/Oct/2024:19:56:28 -0400] "GET /config.json HTTP/1.1" 404 29139 "-" "Go-http-client/1.1"
206.189.2.13 - - [18/Oct/2024:19:56:28 -0400] "GET /telescope/requests HTTP/1.1" 404 29172 "-" "Go-http-client/1.1"
206.189.2.13 - - [18/Oct/2024:19:56:29 -0400] "GET /?rest_route=/wp/v2/users/ HTTP/1.1" 200 7698 "-" "Go-http-client/1.1"
162.213.251.195 - - [18/Oct/2024:20:04:22 -0400] "POST /wp-cron.php?doing_wp_cron=1729296262.4042720794677734375000 HTTP/1.1" 200 0 "-" "WordPress/6.6.2; https://thietke365.net"
87.120.114.208 - - [18/Oct/2024:20:04:18 -0400] "POST /wp-login.php HTTP/1.1" 200 3074 "-" "Mozilla/5.0"
162.213.251.195 - - [18/Oct/2024:20:16:29 -0400] "POST /wp-cron.php?doing_wp_cron=1729296989.3412981033325195312500 HTTP/1.1" 200 0 "-" "WordPress/6.6.2; https://thietke365.net"
216.244.66.249 - - [18/Oct/2024:20:16:23 -0400] "GET /danh-muc-san-pham/khac/page/5/ HTTP/1.1" 200 35788 "-" "Mozilla/5.0 (compatible; DotBot/1.2; +https://opensiteexplorer.org/dotbot; [email protected])"
202.92.4.47 - - [18/Oct/2024:20:24:07 -0400] "GET /.well-known/acme-challenge/1FZFGUVZXUILJHLYDRTHAFH3NKCLFQ2F HTTP/1.1" 404 1251 "-" "Cpanel-HTTP-Client/1.0"
202.92.4.47 - - [18/Oct/2024:20:24:24 -0400] "GET /.well-known/acme-challenge/1970RLISRVNZL87C5QR7S-BL0NBM63KG HTTP/1.1" 404 1251 "-" "Cpanel-HTTP-Client/1.0"
162.213.251.195 - - [18/Oct/2024:20:32:48 -0400] "POST /wp-cron.php?doing_wp_cron=1729297968.1442179679870605468750 HTTP/1.1" 200 0 "-" "WordPress/6.6.2; https://thietke365.net"
216.244.66.249 - - [18/Oct/2024:20:32:41 -0400] "GET /robots.txt HTTP/1.1" 200 111 "-" "Mozilla/5.0 (compatible; DotBot/1.2; +https://opensiteexplorer.org/dotbot; [email protected])"
162.213.251.195 - - [18/Oct/2024:20:34:25 -0400] "POST /wp-cron.php?doing_wp_cron=1729298064.9705579280853271484375 HTTP/1.1" 200 0 "-" "WordPress/6.6.2; https://thietke365.net"
87.120.114.208 - - [18/Oct/2024:20:34:21 -0400] "POST /wp-login.php HTTP/1.1" 200 3066 "-" "Mozilla/5.0"
216.244.66.249 - - [18/Oct/2024:20:40:23 -0400] "GET /wp-content/uploads/2023/10/thucphamchucnang6.jpg HTTP/1.1" 200 258666 "-" "Mozilla/5.0 (compatible; DotBot/1.2; +https://opensiteexplorer.org/dotbot; [email protected])"
162.213.251.195 - - [18/Oct/2024:20:48:34 -0400] "POST /wp-cron.php?doing_wp_cron=1729298913.9848461151123046875000 HTTP/1.1" 200 0 "-" "WordPress/6.6.2; https://thietke365.net"
17.241.219.181 - - [18/Oct/2024:20:48:28 -0400] "GET /danh-muc-san-pham/xe-hoi-the-thao/ HTTP/1.1" 200 35524 "-" "Mozilla/5.0 (Macintosh; Intel Mac OS X 10_15_7) AppleWebKit/605.1.15 (KHTML, like Gecko) Version/17.4 Safari/605.1.15 (Applebot/0.1; +http://www.apple.com/go/applebot)"
17.241.227.139 - - [18/Oct/2024:20:53:05 -0400] "GET /wp-content/themes/flatsome-child/thang.css?ver=671301e273966 HTTP/1.1" 200 17306 "https://thietke365.net/danh-muc-san-pham/xe-hoi-the-thao/" "Mozilla/5.0 (Macintosh; Intel Mac OS X 10_15_7) AppleWebKit/605.1.15 (KHTML, like Gecko) Version/17.4 Safari/605.1.15 (Applebot/0.1; +http://www.apple.com/go/applebot)"
43.134.173.99 - - [18/Oct/2024:21:01:47 -0400] "GET /.env HTTP/1.1" 403 1242 "-" "-"
162.213.251.195 - - [18/Oct/2024:21:04:18 -0400] "POST /wp-cron.php?doing_wp_cron=1729299858.6747360229492187500000 HTTP/1.1" 200 0 "-" "WordPress/6.6.2; https://thietke365.net"
87.120.114.208 - - [18/Oct/2024:21:04:13 -0400] "POST /wp-login.php HTTP/1.1" 200 3066 "-" "Mozilla/5.0"
162.213.251.195 - - [18/Oct/2024:21:05:21 -0400] "POST /wp-cron.php?doing_wp_cron=1729299921.7083439826965332031250 HTTP/1.1" 200 0 "-" "WordPress/6.6.2; https://thietke365.net"
52.167.144.235 - - [18/Oct/2024:21:05:21 -0400] "GET /du-an/ HTTP/1.1" 200 30459 "-" "Mozilla/5.0 AppleWebKit/537.36 (KHTML, like Gecko; compatible; bingbot/2.0; +http://www.bing.com/bingbot.htm) Chrome/116.0.1938.76 Safari/537.36"
162.213.251.195 - - [18/Oct/2024:21:12:54 -0400] "POST /wp-cron.php?doing_wp_cron=1729300374.5658099651336669921875 HTTP/1.1" 200 0 "-" "WordPress/6.6.2; https://thietke365.net"
173.208.148.34 - - [18/Oct/2024:21:12:50 -0400] "GET / HTTP/1.1" 200 38587 "-" "Mozilla/5.0 (Windows NT 10.0; Win64; x64) AppleWebKit/537.36 (KHTML, like Gecko) Chrome/91.0.4472.106 Safari/537.36"
173.208.148.34 - - [18/Oct/2024:21:12:55 -0400] "GET / HTTP/1.1" 200 38526 "-" "Mozilla/5.0 (compatible; Googlebot/2.1; +http://www.google.com/bot.html)"
173.208.148.34 - - [18/Oct/2024:21:12:56 -0400] "GET /index.php?params=1 HTTP/1.1" 301 0 "-" "Mozilla/5.0 (Windows NT 10.0; Win64; x64) AppleWebKit/537.36 (KHTML, like Gecko) Chrome/91.0.4472.106 Safari/537.36"
173.208.148.34 - - [18/Oct/2024:21:12:56 -0400] "GET /?params=1 HTTP/1.1" 200 38627 "-" "Mozilla/5.0 (Windows NT 10.0; Win64; x64) AppleWebKit/537.36 (KHTML, like Gecko) Chrome/91.0.4472.106 Safari/537.36"
162.213.251.195 - - [18/Oct/2024:21:19:17 -0400] "POST /wp-cron.php?doing_wp_cron=1729300757.6465740203857421875000 HTTP/1.1" 200 0 "-" "WordPress/6.6.2; https://thietke365.net"
216.244.66.249 - - [18/Oct/2024:21:19:14 -0400] "GET /robots.txt HTTP/1.1" 200 111 "-" "Mozilla/5.0 (compatible; DotBot/1.2; +https://opensiteexplorer.org/dotbot; [email protected])"
162.213.251.195 - - [18/Oct/2024:21:34:09 -0400] "POST /wp-cron.php?doing_wp_cron=1729301649.3482639789581298828125 HTTP/1.1" 200 0 "-" "WordPress/6.6.2; https://thietke365.net"
87.120.114.208 - - [18/Oct/2024:21:33:51 -0400] "POST /wp-login.php HTTP/1.1" 200 3074 "-" "Mozilla/5.0"
216.244.66.249 - - [18/Oct/2024:21:40:57 -0400] "GET /san-pham/theme-wordpress-thuoc-la-dien-tu/ HTTP/1.1" 200 0 "-" "Mozilla/5.0 (compatible; DotBot/1.2; +https://opensiteexplorer.org/dotbot; [email protected])"
162.213.251.195 - - [18/Oct/2024:22:03:25 -0400] "POST /wp-cron.php?doing_wp_cron=1729303405.2484710216522216796875 HTTP/1.1" 200 0 "-" "WordPress/6.6.2; https://thietke365.net"
87.120.114.208 - - [18/Oct/2024:22:03:20 -0400] "POST /wp-login.php HTTP/1.1" 200 3074 "-" "Mozilla/5.0"
66.249.76.37 - - [18/Oct/2024:22:05:16 -0400] "GET /wp-content/uploads/2024/07/screencapture-21215mypham20-webdmo-net-2024-07-11-10_06_58.png HTTP/1.1" 200 1916805 "-" "Googlebot-Image/1.0"
162.213.251.195 - - [18/Oct/2024:22:33:27 -0400] "POST /wp-cron.php?doing_wp_cron=1729305206.3373200893402099609375 HTTP/1.1" 200 0 "-" "WordPress/6.6.2; https://thietke365.net"
87.120.114.208 - - [18/Oct/2024:22:33:17 -0400] "POST /wp-login.php HTTP/1.1" 200 3066 "-" "Mozilla/5.0"
162.213.251.195 - - [18/Oct/2024:22:33:29 -0400] "POST /wp-admin/admin-ajax.php HTTP/1.1" 200 0 "-" "WordPress/6.6.2; https://thietke365.net"
162.213.251.195 - - [18/Oct/2024:22:33:33 -0400] "POST /wp-admin/admin-ajax.php?action=as_async_request_queue_runner&nonce=a25690f577 HTTP/1.1" 200 0 "-" "WordPress/6.6.2; https://thietke365.net"
162.213.251.195 - - [18/Oct/2024:22:44:43 -0400] "POST /wp-cron.php?doing_wp_cron=1729305881.9783060550689697265625 HTTP/1.1" 200 0 "-" "WordPress/6.6.2; https://thietke365.net"
155.133.142.67 - - [18/Oct/2024:22:44:31 -0400] "GET / HTTP/1.1" 200 38388 "-" "Mozilla/5.0 (Windows NT 10.0; Win64; x64; rv:46.0) Gecko/20100101 Firefox/46.0"
155.133.142.67 - - [18/Oct/2024:22:44:45 -0400] "POST /xmlrpc.php HTTP/1.1" 200 218 "-" "Mozilla/5.0 (Windows NT 10.0; Win64; x64; rv:46.0) Gecko/20100101 Firefox/46.0"
216.244.66.249 - - [18/Oct/2024:22:55:49 -0400] "GET /robots.txt HTTP/1.1" 200 111 "-" "Mozilla/5.0 (compatible; DotBot/1.2; +https://opensiteexplorer.org/dotbot; [email protected])"
162.213.251.195 - - [18/Oct/2024:22:56:02 -0400] "POST /wp-cron.php?doing_wp_cron=1729306559.9578139781951904296875 HTTP/1.1" 200 0 "-" "WordPress/6.6.2; https://thietke365.net"
162.213.251.195 - - [18/Oct/2024:23:03:23 -0400] "POST /wp-cron.php?doing_wp_cron=1729307003.4505770206451416015625 HTTP/1.1" 200 0 "-" "WordPress/6.6.2; https://thietke365.net"
87.120.114.208 - - [18/Oct/2024:23:03:13 -0400] "POST /wp-login.php HTTP/1.1" 200 3066 "-" "Mozilla/5.0"
202.92.4.47 - - [18/Oct/2024:23:22:54 -0400] "GET /.well-known/acme-challenge/OJZNFC81BLTEBJDBL99SX74GWYN8YQRE HTTP/1.1" 404 1251 "-" "Cpanel-HTTP-Client/1.0"
202.92.4.47 - - [18/Oct/2024:23:23:11 -0400] "GET /.well-known/acme-challenge/GRIAUFMB882M00VB607GK2K9A-8QT6ER HTTP/1.1" 404 1251 "-" "Cpanel-HTTP-Client/1.0"
162.213.251.195 - - [18/Oct/2024:23:26:49 -0400] "POST /wp-cron.php?doing_wp_cron=1729308409.7467100620269775390625 HTTP/1.1" 200 0 "-" "WordPress/6.6.2; https://thietke365.net"
216.244.66.249 - - [18/Oct/2024:23:26:45 -0400] "GET /tu-khoa-san-pham/thiet-ke/ HTTP/1.1" 200 32236 "-" "Mozilla/5.0 (compatible; DotBot/1.2; +https://opensiteexplorer.org/dotbot; [email protected])"
162.213.251.195 - - [18/Oct/2024:23:33:14 -0400] "POST /wp-cron.php?doing_wp_cron=1729308793.7200689315795898437500 HTTP/1.1" 200 0 "-" "WordPress/6.6.2; https://thietke365.net"
87.120.114.208 - - [18/Oct/2024:23:33:08 -0400] "POST /wp-login.php HTTP/1.1" 200 3066 "-" "Mozilla/5.0"
162.213.251.195 - - [19/Oct/2024:00:03:24 -0400] "POST /wp-cron.php?doing_wp_cron=1729310603.7521560192108154296875 HTTP/1.1" 200 0 "-" "WordPress/6.6.2; https://thietke365.net"
87.120.114.208 - - [19/Oct/2024:00:03:07 -0400] "POST /wp-login.php HTTP/1.1" 200 3066 "-" "Mozilla/5.0"
162.213.251.195 - - [19/Oct/2024:00:03:27 -0400] "POST /wp-admin/admin-ajax.php?action=wp_1_wc_privacy_cleanup&nonce=e199dc2a62 HTTP/1.1" 200 0 "-" "WordPress/6.6.2; https://thietke365.net"
162.213.251.195 - - [19/Oct/2024:00:03:29 -0400] "POST /wp-cron.php?doing_wp_cron=1729310609.0669050216674804687500 HTTP/1.1" 200 0 "-" "WordPress/6.6.2; https://thietke365.net"
216.244.66.249 - - [18/Oct/2024:23:52:05 -0400] "GET /san-pham/theme-wordpress-ban-hai-san-01/ HTTP/1.1" 200 0 "-" "Mozilla/5.0 (compatible; DotBot/1.2; +https://opensiteexplorer.org/dotbot; [email protected])"
162.213.251.195 - - [19/Oct/2024:00:05:18 -0400] "POST /wp-cron.php?doing_wp_cron=1729310718.3802249431610107421875 HTTP/1.1" 200 0 "-" "WordPress/6.6.2; https://thietke365.net"
216.244.66.249 - - [19/Oct/2024:00:05:14 -0400] "GET /tu-khoa-san-pham/ca-nhac/ HTTP/1.1" 200 31926 "-" "Mozilla/5.0 (compatible; DotBot/1.2; +https://opensiteexplorer.org/dotbot; [email protected])"
162.213.251.195 - - [19/Oct/2024:00:22:08 -0400] "POST /wp-cron.php?doing_wp_cron=1729311728.6162219047546386718750 HTTP/1.1" 200 0 "-" "WordPress/6.6.2; https://thietke365.net"
17.241.227.183 - - [19/Oct/2024:00:21:53 -0400] "GET /mua-ten-mien-gia-re-o-dau/ HTTP/1.1" 200 33356 "-" "Mozilla/5.0 (Macintosh; Intel Mac OS X 10_15_7) AppleWebKit/605.1.15 (KHTML, like Gecko) Version/17.4 Safari/605.1.15 (Applebot/0.1; +http://www.apple.com/go/applebot)"
17.246.15.61 - - [19/Oct/2024:00:23:52 -0400] "GET /wp-content/themes/flatsome-child/thang.css?ver=671333f11239c HTTP/1.1" 200 17306 "https://thietke365.net/mua-ten-mien-gia-re-o-dau/" "Mozilla/5.0 (Macintosh; Intel Mac OS X 10_15_7) AppleWebKit/605.1.15 (KHTML, like Gecko) Version/17.4 Safari/605.1.15 (Applebot/0.1; +http://www.apple.com/go/applebot)"
17.246.19.175 - - [19/Oct/2024:00:23:52 -0400] "GET /wp-includes/js/jquery/jquery.min.js?ver=3.7.1 HTTP/1.1" 200 29744 "https://thietke365.net/mua-ten-mien-gia-re-o-dau/" "Mozilla/5.0 (Macintosh; Intel Mac OS X 10_15_7) AppleWebKit/605.1.15 (KHTML, like Gecko) Version/17.4 Safari/605.1.15 (Applebot/0.1; +http://www.apple.com/go/applebot)"
17.246.19.106 - - [19/Oct/2024:00:23:52 -0400] "GET /wp-content/plugins/contact-form-7/includes/swv/js/index.js?ver=5.8 HTTP/1.1" 304 0 "https://thietke365.net/mua-ten-mien-gia-re-o-dau/" "Mozilla/5.0 (Macintosh; Intel Mac OS X 10_15_7) AppleWebKit/605.1.15 (KHTML, like Gecko) Version/17.4 Safari/605.1.15 (Applebot/0.1; +http://www.apple.com/go/applebot)"
17.246.15.118 - - [19/Oct/2024:00:23:52 -0400] "GET /wp-content/plugins/contact-form-7/includes/js/index.js?ver=5.8 HTTP/1.1" 304 0 "https://thietke365.net/mua-ten-mien-gia-re-o-dau/" "Mozilla/5.0 (Macintosh; Intel Mac OS X 10_15_7) AppleWebKit/605.1.15 (KHTML, like Gecko) Version/17.4 Safari/605.1.15 (Applebot/0.1; +http://www.apple.com/go/applebot)"
17.246.15.33 - - [19/Oct/2024:00:23:53 -0400] "GET /wp-content/plugins/woocommerce/assets/js/jquery-blockui/jquery.blockUI.min.js?ver=2.7.0-wc.8.0.2 HTTP/1.1" 200 3277 "https://thietke365.net/mua-ten-mien-gia-re-o-dau/" "Mozilla/5.0 (Macintosh; Intel Mac OS X 10_15_7) AppleWebKit/605.1.15 (KHTML, like Gecko) Version/17.4 Safari/605.1.15 (Applebot/0.1; +http://www.apple.com/go/applebot)"
17.246.23.243 - - [19/Oct/2024:00:23:53 -0400] "GET /wp-includes/js/jquery/jquery-migrate.min.js?ver=3.4.1 HTTP/1.1" 304 0 "https://thietke365.net/mua-ten-mien-gia-re-o-dau/" "Mozilla/5.0 (Macintosh; Intel Mac OS X 10_15_7) AppleWebKit/605.1.15 (KHTML, like Gecko) Version/17.4 Safari/605.1.15 (Applebot/0.1; +http://www.apple.com/go/applebot)"
17.246.15.127 - - [19/Oct/2024:00:23:53 -0400] "GET /wp-content/plugins/woocommerce/assets/js/frontend/add-to-cart.min.js?ver=8.0.2 HTTP/1.1" 200 972 "https://thietke365.net/mua-ten-mien-gia-re-o-dau/" "Mozilla/5.0 (Macintosh; Intel Mac OS X 10_15_7) AppleWebKit/605.1.15 (KHTML, like Gecko) Version/17.4 Safari/605.1.15 (Applebot/0.1; +http://www.apple.com/go/applebot)"
17.246.19.175 - - [19/Oct/2024:00:23:54 -0400] "GET /wp-content/plugins/woocommerce/assets/js/js-cookie/js.cookie.min.js?ver=2.1.4-wc.8.0.2 HTTP/1.1" 200 893 "https://thietke365.net/mua-ten-mien-gia-re-o-dau/" "Mozilla/5.0 (Macintosh; Intel Mac OS X 10_15_7) AppleWebKit/605.1.15 (KHTML, like Gecko) Version/17.4 Safari/605.1.15 (Applebot/0.1; +http://www.apple.com/go/applebot)"
17.246.19.208 - - [19/Oct/2024:00:23:54 -0400] "GET /wp-includes/js/jquery/ui/draggable.min.js?ver=1.13.3 HTTP/1.1" 200 4691 "https://thietke365.net/mua-ten-mien-gia-re-o-dau/" "Mozilla/5.0 (Macintosh; Intel Mac OS X 10_15_7) AppleWebKit/605.1.15 (KHTML, like Gecko) Version/17.4 Safari/605.1.15 (Applebot/0.1; +http://www.apple.com/go/applebot)"
17.246.15.118 - - [19/Oct/2024:00:23:54 -0400] "GET /wp-content/plugins/wp-bottom-menu/assets/js/main.js?ver=2.2.1 HTTP/1.1" 200 602 "https://thietke365.net/mua-ten-mien-gia-re-o-dau/" "Mozilla/5.0 (Macintosh; Intel Mac OS X 10_15_7) AppleWebKit/605.1.15 (KHTML, like Gecko) Version/17.4 Safari/605.1.15 (Applebot/0.1; +http://www.apple.com/go/applebot)"
17.246.23.195 - - [19/Oct/2024:00:23:55 -0400] "GET /wp-content/plugins/woocommerce/assets/js/frontend/woocommerce.min.js?ver=8.0.2 HTTP/1.1" 200 684 "https://thietke365.net/mua-ten-mien-gia-re-o-dau/" "Mozilla/5.0 (Macintosh; Intel Mac OS X 10_15_7) AppleWebKit/605.1.15 (KHTML, like Gecko) Version/17.4 Safari/605.1.15 (Applebot/0.1; +http://www.apple.com/go/applebot)"
17.246.23.235 - - [19/Oct/2024:00:23:55 -0400] "GET /wp-content/themes/flatsome/inc/extensions/flatsome-live-search/flatsome-live-search.js?ver=3.16.6 HTTP/1.1" 200 4841 "https://thietke365.net/mua-ten-mien-gia-re-o-dau/" "Mozilla/5.0 (Macintosh; Intel Mac OS X 10_15_7) AppleWebKit/605.1.15 (KHTML, like Gecko) Version/17.4 Safari/605.1.15 (Applebot/0.1; +http://www.apple.com/go/applebot)"
17.246.15.141 - - [19/Oct/2024:00:23:55 -0400] "GET /wp-admin/js/iris.min.js?ver=4.0.1 HTTP/1.1" 200 7724 "https://thietke365.net/mua-ten-mien-gia-re-o-dau/" "Mozilla/5.0 (Macintosh; Intel Mac OS X 10_15_7) AppleWebKit/605.1.15 (KHTML, like Gecko) Version/17.4 Safari/605.1.15 (Applebot/0.1; +http://www.apple.com/go/applebot)"
17.246.23.85 - - [19/Oct/2024:00:23:56 -0400] "GET /wp-includes/js/dist/hooks.min.js?ver=2810c76e705dd1a53b18 HTTP/1.1" 200 1460 "https://thietke365.net/mua-ten-mien-gia-re-o-dau/" "Mozilla/5.0 (Macintosh; Intel Mac OS X 10_15_7) AppleWebKit/605.1.15 (KHTML, like Gecko) Version/17.4 Safari/605.1.15 (Applebot/0.1; +http://www.apple.com/go/applebot)"
17.246.19.83 - - [19/Oct/2024:00:23:56 -0400] "GET /wp-includes/js/jquery/ui/core.min.js?ver=1.13.3 HTTP/1.1" 200 6811 "https://thietke365.net/mua-ten-mien-gia-re-o-dau/" "Mozilla/5.0 (Macintosh; Intel Mac OS X 10_15_7) AppleWebKit/605.1.15 (KHTML, like Gecko) Version/17.4 Safari/605.1.15 (Applebot/0.1; +http://www.apple.com/go/applebot)"
17.246.15.127 - - [19/Oct/2024:00:23:56 -0400] "GET /wp-includes/js/jquery/ui/mouse.min.js?ver=1.13.3 HTTP/1.1" 200 1012 "https://thietke365.net/mua-ten-mien-gia-re-o-dau/" "Mozilla/5.0 (Macintosh; Intel Mac OS X 10_15_7) AppleWebKit/605.1.15 (KHTML, like Gecko) Version/17.4 Safari/605.1.15 (Applebot/0.1; +http://www.apple.com/go/applebot)"
17.246.19.82 - - [19/Oct/2024:00:23:56 -0400] "GET /wp-includes/js/dist/i18n.min.js?ver=5e580eb46a90c2b997e6 HTTP/1.1" 200 3542 "https://thietke365.net/mua-ten-mien-gia-re-o-dau/" "Mozilla/5.0 (Macintosh; Intel Mac OS X 10_15_7) AppleWebKit/605.1.15 (KHTML, like Gecko) Version/17.4 Safari/605.1.15 (Applebot/0.1; +http://www.apple.com/go/applebot)"
17.246.15.33 - - [19/Oct/2024:00:23:57 -0400] "GET /wp-includes/js/jquery/ui/slider.min.js?ver=1.13.3 HTTP/1.1" 200 3010 "https://thietke365.net/mua-ten-mien-gia-re-o-dau/" "Mozilla/5.0 (Macintosh; Intel Mac OS X 10_15_7) AppleWebKit/605.1.15 (KHTML, like Gecko) Version/17.4 Safari/605.1.15 (Applebot/0.1; +http://www.apple.com/go/applebot)"
17.246.23.11 - - [19/Oct/2024:00:23:57 -0400] "GET /wp-includes/js/jquery/ui/datepicker.min.js?ver=1.13.3 HTTP/1.1" 200 10506 "https://thietke365.net/mua-ten-mien-gia-re-o-dau/" "Mozilla/5.0 (Macintosh; Intel Mac OS X 10_15_7) AppleWebKit/605.1.15 (KHTML, like Gecko) Version/17.4 Safari/605.1.15 (Applebot/0.1; +http://www.apple.com/go/applebot)"
17.246.19.175 - - [19/Oct/2024:00:23:57 -0400] "GET /wp-includes/js/jquery/jquery.ui.touch-punch.js?ver=0.2.2 HTTP/1.1" 200 509 "https://thietke365.net/mua-ten-mien-gia-re-o-dau/" "Mozilla/5.0 (Macintosh; Intel Mac OS X 10_15_7) AppleWebKit/605.1.15 (KHTML, like Gecko) Version/17.4 Safari/605.1.15 (Applebot/0.1; +http://www.apple.com/go/applebot)"
17.246.15.118 - - [19/Oct/2024:00:23:57 -0400] "GET /wp-includes/js/jquery/ui/progressbar.min.js?ver=1.13.3 HTTP/1.1" 200 844 "https://thietke365.net/mua-ten-mien-gia-re-o-dau/" "Mozilla/5.0 (Macintosh; Intel Mac OS X 10_15_7) AppleWebKit/605.1.15 (KHTML, like Gecko) Version/17.4 Safari/605.1.15 (Applebot/0.1; +http://www.apple.com/go/applebot)"
17.246.19.83 - - [19/Oct/2024:00:23:58 -0400] "GET /wp-admin/js/color-picker.min.js?ver=4.0.1 HTTP/1.1" 200 1064 "https://thietke365.net/mua-ten-mien-gia-re-o-dau/" "Mozilla/5.0 (Macintosh; Intel Mac OS X 10_15_7) AppleWebKit/605.1.15 (KHTML, like Gecko) Version/17.4 Safari/605.1.15 (Applebot/0.1; +http://www.apple.com/go/applebot)"
17.246.15.127 - - [19/Oct/2024:00:23:58 -0400] "GET /wp-includes/js/underscore.min.js?ver=1.13.4 HTTP/1.1" 200 7179 "https://thietke365.net/mua-ten-mien-gia-re-o-dau/" "Mozilla/5.0 (Macintosh; Intel Mac OS X 10_15_7) AppleWebKit/605.1.15 (KHTML, like Gecko) Version/17.4 Safari/605.1.15 (Applebot/0.1; +http://www.apple.com/go/applebot)"
17.246.15.199 - - [19/Oct/2024:00:23:58 -0400] "GET /wp-includes/js/wp-util.min.js?ver=6.6.2 HTTP/1.1" 200 690 "https://thietke365.net/mua-ten-mien-gia-re-o-dau/" "Mozilla/5.0 (Macintosh; Intel Mac OS X 10_15_7) AppleWebKit/605.1.15 (KHTML, like Gecko) Version/17.4 Safari/605.1.15 (Applebot/0.1; +http://www.apple.com/go/applebot)"
17.246.19.142 - - [19/Oct/2024:00:23:58 -0400] "GET /wp-content/plugins/woocommerce/assets/js/frontend/add-to-cart-variation.min.js?ver=8.0.2 HTTP/1.1" 200 3472 "https://thietke365.net/mua-ten-mien-gia-re-o-dau/" "Mozilla/5.0 (Macintosh; Intel Mac OS X 10_15_7) AppleWebKit/605.1.15 (KHTML, like Gecko) Version/17.4 Safari/605.1.15 (Applebot/0.1; +http://www.apple.com/go/applebot)"
17.246.23.111 - - [19/Oct/2024:00:23:59 -0400] "GET /wp-content/plugins/yith-woocommerce-product-add-ons/assets/js/front.min.js?ver=4.0.1 HTTP/1.1" 304 0 "https://thietke365.net/mua-ten-mien-gia-re-o-dau/" "Mozilla/5.0 (Macintosh; Intel Mac OS X 10_15_7) AppleWebKit/605.1.15 (KHTML, like Gecko) Version/17.4 Safari/605.1.15 (Applebot/0.1; +http://www.apple.com/go/applebot)"
17.246.19.215 - - [19/Oct/2024:00:23:59 -0400] "GET /wp-includes/js/dist/vendor/wp-polyfill.min.js?ver=3.15.0 HTTP/1.1" 200 13501 "https://thietke365.net/mua-ten-mien-gia-re-o-dau/" "Mozilla/5.0 (Macintosh; Intel Mac OS X 10_15_7) AppleWebKit/605.1.15 (KHTML, like Gecko) Version/17.4 Safari/605.1.15 (Applebot/0.1; +http://www.apple.com/go/applebot)"
17.246.19.175 - - [19/Oct/2024:00:23:59 -0400] "GET /wp-includes/js/hoverIntent.min.js?ver=1.10.2 HTTP/1.1" 200 668 "https://thietke365.net/mua-ten-mien-gia-re-o-dau/" "Mozilla/5.0 (Macintosh; Intel Mac OS X 10_15_7) AppleWebKit/605.1.15 (KHTML, like Gecko) Version/17.4 Safari/605.1.15 (Applebot/0.1; +http://www.apple.com/go/applebot)"
17.246.23.90 - - [19/Oct/2024:00:23:59 -0400] "GET /wp-content/themes/flatsome/assets/js/flatsome.js?ver=8d32fe071187c00e5c8eae51dcdefdd9 HTTP/1.1" 200 15454 "https://thietke365.net/mua-ten-mien-gia-re-o-dau/" "Mozilla/5.0 (Macintosh; Intel Mac OS X 10_15_7) AppleWebKit/605.1.15 (KHTML, like Gecko) Version/17.4 Safari/605.1.15 (Applebot/0.1; +http://www.apple.com/go/applebot)"
17.246.15.157 - - [19/Oct/2024:00:24:00 -0400] "GET /wp-content/themes/flatsome/assets/js/woocommerce.js?ver=7a63f7aa2c4bbf851812535d8e4e7958 HTTP/1.1" 200 5805 "https://thietke365.net/mua-ten-mien-gia-re-o-dau/" "Mozilla/5.0 (Macintosh; Intel Mac OS X 10_15_7) AppleWebKit/605.1.15 (KHTML, like Gecko) Version/17.4 Safari/605.1.15 (Applebot/0.1; +http://www.apple.com/go/applebot)"
17.246.23.95 - - [19/Oct/2024:00:24:00 -0400] "GET /wp-includes/js/wp-emoji-release.min.js?ver=6.6.2 HTTP/1.1" 200 4676 "https://thietke365.net/mua-ten-mien-gia-re-o-dau/" "Mozilla/5.0 (Macintosh; Intel Mac OS X 10_15_7) AppleWebKit/605.1.15 (KHTML, like Gecko) Version/17.4 Safari/605.1.15 (Applebot/0.1; +http://www.apple.com/go/applebot)"
87.120.114.208 - - [19/Oct/2024:00:33:03 -0400] "POST /wp-login.php HTTP/1.1" 200 0 "-" "Mozilla/5.0"
162.213.251.195 - - [19/Oct/2024:00:33:24 -0400] "POST /wp-cron.php?doing_wp_cron=1729312403.3934710025787353515625 HTTP/1.1" 200 0 "-" "WordPress/6.6.2; https://thietke365.net"
162.213.251.195 - - [19/Oct/2024:01:03:16 -0400] "POST /wp-cron.php?doing_wp_cron=1729314195.5335650444030761718750 HTTP/1.1" 200 0 "-" "WordPress/6.6.2; https://thietke365.net"
87.120.114.208 - - [19/Oct/2024:01:03:05 -0400] "POST /wp-login.php HTTP/1.1" 200 3066 "-" "Mozilla/5.0"
162.213.251.195 - - [19/Oct/2024:01:04:17 -0400] "POST /wp-cron.php?doing_wp_cron=1729314256.9251489639282226562500 HTTP/1.1" 200 0 "-" "WordPress/6.6.2; https://thietke365.net"
66.249.64.69 - - [19/Oct/2024:01:04:16 -0400] "GET /robots.txt HTTP/1.1" 200 111 "-" "Mozilla/5.0 (compatible; Googlebot/2.1; +http://www.google.com/bot.html)"
66.249.64.71 - - [19/Oct/2024:01:04:17 -0400] "GET /wp-content/uploads/2024/07/screencapture-20515batdongsan60-webdmo-net-2024-07-10-11_35_41.png HTTP/1.1" 200 3312448 "-" "Googlebot-Image/1.0"
162.213.251.195 - - [19/Oct/2024:01:18:53 -0400] "POST /wp-cron.php?doing_wp_cron=1729315132.9670729637145996093750 HTTP/1.1" 200 0 "-" "WordPress/6.6.2; https://thietke365.net"
