216.244.66.249 - - [19/Oct/2024:01:18:37 -0400] "GET /robots.txt HTTP/1.1" 200 111 "-" "Mozilla/5.0 (compatible; DotBot/1.2; +https://opensiteexplorer.org/dotbot; [email protected])"
162.213.251.195 - - [19/Oct/2024:01:22:53 -0400] "POST /wp-cron.php?doing_wp_cron=1729315372.7046699523925781250000 HTTP/1.1" 200 0 "-" "WordPress/6.6.2; https://thietke365.net"
216.244.66.249 - - [19/Oct/2024:01:22:45 -0400] "GET /san-pham/theme-wordpress-ban-ban-tho-noi-that/ HTTP/1.1" 200 37660 "-" "Mozilla/5.0 (compatible; DotBot/1.2; +https://opensiteexplorer.org/dotbot; [email protected])"
162.213.251.195 - - [19/Oct/2024:01:23:25 -0400] "POST /wp-cron.php?doing_wp_cron=1729315405.4512848854064941406250 HTTP/1.1" 200 0 "-" "WordPress/6.6.2; https://thietke365.net"
216.244.66.249 - - [19/Oct/2024:01:23:24 -0400] "GET /san-pham/theme-wordpress-landing-page-bat-dong-san-aqua-city/ HTTP/1.1" 200 37461 "-" "Mozilla/5.0 (compatible; DotBot/1.2; +https://opensiteexplorer.org/dotbot; [email protected])"
216.244.66.249 - - [19/Oct/2024:01:23:54 -0400] "GET /san-pham/theme-wordpress-studio-anh-cuoi-02/ HTTP/1.1" 200 37801 "-" "Mozilla/5.0 (compatible; DotBot/1.2; +https://opensiteexplorer.org/dotbot; [email protected])"
162.213.251.195 - - [19/Oct/2024:01:32:52 -0400] "POST /wp-cron.php?doing_wp_cron=1729315971.8299529552459716796875 HTTP/1.1" 200 0 "-" "WordPress/6.6.2; https://thietke365.net"
87.120.114.208 - - [19/Oct/2024:01:32:37 -0400] "POST /wp-login.php HTTP/1.1" 200 3066 "-" "Mozilla/5.0"
162.213.251.195 - - [19/Oct/2024:01:33:54 -0400] "POST /wp-cron.php?doing_wp_cron=1729316034.3080730438232421875000 HTTP/1.1" 200 0 "-" "WordPress/6.6.2; https://thietke365.net"
2a03:cfc0:8004::4:17 - - [19/Oct/2024:01:33:53 -0400] "GET /mah/function.php HTTP/1.1" 404 29160 "-" "Mozlila/5.0 (Linux; Android 7.0; SM-G892A Bulid/NRD90M; wv) AppleWebKit/537.36 (KHTML, like Gecko) Version/4.0 Chrome/60.0.3112.107 Moblie Safari/537.36"
2a03:cfc0:8004::4:17 - - [19/Oct/2024:01:33:56 -0400] "GET /bk/index.php HTTP/1.1" 301 0 "-" "Mozlila/5.0 (Linux; Android 7.0; SM-G892A Bulid/NRD90M; wv) AppleWebKit/537.36 (KHTML, like Gecko) Version/4.0 Chrome/60.0.3112.107 Moblie Safari/537.36"
2a03:cfc0:8004::4:17 - - [19/Oct/2024:01:33:56 -0400] "GET /bk/ HTTP/1.1" 404 29036 "-" "Mozlila/5.0 (Linux; Android 7.0; SM-G892A Bulid/NRD90M; wv) AppleWebKit/537.36 (KHTML, like Gecko) Version/4.0 Chrome/60.0.3112.107 Moblie Safari/537.36"
2a03:cfc0:8004::4:17 - - [19/Oct/2024:01:33:58 -0400] "GET /about/function.php HTTP/1.1" 404 29133 "-" "Mozlila/5.0 (Linux; Android 7.0; SM-G892A Bulid/NRD90M; wv) AppleWebKit/537.36 (KHTML, like Gecko) Version/4.0 Chrome/60.0.3112.107 Moblie Safari/537.36"
2a03:cfc0:8004::4:17 - - [19/Oct/2024:01:34:00 -0400] "GET /doc/function.php HTTP/1.1" 404 29151 "-" "Mozlila/5.0 (Linux; Android 7.0; SM-G892A Bulid/NRD90M; wv) AppleWebKit/537.36 (KHTML, like Gecko) Version/4.0 Chrome/60.0.3112.107 Moblie Safari/537.36"
2a03:cfc0:8004::4:17 - - [19/Oct/2024:01:34:01 -0400] "GET /admin/function.php HTTP/1.1" 404 29121 "-" "Mozlila/5.0 (Linux; Android 7.0; SM-G892A Bulid/NRD90M; wv) AppleWebKit/537.36 (KHTML, like Gecko) Version/4.0 Chrome/60.0.3112.107 Moblie Safari/537.36"
162.213.251.195 - - [19/Oct/2024:02:01:06 -0400] "POST /wp-cron.php?doing_wp_cron=1729317665.9950149059295654296875 HTTP/1.1" 200 0 "-" "WordPress/6.6.2; https://thietke365.net"
17.241.227.192 - - [19/Oct/2024:02:00:57 -0400] "GET /san-pham/theme-wordpress-landing-page-bds-novaworld/ HTTP/1.1" 200 37499 "-" "Mozilla/5.0 (Macintosh; Intel Mac OS X 10_15_7) AppleWebKit/605.1.15 (KHTML, like Gecko) Version/17.4 Safari/605.1.15 (Applebot/0.1; +http://www.apple.com/go/applebot)"
17.246.15.211 - - [19/Oct/2024:02:02:10 -0400] "GET /wp-content/themes/flatsome-child/thang.css?ver=67134b225fdeb HTTP/1.1" 200 17306 "https://thietke365.net/san-pham/theme-wordpress-landing-page-bds-novaworld/" "Mozilla/5.0 (Macintosh; Intel Mac OS X 10_15_7) AppleWebKit/605.1.15 (KHTML, like Gecko) Version/17.4 Safari/605.1.15 (Applebot/0.1; +http://www.apple.com/go/applebot)"
17.246.15.244 - - [19/Oct/2024:02:02:10 -0400] "GET /wp-content/plugins/woocommerce/assets/js/photoswipe/photoswipe-ui-default.min.js?ver=4.1.1-wc.8.0.2 HTTP/1.1" 200 3478 "https://thietke365.net/san-pham/theme-wordpress-landing-page-bds-novaworld/" "Mozilla/5.0 (Macintosh; Intel Mac OS X 10_15_7) AppleWebKit/605.1.15 (KHTML, like Gecko) Version/17.4 Safari/605.1.15 (Applebot/0.1; +http://www.apple.com/go/applebot)"
17.246.19.14 - - [19/Oct/2024:02:02:11 -0400] "GET /wp-content/plugins/woocommerce/assets/js/photoswipe/photoswipe.min.js?ver=4.1.1-wc.8.0.2 HTTP/1.1" 200 11652 "https://thietke365.net/san-pham/theme-wordpress-landing-page-bds-novaworld/" "Mozilla/5.0 (Macintosh; Intel Mac OS X 10_15_7) AppleWebKit/605.1.15 (KHTML, like Gecko) Version/17.4 Safari/605.1.15 (Applebot/0.1; +http://www.apple.com/go/applebot)"
17.246.23.14 - - [19/Oct/2024:02:02:11 -0400] "GET /wp-content/plugins/woocommerce/assets/js/frontend/single-product.min.js?ver=8.0.2 HTTP/1.1" 200 1746 "https://thietke365.net/san-pham/theme-wordpress-landing-page-bds-novaworld/" "Mozilla/5.0 (Macintosh; Intel Mac OS X 10_15_7) AppleWebKit/605.1.15 (KHTML, like Gecko) Version/17.4 Safari/605.1.15 (Applebot/0.1; +http://www.apple.com/go/applebot)"
17.246.19.250 - - [19/Oct/2024:02:02:13 -0400] "GET /wp-content/themes/flatsome/assets/js/chunk.vendors-slider.f0d2cbc9.js HTTP/1.1" 200 12808 "https://thietke365.net/san-pham/theme-wordpress-landing-page-bds-novaworld/" "Mozilla/5.0 (Macintosh; Intel Mac OS X 10_15_7) AppleWebKit/605.1.15 (KHTML, like Gecko) Version/17.4 Safari/605.1.15 (Applebot/0.1; +http://www.apple.com/go/applebot)"
162.213.251.195 - - [19/Oct/2024:02:02:16 -0400] "POST /wp-cron.php?doing_wp_cron=1729317736.3903450965881347656250 HTTP/1.1" 200 0 "-" "WordPress/6.6.2; https://thietke365.net"
87.120.114.208 - - [19/Oct/2024:02:02:15 -0400] "POST /wp-login.php HTTP/1.1" 200 3074 "-" "Mozilla/5.0"
162.213.251.195 - - [19/Oct/2024:02:07:01 -0400] "POST /wp-cron.php?doing_wp_cron=1729318021.1739919185638427734375 HTTP/1.1" 200 0 "-" "WordPress/6.6.2; https://thietke365.net"
216.244.66.249 - - [19/Oct/2024:02:06:54 -0400] "GET /robots.txt HTTP/1.1" 200 111 "-" "Mozilla/5.0 (compatible; DotBot/1.2; +https://opensiteexplorer.org/dotbot; [email protected])"
162.213.251.195 - - [19/Oct/2024:02:08:44 -0400] "POST /wp-cron.php?doing_wp_cron=1729318124.4440569877624511718750 HTTP/1.1" 200 0 "-" "WordPress/6.6.2; https://thietke365.net"
212.50.248.140 - - [19/Oct/2024:02:08:41 -0400] "GET / HTTP/1.1" 200 38570 "-" "Mozilla/5.0 (Windows NT 10.0; Win64; x64) AppleWebKit/537.36 (KHTML, like Gecko) Chrome/129.0.0.0 Safari/537.36"
212.50.248.140 - - [19/Oct/2024:02:08:45 -0400] "GET /wp-content/plugins/contact-form-7/includes/css/styles.css?ver=5.8 HTTP/1.1" 200 878 "https://thietke365.net/" "Mozilla/5.0 (Windows NT 10.0; Win64; x64) AppleWebKit/537.36 (KHTML, like Gecko) Chrome/129.0.0.0 Safari/537.36"
212.50.248.140 - - [19/Oct/2024:02:08:46 -0400] "GET /wp-content/plugins/wp-bottom-menu/assets/css/style.css?ver=2.2.1 HTTP/1.1" 200 939 "https://thietke365.net/" "Mozilla/5.0 (Windows NT 10.0; Win64; x64) AppleWebKit/537.36 (KHTML, like Gecko) Chrome/129.0.0.0 Safari/537.36"
212.50.248.140 - - [19/Oct/2024:02:08:45 -0400] "GET /wp-content/plugins/wp-bottom-menu/inc/customizer/customizer-repeater/css/font-awesome.min.css?ver=1.1.0 HTTP/1.1" 200 6658 "https://thietke365.net/" "Mozilla/5.0 (Windows NT 10.0; Win64; x64) AppleWebKit/537.36 (KHTML, like Gecko) Chrome/129.0.0.0 Safari/537.36"
212.50.248.140 - - [19/Oct/2024:02:08:46 -0400] "GET /wp-includes/css/dashicons.min.css?ver=6.6.2 HTTP/1.1" 200 35110 "https://thietke365.net/" "Mozilla/5.0 (Windows NT 10.0; Win64; x64) AppleWebKit/537.36 (KHTML, like Gecko) Chrome/129.0.0.0 Safari/537.36"
212.50.248.140 - - [19/Oct/2024:02:08:46 -0400] "GET /wp-content/plugins/yith-woocommerce-product-add-ons/assets/css/front.css?ver=4.0.1 HTTP/1.1" 200 4748 "https://thietke365.net/" "Mozilla/5.0 (Windows NT 10.0; Win64; x64) AppleWebKit/537.36 (KHTML, like Gecko) Chrome/129.0.0.0 Safari/537.36"
212.50.248.140 - - [19/Oct/2024:02:08:46 -0400] "GET /wp-content/plugins/yith-woocommerce-product-add-ons/plugin-fw/assets/css/yith-icon.css?ver=4.4.0 HTTP/1.1" 200 11651 "https://thietke365.net/" "Mozilla/5.0 (Windows NT 10.0; Win64; x64) AppleWebKit/537.36 (KHTML, like Gecko) Chrome/129.0.0.0 Safari/537.36"
212.50.248.140 - - [19/Oct/2024:02:08:47 -0400] "GET /wp-admin/css/color-picker.min.css?ver=6.6.2 HTTP/1.1" 200 752 "https://thietke365.net/" "Mozilla/5.0 (Windows NT 10.0; Win64; x64) AppleWebKit/537.36 (KHTML, like Gecko) Chrome/129.0.0.0 Safari/537.36"
212.50.248.140 - - [19/Oct/2024:02:08:47 -0400] "GET /wp-content/themes/flatsome/assets/css/flatsome.css?ver=3.16.6 HTTP/1.1" 200 30769 "https://thietke365.net/" "Mozilla/5.0 (Windows NT 10.0; Win64; x64) AppleWebKit/537.36 (KHTML, like Gecko) Chrome/129.0.0.0 Safari/537.36"
212.50.248.140 - - [19/Oct/2024:02:08:47 -0400] "GET /wp-content/themes/flatsome-child/style.css?ver=3.0 HTTP/1.1" 200 167 "https://thietke365.net/" "Mozilla/5.0 (Windows NT 10.0; Win64; x64) AppleWebKit/537.36 (KHTML, like Gecko) Chrome/129.0.0.0 Safari/537.36"
212.50.248.140 - - [19/Oct/2024:02:08:47 -0400] "GET /wp-content/themes/flatsome/assets/css/flatsome-shop.css?ver=3.16.6 HTTP/1.1" 200 5220 "https://thietke365.net/" "Mozilla/5.0 (Windows NT 10.0; Win64; x64) AppleWebKit/537.36 (KHTML, like Gecko) Chrome/129.0.0.0 Safari/537.36"
212.50.248.140 - - [19/Oct/2024:02:08:47 -0400] "GET /wp-content/themes/flatsome-child/thang.css?ver=67134cecd7cdf HTTP/1.1" 200 17306 "https://thietke365.net/" "Mozilla/5.0 (Windows NT 10.0; Win64; x64) AppleWebKit/537.36 (KHTML, like Gecko) Chrome/129.0.0.0 Safari/537.36"
212.50.248.140 - - [19/Oct/2024:02:08:48 -0400] "GET /wp-includes/js/jquery/jquery.min.js?ver=3.7.1 HTTP/1.1" 200 29744 "https://thietke365.net/" "Mozilla/5.0 (Windows NT 10.0; Win64; x64) AppleWebKit/537.36 (KHTML, like Gecko) Chrome/129.0.0.0 Safari/537.36"
212.50.248.140 - - [19/Oct/2024:02:08:48 -0400] "GET /wp-includes/js/jquery/jquery-migrate.min.js?ver=3.4.1 HTTP/1.1" 200 4678 "https://thietke365.net/" "Mozilla/5.0 (Windows NT 10.0; Win64; x64) AppleWebKit/537.36 (KHTML, like Gecko) Chrome/129.0.0.0 Safari/537.36"
212.50.248.140 - - [19/Oct/2024:02:08:48 -0400] "GET /wp-content/uploads/2022/03/section-1-shape-small-2.png HTTP/1.1" 200 4919 "https://thietke365.net/" "Mozilla/5.0 (Windows NT 10.0; Win64; x64) AppleWebKit/537.36 (KHTML, like Gecko) Chrome/129.0.0.0 Safari/537.36"
212.50.248.140 - - [19/Oct/2024:02:08:48 -0400] "GET /wp-content/uploads/2022/03/section-1-shape-big.png HTTP/1.1" 200 57157 "https://thietke365.net/" "Mozilla/5.0 (Windows NT 10.0; Win64; x64) AppleWebKit/537.36 (KHTML, like Gecko) Chrome/129.0.0.0 Safari/537.36"
212.50.248.140 - - [19/Oct/2024:02:08:48 -0400] "GET /wp-content/uploads/2023/09/giphy-1.webp HTTP/1.1" 200 614722 "https://thietke365.net/" "Mozilla/5.0 (Windows NT 10.0; Win64; x64) AppleWebKit/537.36 (KHTML, like Gecko) Chrome/129.0.0.0 Safari/537.36"
212.50.248.140 - - [19/Oct/2024:02:08:49 -0400] "GET /wp-content/uploads/2022/03/section-1-shape-small-1.png HTTP/1.1" 200 10677 "https://thietke365.net/" "Mozilla/5.0 (Windows NT 10.0; Win64; x64) AppleWebKit/537.36 (KHTML, like Gecko) Chrome/129.0.0.0 Safari/537.36"
212.50.248.140 - - [19/Oct/2024:02:08:49 -0400] "GET /wp-content/plugins/contact-form-7/includes/swv/js/index.js?ver=5.8 HTTP/1.1" 200 3061 "https://thietke365.net/" "Mozilla/5.0 (Windows NT 10.0; Win64; x64) AppleWebKit/537.36 (KHTML, like Gecko) Chrome/129.0.0.0 Safari/537.36"
212.50.248.140 - - [19/Oct/2024:02:08:49 -0400] "GET /wp-content/plugins/contact-form-7/includes/js/index.js?ver=5.8 HTTP/1.1" 200 3918 "https://thietke365.net/" "Mozilla/5.0 (Windows NT 10.0; Win64; x64) AppleWebKit/537.36 (KHTML, like Gecko) Chrome/129.0.0.0 Safari/537.36"
212.50.248.140 - - [19/Oct/2024:02:08:49 -0400] "GET /wp-content/plugins/woocommerce/assets/js/jquery-blockui/jquery.blockUI.min.js?ver=2.7.0-wc.8.0.2 HTTP/1.1" 200 3277 "https://thietke365.net/" "Mozilla/5.0 (Windows NT 10.0; Win64; x64) AppleWebKit/537.36 (KHTML, like Gecko) Chrome/129.0.0.0 Safari/537.36"
212.50.248.140 - - [19/Oct/2024:02:08:50 -0400] "GET /wp-content/plugins/woocommerce/assets/js/frontend/add-to-cart.min.js?ver=8.0.2 HTTP/1.1" 200 972 "https://thietke365.net/" "Mozilla/5.0 (Windows NT 10.0; Win64; x64) AppleWebKit/537.36 (KHTML, like Gecko) Chrome/129.0.0.0 Safari/537.36"
212.50.248.140 - - [19/Oct/2024:02:08:50 -0400] "GET /wp-content/plugins/woocommerce/assets/js/frontend/woocommerce.min.js?ver=8.0.2 HTTP/1.1" 200 684 "https://thietke365.net/" "Mozilla/5.0 (Windows NT 10.0; Win64; x64) AppleWebKit/537.36 (KHTML, like Gecko) Chrome/129.0.0.0 Safari/537.36"
212.50.248.140 - - [19/Oct/2024:02:08:50 -0400] "GET /wp-content/plugins/woocommerce/assets/js/js-cookie/js.cookie.min.js?ver=2.1.4-wc.8.0.2 HTTP/1.1" 200 893 "https://thietke365.net/" "Mozilla/5.0 (Windows NT 10.0; Win64; x64) AppleWebKit/537.36 (KHTML, like Gecko) Chrome/129.0.0.0 Safari/537.36"
212.50.248.140 - - [19/Oct/2024:02:08:50 -0400] "GET /wp-content/plugins/wp-bottom-menu/assets/js/main.js?ver=2.2.1 HTTP/1.1" 200 602 "https://thietke365.net/" "Mozilla/5.0 (Windows NT 10.0; Win64; x64) AppleWebKit/537.36 (KHTML, like Gecko) Chrome/129.0.0.0 Safari/537.36"
212.50.248.140 - - [19/Oct/2024:02:08:50 -0400] "GET /wp-content/themes/flatsome/inc/extensions/flatsome-live-search/flatsome-live-search.js?ver=3.16.6 HTTP/1.1" 200 4841 "https://thietke365.net/" "Mozilla/5.0 (Windows NT 10.0; Win64; x64) AppleWebKit/537.36 (KHTML, like Gecko) Chrome/129.0.0.0 Safari/537.36"
212.50.248.140 - - [19/Oct/2024:02:08:50 -0400] "GET /wp-includes/js/jquery/ui/core.min.js?ver=1.13.3 HTTP/1.1" 200 6811 "https://thietke365.net/" "Mozilla/5.0 (Windows NT 10.0; Win64; x64) AppleWebKit/537.36 (KHTML, like Gecko) Chrome/129.0.0.0 Safari/537.36"
212.50.248.140 - - [19/Oct/2024:02:08:51 -0400] "GET /wp-includes/js/jquery/ui/mouse.min.js?ver=1.13.3 HTTP/1.1" 200 1012 "https://thietke365.net/" "Mozilla/5.0 (Windows NT 10.0; Win64; x64) AppleWebKit/537.36 (KHTML, like Gecko) Chrome/129.0.0.0 Safari/537.36"
212.50.248.140 - - [19/Oct/2024:02:08:51 -0400] "GET /wp-includes/js/jquery/ui/slider.min.js?ver=1.13.3 HTTP/1.1" 200 3010 "https://thietke365.net/" "Mozilla/5.0 (Windows NT 10.0; Win64; x64) AppleWebKit/537.36 (KHTML, like Gecko) Chrome/129.0.0.0 Safari/537.36"
212.50.248.140 - - [19/Oct/2024:02:08:51 -0400] "GET /wp-includes/js/jquery/ui/draggable.min.js?ver=1.13.3 HTTP/1.1" 200 4691 "https://thietke365.net/" "Mozilla/5.0 (Windows NT 10.0; Win64; x64) AppleWebKit/537.36 (KHTML, like Gecko) Chrome/129.0.0.0 Safari/537.36"
212.50.248.140 - - [19/Oct/2024:02:08:51 -0400] "GET /wp-includes/js/jquery/jquery.ui.touch-punch.js?ver=0.2.2 HTTP/1.1" 200 509 "https://thietke365.net/" "Mozilla/5.0 (Windows NT 10.0; Win64; x64) AppleWebKit/537.36 (KHTML, like Gecko) Chrome/129.0.0.0 Safari/537.36"
212.50.248.140 - - [19/Oct/2024:02:08:52 -0400] "GET /wp-admin/js/iris.min.js?ver=4.0.1 HTTP/1.1" 200 7724 "https://thietke365.net/" "Mozilla/5.0 (Windows NT 10.0; Win64; x64) AppleWebKit/537.36 (KHTML, like Gecko) Chrome/129.0.0.0 Safari/537.36"
212.50.248.140 - - [19/Oct/2024:02:08:52 -0400] "GET /wp-includes/js/dist/hooks.min.js?ver=2810c76e705dd1a53b18 HTTP/1.1" 200 1460 "https://thietke365.net/" "Mozilla/5.0 (Windows NT 10.0; Win64; x64) AppleWebKit/537.36 (KHTML, like Gecko) Chrome/129.0.0.0 Safari/537.36"
212.50.248.140 - - [19/Oct/2024:02:08:52 -0400] "GET /wp-includes/js/dist/i18n.min.js?ver=5e580eb46a90c2b997e6 HTTP/1.1" 200 3542 "https://thietke365.net/" "Mozilla/5.0 (Windows NT 10.0; Win64; x64) AppleWebKit/537.36 (KHTML, like Gecko) Chrome/129.0.0.0 Safari/537.36"
212.50.248.140 - - [19/Oct/2024:02:08:52 -0400] "GET /wp-admin/js/color-picker.min.js?ver=4.0.1 HTTP/1.1" 200 1064 "https://thietke365.net/" "Mozilla/5.0 (Windows NT 10.0; Win64; x64) AppleWebKit/537.36 (KHTML, like Gecko) Chrome/129.0.0.0 Safari/537.36"
212.50.248.140 - - [19/Oct/2024:02:08:52 -0400] "GET /wp-includes/js/jquery/ui/datepicker.min.js?ver=1.13.3 HTTP/1.1" 200 10506 "https://thietke365.net/" "Mozilla/5.0 (Windows NT 10.0; Win64; x64) AppleWebKit/537.36 (KHTML, like Gecko) Chrome/129.0.0.0 Safari/537.36"
212.50.248.140 - - [19/Oct/2024:02:08:52 -0400] "GET /wp-includes/js/underscore.min.js?ver=1.13.4 HTTP/1.1" 200 7179 "https://thietke365.net/" "Mozilla/5.0 (Windows NT 10.0; Win64; x64) AppleWebKit/537.36 (KHTML, like Gecko) Chrome/129.0.0.0 Safari/537.36"
212.50.248.140 - - [19/Oct/2024:02:08:53 -0400] "GET /wp-includes/js/jquery/ui/progressbar.min.js?ver=1.13.3 HTTP/1.1" 200 844 "https://thietke365.net/" "Mozilla/5.0 (Windows NT 10.0; Win64; x64) AppleWebKit/537.36 (KHTML, like Gecko) Chrome/129.0.0.0 Safari/537.36"
212.50.248.140 - - [19/Oct/2024:02:08:53 -0400] "GET /wp-content/plugins/woocommerce/assets/js/frontend/add-to-cart-variation.min.js?ver=8.0.2 HTTP/1.1" 200 3472 "https://thietke365.net/" "Mozilla/5.0 (Windows NT 10.0; Win64; x64) AppleWebKit/537.36 (KHTML, like Gecko) Chrome/129.0.0.0 Safari/537.36"
212.50.248.140 - - [19/Oct/2024:02:08:53 -0400] "GET /wp-includes/js/wp-util.min.js?ver=6.6.2 HTTP/1.1" 200 690 "https://thietke365.net/" "Mozilla/5.0 (Windows NT 10.0; Win64; x64) AppleWebKit/537.36 (KHTML, like Gecko) Chrome/129.0.0.0 Safari/537.36"
212.50.248.140 - - [19/Oct/2024:02:08:53 -0400] "GET /wp-content/plugins/yith-woocommerce-product-add-ons/assets/js/front.min.js?ver=4.0.1 HTTP/1.1" 200 9321 "https://thietke365.net/" "Mozilla/5.0 (Windows NT 10.0; Win64; x64) AppleWebKit/537.36 (KHTML, like Gecko) Chrome/129.0.0.0 Safari/537.36"
212.50.248.140 - - [19/Oct/2024:02:08:53 -0400] "GET /wp-includes/js/dist/vendor/wp-polyfill.min.js?ver=3.15.0 HTTP/1.1" 200 13501 "https://thietke365.net/" "Mozilla/5.0 (Windows NT 10.0; Win64; x64) AppleWebKit/537.36 (KHTML, like Gecko) Chrome/129.0.0.0 Safari/537.36"
212.50.248.140 - - [19/Oct/2024:02:08:54 -0400] "GET /wp-includes/js/hoverIntent.min.js?ver=1.10.2 HTTP/1.1" 200 668 "https://thietke365.net/" "Mozilla/5.0 (Windows NT 10.0; Win64; x64) AppleWebKit/537.36 (KHTML, like Gecko) Chrome/129.0.0.0 Safari/537.36"
212.50.248.140 - - [19/Oct/2024:02:08:54 -0400] "GET /wp-content/themes/flatsome/assets/js/flatsome.js?ver=8d32fe071187c00e5c8eae51dcdefdd9 HTTP/1.1" 200 15454 "https://thietke365.net/" "Mozilla/5.0 (Windows NT 10.0; Win64; x64) AppleWebKit/537.36 (KHTML, like Gecko) Chrome/129.0.0.0 Safari/537.36"
212.50.248.140 - - [19/Oct/2024:02:08:54 -0400] "GET /wp-content/themes/flatsome/assets/js/woocommerce.js?ver=7a63f7aa2c4bbf851812535d8e4e7958 HTTP/1.1" 200 5805 "https://thietke365.net/" "Mozilla/5.0 (Windows NT 10.0; Win64; x64) AppleWebKit/537.36 (KHTML, like Gecko) Chrome/129.0.0.0 Safari/537.36"
212.50.248.140 - - [19/Oct/2024:02:09:09 -0400] "GET /wp-content/uploads/2022/03/icon1-150x150.png HTTP/1.1" 200 1909 "https://thietke365.net/" "Mozilla/5.0 (Windows NT 10.0; Win64; x64) AppleWebKit/537.36 (KHTML, like Gecko) Chrome/129.0.0.0 Safari/537.36"
212.50.248.140 - - [19/Oct/2024:02:09:09 -0400] "GET /wp-content/themes/flatsome/assets/css/icons/fl-icons.woff2?v=3.16.6 HTTP/1.1" 200 6752 "https://thietke365.net/" "Mozilla/5.0 (Windows NT 10.0; Win64; x64) AppleWebKit/537.36 (KHTML, like Gecko) Chrome/129.0.0.0 Safari/537.36"
212.50.248.140 - - [19/Oct/2024:02:09:10 -0400] "GET /wp-content/uploads/2022/04/section-1-shape-small-3.png HTTP/1.1" 200 6891 "https://thietke365.net/" "Mozilla/5.0 (Windows NT 10.0; Win64; x64) AppleWebKit/537.36 (KHTML, like Gecko) Chrome/129.0.0.0 Safari/537.36"
212.50.248.140 - - [19/Oct/2024:02:09:10 -0400] "GET /wp-content/uploads/2022/03/section-1-shape-small-4.png HTTP/1.1" 200 7405 "https://thietke365.net/" "Mozilla/5.0 (Windows NT 10.0; Win64; x64) AppleWebKit/537.36 (KHTML, like Gecko) Chrome/129.0.0.0 Safari/537.36"
212.50.248.140 - - [19/Oct/2024:02:09:10 -0400] "GET /wp-content/uploads/2023/09/Artboard-6.png HTTP/1.1" 200 78497 "https://thietke365.net/" "Mozilla/5.0 (Windows NT 10.0; Win64; x64) AppleWebKit/537.36 (KHTML, like Gecko) Chrome/129.0.0.0 Safari/537.36"
212.50.248.140 - - [19/Oct/2024:02:09:10 -0400] "GET /wp-content/themes/flatsome-child/images/all_shortcut.svg HTTP/1.1" 200 10647 "https://thietke365.net/wp-content/themes/flatsome-child/thang.css?ver=67134cecd7cdf" "Mozilla/5.0 (Windows NT 10.0; Win64; x64) AppleWebKit/537.36 (KHTML, like Gecko) Chrome/129.0.0.0 Safari/537.36"
212.50.248.140 - - [19/Oct/2024:02:09:11 -0400] "GET /wp-content/uploads/2022/03/icon2-150x150.png HTTP/1.1" 200 1764 "https://thietke365.net/" "Mozilla/5.0 (Windows NT 10.0; Win64; x64) AppleWebKit/537.36 (KHTML, like Gecko) Chrome/129.0.0.0 Safari/537.36"
212.50.248.140 - - [19/Oct/2024:02:09:11 -0400] "GET /wp-content/uploads/2022/03/icon6-150x150.png HTTP/1.1" 200 1986 "https://thietke365.net/" "Mozilla/5.0 (Windows NT 10.0; Win64; x64) AppleWebKit/537.36 (KHTML, like Gecko) Chrome/129.0.0.0 Safari/537.36"
212.50.248.140 - - [19/Oct/2024:02:09:11 -0400] "GET /wp-content/uploads/2022/03/icon3-150x150.png HTTP/1.1" 200 1636 "https://thietke365.net/" "Mozilla/5.0 (Windows NT 10.0; Win64; x64) AppleWebKit/537.36 (KHTML, like Gecko) Chrome/129.0.0.0 Safari/537.36"
212.50.248.140 - - [19/Oct/2024:02:09:11 -0400] "GET /wp-content/uploads/2022/03/icon4-150x150.png HTTP/1.1" 200 2054 "https://thietke365.net/" "Mozilla/5.0 (Windows NT 10.0; Win64; x64) AppleWebKit/537.36 (KHTML, like Gecko) Chrome/129.0.0.0 Safari/537.36"
212.50.248.140 - - [19/Oct/2024:02:09:12 -0400] "GET /wp-content/uploads/2022/03/section-1-shape-small-3.png HTTP/1.1" 200 6894 "https://thietke365.net/" "Mozilla/5.0 (Windows NT 10.0; Win64; x64) AppleWebKit/537.36 (KHTML, like Gecko) Chrome/129.0.0.0 Safari/537.36"
212.50.248.140 - - [19/Oct/2024:02:09:12 -0400] "GET /wp-content/uploads/2022/03/icon5-150x150.png HTTP/1.1" 200 1841 "https://thietke365.net/" "Mozilla/5.0 (Windows NT 10.0; Win64; x64) AppleWebKit/537.36 (KHTML, like Gecko) Chrome/129.0.0.0 Safari/537.36"
212.50.248.140 - - [19/Oct/2024:02:09:12 -0400] "GET /wp-content/uploads/2022/03/responsive-section-1-shape-big.png HTTP/1.1" 200 24302 "https://thietke365.net/" "Mozilla/5.0 (Windows NT 10.0; Win64; x64) AppleWebKit/537.36 (KHTML, like Gecko) Chrome/129.0.0.0 Safari/537.36"
212.50.248.140 - - [19/Oct/2024:02:09:12 -0400] "GET /wp-content/uploads/2023/07/banner_home_1a.png HTTP/1.1" 200 88109 "https://thietke365.net/" "Mozilla/5.0 (Windows NT 10.0; Win64; x64) AppleWebKit/537.36 (KHTML, like Gecko) Chrome/129.0.0.0 Safari/537.36"
212.50.248.140 - - [19/Oct/2024:02:09:12 -0400] "GET /wp-content/uploads/2023/09/mau-ve-chung-toi-tc.png HTTP/1.1" 200 92537 "https://thietke365.net/" "Mozilla/5.0 (Windows NT 10.0; Win64; x64) AppleWebKit/537.36 (KHTML, like Gecko) Chrome/129.0.0.0 Safari/537.36"
212.50.248.140 - - [19/Oct/2024:02:09:12 -0400] "GET /wp-content/uploads/2022/03/section-2-shape-small-3.png HTTP/1.1" 200 7281 "https://thietke365.net/" "Mozilla/5.0 (Windows NT 10.0; Win64; x64) AppleWebKit/537.36 (KHTML, like Gecko) Chrome/129.0.0.0 Safari/537.36"
212.50.248.140 - - [19/Oct/2024:02:09:13 -0400] "GET /wp-content/uploads/2023/08/banner_2.png HTTP/1.1" 200 42869 "https://thietke365.net/" "Mozilla/5.0 (Windows NT 10.0; Win64; x64) AppleWebKit/537.36 (KHTML, like Gecko) Chrome/129.0.0.0 Safari/537.36"
212.50.248.140 - - [19/Oct/2024:02:09:13 -0400] "GET /wp-content/uploads/2022/03/section-2-shape-small-4.png HTTP/1.1" 200 6522 "https://thietke365.net/" "Mozilla/5.0 (Windows NT 10.0; Win64; x64) AppleWebKit/537.36 (KHTML, like Gecko) Chrome/129.0.0.0 Safari/537.36"
212.50.248.140 - - [19/Oct/2024:02:09:13 -0400] "GET /wp-content/uploads/2022/03/object-bycicle.png HTTP/1.1" 200 4196 "https://thietke365.net/" "Mozilla/5.0 (Windows NT 10.0; Win64; x64) AppleWebKit/537.36 (KHTML, like Gecko) Chrome/129.0.0.0 Safari/537.36"
212.50.248.140 - - [19/Oct/2024:02:09:13 -0400] "GET /wp-content/uploads/2022/03/object-moto-bike.png HTTP/1.1" 200 3210 "https://thietke365.net/" "Mozilla/5.0 (Windows NT 10.0; Win64; x64) AppleWebKit/537.36 (KHTML, like Gecko) Chrome/129.0.0.0 Safari/537.36"
212.50.248.140 - - [19/Oct/2024:02:09:13 -0400] "GET /wp-content/uploads/2022/03/website.png HTTP/1.1" 200 12151 "https://thietke365.net/" "Mozilla/5.0 (Windows NT 10.0; Win64; x64) AppleWebKit/537.36 (KHTML, like Gecko) Chrome/129.0.0.0 Safari/537.36"
212.50.248.140 - - [19/Oct/2024:02:09:13 -0400] "GET /wp-content/uploads/2022/03/icon1.png HTTP/1.1" 200 13200 "https://thietke365.net/" "Mozilla/5.0 (Windows NT 10.0; Win64; x64) AppleWebKit/537.36 (KHTML, like Gecko) Chrome/129.0.0.0 Safari/537.36"
212.50.248.140 - - [19/Oct/2024:02:09:13 -0400] "GET /wp-content/uploads/2022/03/branding.png HTTP/1.1" 200 12172 "https://thietke365.net/" "Mozilla/5.0 (Windows NT 10.0; Win64; x64) AppleWebKit/537.36 (KHTML, like Gecko) Chrome/129.0.0.0 Safari/537.36"
212.50.248.140 - - [19/Oct/2024:02:09:13 -0400] "GET /wp-content/uploads/2022/03/icon2.png HTTP/1.1" 200 11791 "https://thietke365.net/" "Mozilla/5.0 (Windows NT 10.0; Win64; x64) AppleWebKit/537.36 (KHTML, like Gecko) Chrome/129.0.0.0 Safari/537.36"
212.50.248.140 - - [19/Oct/2024:02:09:14 -0400] "GET /wp-content/uploads/2022/03/content.png HTTP/1.1" 200 9793 "https://thietke365.net/" "Mozilla/5.0 (Windows NT 10.0; Win64; x64) AppleWebKit/537.36 (KHTML, like Gecko) Chrome/129.0.0.0 Safari/537.36"
212.50.248.140 - - [19/Oct/2024:02:09:14 -0400] "GET /wp-content/uploads/2022/03/icon3.png HTTP/1.1" 200 10068 "https://thietke365.net/" "Mozilla/5.0 (Windows NT 10.0; Win64; x64) AppleWebKit/537.36 (KHTML, like Gecko) Chrome/129.0.0.0 Safari/537.36"
212.50.248.140 - - [19/Oct/2024:02:09:14 -0400] "GET /wp-content/uploads/2022/03/landingpage.png HTTP/1.1" 200 9261 "https://thietke365.net/" "Mozilla/5.0 (Windows NT 10.0; Win64; x64) AppleWebKit/537.36 (KHTML, like Gecko) Chrome/129.0.0.0 Safari/537.36"
212.50.248.140 - - [19/Oct/2024:02:09:14 -0400] "GET /wp-content/uploads/2022/03/icon4.png HTTP/1.1" 200 12831 "https://thietke365.net/" "Mozilla/5.0 (Windows NT 10.0; Win64; x64) AppleWebKit/537.36 (KHTML, like Gecko) Chrome/129.0.0.0 Safari/537.36"
212.50.248.140 - - [19/Oct/2024:02:09:14 -0400] "GET /wp-content/uploads/2022/03/seo.png HTTP/1.1" 200 9428 "https://thietke365.net/" "Mozilla/5.0 (Windows NT 10.0; Win64; x64) AppleWebKit/537.36 (KHTML, like Gecko) Chrome/129.0.0.0 Safari/537.36"
212.50.248.140 - - [19/Oct/2024:02:09:14 -0400] "GET /wp-content/uploads/2022/03/icon5.png HTTP/1.1" 200 12758 "https://thietke365.net/" "Mozilla/5.0 (Windows NT 10.0; Win64; x64) AppleWebKit/537.36 (KHTML, like Gecko) Chrome/129.0.0.0 Safari/537.36"
212.50.248.140 - - [19/Oct/2024:02:09:14 -0400] "GET /wp-content/uploads/2022/03/ads.png HTTP/1.1" 200 10852 "https://thietke365.net/" "Mozilla/5.0 (Windows NT 10.0; Win64; x64) AppleWebKit/537.36 (KHTML, like Gecko) Chrome/129.0.0.0 Safari/537.36"
212.50.248.140 - - [19/Oct/2024:02:09:14 -0400] "GET /wp-content/uploads/2022/03/icon6.png HTTP/1.1" 200 13582 "https://thietke365.net/" "Mozilla/5.0 (Windows NT 10.0; Win64; x64) AppleWebKit/537.36 (KHTML, like Gecko) Chrome/129.0.0.0 Safari/537.36"
212.50.248.140 - - [19/Oct/2024:02:09:14 -0400] "GET /wp-content/uploads/2022/03/facts-folder-96.png HTTP/1.1" 200 1228 "https://thietke365.net/" "Mozilla/5.0 (Windows NT 10.0; Win64; x64) AppleWebKit/537.36 (KHTML, like Gecko) Chrome/129.0.0.0 Safari/537.36"
212.50.248.140 - - [19/Oct/2024:02:09:15 -0400] "GET /wp-content/uploads/2022/03/facts-commercial-96.png HTTP/1.1" 200 1478 "https://thietke365.net/" "Mozilla/5.0 (Windows NT 10.0; Win64; x64) AppleWebKit/537.36 (KHTML, like Gecko) Chrome/129.0.0.0 Safari/537.36"
212.50.248.140 - - [19/Oct/2024:02:09:15 -0400] "GET /wp-content/uploads/2022/03/facts-trust-96.png HTTP/1.1" 200 1560 "https://thietke365.net/" "Mozilla/5.0 (Windows NT 10.0; Win64; x64) AppleWebKit/537.36 (KHTML, like Gecko) Chrome/129.0.0.0 Safari/537.36"
212.50.248.140 - - [19/Oct/2024:02:09:15 -0400] "GET /wp-content/uploads/2022/03/facts-contacts-96.png HTTP/1.1" 200 1758 "https://thietke365.net/" "Mozilla/5.0 (Windows NT 10.0; Win64; x64) AppleWebKit/537.36 (KHTML, like Gecko) Chrome/129.0.0.0 Safari/537.36"
212.50.248.140 - - [19/Oct/2024:02:09:15 -0400] "GET /wp-content/uploads/2023/08/logo.webp HTTP/1.1" 200 4059 "https://thietke365.net/" "Mozilla/5.0 (Windows NT 10.0; Win64; x64) AppleWebKit/537.36 (KHTML, like Gecko) Chrome/129.0.0.0 Safari/537.36"
212.50.248.140 - - [19/Oct/2024:02:09:15 -0400] "GET /wp-content/uploads/2023/08/Logo-TMT-Chon-Line.png HTTP/1.1" 200 6386 "https://thietke365.net/" "Mozilla/5.0 (Windows NT 10.0; Win64; x64) AppleWebKit/537.36 (KHTML, like Gecko) Chrome/129.0.0.0 Safari/537.36"
212.50.248.140 - - [19/Oct/2024:02:09:15 -0400] "GET /wp-content/uploads/2023/08/SMK_sign.png HTTP/1.1" 200 2939 "https://thietke365.net/" "Mozilla/5.0 (Windows NT 10.0; Win64; x64) AppleWebKit/537.36 (KHTML, like Gecko) Chrome/129.0.0.0 Safari/537.36"
212.50.248.140 - - [19/Oct/2024:02:09:15 -0400] "GET /wp-content/uploads/2023/08/Picture5.jpg HTTP/1.1" 200 7713 "https://thietke365.net/" "Mozilla/5.0 (Windows NT 10.0; Win64; x64) AppleWebKit/537.36 (KHTML, like Gecko) Chrome/129.0.0.0 Safari/537.36"
212.50.248.140 - - [19/Oct/2024:02:09:15 -0400] "GET /wp-content/uploads/2023/08/Logo-Arico-120x70-1.png HTTP/1.1" 200 2078 "https://thietke365.net/" "Mozilla/5.0 (Windows NT 10.0; Win64; x64) AppleWebKit/537.36 (KHTML, like Gecko) Chrome/129.0.0.0 Safari/537.36"
212.50.248.140 - - [19/Oct/2024:02:09:15 -0400] "GET /wp-content/uploads/2023/08/Logo-Sai-Gon-Home-Chon.png HTTP/1.1" 200 5662 "https://thietke365.net/" "Mozilla/5.0 (Windows NT 10.0; Win64; x64) AppleWebKit/537.36 (KHTML, like Gecko) Chrome/129.0.0.0 Safari/537.36"
212.50.248.140 - - [19/Oct/2024:02:09:15 -0400] "GET /wp-content/uploads/2023/08/Logo_inet_2.png HTTP/1.1" 200 2474 "https://thietke365.net/" "Mozilla/5.0 (Windows NT 10.0; Win64; x64) AppleWebKit/537.36 (KHTML, like Gecko) Chrome/129.0.0.0 Safari/537.36"
212.50.248.140 - - [19/Oct/2024:02:09:16 -0400] "GET /wp-content/uploads/2023/08/Logo-1.png HTTP/1.1" 200 5053 "https://thietke365.net/" "Mozilla/5.0 (Windows NT 10.0; Win64; x64) AppleWebKit/537.36 (KHTML, like Gecko) Chrome/129.0.0.0 Safari/537.36"
212.50.248.140 - - [19/Oct/2024:02:09:16 -0400] "GET /wp-content/uploads/2023/08/favicon-2048x2048.png HTTP/1.1" 200 16054 "https://thietke365.net/" "Mozilla/5.0 (Windows NT 10.0; Win64; x64) AppleWebKit/537.36 (KHTML, like Gecko) Chrome/129.0.0.0 Safari/537.36"
212.50.248.140 - - [19/Oct/2024:02:09:16 -0400] "GET /wp-content/uploads/2023/08/logo_pa.png HTTP/1.1" 200 3414 "https://thietke365.net/" "Mozilla/5.0 (Windows NT 10.0; Win64; x64) AppleWebKit/537.36 (KHTML, like Gecko) Chrome/129.0.0.0 Safari/537.36"
212.50.248.140 - - [19/Oct/2024:02:09:16 -0400] "GET /wp-content/uploads/2023/08/logo_tmm_den.png HTTP/1.1" 200 3784 "https://thietke365.net/" "Mozilla/5.0 (Windows NT 10.0; Win64; x64) AppleWebKit/537.36 (KHTML, like Gecko) Chrome/129.0.0.0 Safari/537.36"
212.50.248.140 - - [19/Oct/2024:02:09:16 -0400] "GET /wp-content/uploads/2023/08/Logo-GIA-LONG.webp HTTP/1.1" 200 37477 "https://thietke365.net/" "Mozilla/5.0 (Windows NT 10.0; Win64; x64) AppleWebKit/537.36 (KHTML, like Gecko) Chrome/129.0.0.0 Safari/537.36"
212.50.248.140 - - [19/Oct/2024:02:09:16 -0400] "GET /wp-content/uploads/2023/08/tuan.jpg HTTP/1.1" 200 45266 "https://thietke365.net/" "Mozilla/5.0 (Windows NT 10.0; Win64; x64) AppleWebKit/537.36 (KHTML, like Gecko) Chrome/129.0.0.0 Safari/537.36"
212.50.248.140 - - [19/Oct/2024:02:09:16 -0400] "GET /wp-content/uploads/2023/08/son_1.jpg HTTP/1.1" 200 57551 "https://thietke365.net/" "Mozilla/5.0 (Windows NT 10.0; Win64; x64) AppleWebKit/537.36 (KHTML, like Gecko) Chrome/129.0.0.0 Safari/537.36"
212.50.248.140 - - [19/Oct/2024:02:09:16 -0400] "GET /wp-content/uploads/2023/08/huong-2048x2048.jpg HTTP/1.1" 200 395765 "https://thietke365.net/" "Mozilla/5.0 (Windows NT 10.0; Win64; x64) AppleWebKit/537.36 (KHTML, like Gecko) Chrome/129.0.0.0 Safari/537.36"
212.50.248.140 - - [19/Oct/2024:02:09:17 -0400] "GET /wp-content/uploads/2023/08/Ba_Hoang.jpg HTTP/1.1" 200 74854 "https://thietke365.net/" "Mozilla/5.0 (Windows NT 10.0; Win64; x64) AppleWebKit/537.36 (KHTML, like Gecko) Chrome/129.0.0.0 Safari/537.36"
212.50.248.140 - - [19/Oct/2024:02:09:17 -0400] "GET /wp-content/uploads/2023/08/shape-sociall.png HTTP/1.1" 200 48503 "https://thietke365.net/" "Mozilla/5.0 (Windows NT 10.0; Win64; x64) AppleWebKit/537.36 (KHTML, like Gecko) Chrome/129.0.0.0 Safari/537.36"
212.50.248.140 - - [19/Oct/2024:02:09:17 -0400] "GET /wp-content/uploads/2023/08/logo_bnn_web_footer.png HTTP/1.1" 200 22902 "https://thietke365.net/" "Mozilla/5.0 (Windows NT 10.0; Win64; x64) AppleWebKit/537.36 (KHTML, like Gecko) Chrome/129.0.0.0 Safari/537.36"
162.213.251.195 - - [19/Oct/2024:02:09:24 -0400] "POST /wp-cron.php?doing_wp_cron=1729318164.0492689609527587890625 HTTP/1.1" 200 0 "-" "WordPress/6.6.2; https://thietke365.net"
212.50.248.140 - - [19/Oct/2024:02:09:23 -0400] "GET /https://demo8.k2k.vn/wp-content/uploads/2022/03/icon4.png%22 HTTP/1.1" 301 0 "https://thietke365.net/" "Mozilla/5.0 (Windows NT 10.0; Win64; x64) AppleWebKit/537.36 (KHTML, like Gecko) Chrome/129.0.0.0 Safari/537.36"
212.50.248.140 - - [19/Oct/2024:02:09:25 -0400] "GET /wp-includes/js/wp-emoji-release.min.js?ver=6.6.2 HTTP/1.1" 200 4676 "https://thietke365.net/" "Mozilla/5.0 (Windows NT 10.0; Win64; x64) AppleWebKit/537.36 (KHTML, like Gecko) Chrome/129.0.0.0 Safari/537.36"
212.50.248.140 - - [19/Oct/2024:02:09:25 -0400] "GET /wp-content/uploads/2023/08/favicon.png HTTP/1.1" 200 27196 "https://thietke365.net/" "Mozilla/5.0 (Windows NT 10.0; Win64; x64) AppleWebKit/537.36 (KHTML, like Gecko) Chrome/129.0.0.0 Safari/537.36"
212.50.248.140 - - [19/Oct/2024:02:09:24 -0400] "GET /https:/demo8.k2k.vn/wp-content/uploads/2022/03/icon4.png HTTP/1.1" 404 29126 "https://thietke365.net/" "Mozilla/5.0 (Windows NT 10.0; Win64; x64) AppleWebKit/537.36 (KHTML, like Gecko) Chrome/129.0.0.0 Safari/537.36"
212.50.248.140 - - [19/Oct/2024:02:09:25 -0400] "GET /wp-content/uploads/2023/08/huong.jpg HTTP/1.1" 200 633968 "https://thietke365.net/" "Mozilla/5.0 (Windows NT 10.0; Win64; x64) AppleWebKit/537.36 (KHTML, like Gecko) Chrome/129.0.0.0 Safari/537.36"
212.50.248.140 - - [19/Oct/2024:02:09:26 -0400] "GET /wp-content/themes/flatsome/assets/js/chunk.countup.fe2c1016.js HTTP/1.1" 200 1447 "https://thietke365.net/" "Mozilla/5.0 (Windows NT 10.0; Win64; x64) AppleWebKit/537.36 (KHTML, like Gecko) Chrome/129.0.0.0 Safari/537.36"
212.50.248.140 - - [19/Oct/2024:02:09:26 -0400] "GET /wp-content/themes/flatsome/assets/js/chunk.sticky-sidebar.a58a6557.js HTTP/1.1" 200 3108 "https://thietke365.net/" "Mozilla/5.0 (Windows NT 10.0; Win64; x64) AppleWebKit/537.36 (KHTML, like Gecko) Chrome/129.0.0.0 Safari/537.36"
212.50.248.140 - - [19/Oct/2024:02:09:26 -0400] "GET /wp-content/themes/flatsome/assets/js/chunk.vendors-popups.947eca5c.js HTTP/1.1" 200 6872 "https://thietke365.net/" "Mozilla/5.0 (Windows NT 10.0; Win64; x64) AppleWebKit/537.36 (KHTML, like Gecko) Chrome/129.0.0.0 Safari/537.36"
212.50.248.140 - - [19/Oct/2024:02:09:27 -0400] "GET /wp-content/themes/flatsome/assets/js/chunk.tooltips.29144c1c.js HTTP/1.1" 200 4651 "https://thietke365.net/" "Mozilla/5.0 (Windows NT 10.0; Win64; x64) AppleWebKit/537.36 (KHTML, like Gecko) Chrome/129.0.0.0 Safari/537.36"
212.50.248.140 - - [19/Oct/2024:02:09:27 -0400] "GET /wp-content/themes/flatsome/assets/js/chunk.vendors-slider.f0d2cbc9.js HTTP/1.1" 200 12808 "https://thietke365.net/" "Mozilla/5.0 (Windows NT 10.0; Win64; x64) AppleWebKit/537.36 (KHTML, like Gecko) Chrome/129.0.0.0 Safari/537.36"
212.50.248.140 - - [19/Oct/2024:02:09:27 -0400] "GET /favicon.ico HTTP/1.1" 404 1251 "https://thietke365.net/" "Mozilla/5.0 (Windows NT 10.0; Win64; x64) AppleWebKit/537.36 (KHTML, like Gecko) Chrome/129.0.0.0 Safari/537.36"
216.244.66.249 - - [19/Oct/2024:02:10:00 -0400] "GET /san-pham/theme-wordpress-dong-san-18/ HTTP/1.1" 200 37287 "-" "Mozilla/5.0 (compatible; DotBot/1.2; +https://opensiteexplorer.org/dotbot; [email protected])"
162.213.251.195 - - [19/Oct/2024:02:12:03 -0400] "POST /wp-cron.php?doing_wp_cron=1729318323.3628890514373779296875 HTTP/1.1" 200 0 "-" "WordPress/6.6.2; https://thietke365.net"
216.244.66.249 - - [19/Oct/2024:02:12:00 -0400] "GET /san-pham/theme-wordpress-ban-phu-kien-dien-thoai/ HTTP/1.1" 200 38030 "-" "Mozilla/5.0 (compatible; DotBot/1.2; +https://opensiteexplorer.org/dotbot; [email protected])"
216.244.66.249 - - [19/Oct/2024:02:12:15 -0400] "GET /san-pham/theme-wordpress-thanh-ly-02/ HTTP/1.1" 200 37829 "-" "Mozilla/5.0 (compatible; DotBot/1.2; +https://opensiteexplorer.org/dotbot; [email protected])"
162.213.251.195 - - [19/Oct/2024:02:12:28 -0400] "POST /wp-cron.php?doing_wp_cron=1729318348.7104198932647705078125 HTTP/1.1" 200 0 "-" "WordPress/6.6.2; https://thietke365.net"
216.244.66.249 - - [19/Oct/2024:02:12:28 -0400] "GET /mau-giao-dien/page/7/ HTTP/1.1" 200 35921 "-" "Mozilla/5.0 (compatible; DotBot/1.2; +https://opensiteexplorer.org/dotbot; [email protected])"
216.244.66.249 - - [19/Oct/2024:02:12:39 -0400] "GET /tu-khoa-san-pham/khach-san/ HTTP/1.1" 200 32430 "-" "Mozilla/5.0 (compatible; DotBot/1.2; +https://opensiteexplorer.org/dotbot; [email protected])"
216.244.66.249 - - [19/Oct/2024:02:12:49 -0400] "GET /san-pham/theme-wordpress-ban-cay-xanh-terrarium/ HTTP/1.1" 200 37946 "-" "Mozilla/5.0 (compatible; DotBot/1.2; +https://opensiteexplorer.org/dotbot; [email protected])"
216.244.66.249 - - [19/Oct/2024:02:12:58 -0400] "GET /san-pham/theme-ban-dien-thoai-07/ HTTP/1.1" 200 38690 "-" "Mozilla/5.0 (compatible; DotBot/1.2; +https://opensiteexplorer.org/dotbot; [email protected])"
162.213.251.195 - - [19/Oct/2024:02:13:31 -0400] "POST /wp-cron.php?doing_wp_cron=1729318411.3456070423126220703125 HTTP/1.1" 200 0 "-" "WordPress/6.6.2; https://thietke365.net"
216.244.66.249 - - [19/Oct/2024:02:13:30 -0400] "GET /san-pham/theme-wordpress-ban-qua-tet-gioi-thieu-san-pham/ HTTP/1.1" 200 37944 "-" "Mozilla/5.0 (compatible; DotBot/1.2; +https://opensiteexplorer.org/dotbot; [email protected])"
216.244.66.249 - - [19/Oct/2024:02:13:39 -0400] "GET /tu-khoa-san-pham/marketing/ HTTP/1.1" 200 32081 "-" "Mozilla/5.0 (compatible; DotBot/1.2; +https://opensiteexplorer.org/dotbot; [email protected])"
162.213.251.195 - - [19/Oct/2024:02:14:40 -0400] "POST /wp-cron.php?doing_wp_cron=1729318480.4591510295867919921875 HTTP/1.1" 200 0 "-" "WordPress/6.6.2; https://thietke365.net"
216.244.66.249 - - [19/Oct/2024:02:14:39 -0400] "GET /danh-muc-san-pham/doanh-nghiep/page/7/ HTTP/1.1" 200 34389 "-" "Mozilla/5.0 (compatible; DotBot/1.2; +https://opensiteexplorer.org/dotbot; [email protected])"
162.213.251.195 - - [19/Oct/2024:02:16:30 -0400] "POST /wp-cron.php?doing_wp_cron=1729318590.2809948921203613281250 HTTP/1.1" 200 0 "-" "WordPress/6.6.2; https://thietke365.net"
216.244.66.249 - - [19/Oct/2024:02:16:26 -0400] "GET /tu-khoa-san-pham/nhan-sam/feed/ HTTP/1.1" 200 748 "-" "Mozilla/5.0 (compatible; DotBot/1.2; +https://opensiteexplorer.org/dotbot; [email protected])"
162.213.251.195 - - [19/Oct/2024:02:28:01 -0400] "POST /wp-cron.php?doing_wp_cron=1729319280.2463109493255615234375 HTTP/1.1" 200 0 "-" "WordPress/6.6.2; https://thietke365.net"
74.125.215.142 - - [19/Oct/2024:02:27:46 -0400] "GET / HTTP/1.1" 200 38754 "-" "Mozilla/5.0 (Windows NT 10.0; Win64; x64) AppleWebKit/537.36 (KHTML, like Gecko) Chrome/129.0.0.0 Safari/537.36"
74.125.215.128 - - [19/Oct/2024:02:28:04 -0400] "GET /wp-content/themes/flatsome/assets/js/chunk.sticky-sidebar.a58a6557.js HTTP/1.1" 200 3108 "https://thietke365.net/" "Mozilla/5.0 (Windows NT 10.0; Win64; x64) AppleWebKit/537.36 (KHTML, like Gecko) Chrome/129.0.0.0 Safari/537.36"
74.125.215.136 - - [19/Oct/2024:02:28:04 -0400] "GET /wp-content/themes/flatsome/assets/js/chunk.countup.fe2c1016.js HTTP/1.1" 304 0 "https://thietke365.net/" "Mozilla/5.0 (Windows NT 10.0; Win64; x64) AppleWebKit/537.36 (KHTML, like Gecko) Chrome/129.0.0.0 Safari/537.36"
74.125.215.128 - - [19/Oct/2024:02:28:04 -0400] "GET /wp-content/plugins/contact-form-7/includes/css/styles.css?ver=5.8 HTTP/1.1" 200 878 "https://thietke365.net/" "Mozilla/5.0 (Windows NT 10.0; Win64; x64) AppleWebKit/537.36 (KHTML, like Gecko) Chrome/129.0.0.0 Safari/537.36"
74.125.215.135 - - [19/Oct/2024:02:28:04 -0400] "GET /wp-content/plugins/wp-bottom-menu/assets/css/style.css?ver=2.2.1 HTTP/1.1" 200 939 "https://thietke365.net/" "Mozilla/5.0 (Windows NT 10.0; Win64; x64) AppleWebKit/537.36 (KHTML, like Gecko) Chrome/129.0.0.0 Safari/537.36"
74.125.215.128 - - [19/Oct/2024:02:28:04 -0400] "GET /wp-content/plugins/yith-woocommerce-product-add-ons/assets/css/front.css?ver=4.0.1 HTTP/1.1" 200 4748 "https://thietke365.net/" "Mozilla/5.0 (Windows NT 10.0; Win64; x64) AppleWebKit/537.36 (KHTML, like Gecko) Chrome/129.0.0.0 Safari/537.36"
74.125.215.128 - - [19/Oct/2024:02:28:04 -0400] "GET /wp-content/plugins/wp-bottom-menu/inc/customizer/customizer-repeater/css/font-awesome.min.css?ver=1.1.0 HTTP/1.1" 200 6658 "https://thietke365.net/" "Mozilla/5.0 (Windows NT 10.0; Win64; x64) AppleWebKit/537.36 (KHTML, like Gecko) Chrome/129.0.0.0 Safari/537.36"
74.125.215.129 - - [19/Oct/2024:02:28:05 -0400] "GET /wp-admin/css/color-picker.min.css?ver=6.6.2 HTTP/1.1" 200 752 "https://thietke365.net/" "Mozilla/5.0 (Windows NT 10.0; Win64; x64) AppleWebKit/537.36 (KHTML, like Gecko) Chrome/129.0.0.0 Safari/537.36"
74.125.215.128 - - [19/Oct/2024:02:28:05 -0400] "GET /wp-includes/css/dashicons.min.css?ver=6.6.2 HTTP/1.1" 200 35110 "https://thietke365.net/" "Mozilla/5.0 (Windows NT 10.0; Win64; x64) AppleWebKit/537.36 (KHTML, like Gecko) Chrome/129.0.0.0 Safari/537.36"
74.125.215.142 - - [19/Oct/2024:02:28:05 -0400] "GET /wp-content/plugins/yith-woocommerce-product-add-ons/plugin-fw/assets/css/yith-icon.css?ver=4.4.0 HTTP/1.1" 200 11651 "https://thietke365.net/" "Mozilla/5.0 (Windows NT 10.0; Win64; x64) AppleWebKit/537.36 (KHTML, like Gecko) Chrome/129.0.0.0 Safari/537.36"
74.125.215.134 - - [19/Oct/2024:02:28:05 -0400] "GET /wp-content/themes/flatsome/assets/css/flatsome.css?ver=3.16.6 HTTP/1.1" 200 30769 "https://thietke365.net/" "Mozilla/5.0 (Windows NT 10.0; Win64; x64) AppleWebKit/537.36 (KHTML, like Gecko) Chrome/129.0.0.0 Safari/537.36"
74.125.215.142 - - [19/Oct/2024:02:28:05 -0400] "GET /wp-content/themes/flatsome-child/style.css?ver=3.0 HTTP/1.1" 200 167 "https://thietke365.net/" "Mozilla/5.0 (Windows NT 10.0; Win64; x64) AppleWebKit/537.36 (KHTML, like Gecko) Chrome/129.0.0.0 Safari/537.36"
74.125.215.142 - - [19/Oct/2024:02:28:05 -0400] "GET /wp-content/themes/flatsome/assets/css/flatsome-shop.css?ver=3.16.6 HTTP/1.1" 200 5220 "https://thietke365.net/" "Mozilla/5.0 (Windows NT 10.0; Win64; x64) AppleWebKit/537.36 (KHTML, like Gecko) Chrome/129.0.0.0 Safari/537.36"
74.125.215.128 - - [19/Oct/2024:02:28:06 -0400] "GET /wp-includes/js/jquery/jquery.min.js?ver=3.7.1 HTTP/1.1" 304 0 "https://thietke365.net/" "Mozilla/5.0 (Windows NT 10.0; Win64; x64) AppleWebKit/537.36 (KHTML, like Gecko) Chrome/129.0.0.0 Safari/537.36"
74.125.215.128 - - [19/Oct/2024:02:28:07 -0400] "GET /wp-includes/js/jquery/jquery-migrate.min.js?ver=3.4.1 HTTP/1.1" 304 0 "https://thietke365.net/" "Mozilla/5.0 (Windows NT 10.0; Win64; x64) AppleWebKit/537.36 (KHTML, like Gecko) Chrome/129.0.0.0 Safari/537.36"
74.125.215.135 - - [19/Oct/2024:02:28:07 -0400] "GET /wp-content/uploads/2022/03/section-1-shape-big.png HTTP/1.1" 200 57157 "https://thietke365.net/" "Mozilla/5.0 (Windows NT 10.0; Win64; x64) AppleWebKit/537.36 (KHTML, like Gecko) Chrome/129.0.0.0 Safari/537.36"
74.125.215.134 - - [19/Oct/2024:02:28:06 -0400] "GET /wp-content/themes/flatsome-child/thang.css?ver=67135171b8500 HTTP/1.1" 200 17306 "https://thietke365.net/" "Mozilla/5.0 (Windows NT 10.0; Win64; x64) AppleWebKit/537.36 (KHTML, like Gecko) Chrome/129.0.0.0 Safari/537.36"
74.125.215.129 - - [19/Oct/2024:02:28:07 -0400] "GET /wp-content/uploads/2022/03/section-1-shape-small-2.png HTTP/1.1" 200 4919 "https://thietke365.net/" "Mozilla/5.0 (Windows NT 10.0; Win64; x64) AppleWebKit/537.36 (KHTML, like Gecko) Chrome/129.0.0.0 Safari/537.36"
74.125.215.142 - - [19/Oct/2024:02:28:07 -0400] "GET /wp-content/uploads/2023/09/giphy-1.webp HTTP/1.1" 200 614722 "https://thietke365.net/" "Mozilla/5.0 (Windows NT 10.0; Win64; x64) AppleWebKit/537.36 (KHTML, like Gecko) Chrome/129.0.0.0 Safari/537.36"
74.125.215.134 - - [19/Oct/2024:02:28:08 -0400] "GET /wp-content/uploads/2022/03/section-1-shape-small-1.png HTTP/1.1" 200 10677 "https://thietke365.net/" "Mozilla/5.0 (Windows NT 10.0; Win64; x64) AppleWebKit/537.36 (KHTML, like Gecko) Chrome/129.0.0.0 Safari/537.36"
74.125.215.134 - - [19/Oct/2024:02:28:08 -0400] "GET /wp-content/plugins/contact-form-7/includes/js/index.js?ver=5.8 HTTP/1.1" 304 0 "https://thietke365.net/" "Mozilla/5.0 (Windows NT 10.0; Win64; x64) AppleWebKit/537.36 (KHTML, like Gecko) Chrome/129.0.0.0 Safari/537.36"
74.125.215.129 - - [19/Oct/2024:02:28:08 -0400] "GET /wp-content/plugins/contact-form-7/includes/swv/js/index.js?ver=5.8 HTTP/1.1" 304 0 "https://thietke365.net/" "Mozilla/5.0 (Windows NT 10.0; Win64; x64) AppleWebKit/537.36 (KHTML, like Gecko) Chrome/129.0.0.0 Safari/537.36"
74.125.215.128 - - [19/Oct/2024:02:28:08 -0400] "GET /wp-content/plugins/woocommerce/assets/js/jquery-blockui/jquery.blockUI.min.js?ver=2.7.0-wc.8.0.2 HTTP/1.1" 304 0 "https://thietke365.net/" "Mozilla/5.0 (Windows NT 10.0; Win64; x64) AppleWebKit/537.36 (KHTML, like Gecko) Chrome/129.0.0.0 Safari/537.36"
74.125.215.128 - - [19/Oct/2024:02:28:08 -0400] "GET /wp-content/plugins/woocommerce/assets/js/frontend/add-to-cart.min.js?ver=8.0.2 HTTP/1.1" 304 0 "https://thietke365.net/" "Mozilla/5.0 (Windows NT 10.0; Win64; x64) AppleWebKit/537.36 (KHTML, like Gecko) Chrome/129.0.0.0 Safari/537.36"
74.125.215.142 - - [19/Oct/2024:02:28:08 -0400] "GET /wp-content/plugins/woocommerce/assets/js/js-cookie/js.cookie.min.js?ver=2.1.4-wc.8.0.2 HTTP/1.1" 304 0 "https://thietke365.net/" "Mozilla/5.0 (Windows NT 10.0; Win64; x64) AppleWebKit/537.36 (KHTML, like Gecko) Chrome/129.0.0.0 Safari/537.36"
74.125.215.135 - - [19/Oct/2024:02:28:08 -0400] "GET /wp-content/plugins/wp-bottom-menu/assets/js/main.js?ver=2.2.1 HTTP/1.1" 304 0 "https://thietke365.net/" "Mozilla/5.0 (Windows NT 10.0; Win64; x64) AppleWebKit/537.36 (KHTML, like Gecko) Chrome/129.0.0.0 Safari/537.36"
74.125.215.129 - - [19/Oct/2024:02:28:08 -0400] "GET /wp-content/plugins/woocommerce/assets/js/frontend/woocommerce.min.js?ver=8.0.2 HTTP/1.1" 304 0 "https://thietke365.net/" "Mozilla/5.0 (Windows NT 10.0; Win64; x64) AppleWebKit/537.36 (KHTML, like Gecko) Chrome/129.0.0.0 Safari/537.36"
74.125.215.142 - - [19/Oct/2024:02:28:08 -0400] "GET /wp-content/themes/flatsome/inc/extensions/flatsome-live-search/flatsome-live-search.js?ver=3.16.6 HTTP/1.1" 304 0 "https://thietke365.net/" "Mozilla/5.0 (Windows NT 10.0; Win64; x64) AppleWebKit/537.36 (KHTML, like Gecko) Chrome/129.0.0.0 Safari/537.36"
74.125.215.136 - - [19/Oct/2024:02:28:09 -0400] "GET /wp-includes/js/jquery/ui/mouse.min.js?ver=1.13.3 HTTP/1.1" 304 0 "https://thietke365.net/" "Mozilla/5.0 (Windows NT 10.0; Win64; x64) AppleWebKit/537.36 (KHTML, like Gecko) Chrome/129.0.0.0 Safari/537.36"
74.125.215.128 - - [19/Oct/2024:02:28:09 -0400] "GET /wp-includes/js/jquery/ui/core.min.js?ver=1.13.3 HTTP/1.1" 304 0 "https://thietke365.net/" "Mozilla/5.0 (Windows NT 10.0; Win64; x64) AppleWebKit/537.36 (KHTML, like Gecko) Chrome/129.0.0.0 Safari/537.36"
74.125.215.142 - - [19/Oct/2024:02:28:09 -0400] "GET /wp-includes/js/jquery/ui/draggable.min.js?ver=1.13.3 HTTP/1.1" 304 0 "https://thietke365.net/" "Mozilla/5.0 (Windows NT 10.0; Win64; x64) AppleWebKit/537.36 (KHTML, like Gecko) Chrome/129.0.0.0 Safari/537.36"
74.125.215.135 - - [19/Oct/2024:02:28:09 -0400] "GET /wp-admin/js/iris.min.js?ver=4.0.1 HTTP/1.1" 304 0 "https://thietke365.net/" "Mozilla/5.0 (Windows NT 10.0; Win64; x64) AppleWebKit/537.36 (KHTML, like Gecko) Chrome/129.0.0.0 Safari/537.36"
74.125.215.142 - - [19/Oct/2024:02:28:09 -0400] "GET /wp-includes/js/jquery/jquery.ui.touch-punch.js?ver=0.2.2 HTTP/1.1" 304 0 "https://thietke365.net/" "Mozilla/5.0 (Windows NT 10.0; Win64; x64) AppleWebKit/537.36 (KHTML, like Gecko) Chrome/129.0.0.0 Safari/537.36"
74.125.215.136 - - [19/Oct/2024:02:28:09 -0400] "GET /wp-includes/js/jquery/ui/slider.min.js?ver=1.13.3 HTTP/1.1" 304 0 "https://thietke365.net/" "Mozilla/5.0 (Windows NT 10.0; Win64; x64) AppleWebKit/537.36 (KHTML, like Gecko) Chrome/129.0.0.0 Safari/537.36"
74.125.215.129 - - [19/Oct/2024:02:28:09 -0400] "GET /wp-includes/js/dist/i18n.min.js?ver=5e580eb46a90c2b997e6 HTTP/1.1" 304 0 "https://thietke365.net/" "Mozilla/5.0 (Windows NT 10.0; Win64; x64) AppleWebKit/537.36 (KHTML, like Gecko) Chrome/129.0.0.0 Safari/537.36"
74.125.215.135 - - [19/Oct/2024:02:28:09 -0400] "GET /wp-includes/js/dist/hooks.min.js?ver=2810c76e705dd1a53b18 HTTP/1.1" 304 0 "https://thietke365.net/" "Mozilla/5.0 (Windows NT 10.0; Win64; x64) AppleWebKit/537.36 (KHTML, like Gecko) Chrome/129.0.0.0 Safari/537.36"
74.125.215.136 - - [19/Oct/2024:02:28:10 -0400] "GET /wp-admin/js/color-picker.min.js?ver=4.0.1 HTTP/1.1" 304 0 "https://thietke365.net/" "Mozilla/5.0 (Windows NT 10.0; Win64; x64) AppleWebKit/537.36 (KHTML, like Gecko) Chrome/129.0.0.0 Safari/537.36"
74.125.215.129 - - [19/Oct/2024:02:28:10 -0400] "GET /wp-includes/js/jquery/ui/datepicker.min.js?ver=1.13.3 HTTP/1.1" 304 0 "https://thietke365.net/" "Mozilla/5.0 (Windows NT 10.0; Win64; x64) AppleWebKit/537.36 (KHTML, like Gecko) Chrome/129.0.0.0 Safari/537.36"
74.125.215.134 - - [19/Oct/2024:02:28:10 -0400] "GET /wp-includes/js/underscore.min.js?ver=1.13.4 HTTP/1.1" 304 0 "https://thietke365.net/" "Mozilla/5.0 (Windows NT 10.0; Win64; x64) AppleWebKit/537.36 (KHTML, like Gecko) Chrome/129.0.0.0 Safari/537.36"
