403Webshell
Server IP : 104.21.14.103  /  Your IP : 3.129.209.130
Web Server : LiteSpeed
System : Linux business53.web-hosting.com 4.18.0-553.lve.el8.x86_64 #1 SMP Mon May 27 15:27:34 UTC 2024 x86_64
User : giankuin ( 1871)
PHP Version : 7.4.33
Disable Function : NONE
MySQL : OFF  |  cURL : ON  |  WGET : ON  |  Perl : ON  |  Python : ON  |  Sudo : OFF  |  Pkexec : OFF
Directory :  /home/giankuin/access-logs/

Upload File :
current_dir [ Writeable ] document_root [ Writeable ]

 

Command :


[ Back ]     

Current File : //home/giankuin/access-logs/thietke365.net.giandon24h.com-ssl_log
103.28.52.66 - - [27/Oct/2024:08:15:09 -0400] "POST /wp-login.php HTTP/1.1" 200 0 "-" "Mozilla/5.0 (Windows NT 10.0; WOW64) AppleWebKit/537.36 (KHTML, like Gecko) Chrome/79.0.3945.130 Safari/537.36"
162.213.251.195 - - [27/Oct/2024:08:15:26 -0400] "POST /wp-cron.php?doing_wp_cron=1730031325.8276760578155517578125 HTTP/1.1" 200 0 "-" "WordPress/6.6.2; https://thietke365.net"
162.213.251.195 - - [27/Oct/2024:08:19:52 -0400] "POST /wp-cron.php?doing_wp_cron=1730031592.3120930194854736328125 HTTP/1.1" 200 0 "-" "WordPress/6.6.2; https://thietke365.net"
216.244.66.249 - - [27/Oct/2024:08:19:43 -0400] "GET /robots.txt HTTP/1.1" 200 111 "-" "Mozilla/5.0 (compatible; DotBot/1.2; +https://opensiteexplorer.org/dotbot; [email protected])"
65.2.9.197 - - [27/Oct/2024:08:23:24 -0400] "GET /wp-admin/css/ HTTP/1.1" 200 2830 "binance.com" "Mozilla/5.0 (Windows NT 10.0; Win64; x64) AppleWebKit/537.36 (KHTML, like Gecko) Chrome/90.0.4430.85 Safari/537.36"
65.2.9.197 - - [27/Oct/2024:08:23:29 -0400] "GET /wp-content/uploads/2024/10/ HTTP/1.1" 200 553 "binance.com" "Mozilla/5.0 (Windows NT 10.0; Win64; x64) AppleWebKit/537.36 (KHTML, like Gecko) Chrome/90.0.4430.85 Safari/537.36"
65.2.9.197 - - [27/Oct/2024:08:23:34 -0400] "GET /wp-content/uploads/2024/09/ HTTP/1.1" 200 553 "binance.com" "Mozilla/5.0 (Windows NT 10.0; Win64; x64) AppleWebKit/537.36 (KHTML, like Gecko) Chrome/90.0.4430.85 Safari/537.36"
65.2.9.197 - - [27/Oct/2024:08:23:39 -0400] "GET /wp-content/uploads/ HTTP/1.1" 200 1479 "binance.com" "Mozilla/5.0 (Windows NT 10.0; Win64; x64) AppleWebKit/537.36 (KHTML, like Gecko) Chrome/90.0.4430.85 Safari/537.36"
65.2.9.197 - - [27/Oct/2024:08:23:43 -0400] "GET /wp-content/upgrade/ HTTP/1.1" 200 545 "binance.com" "Mozilla/5.0 (Windows NT 10.0; Win64; x64) AppleWebKit/537.36 (KHTML, like Gecko) Chrome/90.0.4430.85 Safari/537.36"
65.2.9.197 - - [27/Oct/2024:08:23:52 -0400] "GET /wp-content/languages/ HTTP/1.1" 200 3258 "binance.com" "Mozilla/5.0 (Windows NT 10.0; Win64; x64) AppleWebKit/537.36 (KHTML, like Gecko) Chrome/90.0.4430.85 Safari/537.36"
65.2.9.197 - - [27/Oct/2024:08:24:02 -0400] "GET /wp-content/languages/ HTTP/1.1" 200 3258 "binance.com" "Mozilla/5.0 (Windows NT 10.0; Win64; x64) AppleWebKit/537.36 (KHTML, like Gecko) Chrome/90.0.4430.85 Safari/537.36"
65.2.9.197 - - [27/Oct/2024:08:24:08 -0400] "GET /wp-content/languages/admin-network-vi.l10n.php HTTP/1.1" 200 0 "binance.com" "Mozilla/5.0 (Windows NT 10.0; Win64; x64) AppleWebKit/537.36 (KHTML, like Gecko) Chrome/90.0.4430.85 Safari/537.36"
65.2.9.197 - - [27/Oct/2024:08:24:17 -0400] "GET /wp-content/languages/admin-vi.l10n.php HTTP/1.1" 200 0 "binance.com" "Mozilla/5.0 (Windows NT 10.0; Win64; x64) AppleWebKit/537.36 (KHTML, like Gecko) Chrome/90.0.4430.85 Safari/537.36"
65.2.9.197 - - [27/Oct/2024:08:24:21 -0400] "GET /wp-content/languages/continents-cities-vi.l10n.php HTTP/1.1" 200 0 "binance.com" "Mozilla/5.0 (Windows NT 10.0; Win64; x64) AppleWebKit/537.36 (KHTML, like Gecko) Chrome/90.0.4430.85 Safari/537.36"
65.2.9.197 - - [27/Oct/2024:08:24:27 -0400] "GET /wp-content/languages/vi.l10n.php HTTP/1.1" 200 0 "binance.com" "Mozilla/5.0 (Windows NT 10.0; Win64; x64) AppleWebKit/537.36 (KHTML, like Gecko) Chrome/90.0.4430.85 Safari/537.36"
65.2.9.197 - - [27/Oct/2024:08:24:37 -0400] "GET /wp-admin/includes/ HTTP/1.1" 200 3567 "binance.com" "Mozilla/5.0 (Windows NT 10.0; Win64; x64) AppleWebKit/537.36 (KHTML, like Gecko) Chrome/90.0.4430.85 Safari/537.36"
167.172.190.211 - - [27/Oct/2024:08:24:33 -0400] "POST /wp-login.php HTTP/1.1" 200 0 "-" "Mozilla/5.0 (Windows NT 6.1; WOW64) AppleWebKit/537.36 (KHTML, like Gecko) Chrome/41.0.2272.101 Safari/537.36"
162.213.251.195 - - [27/Oct/2024:08:24:47 -0400] "POST /wp-cron.php?doing_wp_cron=1730031887.6239390373229980468750 HTTP/1.1" 200 0 "-" "WordPress/6.6.2; https://thietke365.net"
65.2.9.197 - - [27/Oct/2024:08:24:48 -0400] "GET /wp-admin/includes/ HTTP/1.1" 200 3567 "binance.com" "Mozilla/5.0 (Windows NT 10.0; Win64; x64) AppleWebKit/537.36 (KHTML, like Gecko) Chrome/90.0.4430.85 Safari/537.36"
65.2.9.197 - - [27/Oct/2024:08:24:55 -0400] "GET /wp-admin/maint/ HTTP/1.1" 200 624 "binance.com" "Mozilla/5.0 (Windows NT 10.0; Win64; x64) AppleWebKit/537.36 (KHTML, like Gecko) Chrome/90.0.4430.85 Safari/537.36"
65.2.9.197 - - [27/Oct/2024:08:25:13 -0400] "GET /wp-admin/maint/ HTTP/1.1" 200 624 "binance.com" "Mozilla/5.0 (Windows NT 10.0; Win64; x64) AppleWebKit/537.36 (KHTML, like Gecko) Chrome/90.0.4430.85 Safari/537.36"
65.2.9.197 - - [27/Oct/2024:08:25:19 -0400] "GET /wp-admin/network/ HTTP/1.1" 302 0 "binance.com" "Mozilla/5.0 (Windows NT 10.0; Win64; x64) AppleWebKit/537.36 (KHTML, like Gecko) Chrome/90.0.4430.85 Safari/537.36"
65.2.9.197 - - [27/Oct/2024:08:25:21 -0400] "GET /wp-login.php?redirect_to=https%3A%2F%2Fthietke365.net%2Fwp-admin%2Fnetwork%2F&reauth=1 HTTP/1.1" 200 2887 "binance.com" "Mozilla/5.0 (Windows NT 10.0; Win64; x64) AppleWebKit/537.36 (KHTML, like Gecko) Chrome/90.0.4430.85 Safari/537.36"
162.213.251.195 - - [27/Oct/2024:08:25:38 -0400] "POST /wp-cron.php?doing_wp_cron=1730031938.6841020584106445312500 HTTP/1.1" 200 0 "-" "WordPress/6.6.2; https://thietke365.net"
65.2.9.197 - - [27/Oct/2024:08:25:38 -0400] "GET /wp-admin/user/ HTTP/1.1" 302 0 "binance.com" "Mozilla/5.0 (Windows NT 10.0; Win64; x64) AppleWebKit/537.36 (KHTML, like Gecko) Chrome/90.0.4430.85 Safari/537.36"
65.2.9.197 - - [27/Oct/2024:08:25:39 -0400] "GET /wp-login.php?redirect_to=https%3A%2F%2Fthietke365.net%2Fwp-admin%2Fuser%2F&reauth=1 HTTP/1.1" 200 2885 "binance.com" "Mozilla/5.0 (Windows NT 10.0; Win64; x64) AppleWebKit/537.36 (KHTML, like Gecko) Chrome/90.0.4430.85 Safari/537.36"
65.2.9.197 - - [27/Oct/2024:08:25:44 -0400] "GET /wp-admin/css/ HTTP/1.1" 200 2830 "binance.com" "Mozilla/5.0 (Windows NT 10.0; Win64; x64) AppleWebKit/537.36 (KHTML, like Gecko) Chrome/90.0.4430.85 Safari/537.36"
65.2.9.197 - - [27/Oct/2024:08:25:49 -0400] "GET /wp-admin/css/colors/ HTTP/1.1" 200 1112 "binance.com" "Mozilla/5.0 (Windows NT 10.0; Win64; x64) AppleWebKit/537.36 (KHTML, like Gecko) Chrome/90.0.4430.85 Safari/537.36"
65.2.9.197 - - [27/Oct/2024:08:25:55 -0400] "GET /wp-admin/css/colors/blue/ HTTP/1.1" 200 728 "binance.com" "Mozilla/5.0 (Windows NT 10.0; Win64; x64) AppleWebKit/537.36 (KHTML, like Gecko) Chrome/90.0.4430.85 Safari/537.36"
202.92.4.47 - - [27/Oct/2024:08:26:23 -0400] "GET /.well-known/acme-challenge/K1H8HZ_RVZ7Q2AK74NBOWYAXARHWZTCU HTTP/1.1" 404 1251 "-" "Cpanel-HTTP-Client/1.0"
65.2.9.197 - - [27/Oct/2024:08:26:25 -0400] "GET /wp-admin/css/colors/coffee/ HTTP/1.1" 200 737 "binance.com" "Mozilla/5.0 (Windows NT 10.0; Win64; x64) AppleWebKit/537.36 (KHTML, like Gecko) Chrome/90.0.4430.85 Safari/537.36"
202.92.4.47 - - [27/Oct/2024:08:26:35 -0400] "GET /.well-known/acme-challenge/2EKNUK1B-BBWCJLZRJDZRU8I0QS8OYK_ HTTP/1.1" 404 1251 "-" "Cpanel-HTTP-Client/1.0"
65.2.9.197 - - [27/Oct/2024:08:26:36 -0400] "GET /wp-admin/css/colors/ectoplasm/ HTTP/1.1" 200 727 "binance.com" "Mozilla/5.0 (Windows NT 10.0; Win64; x64) AppleWebKit/537.36 (KHTML, like Gecko) Chrome/90.0.4430.85 Safari/537.36"
65.2.9.197 - - [27/Oct/2024:08:26:49 -0400] "GET /wp-admin/css/colors/light/ HTTP/1.1" 200 732 "binance.com" "Mozilla/5.0 (Windows NT 10.0; Win64; x64) AppleWebKit/537.36 (KHTML, like Gecko) Chrome/90.0.4430.85 Safari/537.36"
65.2.9.197 - - [27/Oct/2024:08:27:06 -0400] "GET /wp-admin/css/colors/midnight/ HTTP/1.1" 200 742 "binance.com" "Mozilla/5.0 (Windows NT 10.0; Win64; x64) AppleWebKit/537.36 (KHTML, like Gecko) Chrome/90.0.4430.85 Safari/537.36"
65.2.9.197 - - [27/Oct/2024:08:27:13 -0400] "GET /wp-admin/css/colors/modern/ HTTP/1.1" 200 739 "binance.com" "Mozilla/5.0 (Windows NT 10.0; Win64; x64) AppleWebKit/537.36 (KHTML, like Gecko) Chrome/90.0.4430.85 Safari/537.36"
65.2.9.197 - - [27/Oct/2024:08:27:22 -0400] "GET /wp-admin/css/colors/ocean/ HTTP/1.1" 200 732 "binance.com" "Mozilla/5.0 (Windows NT 10.0; Win64; x64) AppleWebKit/537.36 (KHTML, like Gecko) Chrome/90.0.4430.85 Safari/537.36"
162.213.251.195 - - [27/Oct/2024:08:27:35 -0400] "POST /wp-cron.php?doing_wp_cron=1730032055.1576550006866455078125 HTTP/1.1" 200 0 "-" "WordPress/6.6.2; https://thietke365.net"
65.2.9.197 - - [27/Oct/2024:08:27:29 -0400] "GET /wp-admin/css/colors/sunrise/%20 HTTP/1.1" 301 0 "binance.com" "Mozilla/5.0 (Windows NT 10.0; Win64; x64) AppleWebKit/537.36 (KHTML, like Gecko) Chrome/90.0.4430.85 Safari/537.36"
65.2.9.197 - - [27/Oct/2024:08:27:36 -0400] "GET /wp-admin/css/colors/sunrise/ HTTP/1.1" 200 735 "binance.com" "Mozilla/5.0 (Windows NT 10.0; Win64; x64) AppleWebKit/537.36 (KHTML, like Gecko) Chrome/90.0.4430.85 Safari/537.36"
65.2.9.197 - - [27/Oct/2024:08:27:45 -0400] "GET /wp-admin/images/ HTTP/1.1" 200 2400 "binance.com" "Mozilla/5.0 (Windows NT 10.0; Win64; x64) AppleWebKit/537.36 (KHTML, like Gecko) Chrome/90.0.4430.85 Safari/537.36"
65.2.9.197 - - [27/Oct/2024:08:27:53 -0400] "GET /wp-admin/js/ HTTP/1.1" 200 3096 "binance.com" "Mozilla/5.0 (Windows NT 10.0; Win64; x64) AppleWebKit/537.36 (KHTML, like Gecko) Chrome/90.0.4430.85 Safari/537.36"
65.2.9.197 - - [27/Oct/2024:08:28:01 -0400] "GET /wp-admin/js/widgets/ HTTP/1.1" 200 1255 "binance.com" "Mozilla/5.0 (Windows NT 10.0; Win64; x64) AppleWebKit/537.36 (KHTML, like Gecko) Chrome/90.0.4430.85 Safari/537.36"
65.2.9.197 - - [27/Oct/2024:08:28:07 -0400] "GET /wp-includes/ HTTP/1.1" 200 7147 "binance.com" "Mozilla/5.0 (Windows NT 10.0; Win64; x64) AppleWebKit/537.36 (KHTML, like Gecko) Chrome/90.0.4430.85 Safari/537.36"
65.2.9.197 - - [27/Oct/2024:08:28:15 -0400] "GET /wp-includes/ HTTP/1.1" 200 7147 "binance.com" "Mozilla/5.0 (Windows NT 10.0; Win64; x64) AppleWebKit/537.36 (KHTML, like Gecko) Chrome/90.0.4430.85 Safari/537.36"
65.2.9.197 - - [27/Oct/2024:08:28:24 -0400] "GET /wp-includes/block-bindings.php HTTP/1.1" 200 0 "binance.com" "Mozilla/5.0 (Windows NT 10.0; Win64; x64) AppleWebKit/537.36 (KHTML, like Gecko) Chrome/90.0.4430.85 Safari/537.36"
65.2.9.197 - - [27/Oct/2024:08:28:33 -0400] "GET /wp-includes/block-editor.php HTTP/1.1" 200 0 "binance.com" "Mozilla/5.0 (Windows NT 10.0; Win64; x64) AppleWebKit/537.36 (KHTML, like Gecko) Chrome/90.0.4430.85 Safari/537.36"
65.2.9.197 - - [27/Oct/2024:08:28:47 -0400] "GET /wp-includes/block-template-utils.php HTTP/1.1" 200 0 "binance.com" "Mozilla/5.0 (Windows NT 10.0; Win64; x64) AppleWebKit/537.36 (KHTML, like Gecko) Chrome/90.0.4430.85 Safari/537.36"
65.2.9.197 - - [27/Oct/2024:08:28:53 -0400] "GET /wp-includes/block-template.php HTTP/1.1" 200 0 "binance.com" "Mozilla/5.0 (Windows NT 10.0; Win64; x64) AppleWebKit/537.36 (KHTML, like Gecko) Chrome/90.0.4430.85 Safari/537.36"
65.2.9.197 - - [27/Oct/2024:08:28:59 -0400] "GET /wp-includes/class-avif-info.php HTTP/1.1" 200 0 "binance.com" "Mozilla/5.0 (Windows NT 10.0; Win64; x64) AppleWebKit/537.36 (KHTML, like Gecko) Chrome/90.0.4430.85 Safari/537.36"
65.2.9.197 - - [27/Oct/2024:08:29:11 -0400] "GET /wp-includes/class-wp-block-bindings-registry.php HTTP/1.1" 200 0 "binance.com" "Mozilla/5.0 (Windows NT 10.0; Win64; x64) AppleWebKit/537.36 (KHTML, like Gecko) Chrome/90.0.4430.85 Safari/537.36"
65.2.9.197 - - [27/Oct/2024:08:29:32 -0400] "GET /wp-includes/class-wp-block-bindings-source.php HTTP/1.1" 200 0 "binance.com" "Mozilla/5.0 (Windows NT 10.0; Win64; x64) AppleWebKit/537.36 (KHTML, like Gecko) Chrome/90.0.4430.85 Safari/537.36"
65.2.9.197 - - [27/Oct/2024:08:29:44 -0400] "GET /wp-includes/class-wp-block-editor-context.php HTTP/1.1" 200 0 "binance.com" "Mozilla/5.0 (Windows NT 10.0; Win64; x64) AppleWebKit/537.36 (KHTML, like Gecko) Chrome/90.0.4430.85 Safari/537.36"
65.2.9.197 - - [27/Oct/2024:08:29:53 -0400] "GET /wp-includes/class-wp-block-parser-block.php HTTP/1.1" 200 0 "binance.com" "Mozilla/5.0 (Windows NT 10.0; Win64; x64) AppleWebKit/537.36 (KHTML, like Gecko) Chrome/90.0.4430.85 Safari/537.36"
65.2.9.197 - - [27/Oct/2024:08:30:14 -0400] "GET /wp-includes/class-wp-block-parser-frame.php HTTP/1.1" 200 0 "binance.com" "Mozilla/5.0 (Windows NT 10.0; Win64; x64) AppleWebKit/537.36 (KHTML, like Gecko) Chrome/90.0.4430.85 Safari/537.36"
65.2.9.197 - - [27/Oct/2024:08:30:21 -0400] "GET /wp-includes/class-wp-block-template.php HTTP/1.1" 200 0 "binance.com" "Mozilla/5.0 (Windows NT 10.0; Win64; x64) AppleWebKit/537.36 (KHTML, like Gecko) Chrome/90.0.4430.85 Safari/537.36"
65.2.9.197 - - [27/Oct/2024:08:30:26 -0400] "GET /wp-includes/class-wp-classic-to-block-menu-converter.php HTTP/1.1" 200 0 "binance.com" "Mozilla/5.0 (Windows NT 10.0; Win64; x64) AppleWebKit/537.36 (KHTML, like Gecko) Chrome/90.0.4430.85 Safari/537.36"
65.2.9.197 - - [27/Oct/2024:08:30:35 -0400] "GET /wp-includes/class-wp-dependencies.php HTTP/1.1" 200 0 "binance.com" "Mozilla/5.0 (Windows NT 10.0; Win64; x64) AppleWebKit/537.36 (KHTML, like Gecko) Chrome/90.0.4430.85 Safari/537.36"
65.2.9.197 - - [27/Oct/2024:08:30:44 -0400] "GET /wp-includes/class-wp-duotone.php HTTP/1.1" 200 0 "binance.com" "Mozilla/5.0 (Windows NT 10.0; Win64; x64) AppleWebKit/537.36 (KHTML, like Gecko) Chrome/90.0.4430.85 Safari/537.36"
65.2.9.197 - - [27/Oct/2024:08:31:07 -0400] "GET /wp-includes/class-wp-http.php HTTP/1.1" 500 0 "binance.com" "Mozilla/5.0 (Windows NT 10.0; Win64; x64) AppleWebKit/537.36 (KHTML, like Gecko) Chrome/90.0.4430.85 Safari/537.36"
65.2.9.197 - - [27/Oct/2024:08:31:15 -0400] "GET /wp-includes/class-wp-navigation-fallback.php HTTP/1.1" 200 0 "binance.com" "Mozilla/5.0 (Windows NT 10.0; Win64; x64) AppleWebKit/537.36 (KHTML, like Gecko) Chrome/90.0.4430.85 Safari/537.36"
65.2.9.197 - - [27/Oct/2024:08:31:20 -0400] "GET /wp-includes/class-wp-plugin-dependencies.php HTTP/1.1" 200 0 "binance.com" "Mozilla/5.0 (Windows NT 10.0; Win64; x64) AppleWebKit/537.36 (KHTML, like Gecko) Chrome/90.0.4430.85 Safari/537.36"
65.2.9.197 - - [27/Oct/2024:08:31:26 -0400] "GET /wp-includes/class-wp-script-modules.php HTTP/1.1" 200 0 "binance.com" "Mozilla/5.0 (Windows NT 10.0; Win64; x64) AppleWebKit/537.36 (KHTML, like Gecko) Chrome/90.0.4430.85 Safari/537.36"
65.2.9.197 - - [27/Oct/2024:08:31:54 -0400] "GET /wp-includes/class-wp-scripts.php HTTP/1.1" 500 0 "binance.com" "Mozilla/5.0 (Windows NT 10.0; Win64; x64) AppleWebKit/537.36 (KHTML, like Gecko) Chrome/90.0.4430.85 Safari/537.36"
65.2.9.197 - - [27/Oct/2024:08:32:02 -0400] "GET /wp-includes/class-wp-styles.php HTTP/1.1" 500 0 "binance.com" "Mozilla/5.0 (Windows NT 10.0; Win64; x64) AppleWebKit/537.36 (KHTML, like Gecko) Chrome/90.0.4430.85 Safari/537.36"
65.2.9.197 - - [27/Oct/2024:08:32:08 -0400] "GET /wp-includes/class-wp-textdomain-registry.php HTTP/1.1" 200 0 "binance.com" "Mozilla/5.0 (Windows NT 10.0; Win64; x64) AppleWebKit/537.36 (KHTML, like Gecko) Chrome/90.0.4430.85 Safari/537.36"
65.2.9.197 - - [27/Oct/2024:08:32:19 -0400] "GET /wp-includes/class-wp-theme-json-data.php HTTP/1.1" 200 0 "binance.com" "Mozilla/5.0 (Windows NT 10.0; Win64; x64) AppleWebKit/537.36 (KHTML, like Gecko) Chrome/90.0.4430.85 Safari/537.36"
65.2.9.197 - - [27/Oct/2024:08:32:39 -0400] "GET /wp-includes/class-wp-theme-json-resolver.php HTTP/1.1" 200 0 "binance.com" "Mozilla/5.0 (Windows NT 10.0; Win64; x64) AppleWebKit/537.36 (KHTML, like Gecko) Chrome/90.0.4430.85 Safari/537.36"
65.2.9.197 - - [27/Oct/2024:08:32:51 -0400] "GET /wp-includes/class-wp-theme-json-schema.php HTTP/1.1" 200 0 "binance.com" "Mozilla/5.0 (Windows NT 10.0; Win64; x64) AppleWebKit/537.36 (KHTML, like Gecko) Chrome/90.0.4430.85 Safari/537.36"
65.2.9.197 - - [27/Oct/2024:08:33:01 -0400] "GET /wp-includes/class-wp-theme-json.php HTTP/1.1" 200 0 "binance.com" "Mozilla/5.0 (Windows NT 10.0; Win64; x64) AppleWebKit/537.36 (KHTML, like Gecko) Chrome/90.0.4430.85 Safari/537.36"
65.2.9.197 - - [27/Oct/2024:08:33:09 -0400] "GET /wp-includes/class-wp-token-map.php HTTP/1.1" 200 0 "binance.com" "Mozilla/5.0 (Windows NT 10.0; Win64; x64) AppleWebKit/537.36 (KHTML, like Gecko) Chrome/90.0.4430.85 Safari/537.36"
65.2.9.197 - - [27/Oct/2024:08:33:14 -0400] "GET /wp-includes/class-wpdb.php HTTP/1.1" 200 0 "binance.com" "Mozilla/5.0 (Windows NT 10.0; Win64; x64) AppleWebKit/537.36 (KHTML, like Gecko) Chrome/90.0.4430.85 Safari/537.36"
65.2.9.197 - - [27/Oct/2024:08:33:29 -0400] "GET /wp-includes/fonts.php HTTP/1.1" 200 0 "binance.com" "Mozilla/5.0 (Windows NT 10.0; Win64; x64) AppleWebKit/537.36 (KHTML, like Gecko) Chrome/90.0.4430.85 Safari/537.36"
65.2.9.197 - - [27/Oct/2024:08:33:36 -0400] "GET /wp-includes/global-styles-and-settings.php HTTP/1.1" 200 0 "binance.com" "Mozilla/5.0 (Windows NT 10.0; Win64; x64) AppleWebKit/537.36 (KHTML, like Gecko) Chrome/90.0.4430.85 Safari/537.36"
65.2.9.197 - - [27/Oct/2024:08:33:43 -0400] "GET /wp-includes/https-detection.php HTTP/1.1" 200 0 "binance.com" "Mozilla/5.0 (Windows NT 10.0; Win64; x64) AppleWebKit/537.36 (KHTML, like Gecko) Chrome/90.0.4430.85 Safari/537.36"
65.2.9.197 - - [27/Oct/2024:08:33:50 -0400] "GET /wp-includes/https-migration.php HTTP/1.1" 200 0 "binance.com" "Mozilla/5.0 (Windows NT 10.0; Win64; x64) AppleWebKit/537.36 (KHTML, like Gecko) Chrome/90.0.4430.85 Safari/537.36"
65.2.9.197 - - [27/Oct/2024:08:33:57 -0400] "GET /wp-includes/robots-template.php HTTP/1.1" 200 0 "binance.com" "Mozilla/5.0 (Windows NT 10.0; Win64; x64) AppleWebKit/537.36 (KHTML, like Gecko) Chrome/90.0.4430.85 Safari/537.36"
65.2.9.197 - - [27/Oct/2024:08:34:05 -0400] "GET /wp-includes/script-modules.php HTTP/1.1" 200 0 "binance.com" "Mozilla/5.0 (Windows NT 10.0; Win64; x64) AppleWebKit/537.36 (KHTML, like Gecko) Chrome/90.0.4430.85 Safari/537.36"
65.2.9.197 - - [27/Oct/2024:08:34:10 -0400] "GET /wp-includes/style-engine.php HTTP/1.1" 200 0 "binance.com" "Mozilla/5.0 (Windows NT 10.0; Win64; x64) AppleWebKit/537.36 (KHTML, like Gecko) Chrome/90.0.4430.85 Safari/537.36"
162.144.135.175 - - [27/Oct/2024:08:34:11 -0400] "POST /wp-login.php HTTP/1.1" 200 3066 "-" "Mozilla/5.0 (Windows NT 6.1) AppleWebKit/537.36 (KHTML, like Gecko) Chrome/61.0.3163.100 Safari/537.36"
162.213.251.195 - - [27/Oct/2024:08:34:15 -0400] "POST /wp-cron.php?doing_wp_cron=1730032455.2732489109039306640625 HTTP/1.1" 200 0 "-" "WordPress/6.6.2; https://thietke365.net"
173.198.240.114 - - [27/Oct/2024:08:34:08 -0400] "POST /xmlrpc.php HTTP/1.1" 200 237 "-" "Mozilla/5.0 (X11; Fedora; Linux x86_64; rv:94.0) Gecko/20100101 Firefox/95.0"
65.2.9.197 - - [27/Oct/2024:08:34:17 -0400] "GET /wp-includes/template-canvas.php HTTP/1.1" 500 0 "binance.com" "Mozilla/5.0 (Windows NT 10.0; Win64; x64) AppleWebKit/537.36 (KHTML, like Gecko) Chrome/90.0.4430.85 Safari/537.36"
65.2.9.197 - - [27/Oct/2024:08:34:22 -0400] "GET /wp-includes/theme-previews.php HTTP/1.1" 200 0 "binance.com" "Mozilla/5.0 (Windows NT 10.0; Win64; x64) AppleWebKit/537.36 (KHTML, like Gecko) Chrome/90.0.4430.85 Safari/537.36"
65.2.9.197 - - [27/Oct/2024:08:34:31 -0400] "GET /wp-includes/theme-templates.php HTTP/1.1" 200 0 "binance.com" "Mozilla/5.0 (Windows NT 10.0; Win64; x64) AppleWebKit/537.36 (KHTML, like Gecko) Chrome/90.0.4430.85 Safari/537.36"
65.2.9.197 - - [27/Oct/2024:08:34:39 -0400] "GET /wp-includes/ID3/ HTTP/1.1" 200 1341 "binance.com" "Mozilla/5.0 (Windows NT 10.0; Win64; x64) AppleWebKit/537.36 (KHTML, like Gecko) Chrome/90.0.4430.85 Safari/537.36"
65.2.9.197 - - [27/Oct/2024:08:34:49 -0400] "GET /wp-includes/ID3/ HTTP/1.1" 200 1341 "binance.com" "Mozilla/5.0 (Windows NT 10.0; Win64; x64) AppleWebKit/537.36 (KHTML, like Gecko) Chrome/90.0.4430.85 Safari/537.36"
65.2.9.197 - - [27/Oct/2024:08:34:56 -0400] "GET /wp-includes/IXR/ HTTP/1.1" 200 1122 "binance.com" "Mozilla/5.0 (Windows NT 10.0; Win64; x64) AppleWebKit/537.36 (KHTML, like Gecko) Chrome/90.0.4430.85 Safari/537.36"
65.2.9.197 - - [27/Oct/2024:08:35:01 -0400] "GET /wp-includes/IXR/ HTTP/1.1" 200 1122 "binance.com" "Mozilla/5.0 (Windows NT 10.0; Win64; x64) AppleWebKit/537.36 (KHTML, like Gecko) Chrome/90.0.4430.85 Safari/537.36"
65.2.9.197 - - [27/Oct/2024:08:35:08 -0400] "GET /wp-includes/PHPMailer/ HTTP/1.1" 200 708 "binance.com" "Mozilla/5.0 (Windows NT 10.0; Win64; x64) AppleWebKit/537.36 (KHTML, like Gecko) Chrome/90.0.4430.85 Safari/537.36"
65.2.9.197 - - [27/Oct/2024:08:35:13 -0400] "GET /wp-includes/PHPMailer/ HTTP/1.1" 200 708 "binance.com" "Mozilla/5.0 (Windows NT 10.0; Win64; x64) AppleWebKit/537.36 (KHTML, like Gecko) Chrome/90.0.4430.85 Safari/537.36"
65.2.9.197 - - [27/Oct/2024:08:35:19 -0400] "GET /wp-includes/Text/ HTTP/1.1" 200 686 "binance.com" "Mozilla/5.0 (Windows NT 10.0; Win64; x64) AppleWebKit/537.36 (KHTML, like Gecko) Chrome/90.0.4430.85 Safari/537.36"
65.2.9.197 - - [27/Oct/2024:08:35:24 -0400] "GET /wp-includes/Text/ HTTP/1.1" 200 686 "binance.com" "Mozilla/5.0 (Windows NT 10.0; Win64; x64) AppleWebKit/537.36 (KHTML, like Gecko) Chrome/90.0.4430.85 Safari/537.36"
65.2.9.197 - - [27/Oct/2024:08:35:29 -0400] "GET /wp-includes/Text/Diff/ HTTP/1.1" 200 700 "binance.com" "Mozilla/5.0 (Windows NT 10.0; Win64; x64) AppleWebKit/537.36 (KHTML, like Gecko) Chrome/90.0.4430.85 Safari/537.36"
65.2.9.197 - - [27/Oct/2024:08:35:33 -0400] "GET /wp-includes/Text/Diff/ HTTP/1.1" 200 700 "binance.com" "Mozilla/5.0 (Windows NT 10.0; Win64; x64) AppleWebKit/537.36 (KHTML, like Gecko) Chrome/90.0.4430.85 Safari/537.36"
65.2.9.197 - - [27/Oct/2024:08:35:39 -0400] "GET /wp-includes/Text/Diff/Engine/ HTTP/1.1" 200 697 "binance.com" "Mozilla/5.0 (Windows NT 10.0; Win64; x64) AppleWebKit/537.36 (KHTML, like Gecko) Chrome/90.0.4430.85 Safari/537.36"
65.2.9.197 - - [27/Oct/2024:08:35:46 -0400] "GET /wp-includes/Text/Diff/Engine/ HTTP/1.1" 200 697 "binance.com" "Mozilla/5.0 (Windows NT 10.0; Win64; x64) AppleWebKit/537.36 (KHTML, like Gecko) Chrome/90.0.4430.85 Safari/537.36"
65.2.9.197 - - [27/Oct/2024:08:35:54 -0400] "GET /wp-includes/Text/Diff/Renderer/ HTTP/1.1" 200 632 "binance.com" "Mozilla/5.0 (Windows NT 10.0; Win64; x64) AppleWebKit/537.36 (KHTML, like Gecko) Chrome/90.0.4430.85 Safari/537.36"
65.2.9.197 - - [27/Oct/2024:08:35:59 -0400] "GET /wp-includes/Text/Diff/Renderer/ HTTP/1.1" 200 632 "binance.com" "Mozilla/5.0 (Windows NT 10.0; Win64; x64) AppleWebKit/537.36 (KHTML, like Gecko) Chrome/90.0.4430.85 Safari/537.36"
65.2.9.197 - - [27/Oct/2024:08:36:05 -0400] "GET /wp-includes/blocks/ HTTP/1.1" 500 0 "binance.com" "Mozilla/5.0 (Windows NT 10.0; Win64; x64) AppleWebKit/537.36 (KHTML, like Gecko) Chrome/90.0.4430.85 Safari/537.36"
65.2.9.197 - - [27/Oct/2024:08:36:12 -0400] "GET /wp-includes/pomo/ HTTP/1.1" 200 1070 "binance.com" "Mozilla/5.0 (Windows NT 10.0; Win64; x64) AppleWebKit/537.36 (KHTML, like Gecko) Chrome/90.0.4430.85 Safari/537.36"
65.2.9.197 - - [27/Oct/2024:08:36:20 -0400] "GET /wp-includes/pomo/ HTTP/1.1" 200 1070 "binance.com" "Mozilla/5.0 (Windows NT 10.0; Win64; x64) AppleWebKit/537.36 (KHTML, like Gecko) Chrome/90.0.4430.85 Safari/537.36"
65.2.9.197 - - [27/Oct/2024:08:36:27 -0400] "GET /wp-includes/sitemaps/ HTTP/1.1" 200 1099 "binance.com" "Mozilla/5.0 (Windows NT 10.0; Win64; x64) AppleWebKit/537.36 (KHTML, like Gecko) Chrome/90.0.4430.85 Safari/537.36"
65.2.9.197 - - [27/Oct/2024:08:36:32 -0400] "GET /wp-includes/sitemaps/ HTTP/1.1" 200 1099 "binance.com" "Mozilla/5.0 (Windows NT 10.0; Win64; x64) AppleWebKit/537.36 (KHTML, like Gecko) Chrome/90.0.4430.85 Safari/537.36"
65.2.9.197 - - [27/Oct/2024:08:36:44 -0400] "GET /wp-includes/sitemaps/providers/ HTTP/1.1" 200 714 "binance.com" "Mozilla/5.0 (Windows NT 10.0; Win64; x64) AppleWebKit/537.36 (KHTML, like Gecko) Chrome/90.0.4430.85 Safari/537.36"
65.2.9.197 - - [27/Oct/2024:08:36:52 -0400] "GET /wp-includes/sitemaps/providers/ HTTP/1.1" 200 714 "binance.com" "Mozilla/5.0 (Windows NT 10.0; Win64; x64) AppleWebKit/537.36 (KHTML, like Gecko) Chrome/90.0.4430.85 Safari/537.36"
65.2.9.197 - - [27/Oct/2024:08:36:56 -0400] "GET /wp-includes/widgets/ HTTP/1.1" 200 1399 "binance.com" "Mozilla/5.0 (Windows NT 10.0; Win64; x64) AppleWebKit/537.36 (KHTML, like Gecko) Chrome/90.0.4430.85 Safari/537.36"
65.2.9.197 - - [27/Oct/2024:08:36:58 -0400] "GET /wp-includes/widgets/ HTTP/1.1" 200 1399 "binance.com" "Mozilla/5.0 (Windows NT 10.0; Win64; x64) AppleWebKit/537.36 (KHTML, like Gecko) Chrome/90.0.4430.85 Safari/537.36"
65.2.9.197 - - [27/Oct/2024:08:37:02 -0400] "GET /wp-includes/widgets/class-wp-widget-block.php HTTP/1.1" 500 0 "binance.com" "Mozilla/5.0 (Windows NT 10.0; Win64; x64) AppleWebKit/537.36 (KHTML, like Gecko) Chrome/90.0.4430.85 Safari/537.36"
65.2.9.197 - - [27/Oct/2024:08:37:10 -0400] "GET /wp-includes/css/ HTTP/1.1" 200 1738 "binance.com" "Mozilla/5.0 (Windows NT 10.0; Win64; x64) AppleWebKit/537.36 (KHTML, like Gecko) Chrome/90.0.4430.85 Safari/537.36"
65.2.9.197 - - [27/Oct/2024:08:37:14 -0400] "GET /wp-includes/css/dist/ HTTP/1.1" 200 1208 "binance.com" "Mozilla/5.0 (Windows NT 10.0; Win64; x64) AppleWebKit/537.36 (KHTML, like Gecko) Chrome/90.0.4430.85 Safari/537.36"
65.2.9.197 - - [27/Oct/2024:08:37:18 -0400] "GET /wp-includes/fonts/ HTTP/1.1" 200 1197 "binance.com" "Mozilla/5.0 (Windows NT 10.0; Win64; x64) AppleWebKit/537.36 (KHTML, like Gecko) Chrome/90.0.4430.85 Safari/537.36"
65.2.9.197 - - [27/Oct/2024:08:37:33 -0400] "GET /wp-includes/fonts/ HTTP/1.1" 200 1197 "binance.com" "Mozilla/5.0 (Windows NT 10.0; Win64; x64) AppleWebKit/537.36 (KHTML, like Gecko) Chrome/90.0.4430.85 Safari/537.36"
65.2.9.197 - - [27/Oct/2024:08:37:41 -0400] "GET /wp-includes/fonts/class-wp-font-collection.php HTTP/1.1" 200 0 "binance.com" "Mozilla/5.0 (Windows NT 10.0; Win64; x64) AppleWebKit/537.36 (KHTML, like Gecko) Chrome/90.0.4430.85 Safari/537.36"
65.2.9.197 - - [27/Oct/2024:08:37:46 -0400] "GET /wp-includes/fonts/class-wp-font-face-resolver.php HTTP/1.1" 200 0 "binance.com" "Mozilla/5.0 (Windows NT 10.0; Win64; x64) AppleWebKit/537.36 (KHTML, like Gecko) Chrome/90.0.4430.85 Safari/537.36"
65.2.9.197 - - [27/Oct/2024:08:37:52 -0400] "GET /wp-includes/fonts/class-wp-font-face.php HTTP/1.1" 200 0 "binance.com" "Mozilla/5.0 (Windows NT 10.0; Win64; x64) AppleWebKit/537.36 (KHTML, like Gecko) Chrome/90.0.4430.85 Safari/537.36"
65.2.9.197 - - [27/Oct/2024:08:38:00 -0400] "GET /wp-includes/fonts/class-wp-font-library.php HTTP/1.1" 200 0 "binance.com" "Mozilla/5.0 (Windows NT 10.0; Win64; x64) AppleWebKit/537.36 (KHTML, like Gecko) Chrome/90.0.4430.85 Safari/537.36"
65.2.9.197 - - [27/Oct/2024:08:38:04 -0400] "GET /wp-includes/fonts/class-wp-font-utils.php HTTP/1.1" 200 0 "binance.com" "Mozilla/5.0 (Windows NT 10.0; Win64; x64) AppleWebKit/537.36 (KHTML, like Gecko) Chrome/90.0.4430.85 Safari/537.36"
65.2.9.197 - - [27/Oct/2024:08:38:08 -0400] "GET /wp-includes/images/ HTTP/1.1" 200 1499 "binance.com" "Mozilla/5.0 (Windows NT 10.0; Win64; x64) AppleWebKit/537.36 (KHTML, like Gecko) Chrome/90.0.4430.85 Safari/537.36"
65.2.9.197 - - [27/Oct/2024:08:38:11 -0400] "GET /wp-includes/images/crystal/ HTTP/1.1" 200 1126 "binance.com" "Mozilla/5.0 (Windows NT 10.0; Win64; x64) AppleWebKit/537.36 (KHTML, like Gecko) Chrome/90.0.4430.85 Safari/537.36"
65.2.9.197 - - [27/Oct/2024:08:38:16 -0400] "GET /wp-includes/images/media/ HTTP/1.1" 200 1230 "binance.com" "Mozilla/5.0 (Windows NT 10.0; Win64; x64) AppleWebKit/537.36 (KHTML, like Gecko) Chrome/90.0.4430.85 Safari/537.36"
65.2.9.197 - - [27/Oct/2024:08:38:24 -0400] "GET /wp-includes/images/smilies/ HTTP/1.1" 200 1390 "binance.com" "Mozilla/5.0 (Windows NT 10.0; Win64; x64) AppleWebKit/537.36 (KHTML, like Gecko) Chrome/90.0.4430.85 Safari/537.36"
162.213.251.195 - - [27/Oct/2024:08:38:41 -0400] "POST /wp-cron.php?doing_wp_cron=1730032721.2769479751586914062500 HTTP/1.1" 200 0 "-" "WordPress/6.6.2; https://thietke365.net"
65.2.9.197 - - [27/Oct/2024:08:38:31 -0400] "GET /wp-includes/images/wlw/ HTTP/1.1" 404 29166 "binance.com" "Mozilla/5.0 (Windows NT 10.0; Win64; x64) AppleWebKit/537.36 (KHTML, like Gecko) Chrome/90.0.4430.85 Safari/537.36"
216.244.66.249 - - [27/Oct/2024:08:38:48 -0400] "GET /san-pham/theme-wordpress-kien-truc-5/ HTTP/1.1" 200 37508 "-" "Mozilla/5.0 (compatible; DotBot/1.2; +https://opensiteexplorer.org/dotbot; [email protected])"
65.2.9.197 - - [27/Oct/2024:08:38:58 -0400] "GET /wp-includes/js/%20 HTTP/1.1" 301 0 "binance.com" "Mozilla/5.0 (Windows NT 10.0; Win64; x64) AppleWebKit/537.36 (KHTML, like Gecko) Chrome/90.0.4430.85 Safari/537.36"
65.2.9.197 - - [27/Oct/2024:08:38:59 -0400] "GET /wp-includes/js/ HTTP/1.1" 200 3403 "binance.com" "Mozilla/5.0 (Windows NT 10.0; Win64; x64) AppleWebKit/537.36 (KHTML, like Gecko) Chrome/90.0.4430.85 Safari/537.36"
65.2.9.197 - - [27/Oct/2024:08:39:04 -0400] "GET /wp-includes/js/codemirror/ HTTP/1.1" 200 1086 "binance.com" "Mozilla/5.0 (Windows NT 10.0; Win64; x64) AppleWebKit/537.36 (KHTML, like Gecko) Chrome/90.0.4430.85 Safari/537.36"
65.2.9.197 - - [27/Oct/2024:08:39:10 -0400] "GET /wp-includes/js/plupload/ HTTP/1.1" 200 1147 "binance.com" "Mozilla/5.0 (Windows NT 10.0; Win64; x64) AppleWebKit/537.36 (KHTML, like Gecko) Chrome/90.0.4430.85 Safari/537.36"
65.2.9.197 - - [27/Oct/2024:08:39:15 -0400] "GET /.well-known/ HTTP/1.1" 200 650 "binance.com" "Mozilla/5.0 (Windows NT 10.0; Win64; x64) AppleWebKit/537.36 (KHTML, like Gecko) Chrome/90.0.4430.85 Safari/537.36"
162.213.251.195 - - [27/Oct/2024:08:41:49 -0400] "POST /wp-cron.php?doing_wp_cron=1730032909.1421248912811279296875 HTTP/1.1" 200 0 "-" "WordPress/6.6.2; https://thietke365.net"
64.227.141.213 - - [27/Oct/2024:08:41:45 -0400] "POST /wp-login.php HTTP/1.1" 200 3066 "-" "Mozilla/5.0 (Windows NT 6.1; WOW64) AppleWebKit/537.36 (KHTML, like Gecko) Chrome/48.0.2564.116 Safari/537.36"
162.213.251.195 - - [27/Oct/2024:08:44:20 -0400] "POST /wp-cron.php?doing_wp_cron=1730033060.2036030292510986328125 HTTP/1.1" 200 0 "-" "WordPress/6.6.2; https://thietke365.net"
185.207.107.124 - - [27/Oct/2024:08:44:17 -0400] "POST /xmlrpc.php HTTP/1.1" 200 237 "-" "Mozilla/5.0 (X11; Fedora; Linux x86_64; rv:94.0) Gecko/20100101 Firefox/95.0"
162.213.251.195 - - [27/Oct/2024:08:51:06 -0400] "POST /wp-cron.php?doing_wp_cron=1730033465.9612860679626464843750 HTTP/1.1" 200 0 "-" "WordPress/6.6.2; https://thietke365.net"
216.244.66.249 - - [27/Oct/2024:08:50:57 -0400] "GET /san-pham/theme-batdongsan60/ HTTP/1.1" 200 37144 "-" "Mozilla/5.0 (compatible; DotBot/1.2; +https://opensiteexplorer.org/dotbot; [email protected])"
62.173.149.72 - - [27/Oct/2024:08:51:10 -0400] "POST /wp-login.php HTTP/1.1" 200 3067 "-" "Mozilla/5.0 (Windows NT 10.0; WOW64) AppleWebKit/537.36 (KHTML, like Gecko) Chrome/56.0.2924.87 Safari/537.36"
162.213.251.195 - - [27/Oct/2024:08:53:17 -0400] "POST /wp-cron.php?doing_wp_cron=1730033596.1457629203796386718750 HTTP/1.1" 200 0 "-" "WordPress/6.6.2; https://thietke365.net"
216.244.66.249 - - [27/Oct/2024:08:53:09 -0400] "GET /san-pham/theme-wordpress-gioi-thieu-cong-ty-dep-2/ HTTP/1.1" 200 37604 "-" "Mozilla/5.0 (compatible; DotBot/1.2; +https://opensiteexplorer.org/dotbot; [email protected])"
162.213.251.195 - - [27/Oct/2024:08:58:53 -0400] "POST /wp-cron.php?doing_wp_cron=1730033933.5456099510192871093750 HTTP/1.1" 200 0 "-" "WordPress/6.6.2; https://thietke365.net"
8.218.30.127 - - [27/Oct/2024:08:58:49 -0400] "POST /wp-login.php HTTP/1.1" 200 3077 "-" "Mozilla/5.0 (Windows NT 6.1; WOW64) AppleWebKit/537.36 (KHTML, like Gecko) Chrome/36.0.1985.125 Safari/537.36"
162.213.251.195 - - [27/Oct/2024:09:43:41 -0400] "POST /wp-cron.php?doing_wp_cron=1730036621.3566200733184814453125 HTTP/1.1" 200 0 "-" "WordPress/6.6.2; https://thietke365.net"
84.80.250.172 - - [27/Oct/2024:09:43:32 -0400] "GET /wp-login.php HTTP/1.1" 200 2879 "-" "Mozilla/5.0 (X11; Fedora; Linux x86_64; rv:94.0) Gecko/20100101 Firefox/95.0"
84.80.250.172 - - [27/Oct/2024:09:43:42 -0400] "POST /wp-login.php HTTP/1.1" 200 3066 "-" "Mozilla/5.0 (X11; Fedora; Linux x86_64; rv:94.0) Gecko/20100101 Firefox/95.0"
162.213.251.195 - - [27/Oct/2024:10:05:12 -0400] "POST /wp-cron.php?doing_wp_cron=1730037912.1302349567413330078125 HTTP/1.1" 200 0 "-" "WordPress/6.6.2; https://thietke365.net"
159.223.75.180 - - [27/Oct/2024:10:05:00 -0400] "GET /wp-login.php HTTP/1.1" 200 2879 "-" "Mozilla/5.0 (X11; Fedora; Linux x86_64; rv:94.0) Gecko/20100101 Firefox/95.0"
159.223.75.180 - - [27/Oct/2024:10:05:13 -0400] "POST /wp-login.php HTTP/1.1" 200 3077 "-" "Mozilla/5.0 (X11; Fedora; Linux x86_64; rv:94.0) Gecko/20100101 Firefox/95.0"
162.213.251.195 - - [27/Oct/2024:10:06:06 -0400] "POST /wp-cron.php?doing_wp_cron=1730037965.9915850162506103515625 HTTP/1.1" 200 0 "-" "WordPress/6.6.2; https://thietke365.net"
66.249.79.167 - - [27/Oct/2024:10:06:05 -0400] "GET /robots.txt HTTP/1.1" 200 111 "-" "Mozilla/5.0 (compatible; Googlebot/2.1; +http://www.google.com/bot.html)"
66.249.79.167 - - [27/Oct/2024:10:06:06 -0400] "GET /wp-content/uploads/2023/10/brand.jpg HTTP/1.1" 200 188985 "-" "Googlebot-Image/1.0"
162.213.251.195 - - [27/Oct/2024:10:10:52 -0400] "POST /wp-cron.php?doing_wp_cron=1730038252.2385280132293701171875 HTTP/1.1" 200 0 "-" "WordPress/6.6.2; https://thietke365.net"
89.248.172.92 - - [27/Oct/2024:10:10:46 -0400] "GET / HTTP/1.1" 200 38550 "-" "Mozilla/5.0 (Linux; Android 10; K) AppleWebKit/537.36 (KHTML, like Gecko) Chrome/122.0.0.0 Mobile Safari/537.36"
162.213.251.195 - - [27/Oct/2024:10:16:41 -0400] "POST /wp-cron.php?doing_wp_cron=1730038600.9222109317779541015625 HTTP/1.1" 200 0 "-" "WordPress/6.6.2; https://thietke365.net"
49.51.206.130 - - [27/Oct/2024:10:16:37 -0400] "GET / HTTP/1.1" 301 0 "http://www.thietke365.net" "Mozilla/5.0 (iPhone; CPU iPhone OS 13_2_3 like Mac OS X) AppleWebKit/605.1.15 (KHTML, like Gecko) Version/13.0.3 Mobile/15E148 Safari/604.1"
49.51.206.130 - - [27/Oct/2024:10:16:42 -0400] "GET / HTTP/1.1" 200 38567 "https://www.thietke365.net/" "Mozilla/5.0 (iPhone; CPU iPhone OS 13_2_3 like Mac OS X) AppleWebKit/605.1.15 (KHTML, like Gecko) Version/13.0.3 Mobile/15E148 Safari/604.1"
162.213.251.195 - - [27/Oct/2024:10:43:32 -0400] "POST /wp-cron.php?doing_wp_cron=1730040212.5552589893341064453125 HTTP/1.1" 200 0 "-" "WordPress/6.6.2; https://thietke365.net"
198.235.24.60 - - [27/Oct/2024:10:43:23 -0400] "GET / HTTP/1.1" 301 0 "-" "-"
198.235.24.60 - - [27/Oct/2024:10:43:33 -0400] "GET / HTTP/1.1" 200 38558 "-" "-"
162.213.251.195 - - [27/Oct/2024:10:53:40 -0400] "POST /wp-cron.php?doing_wp_cron=1730040820.3246090412139892578125 HTTP/1.1" 200 0 "-" "WordPress/6.6.2; https://thietke365.net"
64.23.129.165 - - [27/Oct/2024:10:53:32 -0400] "POST /wp-login.php HTTP/1.1" 200 3078 "-" "Mozilla/5.0 (Windows NT 6.1; WOW64) AppleWebKit/537.36 (KHTML, like Gecko) Chrome/46.0.2490.86 Safari/537.36"
162.213.251.195 - - [27/Oct/2024:11:01:29 -0400] "POST /wp-cron.php?doing_wp_cron=1730041289.4054710865020751953125 HTTP/1.1" 200 0 "-" "WordPress/6.6.2; https://thietke365.net"
2407:1c00:6101:fc30:: - - [27/Oct/2024:11:01:22 -0400] "POST /wp-login.php HTTP/1.1" 200 3066 "-" "Mozilla/5.0 (Windows NT 6.1) AppleWebKit/537.36 (KHTML, like Gecko) Chrome/65.0.3325.181 Safari/537.36"
162.144.135.175 - - [27/Oct/2024:11:11:13 -0400] "POST /wp-login.php HTTP/1.1" 200 0 "-" "Mozilla/5.0 (Windows; U; Windows NT 5.1; en-US) AppleWebKit/533.4 (KHTML, like Gecko) Chrome/5.0.375.99 Safari/533.4"
162.213.251.195 - - [27/Oct/2024:11:11:27 -0400] "POST /wp-cron.php?doing_wp_cron=1730041887.6758680343627929687500 HTTP/1.1" 200 0 "-" "WordPress/6.6.2; https://thietke365.net"
159.203.113.26 - - [27/Oct/2024:11:19:06 -0400] "POST /wp-login.php HTTP/1.1" 200 0 "-" "Mozilla/5.0 (Windows NT 6.1; WOW64) AppleWebKit/537.36 (KHTML, like Gecko) Chrome/47.0.2526.111 Safari/537.36"
162.213.251.195 - - [27/Oct/2024:11:19:20 -0400] "POST /wp-cron.php?doing_wp_cron=1730042359.9548060894012451171875 HTTP/1.1" 200 0 "-" "WordPress/6.6.2; https://thietke365.net"
202.92.4.47 - - [27/Oct/2024:11:24:05 -0400] "GET /.well-known/acme-challenge/OVQ8AJO2-8NMIPBK13751FCCBNHIQBJ- HTTP/1.1" 404 1251 "-" "Cpanel-HTTP-Client/1.0"
202.92.4.47 - - [27/Oct/2024:11:24:12 -0400] "GET /.well-known/acme-challenge/RTVUOCC0Z_DIWQ0J-YP-_SYZK8VZJP5T HTTP/1.1" 404 1251 "-" "Cpanel-HTTP-Client/1.0"
162.213.251.195 - - [27/Oct/2024:11:25:46 -0400] "POST /wp-cron.php?doing_wp_cron=1730042746.4966158866882324218750 HTTP/1.1" 200 0 "-" "WordPress/6.6.2; https://thietke365.net"
93.174.93.126 - - [27/Oct/2024:11:25:31 -0400] "GET / HTTP/1.1" 200 38742 "-" "Mozilla/5.0 (iPhone; CPU iPhone OS 17_1 like Mac OS X) AppleWebKit/605.1.15 (KHTML, like Gecko) EdgiOS/120.0.2210.86 Version/17.0 Mobile/15E148 Safari/604.1"
162.213.251.195 - - [27/Oct/2024:11:28:53 -0400] "POST /wp-cron.php?doing_wp_cron=1730042932.2877509593963623046875 HTTP/1.1" 200 0 "-" "WordPress/6.6.2; https://thietke365.net"
200.234.226.20 - - [27/Oct/2024:11:28:45 -0400] "POST /wp-login.php HTTP/1.1" 200 3065 "-" "Mozilla/5.0 (Windows NT 10.0; Win64; x64) AppleWebKit/537.36 (KHTML, like Gecko) Chrome/87.0.4280.88 Safari/537.36"
2001:41d0:1:c220::1 - - [27/Oct/2024:11:36:28 -0400] "POST /wp-login.php HTTP/1.1" 200 0 "-" "Mozilla/5.0 (Windows NT 6.1; WOW64) AppleWebKit/537.36 (KHTML, like Gecko) Chrome/36.0.1985.125 Safari/537.36"
162.213.251.195 - - [27/Oct/2024:11:36:38 -0400] "POST /wp-cron.php?doing_wp_cron=1730043398.6562800407409667968750 HTTP/1.1" 200 0 "-" "WordPress/6.6.2; https://thietke365.net"
5.62.20.57 - - [27/Oct/2024:11:37:23 -0400] "GET //wp-includes/ID3/license.txt HTTP/1.1" 200 414 "-" "Mozilla/5.0 (Windows NT 10.0; Win64; x64) AppleWebKit/537.36 (KHTML, like Gecko) Chrome/95.0.4638.69 Safari/537.36"
162.213.251.195 - - [27/Oct/2024:11:37:24 -0400] "POST /wp-cron.php?doing_wp_cron=1730043444.0679540634155273437500 HTTP/1.1" 200 0 "-" "WordPress/6.6.2; https://thietke365.net"
5.62.20.57 - - [27/Oct/2024:11:37:23 -0400] "GET //feed/ HTTP/1.1" 301 0 "-" "Mozilla/5.0 (Windows NT 10.0; Win64; x64) AppleWebKit/537.36 (KHTML, like Gecko) Chrome/95.0.4638.69 Safari/537.36"
5.62.20.57 - - [27/Oct/2024:11:37:25 -0400] "GET //xmlrpc.php?rsd HTTP/1.1" 200 294 "-" "Mozilla/5.0 (Windows NT 10.0; Win64; x64) AppleWebKit/537.36 (KHTML, like Gecko) Chrome/95.0.4638.69 Safari/537.36"
5.62.20.57 - - [27/Oct/2024:11:37:26 -0400] "GET //wp-login.php HTTP/1.1" 200 2879 "-" "Mozilla/5.0 (Windows NT 10.0; Win64; x64) AppleWebKit/537.36 (KHTML, like Gecko) Chrome/95.0.4638.69 Safari/537.36"
5.62.20.57 - - [27/Oct/2024:11:37:27 -0400] "GET //?author=1 HTTP/1.1" 301 0 "-" "Mozilla/5.0 (Windows NT 10.0; Win64; x64) AppleWebKit/537.36 (KHTML, like Gecko) Chrome/95.0.4638.69 Safari/537.36"
5.62.20.57 - - [27/Oct/2024:11:37:28 -0400] "GET //?author=2 HTTP/1.1" 301 0 "-" "Mozilla/5.0 (Windows NT 10.0; Win64; x64) AppleWebKit/537.36 (KHTML, like Gecko) Chrome/95.0.4638.69 Safari/537.36"
5.62.20.57 - - [27/Oct/2024:11:37:28 -0400] "GET //wp-json/wp/v2/users/ HTTP/1.1" 200 7698 "-" "Mozilla/5.0 (Windows NT 10.0; Win64; x64) AppleWebKit/537.36 (KHTML, like Gecko) Chrome/95.0.4638.69 Safari/537.36"
5.62.20.57 - - [27/Oct/2024:11:37:30 -0400] "POST //xmlrpc.php HTTP/1.1" 200 189 "-" "Mozilla/5.0 (Windows NT 10.0; Win64; x64) AppleWebKit/537.36 (KHTML, like Gecko) Chrome/95.0.4638.69 Safari/537.36"
5.62.20.57 - - [27/Oct/2024:11:37:31 -0400] "POST //xmlrpc.php HTTP/1.1" 200 189 "-" "Mozilla/5.0 (Windows NT 10.0; Win64; x64) AppleWebKit/537.36 (KHTML, like Gecko) Chrome/95.0.4638.69 Safari/537.36"
5.62.20.57 - - [27/Oct/2024:11:37:32 -0400] "POST //xmlrpc.php HTTP/1.1" 200 237 "-" "Mozilla/5.0 (Windows NT 10.0; Win64; x64) AppleWebKit/537.36 (KHTML, like Gecko) Chrome/95.0.4638.69 Safari/537.36"
5.62.20.57 - - [27/Oct/2024:11:37:33 -0400] "POST //xmlrpc.php HTTP/1.1" 200 237 "-" "Mozilla/5.0 (Windows NT 10.0; Win64; x64) AppleWebKit/537.36 (KHTML, like Gecko) Chrome/95.0.4638.69 Safari/537.36"
5.62.20.57 - - [27/Oct/2024:11:37:34 -0400] "POST //xmlrpc.php HTTP/1.1" 200 189 "-" "Mozilla/5.0 (Windows NT 10.0; Win64; x64) AppleWebKit/537.36 (KHTML, like Gecko) Chrome/95.0.4638.69 Safari/537.36"
5.62.20.57 - - [27/Oct/2024:11:37:35 -0400] "POST //xmlrpc.php HTTP/1.1" 200 237 "-" "Mozilla/5.0 (Windows NT 10.0; Win64; x64) AppleWebKit/537.36 (KHTML, like Gecko) Chrome/95.0.4638.69 Safari/537.36"
5.62.20.57 - - [27/Oct/2024:11:37:37 -0400] "POST //wp-login.php HTTP/1.1" 200 3069 "https://thietke365.net//wp-login.php" "Mozilla/5.0 (Windows NT 10.0; Win64; x64) AppleWebKit/537.36 (KHTML, like Gecko) Chrome/95.0.4638.69 Safari/537.36"
5.62.20.57 - - [27/Oct/2024:11:37:40 -0400] "POST //wp-login.php HTTP/1.1" 200 3069 "https://thietke365.net//wp-login.php" "Mozilla/5.0 (Windows NT 10.0; Win64; x64) AppleWebKit/537.36 (KHTML, like Gecko) Chrome/95.0.4638.69 Safari/537.36"
5.62.20.57 - - [27/Oct/2024:11:37:45 -0400] "POST //wp-login.php HTTP/1.1" 200 3069 "https://thietke365.net//wp-login.php" "Mozilla/5.0 (Windows NT 10.0; Win64; x64) AppleWebKit/537.36 (KHTML, like Gecko) Chrome/95.0.4638.69 Safari/537.36"
5.62.20.57 - - [27/Oct/2024:11:37:50 -0400] "POST //wp-login.php HTTP/1.1" 200 3069 "https://thietke365.net//wp-login.php" "Mozilla/5.0 (Windows NT 10.0; Win64; x64) AppleWebKit/537.36 (KHTML, like Gecko) Chrome/95.0.4638.69 Safari/537.36"
5.62.20.57 - - [27/Oct/2024:11:37:55 -0400] "POST //wp-login.php HTTP/1.1" 200 3069 "https://thietke365.net//wp-login.php" "Mozilla/5.0 (Windows NT 10.0; Win64; x64) AppleWebKit/537.36 (KHTML, like Gecko) Chrome/95.0.4638.69 Safari/537.36"
5.62.20.57 - - [27/Oct/2024:11:38:02 -0400] "POST //wp-login.php HTTP/1.1" 200 3069 "https://thietke365.net//wp-login.php" "Mozilla/5.0 (Windows NT 10.0; Win64; x64) AppleWebKit/537.36 (KHTML, like Gecko) Chrome/95.0.4638.69 Safari/537.36"
34.28.27.22 - - [27/Oct/2024:11:46:10 -0400] "POST /wp-login.php HTTP/1.1" 200 0 "-" "Mozilla/5.0 (Windows NT 6.1) AppleWebKit/537.36 (KHTML, like Gecko) Chrome/59.0.3071.115 Safari/537.36"
162.213.251.195 - - [27/Oct/2024:11:46:20 -0400] "POST /wp-cron.php?doing_wp_cron=1730043979.7646389007568359375000 HTTP/1.1" 200 0 "-" "WordPress/6.6.2; https://thietke365.net"
162.213.251.195 - - [27/Oct/2024:11:54:05 -0400] "POST /wp-cron.php?doing_wp_cron=1730044444.8489890098571777343750 HTTP/1.1" 200 0 "-" "WordPress/6.6.2; https://thietke365.net"
2604:a880:2:d0::11fc:b001 - - [27/Oct/2024:11:54:00 -0400] "POST /wp-login.php HTTP/1.1" 200 3065 "-" "Mozilla/5.0 (Windows NT 10.0; Win64; x64) AppleWebKit/537.36 (KHTML, like Gecko) Chrome/62.0.3202.89 Safari/537.36"
162.213.251.195 - - [27/Oct/2024:12:03:37 -0400] "POST /wp-cron.php?doing_wp_cron=1730045016.8497350215911865234375 HTTP/1.1" 200 0 "-" "WordPress/6.6.2; https://thietke365.net"
188.165.239.173 - - [27/Oct/2024:12:03:32 -0400] "POST /wp-login.php HTTP/1.1" 200 3065 "-" "Mozilla/5.0 (Windows NT 6.1) AppleWebKit/537.36 (KHTML, like Gecko) Chrome/56.0.2924.87 Safari/537.36"
162.213.251.195 - - [27/Oct/2024:12:10:54 -0400] "POST /wp-cron.php?doing_wp_cron=1730045454.1574420928955078125000 HTTP/1.1" 200 0 "-" "WordPress/6.6.2; https://thietke365.net"
117.33.163.216 - - [27/Oct/2024:12:10:46 -0400] "GET / HTTP/1.1" 301 0 "http://www.thietke365.net" "Mozilla/5.0 (iPhone; CPU iPhone OS 13_2_3 like Mac OS X) AppleWebKit/605.1.15 (KHTML, like Gecko) Version/13.0.3 Mobile/15E148 Safari/604.1"
117.33.163.216 - - [27/Oct/2024:12:10:55 -0400] "GET / HTTP/1.1" 200 38563 "https://www.thietke365.net/" "Mozilla/5.0 (iPhone; CPU iPhone OS 13_2_3 like Mac OS X) AppleWebKit/605.1.15 (KHTML, like Gecko) Version/13.0.3 Mobile/15E148 Safari/604.1"
148.72.214.194 - - [27/Oct/2024:12:11:14 -0400] "POST /wp-login.php HTTP/1.1" 200 3065 "-" "Mozilla/5.0 (Windows; U; Windows NT 5.1; en-US) AppleWebKit/533.4 (KHTML, like Gecko) Chrome/5.0.375.99 Safari/533.4"
2400:8500:1301:738:133:130:103:36 - - [27/Oct/2024:12:28:32 -0400] "POST /wp-login.php HTTP/1.1" 200 0 "-" "Mozilla/5.0 (Windows NT 10.0; Win64; x64) AppleWebKit/537.36 (KHTML, like Gecko) Chrome/78.0.3904.70 Safari/537.36"
162.213.251.195 - - [27/Oct/2024:12:28:42 -0400] "POST /wp-cron.php?doing_wp_cron=1730046522.5008330345153808593750 HTTP/1.1" 200 0 "-" "WordPress/6.6.2; https://thietke365.net"
162.213.251.195 - - [27/Oct/2024:12:38:14 -0400] "POST /wp-cron.php?doing_wp_cron=1730047093.8387370109558105468750 HTTP/1.1" 200 0 "-" "WordPress/6.6.2; https://thietke365.net"
51.68.224.123 - - [27/Oct/2024:12:38:07 -0400] "POST /wp-login.php HTTP/1.1" 200 3075 "-" "Mozilla/5.0 (Windows NT 6.1; WOW64) AppleWebKit/537.36 (KHTML, like Gecko) Chrome/48.0.2564.116 Safari/537.36"
162.213.251.195 - - [27/Oct/2024:12:46:00 -0400] "POST /wp-cron.php?doing_wp_cron=1730047560.1899330615997314453125 HTTP/1.1" 200 0 "-" "WordPress/6.6.2; https://thietke365.net"
2604:a00:5:1550:216:3eff:fe2a:8d6e - - [27/Oct/2024:12:45:54 -0400] "POST /wp-login.php HTTP/1.1" 200 3075 "-" "Mozilla/5.0 (Windows NT 6.1; WOW64) AppleWebKit/537.36 (KHTML, like Gecko) Chrome/52.0.2743.116 Safari/537.36"
162.213.251.195 - - [27/Oct/2024:12:55:37 -0400] "POST /wp-cron.php?doing_wp_cron=1730048137.2936830520629882812500 HTTP/1.1" 200 0 "-" "WordPress/6.6.2; https://thietke365.net"
87.98.173.252 - - [27/Oct/2024:12:55:30 -0400] "POST /wp-login.php HTTP/1.1" 200 3075 "-" "Mozilla/5.0 (Windows NT 6.1) AppleWebKit/537.36 (KHTML, like Gecko) Chrome/58.0.3029.110 Safari/537.36"
66.249.79.167 - - [27/Oct/2024:12:59:15 -0400] "GET /rex/?lokasie=/lib/python2.7/site-packages/google/protobuf/internal//service_reflection_test.pyo&loknya=/lib/python2.7/site-packages/google/protobuf/internal/ HTTP/1.1" 200 1523 "-" "Mozilla/5.0 (Linux; Android 6.0.1; Nexus 5X Build/MMB29P) AppleWebKit/537.36 (KHTML, like Gecko) Chrome/130.0.6723.69 Mobile Safari/537.36 (compatible; Googlebot/2.1; +http://www.google.com/bot.html)"
162.213.251.195 - - [27/Oct/2024:13:03:22 -0400] "POST /wp-cron.php?doing_wp_cron=1730048602.2075650691986083984375 HTTP/1.1" 200 0 "-" "WordPress/6.6.2; https://thietke365.net"
64.227.141.213 - - [27/Oct/2024:13:03:15 -0400] "POST /wp-login.php HTTP/1.1" 200 3065 "-" "Mozilla/5.0 (Windows NT 6.3; Win64; x64) AppleWebKit/537.36 (KHTML, like Gecko) Chrome/68.0.3440.106 Safari/537.36"

Youez - 2016 - github.com/yon3zu
LinuXploit