162.213.251.195 - - [18/Oct/2024:13:51:14 -0400] "POST /wp-cron.php?doing_wp_cron=1729273874.2615880966186523437500 HTTP/1.1" 200 0 "-" "WordPress/6.6.2; https://dietcontrungnhanh.com"
52.164.227.166 - - [18/Oct/2024:13:51:13 -0400] "GET /dropdown.php HTTP/1.1" 404 16557 "-" "-"
162.213.251.195 - - [18/Oct/2024:13:51:16 -0400] "POST /wp-cron.php?doing_wp_cron=1729273876.3135359287261962890625 HTTP/1.1" 200 0 "-" "WordPress/6.6.2; https://dietcontrungnhanh.com"
52.164.227.166 - - [18/Oct/2024:13:51:15 -0400] "GET /about.php HTTP/1.1" 404 16544 "-" "-"
162.213.251.195 - - [18/Oct/2024:13:51:19 -0400] "POST /wp-cron.php?doing_wp_cron=1729273879.4436950683593750000000 HTTP/1.1" 200 0 "-" "WordPress/6.6.2; https://dietcontrungnhanh.com"
52.164.227.166 - - [18/Oct/2024:13:51:18 -0400] "GET /about.php7 HTTP/1.1" 404 16544 "-" "-"
162.213.251.195 - - [18/Oct/2024:13:51:22 -0400] "POST /wp-cron.php?doing_wp_cron=1729273881.6592841148376464843750 HTTP/1.1" 200 0 "-" "WordPress/6.6.2; https://dietcontrungnhanh.com"
52.164.227.166 - - [18/Oct/2024:13:51:21 -0400] "GET /alfanew.php7 HTTP/1.1" 404 16531 "-" "-"
162.213.251.195 - - [18/Oct/2024:13:51:24 -0400] "POST /wp-cron.php?doing_wp_cron=1729273883.9794940948486328125000 HTTP/1.1" 200 0 "-" "WordPress/6.6.2; https://dietcontrungnhanh.com"
52.164.227.166 - - [18/Oct/2024:13:51:23 -0400] "GET /adminfuns.php7 HTTP/1.1" 404 16529 "-" "-"
162.213.251.195 - - [18/Oct/2024:13:51:26 -0400] "POST /wp-cron.php?doing_wp_cron=1729273885.8534610271453857421875 HTTP/1.1" 200 0 "-" "WordPress/6.6.2; https://dietcontrungnhanh.com"
52.164.227.166 - - [18/Oct/2024:13:51:25 -0400] "GET /ebs.php7 HTTP/1.1" 404 16555 "-" "-"
162.213.251.195 - - [18/Oct/2024:13:51:28 -0400] "POST /wp-cron.php?doing_wp_cron=1729273888.1341049671173095703125 HTTP/1.1" 200 0 "-" "WordPress/6.6.2; https://dietcontrungnhanh.com"
52.164.227.166 - - [18/Oct/2024:13:51:27 -0400] "GET /ws.php7 HTTP/1.1" 404 16552 "-" "-"
162.213.251.195 - - [18/Oct/2024:13:51:31 -0400] "POST /wp-cron.php?doing_wp_cron=1729273891.1264679431915283203125 HTTP/1.1" 200 0 "-" "WordPress/6.6.2; https://dietcontrungnhanh.com"
52.164.227.166 - - [18/Oct/2024:13:51:30 -0400] "GET /alfanew2.php7 HTTP/1.1" 404 16542 "-" "-"
162.213.251.195 - - [18/Oct/2024:13:51:33 -0400] "POST /wp-cron.php?doing_wp_cron=1729273893.2569210529327392578125 HTTP/1.1" 200 0 "-" "WordPress/6.6.2; https://dietcontrungnhanh.com"
52.164.227.166 - - [18/Oct/2024:13:51:32 -0400] "GET /alfa-rex2.php7 HTTP/1.1" 404 16569 "-" "-"
162.213.251.195 - - [18/Oct/2024:13:51:36 -0400] "POST /wp-cron.php?doing_wp_cron=1729273895.9795320034027099609375 HTTP/1.1" 200 0 "-" "WordPress/6.6.2; https://dietcontrungnhanh.com"
52.164.227.166 - - [18/Oct/2024:13:51:35 -0400] "GET /wp-admin/images/index.php HTTP/1.1" 301 0 "-" "-"
52.164.227.166 - - [18/Oct/2024:13:51:37 -0400] "GET /wp-admin/images/ HTTP/1.1" 403 1242 "-" "-"
162.213.251.195 - - [18/Oct/2024:13:51:38 -0400] "POST /wp-cron.php?doing_wp_cron=1729273897.9377028942108154296875 HTTP/1.1" 200 0 "-" "WordPress/6.6.2; https://dietcontrungnhanh.com"
52.164.227.166 - - [18/Oct/2024:13:51:37 -0400] "GET /wp-admin/css/colors/index.php HTTP/1.1" 301 0 "-" "-"
52.164.227.166 - - [18/Oct/2024:13:51:38 -0400] "GET /wp-admin/css/colors/ HTTP/1.1" 403 1242 "-" "-"
52.164.227.166 - - [18/Oct/2024:13:51:39 -0400] "GET /wp-content/themes/seotheme/mar.php HTTP/1.1" 403 1242 "-" "-"
52.164.227.166 - - [18/Oct/2024:13:51:39 -0400] "GET /wp-content/plugins/seoplugins/mar.php HTTP/1.1" 403 1242 "-" "-"
52.164.227.166 - - [18/Oct/2024:13:51:39 -0400] "GET /.well-known/pki-validation/xmrlpc.php?p= HTTP/1.1" 404 1251 "-" "-"
162.213.251.195 - - [18/Oct/2024:13:51:40 -0400] "POST /wp-cron.php?doing_wp_cron=1729273900.7048299312591552734375 HTTP/1.1" 200 0 "-" "WordPress/6.6.2; https://dietcontrungnhanh.com"
52.164.227.166 - - [18/Oct/2024:13:51:40 -0400] "GET /.well-known/acme-challenge/xmrlpc.php?p= HTTP/1.1" 301 0 "-" "-"
52.164.227.166 - - [18/Oct/2024:13:51:41 -0400] "GET /.well-known/acme-challenge/xmrlpc.php HTTP/1.1" 404 17398 "-" "-"
162.213.251.195 - - [18/Oct/2024:13:51:42 -0400] "POST /wp-cron.php?doing_wp_cron=1729273902.6095440387725830078125 HTTP/1.1" 200 0 "-" "WordPress/6.6.2; https://dietcontrungnhanh.com"
52.164.227.166 - - [18/Oct/2024:13:51:42 -0400] "GET /wp-admin/network/xmrlpc.php?p= HTTP/1.1" 301 0 "-" "-"
52.164.227.166 - - [18/Oct/2024:13:51:43 -0400] "GET /wp-admin/network/xmrlpc.php HTTP/1.1" 404 17386 "-" "-"
162.213.251.195 - - [18/Oct/2024:13:51:45 -0400] "POST /wp-cron.php?doing_wp_cron=1729273905.5000898838043212890625 HTTP/1.1" 200 0 "-" "WordPress/6.6.2; https://dietcontrungnhanh.com"
52.164.227.166 - - [18/Oct/2024:13:51:44 -0400] "GET /xmrlpc.php?p= HTTP/1.1" 301 0 "-" "-"
162.213.251.195 - - [18/Oct/2024:13:51:47 -0400] "POST /wp-cron.php?doing_wp_cron=1729273906.9915161132812500000000 HTTP/1.1" 200 0 "-" "WordPress/6.6.2; https://dietcontrungnhanh.com"
52.164.227.166 - - [18/Oct/2024:13:51:46 -0400] "GET /xmrlpc.php HTTP/1.1" 404 16552 "-" "-"
162.213.251.195 - - [18/Oct/2024:13:51:49 -0400] "POST /wp-cron.php?doing_wp_cron=1729273908.7451920509338378906250 HTTP/1.1" 200 0 "-" "WordPress/6.6.2; https://dietcontrungnhanh.com"
52.164.227.166 - - [18/Oct/2024:13:51:48 -0400] "GET /cgi-bin/xmrlpc.php?p= HTTP/1.1" 301 0 "-" "-"
162.213.251.195 - - [18/Oct/2024:13:51:50 -0400] "POST /wp-cron.php?doing_wp_cron=1729273909.8501470088958740234375 HTTP/1.1" 200 0 "-" "WordPress/6.6.2; https://dietcontrungnhanh.com"
52.164.227.166 - - [18/Oct/2024:13:51:49 -0400] "GET /cgi-bin/xmrlpc.php HTTP/1.1" 404 16535 "-" "-"
162.213.251.195 - - [18/Oct/2024:13:51:51 -0400] "POST /wp-cron.php?doing_wp_cron=1729273911.5133509635925292968750 HTTP/1.1" 200 0 "-" "WordPress/6.6.2; https://dietcontrungnhanh.com"
52.164.227.166 - - [18/Oct/2024:13:51:51 -0400] "GET /css/xmrlpc.php?p= HTTP/1.1" 301 0 "-" "-"
162.213.251.195 - - [18/Oct/2024:13:51:52 -0400] "POST /wp-cron.php?doing_wp_cron=1729273912.6176629066467285156250 HTTP/1.1" 200 0 "-" "WordPress/6.6.2; https://dietcontrungnhanh.com"
52.164.227.166 - - [18/Oct/2024:13:51:52 -0400] "GET /css/xmrlpc.php HTTP/1.1" 404 16539 "-" "-"
162.213.251.195 - - [18/Oct/2024:13:51:55 -0400] "POST /wp-cron.php?doing_wp_cron=1729273914.8123819828033447265625 HTTP/1.1" 200 0 "-" "WordPress/6.6.2; https://dietcontrungnhanh.com"
52.164.227.166 - - [18/Oct/2024:13:51:54 -0400] "GET /wp-admin/user/xmrlpc.php?p= HTTP/1.1" 301 0 "-" "-"
52.164.227.166 - - [18/Oct/2024:13:51:55 -0400] "GET /wp-admin/user/xmrlpc.php HTTP/1.1" 404 17376 "-" "-"
162.213.251.195 - - [18/Oct/2024:13:51:57 -0400] "POST /wp-cron.php?doing_wp_cron=1729273917.5028319358825683593750 HTTP/1.1" 200 0 "-" "WordPress/6.6.2; https://dietcontrungnhanh.com"
52.164.227.166 - - [18/Oct/2024:13:51:57 -0400] "GET /img/xmrlpc.php?p= HTTP/1.1" 301 0 "-" "-"
162.213.251.195 - - [18/Oct/2024:13:51:59 -0400] "POST /wp-cron.php?doing_wp_cron=1729273918.8544409275054931640625 HTTP/1.1" 200 0 "-" "WordPress/6.6.2; https://dietcontrungnhanh.com"
52.164.227.166 - - [18/Oct/2024:13:51:58 -0400] "GET /img/xmrlpc.php HTTP/1.1" 404 16515 "-" "-"
162.213.251.195 - - [18/Oct/2024:13:52:01 -0400] "POST /wp-cron.php?doing_wp_cron=1729273920.9513370990753173828125 HTTP/1.1" 200 0 "-" "WordPress/6.6.2; https://dietcontrungnhanh.com"
52.164.227.166 - - [18/Oct/2024:13:52:00 -0400] "GET /wp-admin/css/colors/coffee/xmrlpc.php?p= HTTP/1.1" 301 0 "-" "-"
162.213.251.195 - - [18/Oct/2024:13:52:03 -0400] "POST /wp-cron.php?doing_wp_cron=1729273922.7148489952087402343750 HTTP/1.1" 200 0 "-" "WordPress/6.6.2; https://dietcontrungnhanh.com"
52.164.227.166 - - [18/Oct/2024:13:52:02 -0400] "GET /wp-admin/css/colors/coffee/xmrlpc.php HTTP/1.1" 404 17396 "-" "-"
162.213.251.195 - - [18/Oct/2024:13:52:04 -0400] "POST /wp-cron.php?doing_wp_cron=1729273924.6797630786895751953125 HTTP/1.1" 200 0 "-" "WordPress/6.6.2; https://dietcontrungnhanh.com"
52.164.227.166 - - [18/Oct/2024:13:52:04 -0400] "GET /wp-admin/images/xmrlpc.php?p= HTTP/1.1" 301 0 "-" "-"
52.164.227.166 - - [18/Oct/2024:13:52:05 -0400] "GET /wp-admin/images/xmrlpc.php HTTP/1.1" 404 17353 "-" "-"
162.213.251.195 - - [18/Oct/2024:13:52:07 -0400] "POST /wp-cron.php?doing_wp_cron=1729273927.3020300865173339843750 HTTP/1.1" 200 0 "-" "WordPress/6.6.2; https://dietcontrungnhanh.com"
52.164.227.166 - - [18/Oct/2024:13:52:06 -0400] "GET /images/xmrlpc.php?p= HTTP/1.1" 301 0 "-" "-"
52.164.227.166 - - [18/Oct/2024:13:52:07 -0400] "GET /images/xmrlpc.php HTTP/1.1" 404 16544 "-" "-"
162.213.251.195 - - [18/Oct/2024:13:52:10 -0400] "POST /wp-cron.php?doing_wp_cron=1729273929.6895079612731933593750 HTTP/1.1" 200 0 "-" "WordPress/6.6.2; https://dietcontrungnhanh.com"
52.164.227.166 - - [18/Oct/2024:13:52:09 -0400] "GET /wp-admin/js/widgets/xmrlpc.php?p= HTTP/1.1" 301 0 "-" "-"
162.213.251.195 - - [18/Oct/2024:13:52:12 -0400] "POST /wp-cron.php?doing_wp_cron=1729273931.8577950000762939453125 HTTP/1.1" 200 0 "-" "WordPress/6.6.2; https://dietcontrungnhanh.com"
52.164.227.166 - - [18/Oct/2024:13:52:11 -0400] "GET /wp-admin/js/widgets/xmrlpc.php HTTP/1.1" 404 17383 "-" "-"
162.213.251.195 - - [18/Oct/2024:13:52:14 -0400] "POST /wp-cron.php?doing_wp_cron=1729273934.2347300052642822265625 HTTP/1.1" 200 0 "-" "WordPress/6.6.2; https://dietcontrungnhanh.com"
52.164.227.166 - - [18/Oct/2024:13:52:13 -0400] "GET /wp-admin/css/colors/xmrlpc.php?p= HTTP/1.1" 301 0 "-" "-"
52.164.227.166 - - [18/Oct/2024:13:52:15 -0400] "GET /wp-admin/css/colors/xmrlpc.php HTTP/1.1" 404 17412 "-" "-"
52.164.227.166 - - [18/Oct/2024:13:52:16 -0400] "GET /wp-admin/includes/xmrlpc.php?p= HTTP/1.1" 403 1242 "-" "-"
162.213.251.195 - - [18/Oct/2024:13:52:18 -0400] "POST /wp-cron.php?doing_wp_cron=1729273937.6783950328826904296875 HTTP/1.1" 200 0 "-" "WordPress/6.6.2; https://dietcontrungnhanh.com"
52.164.227.166 - - [18/Oct/2024:13:52:17 -0400] "GET /wp-admin/css/colors/blue/xmrlpc.php?p= HTTP/1.1" 301 0 "-" "-"
52.164.227.166 - - [18/Oct/2024:13:52:18 -0400] "GET /wp-admin/css/colors/blue/xmrlpc.php HTTP/1.1" 404 17395 "-" "-"
162.213.251.195 - - [18/Oct/2024:13:52:21 -0400] "POST /wp-cron.php?doing_wp_cron=1729273940.8321568965911865234375 HTTP/1.1" 200 0 "-" "WordPress/6.6.2; https://dietcontrungnhanh.com"
52.164.227.166 - - [18/Oct/2024:13:52:20 -0400] "GET /wp-admin/xmrlpc.php?p= HTTP/1.1" 301 0 "-" "-"
52.164.227.166 - - [18/Oct/2024:13:52:21 -0400] "GET /wp-admin/xmrlpc.php HTTP/1.1" 404 16558 "-" "-"
162.213.251.195 - - [18/Oct/2024:13:52:24 -0400] "POST /wp-cron.php?doing_wp_cron=1729273943.7692129611968994140625 HTTP/1.1" 200 0 "-" "WordPress/6.6.2; https://dietcontrungnhanh.com"
52.164.227.166 - - [18/Oct/2024:13:52:23 -0400] "GET /text.php HTTP/1.1" 404 16572 "-" "-"
162.213.251.195 - - [18/Oct/2024:13:52:26 -0400] "POST /wp-cron.php?doing_wp_cron=1729273946.2738969326019287109375 HTTP/1.1" 200 0 "-" "WordPress/6.6.2; https://dietcontrungnhanh.com"
52.164.227.166 - - [18/Oct/2024:13:52:25 -0400] "GET /wp-admin/network/index.php HTTP/1.1" 302 0 "-" "-"
162.213.251.195 - - [18/Oct/2024:13:52:28 -0400] "POST /wp-cron.php?doing_wp_cron=1729273947.7082269191741943359375 HTTP/1.1" 200 0 "-" "WordPress/6.6.2; https://dietcontrungnhanh.com"
52.164.227.166 - - [18/Oct/2024:13:52:27 -0400] "GET /wp-login.php?redirect_to=https%3A%2F%2Fdietcontrungnhanh.com%2Fwp-admin%2Fnetwork%2Findex.php&reauth=1 HTTP/1.1" 200 2814 "-" "-"
162.213.251.195 - - [18/Oct/2024:13:52:29 -0400] "POST /wp-cron.php?doing_wp_cron=1729273949.0909459590911865234375 HTTP/1.1" 200 0 "-" "WordPress/6.6.2; https://dietcontrungnhanh.com"
52.164.227.166 - - [18/Oct/2024:13:52:28 -0400] "GET /makeasmtp.php HTTP/1.1" 404 16539 "-" "-"
45.61.185.127 - - [18/Oct/2024:14:18:44 -0400] "GET /wp-login.php HTTP/1.1" 200 0 "-" "Mozilla/5.0 (X11; Linux x86_64) AppleWebKit/537.36 (KHTML, like Gecko) Ubuntu Chromium/34.0.1847.116 Chrome/34.0.1847.116 Safari/537.36"
162.213.251.195 - - [18/Oct/2024:14:18:56 -0400] "POST /wp-cron.php?doing_wp_cron=1729275536.0993580818176269531250 HTTP/1.1" 200 0 "-" "WordPress/6.6.2; https://dietcontrungnhanh.com"
89.248.169.52 - - [18/Oct/2024:14:30:21 -0400] "POST /wp-content/plugins/wp-automatic/inc/csv.php HTTP/1.1" 403 1242 "-" "Mozilla/5.0 (iPhone; CPU iPhone OS 17_3 like Mac OS X) AppleWebKit/605.1.15 (KHTML, like Gecko) CriOS/122.0.6261.62 Mobile/15E148 Safari/604.1"
209.141.44.130 - - [18/Oct/2024:14:32:47 -0400] "GET /wp-login.php HTTP/1.1" 200 0 "-" "Mozilla/5.0 (X11; Ubuntu; Linux x86_64; rv:31.0) Gecko/20100101 Firefox/31.0"
162.213.251.195 - - [18/Oct/2024:14:32:59 -0400] "POST /wp-cron.php?doing_wp_cron=1729276378.8462169170379638671875 HTTP/1.1" 200 0 "-" "WordPress/6.6.2; https://dietcontrungnhanh.com"
162.213.251.195 - - [18/Oct/2024:15:02:53 -0400] "POST /wp-cron.php?doing_wp_cron=1729278173.3367869853973388671875 HTTP/1.1" 200 0 "-" "WordPress/6.6.2; https://dietcontrungnhanh.com"
45.61.187.219 - - [18/Oct/2024:15:02:43 -0400] "GET /wp-login.php HTTP/1.1" 200 2812 "-" "Mozilla/5.0 (Windows NT 6.1) AppleWebKit/537.36 (KHTML, like Gecko) Chrome/36.0.1985.143 Safari/537.36"
45.61.187.219 - - [18/Oct/2024:15:02:54 -0400] "POST /wp-login.php HTTP/1.1" 200 2955 "-" "Mozilla/5.0 (Windows NT 6.1) AppleWebKit/537.36 (KHTML, like Gecko) Chrome/36.0.1985.143 Safari/537.36"
20.168.59.21 - - [18/Oct/2024:15:21:15 -0400] "GET /install.php HTTP/1.1" 200 0 "http://dietcontrungnhanh.com/install.php" "Go-http-client/2.0"
162.213.251.195 - - [18/Oct/2024:15:21:26 -0400] "POST /wp-cron.php?doing_wp_cron=1729279286.4451630115509033203125 HTTP/1.1" 200 0 "-" "WordPress/6.6.2; https://dietcontrungnhanh.com"
20.168.59.21 - - [18/Oct/2024:15:21:25 -0400] "GET /simple.php HTTP/1.1" 404 16540 "http://dietcontrungnhanh.com/simple.php" "Go-http-client/2.0"
20.168.59.21 - - [18/Oct/2024:15:21:28 -0400] "GET /dropdown.php HTTP/1.1" 404 16550 "http://dietcontrungnhanh.com/dropdown.php" "Go-http-client/2.0"
20.168.59.21 - - [18/Oct/2024:15:21:29 -0400] "GET /wp-content/plugins/ HTTP/1.1" 200 0 "http://dietcontrungnhanh.com/wp-content/plugins/" "Go-http-client/2.0"
162.213.251.195 - - [18/Oct/2024:15:21:30 -0400] "POST /wp-cron.php?doing_wp_cron=1729279290.2373759746551513671875 HTTP/1.1" 200 0 "-" "WordPress/6.6.2; https://dietcontrungnhanh.com"
20.168.59.21 - - [18/Oct/2024:15:21:29 -0400] "GET /class.api.php HTTP/1.1" 404 16549 "http://dietcontrungnhanh.com/class.api.php#888xyz999" "Go-http-client/2.0"
162.213.251.195 - - [18/Oct/2024:15:21:31 -0400] "POST /wp-cron.php?doing_wp_cron=1729279291.6428759098052978515625 HTTP/1.1" 200 0 "-" "WordPress/6.6.2; https://dietcontrungnhanh.com"
20.168.59.21 - - [18/Oct/2024:15:21:31 -0400] "GET /bless.php HTTP/1.1" 404 16547 "http://dietcontrungnhanh.com/bless.php#888xyz999" "Go-http-client/2.0"
162.213.251.195 - - [18/Oct/2024:15:21:33 -0400] "POST /wp-cron.php?doing_wp_cron=1729279293.4411580562591552734375 HTTP/1.1" 200 0 "-" "WordPress/6.6.2; https://dietcontrungnhanh.com"
20.168.59.21 - - [18/Oct/2024:15:21:32 -0400] "GET /wp-head.php HTTP/1.1" 404 16533 "http://dietcontrungnhanh.com/wp-head.php" "Go-http-client/2.0"
162.213.251.195 - - [18/Oct/2024:15:21:35 -0400] "POST /wp-cron.php?doing_wp_cron=1729279294.7902469635009765625000 HTTP/1.1" 200 0 "-" "WordPress/6.6.2; https://dietcontrungnhanh.com"
20.168.59.21 - - [18/Oct/2024:15:21:34 -0400] "GET /about.php HTTP/1.1" 404 16535 "http://dietcontrungnhanh.com/about.php" "Go-http-client/2.0"
20.168.59.21 - - [18/Oct/2024:15:21:35 -0400] "GET /wp-content/uploads/ HTTP/1.1" 403 1242 "http://dietcontrungnhanh.com/wp-content/uploads/" "Go-http-client/2.0"
162.213.251.195 - - [18/Oct/2024:15:21:37 -0400] "POST /wp-cron.php?doing_wp_cron=1729279296.7442119121551513671875 HTTP/1.1" 200 0 "-" "WordPress/6.6.2; https://dietcontrungnhanh.com"
20.168.59.21 - - [18/Oct/2024:15:21:36 -0400] "GET /shell20211028.php HTTP/1.1" 404 16550 "http://dietcontrungnhanh.com/shell20211028.php" "Go-http-client/2.0"
20.168.59.21 - - [18/Oct/2024:15:21:38 -0400] "GET /wp-admin/install.php HTTP/1.1" 403 1242 "http://dietcontrungnhanh.com/wp-admin/install.php" "Go-http-client/2.0"
162.213.251.195 - - [18/Oct/2024:15:21:40 -0400] "POST /wp-cron.php?doing_wp_cron=1729279300.1062529087066650390625 HTTP/1.1" 200 0 "-" "WordPress/6.6.2; https://dietcontrungnhanh.com"
20.168.59.21 - - [18/Oct/2024:15:21:39 -0400] "GET /wp-admin/admin-ajax.php HTTP/1.1" 400 5 "http://dietcontrungnhanh.com/wp-admin/admin-ajax.php" "Go-http-client/2.0"
20.168.59.21 - - [18/Oct/2024:15:21:41 -0400] "GET /wp-content/themes/twenty/twenty.php HTTP/1.1" 403 1242 "http://dietcontrungnhanh.com/wp-content/themes/twenty/twenty.php" "Go-http-client/2.0"
162.213.251.195 - - [18/Oct/2024:15:21:43 -0400] "POST /wp-cron.php?doing_wp_cron=1729279302.4177680015563964843750 HTTP/1.1" 200 0 "-" "WordPress/6.6.2; https://dietcontrungnhanh.com"
20.168.59.21 - - [18/Oct/2024:15:21:41 -0400] "GET /chosen.php?p= HTTP/1.1" 301 0 "http://dietcontrungnhanh.com/chosen.php?p=" "Go-http-client/2.0"
162.213.251.195 - - [18/Oct/2024:15:21:44 -0400] "POST /wp-cron.php?doing_wp_cron=1729279304.3307979106903076171875 HTTP/1.1" 200 0 "-" "WordPress/6.6.2; https://dietcontrungnhanh.com"
20.168.59.21 - - [18/Oct/2024:15:21:43 -0400] "GET /chosen.php HTTP/1.1" 404 16538 "https://dietcontrungnhanh.com/chosen.php?p=" "Go-http-client/2.0"
162.213.251.195 - - [18/Oct/2024:15:21:46 -0400] "POST /wp-cron.php?doing_wp_cron=1729279306.1882879734039306640625 HTTP/1.1" 200 0 "-" "WordPress/6.6.2; https://dietcontrungnhanh.com"
20.168.59.21 - - [18/Oct/2024:15:21:45 -0400] "GET /admin.php HTTP/1.1" 404 16530 "http://dietcontrungnhanh.com/admin.php" "Go-http-client/2.0"
162.213.251.195 - - [18/Oct/2024:15:21:49 -0400] "POST /wp-cron.php?doing_wp_cron=1729279308.7278869152069091796875 HTTP/1.1" 200 0 "-" "WordPress/6.6.2; https://dietcontrungnhanh.com"
20.168.59.21 - - [18/Oct/2024:15:21:48 -0400] "GET /wp-includes/Text/about.php HTTP/1.1" 404 17379 "http://dietcontrungnhanh.com/wp-includes/Text/about.php" "Go-http-client/2.0"
162.213.251.195 - - [18/Oct/2024:15:21:51 -0400] "POST /wp-cron.php?doing_wp_cron=1729279311.6410310268402099609375 HTTP/1.1" 200 0 "-" "WordPress/6.6.2; https://dietcontrungnhanh.com"
20.168.59.21 - - [18/Oct/2024:15:21:51 -0400] "GET /cong.php HTTP/1.1" 404 16541 "http://dietcontrungnhanh.com/cong.php" "Go-http-client/2.0"
162.213.251.195 - - [18/Oct/2024:15:21:54 -0400] "POST /wp-cron.php?doing_wp_cron=1729279313.7217330932617187500000 HTTP/1.1" 200 0 "-" "WordPress/6.6.2; https://dietcontrungnhanh.com"
20.168.59.21 - - [18/Oct/2024:15:21:53 -0400] "GET /wp-admin/dropdown.php HTTP/1.1" 404 16549 "http://dietcontrungnhanh.com/wp-admin/dropdown.php" "Go-http-client/2.0"
162.213.251.195 - - [18/Oct/2024:15:21:55 -0400] "POST /wp-cron.php?doing_wp_cron=1729279315.0292561054229736328125 HTTP/1.1" 200 0 "-" "WordPress/6.6.2; https://dietcontrungnhanh.com"
20.168.59.21 - - [18/Oct/2024:15:21:54 -0400] "GET /cjfuns.php HTTP/1.1" 404 16544 "http://dietcontrungnhanh.com/cjfuns.php" "Go-http-client/2.0"
162.213.251.195 - - [18/Oct/2024:15:21:57 -0400] "POST /wp-cron.php?doing_wp_cron=1729279316.9921839237213134765625 HTTP/1.1" 200 0 "-" "WordPress/6.6.2; https://dietcontrungnhanh.com"
20.168.59.21 - - [18/Oct/2024:15:21:56 -0400] "GET /wp-admin/js/about.php HTTP/1.1" 404 17365 "http://dietcontrungnhanh.com/wp-admin/js/about.php" "Go-http-client/2.0"
162.213.251.195 - - [18/Oct/2024:15:21:58 -0400] "POST /wp-cron.php?doing_wp_cron=1729279318.4333560466766357421875 HTTP/1.1" 200 0 "-" "WordPress/6.6.2; https://dietcontrungnhanh.com"
20.168.59.21 - - [18/Oct/2024:15:21:57 -0400] "GET /.well-known/acme-challenge/install.php HTTP/1.1" 404 17393 "http://dietcontrungnhanh.com/.well-known/acme-challenge/install.php" "Go-http-client/2.0"
162.213.251.195 - - [18/Oct/2024:15:22:00 -0400] "POST /wp-cron.php?doing_wp_cron=1729279319.9860548973083496093750 HTTP/1.1" 200 0 "-" "WordPress/6.6.2; https://dietcontrungnhanh.com"
20.168.59.21 - - [18/Oct/2024:15:21:59 -0400] "GET /css/index.php HTTP/1.1" 301 0 "http://dietcontrungnhanh.com/css/index.php" "Go-http-client/2.0"
20.168.59.21 - - [18/Oct/2024:15:22:00 -0400] "GET /css/ HTTP/1.1" 404 18727 "https://dietcontrungnhanh.com/css/index.php" "Go-http-client/2.0"
20.168.59.21 - - [18/Oct/2024:15:22:01 -0400] "GET /wp-includes/ID3/ HTTP/1.1" 403 1242 "http://dietcontrungnhanh.com/wp-includes/ID3/" "Go-http-client/2.0"
162.213.251.195 - - [18/Oct/2024:15:22:02 -0400] "POST /wp-cron.php?doing_wp_cron=1729279322.3067541122436523437500 HTTP/1.1" 200 0 "-" "WordPress/6.6.2; https://dietcontrungnhanh.com"
20.168.59.21 - - [18/Oct/2024:15:22:01 -0400] "GET /cgi-bin/install.php HTTP/1.1" 404 16522 "http://dietcontrungnhanh.com/cgi-bin/install.php" "Go-http-client/2.0"
162.213.251.195 - - [18/Oct/2024:15:22:04 -0400] "POST /wp-cron.php?doing_wp_cron=1729279324.3732569217681884765625 HTTP/1.1" 200 0 "-" "WordPress/6.6.2; https://dietcontrungnhanh.com"
20.168.59.21 - - [18/Oct/2024:15:22:03 -0400] "GET /wp-includes/rest-api/about.php HTTP/1.1" 404 17390 "http://dietcontrungnhanh.com/wp-includes/rest-api/about.php" "Go-http-client/2.0"
162.213.251.195 - - [18/Oct/2024:15:22:06 -0400] "POST /wp-cron.php?doing_wp_cron=1729279326.3355650901794433593750 HTTP/1.1" 200 0 "-" "WordPress/6.6.2; https://dietcontrungnhanh.com"
20.168.59.21 - - [18/Oct/2024:15:22:05 -0400] "GET /wp-admin/images/install.php HTTP/1.1" 404 17392 "http://dietcontrungnhanh.com/wp-admin/images/install.php" "Go-http-client/2.0"
162.213.251.195 - - [18/Oct/2024:15:22:08 -0400] "POST /wp-cron.php?doing_wp_cron=1729279327.8745989799499511718750 HTTP/1.1" 200 0 "-" "WordPress/6.6.2; https://dietcontrungnhanh.com"
20.168.59.21 - - [18/Oct/2024:15:22:07 -0400] "GET /wp-content/install.php HTTP/1.1" 404 16553 "http://dietcontrungnhanh.com/wp-content/install.php" "Go-http-client/2.0"
162.213.251.195 - - [18/Oct/2024:15:22:09 -0400] "POST /wp-cron.php?doing_wp_cron=1729279329.1596310138702392578125 HTTP/1.1" 200 0 "-" "WordPress/6.6.2; https://dietcontrungnhanh.com"
20.168.59.21 - - [18/Oct/2024:15:22:08 -0400] "GET /wp-includes/js/tinymce/plugins/compat3x/css/index.php HTTP/1.1" 301 0 "http://dietcontrungnhanh.com/wp-includes/js/tinymce/plugins/compat3x/css/index.php" "Go-http-client/2.0"
20.168.59.21 - - [18/Oct/2024:15:22:09 -0400] "GET /wp-includes/js/tinymce/plugins/compat3x/css/ HTTP/1.1" 403 1242 "https://dietcontrungnhanh.com/wp-includes/js/tinymce/plugins/compat3x/css/index.php" "Go-http-client/2.0"
162.213.251.195 - - [18/Oct/2024:15:22:10 -0400] "POST /wp-cron.php?doing_wp_cron=1729279330.4053580760955810546875 HTTP/1.1" 200 0 "-" "WordPress/6.6.2; https://dietcontrungnhanh.com"
20.168.59.21 - - [18/Oct/2024:15:22:10 -0400] "GET /defaults.php HTTP/1.1" 404 16545 "http://dietcontrungnhanh.com/defaults.php" "Go-http-client/2.0"
162.213.251.195 - - [18/Oct/2024:15:22:12 -0400] "POST /wp-cron.php?doing_wp_cron=1729279332.0289800167083740234375 HTTP/1.1" 200 0 "-" "WordPress/6.6.2; https://dietcontrungnhanh.com"
20.168.59.21 - - [18/Oct/2024:15:22:11 -0400] "GET /wp-admin/maint/moon.php HTTP/1.1" 404 17369 "http://dietcontrungnhanh.com/wp-admin/maint/moon.php" "Go-http-client/2.0"
162.213.251.195 - - [18/Oct/2024:15:22:14 -0400] "POST /wp-cron.php?doing_wp_cron=1729279334.0711588859558105468750 HTTP/1.1" 200 0 "-" "WordPress/6.6.2; https://dietcontrungnhanh.com"
20.168.59.21 - - [18/Oct/2024:15:22:13 -0400] "GET /ee.php HTTP/1.1" 404 16557 "http://dietcontrungnhanh.com/ee.php" "Go-http-client/2.0"
162.213.251.195 - - [18/Oct/2024:15:22:15 -0400] "POST /wp-cron.php?doing_wp_cron=1729279335.1484699249267578125000 HTTP/1.1" 200 0 "-" "WordPress/6.6.2; https://dietcontrungnhanh.com"
20.168.59.21 - - [18/Oct/2024:15:22:14 -0400] "GET /mah.php HTTP/1.1" 404 16543 "http://dietcontrungnhanh.com/mah.php" "Go-http-client/2.0"
162.213.251.195 - - [18/Oct/2024:15:22:16 -0400] "POST /wp-cron.php?doing_wp_cron=1729279336.1398010253906250000000 HTTP/1.1" 200 0 "-" "WordPress/6.6.2; https://dietcontrungnhanh.com"
20.168.59.21 - - [18/Oct/2024:15:22:15 -0400] "GET /st.php HTTP/1.1" 404 16565 "http://dietcontrungnhanh.com/st.php" "Go-http-client/2.0"
20.168.59.21 - - [18/Oct/2024:15:22:16 -0400] "GET /wp-includes/install.php HTTP/1.1" 403 1242 "http://dietcontrungnhanh.com/wp-includes/install.php" "Go-http-client/2.0"
162.213.251.195 - - [18/Oct/2024:15:22:17 -0400] "POST /wp-cron.php?doing_wp_cron=1729279337.3646059036254882812500 HTTP/1.1" 200 0 "-" "WordPress/6.6.2; https://dietcontrungnhanh.com"
20.168.59.21 - - [18/Oct/2024:15:22:16 -0400] "GET /wp-content/dropdown.php HTTP/1.1" 404 16538 "http://dietcontrungnhanh.com/wp-content/dropdown.php" "Go-http-client/2.0"
162.213.251.195 - - [18/Oct/2024:15:22:18 -0400] "POST /wp-cron.php?doing_wp_cron=1729279338.6519210338592529296875 HTTP/1.1" 200 0 "-" "WordPress/6.6.2; https://dietcontrungnhanh.com"
20.168.59.21 - - [18/Oct/2024:15:22:18 -0400] "GET /css/install.php HTTP/1.1" 404 16555 "http://dietcontrungnhanh.com/css/install.php" "Go-http-client/2.0"
162.213.251.195 - - [18/Oct/2024:15:22:20 -0400] "POST /wp-cron.php?doing_wp_cron=1729279339.7408521175384521484375 HTTP/1.1" 200 0 "-" "WordPress/6.6.2; https://dietcontrungnhanh.com"
20.168.59.21 - - [18/Oct/2024:15:22:19 -0400] "GET /radio.php HTTP/1.1" 404 16540 "http://dietcontrungnhanh.com/radio.php" "Go-http-client/2.0"
162.213.251.195 - - [18/Oct/2024:15:22:21 -0400] "POST /wp-cron.php?doing_wp_cron=1729279341.1868810653686523437500 HTTP/1.1" 200 0 "-" "WordPress/6.6.2; https://dietcontrungnhanh.com"
20.168.59.21 - - [18/Oct/2024:15:22:20 -0400] "GET /cgi-bin/cgi-bin/about.php HTTP/1.1" 404 17382 "http://dietcontrungnhanh.com/cgi-bin/cgi-bin/about.php" "Go-http-client/2.0"
162.213.251.195 - - [18/Oct/2024:15:22:22 -0400] "POST /wp-cron.php?doing_wp_cron=1729279342.2208349704742431640625 HTTP/1.1" 200 0 "-" "WordPress/6.6.2; https://dietcontrungnhanh.com"
20.168.59.21 - - [18/Oct/2024:15:22:21 -0400] "GET /wp-admin/js/about.php7 HTTP/1.1" 404 17376 "http://dietcontrungnhanh.com/wp-admin/js/about.php7" "Go-http-client/2.0"
20.168.59.21 - - [18/Oct/2024:15:22:22 -0400] "GET /wp-content/patior/ HTTP/1.1" 404 18709 "http://dietcontrungnhanh.com/wp-content/patior/" "Go-http-client/2.0"
162.213.251.195 - - [18/Oct/2024:15:22:24 -0400] "POST /wp-cron.php?doing_wp_cron=1729279344.0602369308471679687500 HTTP/1.1" 200 0 "-" "WordPress/6.6.2; https://dietcontrungnhanh.com"
20.168.59.21 - - [18/Oct/2024:15:22:23 -0400] "GET /cgi-bin/cgi-bin/about.php7 HTTP/1.1" 404 17379 "http://dietcontrungnhanh.com/cgi-bin/cgi-bin/about.php7" "Go-http-client/2.0"
20.168.59.21 - - [18/Oct/2024:15:22:24 -0400] "GET /wp-content/plugins/install.php HTTP/1.1" 403 1242 "http://dietcontrungnhanh.com/wp-content/plugins/install.php" "Go-http-client/2.0"
162.213.251.195 - - [18/Oct/2024:15:22:25 -0400] "POST /wp-cron.php?doing_wp_cron=1729279345.4705970287322998046875 HTTP/1.1" 200 0 "-" "WordPress/6.6.2; https://dietcontrungnhanh.com"
20.168.59.21 - - [18/Oct/2024:15:22:25 -0400] "GET /xx.php HTTP/1.1" 404 16546 "http://dietcontrungnhanh.com/xx.php" "Go-http-client/2.0"
20.168.59.21 - - [18/Oct/2024:15:22:26 -0400] "GET /wp-content/plugins/Cache/dropdown.php HTTP/1.1" 403 1242 "http://dietcontrungnhanh.com/wp-content/plugins/Cache/dropdown.php" "Go-http-client/2.0"
152.42.161.236 - - [18/Oct/2024:15:30:29 -0400] "GET /wp-includes/wlwmanifest.xml HTTP/1.1" 200 0 "-" "python-requests/2.18.4"
152.42.161.236 - - [18/Oct/2024:15:30:35 -0400] "GET /administrator/index.php HTTP/1.1" 200 0 "-" "python-requests/2.18.4"
162.213.251.195 - - [18/Oct/2024:15:30:41 -0400] "POST /wp-cron.php?doing_wp_cron=1729279841.1074380874633789062500 HTTP/1.1" 200 0 "-" "WordPress/6.6.2; https://dietcontrungnhanh.com"
162.213.251.195 - - [18/Oct/2024:15:30:41 -0400] "POST /wp-cron.php?doing_wp_cron=1729279841.1074609756469726562500 HTTP/1.1" 200 0 "-" "WordPress/6.6.2; https://dietcontrungnhanh.com"
152.42.161.236 - - [18/Oct/2024:15:30:41 -0400] "GET /view-source: HTTP/1.1" 404 18720 "-" "python-requests/2.18.4"
162.213.251.195 - - [18/Oct/2024:15:30:46 -0400] "POST /wp-cron.php?doing_wp_cron=1729279845.5094549655914306640625 HTTP/1.1" 200 0 "-" "WordPress/6.6.2; https://dietcontrungnhanh.com"
152.42.161.236 - - [18/Oct/2024:15:30:44 -0400] "GET /misc/ajax.js HTTP/1.1" 404 18707 "-" "python-requests/2.18.4"
162.213.251.195 - - [18/Oct/2024:15:37:25 -0400] "POST /wp-cron.php?doing_wp_cron=1729280244.4740130901336669921875 HTTP/1.1" 200 0 "-" "WordPress/6.6.2; https://dietcontrungnhanh.com"
209.141.58.36 - - [18/Oct/2024:15:37:14 -0400] "GET /wp-login.php HTTP/1.1" 200 2800 "-" "Mozilla/5.0 (Windows NT 6.1; WOW64) AppleWebKit/537.36 (KHTML, like Gecko) Chrome/35.0.1916.153 Safari/537.36"
209.141.58.36 - - [18/Oct/2024:15:37:29 -0400] "POST /wp-login.php HTTP/1.1" 200 2958 "-" "Mozilla/5.0 (Windows NT 6.1; WOW64) AppleWebKit/537.36 (KHTML, like Gecko) Chrome/35.0.1916.153 Safari/537.36"
162.213.251.195 - - [18/Oct/2024:15:51:50 -0400] "POST /wp-cron.php?doing_wp_cron=1729281110.3269820213317871093750 HTTP/1.1" 200 0 "-" "WordPress/6.6.2; https://dietcontrungnhanh.com"
147.185.132.40 - - [18/Oct/2024:15:51:45 -0400] "GET / HTTP/1.1" 200 27011 "-" "Expanse, a Palo Alto Networks company, searches across the global IPv4 space multiple times per day to identify customers' presences on the Internet. If you would like to be excluded from our scans, please send IP addresses/domains to: [email protected]"
34.222.196.207 - - [18/Oct/2024:15:59:06 -0400] "GET / HTTP/1.1" 200 0 "-" "Mozilla/4.0 (compatible; MSIE 6.0; Windows NT 5.1; FSL 7.0.6.01001)"
162.213.251.195 - - [18/Oct/2024:15:59:17 -0400] "POST /wp-cron.php?doing_wp_cron=1729281556.9504659175872802734375 HTTP/1.1" 200 0 "-" "WordPress/6.6.2; https://dietcontrungnhanh.com"
162.213.251.195 - - [18/Oct/2024:16:16:02 -0400] "POST /wp-cron.php?doing_wp_cron=1729282561.7789509296417236328125 HTTP/1.1" 200 0 "-" "WordPress/6.6.2; https://dietcontrungnhanh.com"
52.59.194.78 - - [18/Oct/2024:16:15:55 -0400] "GET / HTTP/1.1" 200 27095 "-" "Mozilla/5.0 (Windows NT 10.0; Win64; x64) AppleWebKit/537.36 (KHTML, like Gecko) Chrome/80.0.3987.149 Safari/537.36"
162.213.251.195 - - [18/Oct/2024:16:16:05 -0400] "POST /wp-cron.php?doing_wp_cron=1729282564.7523849010467529296875 HTTP/1.1" 200 0 "-" "WordPress/6.6.2; https://dietcontrungnhanh.com"
52.59.194.78 - - [18/Oct/2024:16:16:04 -0400] "GET //wp-includes/wlwmanifest.xml HTTP/1.1" 301 0 "-" "Mozilla/5.0 (Windows NT 10.0; Win64; x64) AppleWebKit/537.36 (KHTML, like Gecko) Chrome/80.0.3987.149 Safari/537.36"
162.213.251.195 - - [18/Oct/2024:16:16:06 -0400] "POST /wp-cron.php?doing_wp_cron=1729282566.2545990943908691406250 HTTP/1.1" 200 0 "-" "WordPress/6.6.2; https://dietcontrungnhanh.com"
52.59.194.78 - - [18/Oct/2024:16:16:05 -0400] "GET / HTTP/1.1" 200 27112 "-" "Mozilla/5.0 (Windows NT 10.0; Win64; x64) AppleWebKit/537.36 (KHTML, like Gecko) Chrome/80.0.3987.149 Safari/537.36"
162.213.251.195 - - [18/Oct/2024:16:16:09 -0400] "POST /wp-cron.php?doing_wp_cron=1729282569.1049659252166748046875 HTTP/1.1" 200 0 "-" "WordPress/6.6.2; https://dietcontrungnhanh.com"
52.59.194.78 - - [18/Oct/2024:16:16:08 -0400] "GET //?author=1 HTTP/1.1" 301 0 "-" "Mozilla/5.0 (Windows NT 10.0; Win64; x64) AppleWebKit/537.36 (KHTML, like Gecko) Chrome/80.0.3987.149 Safari/537.36"
162.213.251.195 - - [18/Oct/2024:16:16:10 -0400] "POST /wp-cron.php?doing_wp_cron=1729282570.5917499065399169921875 HTTP/1.1" 200 0 "-" "WordPress/6.6.2; https://dietcontrungnhanh.com"
52.59.194.78 - - [18/Oct/2024:16:16:10 -0400] "GET //?author=2 HTTP/1.1" 301 0 "-" "Mozilla/5.0 (Windows NT 10.0; Win64; x64) AppleWebKit/537.36 (KHTML, like Gecko) Chrome/80.0.3987.149 Safari/537.36"
162.213.251.195 - - [18/Oct/2024:16:16:12 -0400] "POST /wp-cron.php?doing_wp_cron=1729282571.7922739982604980468750 HTTP/1.1" 200 0 "-" "WordPress/6.6.2; https://dietcontrungnhanh.com"
52.59.194.78 - - [18/Oct/2024:16:16:11 -0400] "GET //wp-json/wp/v2/users/ HTTP/1.1" 200 66130 "-" "Mozilla/5.0 (Windows NT 10.0; Win64; x64) AppleWebKit/537.36 (KHTML, like Gecko) Chrome/80.0.3987.149 Safari/537.36"
2a03:4000:68:22:188e:54ff:fe50:69ed - - [18/Oct/2024:16:24:50 -0400] "GET / HTTP/1.1" 200 0 "-" "Mozilla/5.0 (Windows NT 10.0; Win64; x64; rv:65.0) Gecko/20100101 Firefox/65.0"
162.213.251.195 - - [18/Oct/2024:16:25:00 -0400] "POST /wp-cron.php?doing_wp_cron=1729283099.5026750564575195312500 HTTP/1.1" 200 0 "-" "WordPress/6.6.2; https://dietcontrungnhanh.com"
162.213.251.195 - - [18/Oct/2024:16:50:13 -0400] "POST /wp-cron.php?doing_wp_cron=1729284613.4120109081268310546875 HTTP/1.1" 200 0 "-" "WordPress/6.6.2; https://dietcontrungnhanh.com"
209.141.43.103 - - [18/Oct/2024:16:50:03 -0400] "GET /wp-login.php HTTP/1.1" 200 0 "-" "Mozilla/5.0 (Windows NT 5.1) AppleWebKit/537.36 (KHTML, like Gecko) Chrome/36.0.1985.125 Safari/537.36"
162.213.251.195 - - [18/Oct/2024:17:04:52 -0400] "POST /wp-cron.php?doing_wp_cron=1729285491.5280210971832275390625 HTTP/1.1" 200 0 "-" "WordPress/6.6.2; https://dietcontrungnhanh.com"
107.189.3.124 - - [18/Oct/2024:17:04:41 -0400] "GET /wp-login.php HTTP/1.1" 200 2800 "http://www.google.com.hk" "Mozilla/5.0 (Windows NT 6.1; WOW64) AppleWebKit/537.36 (KHTML, like Gecko) Chrome/42.0.2311.90 Safari/537.36"
162.213.251.195 - - [18/Oct/2024:17:06:08 -0400] "POST /wp-cron.php?doing_wp_cron=1729285567.7851810455322265625000 HTTP/1.1" 200 0 "-" "WordPress/6.6.2; https://dietcontrungnhanh.com"
107.189.3.124 - - [18/Oct/2024:17:06:07 -0400] "GET /?author=1 HTTP/1.1" 301 0 "http://www.google.com.hk" "Mozilla/5.0 (Windows NT 6.1; WOW64) AppleWebKit/537.36 (KHTML, like Gecko) Chrome/42.0.2311.90 Safari/537.36"
162.213.251.195 - - [18/Oct/2024:17:06:09 -0400] "POST /wp-cron.php?doing_wp_cron=1729285569.4358639717102050781250 HTTP/1.1" 200 0 "-" "WordPress/6.6.2; https://dietcontrungnhanh.com"
107.189.3.124 - - [18/Oct/2024:17:06:09 -0400] "GET /author/admin/ HTTP/1.1" 200 19792 "http://www.google.com.hk" "Mozilla/5.0 (Windows NT 6.1; WOW64) AppleWebKit/537.36 (KHTML, like Gecko) Chrome/42.0.2311.90 Safari/537.36"
162.213.251.195 - - [18/Oct/2024:17:07:07 -0400] "POST /wp-cron.php?doing_wp_cron=1729285627.6208310127258300781250 HTTP/1.1" 200 0 "-" "WordPress/6.6.2; https://dietcontrungnhanh.com"
107.189.3.124 - - [18/Oct/2024:17:07:07 -0400] "GET /wp-login.php?wp_lang=e HTTP/1.1" 200 2009 "-" "Mozilla/5.0 (Windows NT 6.1; WOW64) AppleWebKit/537.36 (KHTML, like Gecko) Chrome/36.0.1985.125 Safari/537.36"
162.213.251.195 - - [18/Oct/2024:17:07:25 -0400] "POST /wp-cron.php?doing_wp_cron=1729285644.7392339706420898437500 HTTP/1.1" 200 0 "-" "WordPress/6.6.2; https://dietcontrungnhanh.com"
107.189.3.124 - - [18/Oct/2024:17:07:23 -0400] "POST /wp-login.php?wp_lang=e HTTP/1.1" 200 2142 "-" "Mozilla/5.0 (Windows NT 6.1; WOW64) AppleWebKit/537.36 (KHTML, like Gecko) Chrome/36.0.1985.125 Safari/537.36"
162.213.251.195 - - [18/Oct/2024:17:12:01 -0400] "POST /wp-cron.php?doing_wp_cron=1729285921.0783379077911376953125 HTTP/1.1" 200 0 "-" "WordPress/6.6.2; https://dietcontrungnhanh.com"
209.141.48.88 - - [18/Oct/2024:17:11:55 -0400] "GET /wp-login.php HTTP/1.1" 200 2800 "-" "Mozilla/5.0 (iPhone; CPU iPhone OS 7_1_1 like Mac OS X) AppleWebKit/537.51.2 (KHTML, like Gecko) Version/7.0 Mobile/11D201 Safari/9537.53"
209.141.48.88 - - [18/Oct/2024:17:12:01 -0400] "POST /wp-login.php HTTP/1.1" 200 2965 "-" "Mozilla/5.0 (iPhone; CPU iPhone OS 7_1_1 like Mac OS X) AppleWebKit/537.51.2 (KHTML, like Gecko) Version/7.0 Mobile/11D201 Safari/9537.53"
162.213.251.195 - - [18/Oct/2024:17:12:57 -0400] "POST /wp-cron.php?doing_wp_cron=1729285977.3966660499572753906250 HTTP/1.1" 200 0 "-" "WordPress/6.6.2; https://dietcontrungnhanh.com"
107.189.3.124 - - [18/Oct/2024:17:12:56 -0400] "GET /?author=2 HTTP/1.1" 200 19791 "http://www.google.com.hk" "Mozilla/5.0 (Windows NT 6.1; WOW64) AppleWebKit/537.36 (KHTML, like Gecko) Chrome/42.0.2311.90 Safari/537.36"
162.213.251.195 - - [18/Oct/2024:17:15:10 -0400] "POST /wp-cron.php?doing_wp_cron=1729286109.5693109035491943359375 HTTP/1.1" 200 0 "-" "WordPress/6.6.2; https://dietcontrungnhanh.com"
107.189.3.124 - - [18/Oct/2024:17:15:03 -0400] "GET /wp-login.php?wp_lang=e HTTP/1.1" 200 2009 "-" "Mozilla/5.0 (Macintosh; Intel Mac OS X 10_9_4 AppleWebKit/537.36 (KHTML, like Gecko) Chrome/36.0.1985.125 Safari/537.36"
162.213.251.195 - - [18/Oct/2024:17:15:24 -0400] "POST /wp-cron.php?doing_wp_cron=1729286124.1549639701843261718750 HTTP/1.1" 200 0 "-" "WordPress/6.6.2; https://dietcontrungnhanh.com"
107.189.3.124 - - [18/Oct/2024:17:15:23 -0400] "POST /wp-login.php?wp_lang=e HTTP/1.1" 200 2144 "-" "Mozilla/5.0 (Macintosh; Intel Mac OS X 10_9_4 AppleWebKit/537.36 (KHTML, like Gecko) Chrome/36.0.1985.125 Safari/537.36"
162.213.251.195 - - [18/Oct/2024:17:22:21 -0400] "POST /wp-cron.php?doing_wp_cron=1729286541.1052670478820800781250 HTTP/1.1" 200 0 "-" "WordPress/6.6.2; https://dietcontrungnhanh.com"
209.141.43.103 - - [18/Oct/2024:17:22:15 -0400] "GET /wp-login.php HTTP/1.1" 200 2812 "-" "Mozilla/5.0 (Macintosh; Intel Mac OS X 10_7_5) AppleWebKit/537.36 (KHTML, like Gecko) Chrome/36.0.1985.125 Safari/537.36"
209.141.43.103 - - [18/Oct/2024:17:22:21 -0400] "POST /wp-login.php HTTP/1.1" 200 2958 "-" "Mozilla/5.0 (Macintosh; Intel Mac OS X 10_7_5) AppleWebKit/537.36 (KHTML, like Gecko) Chrome/36.0.1985.125 Safari/537.36"
162.213.251.195 - - [18/Oct/2024:17:25:23 -0400] "POST /wp-cron.php?doing_wp_cron=1729286722.9886000156402587890625 HTTP/1.1" 200 0 "-" "WordPress/6.6.2; https://dietcontrungnhanh.com"
107.189.3.124 - - [18/Oct/2024:17:25:20 -0400] "GET /?author=4 HTTP/1.1" 200 19747 "http://www.google.com.hk" "Mozilla/5.0 (Windows NT 6.1; WOW64) AppleWebKit/537.36 (KHTML, like Gecko) Chrome/42.0.2311.90 Safari/537.36"
51.77.52.109 - - [18/Oct/2024:17:25:53 -0400] "POST /xmlrpc.php HTTP/1.1" 403 26 "-" "Mozilla/5.0 (Windows NT 5.1; rv:40.0) Gecko/20100101 Firefox/40.0"
3.15.186.58 - - [18/Oct/2024:17:25:54 -0400] "POST /xmlrpc.php HTTP/1.1" 403 26 "-" "Mozilla/5.0 (Windows NT 10.0; Win64; x64) AppleWebKit/537.36 (KHTML, like Gecko) Chrome/69.0.3497.100 Safari/537.36"
2607:f298:5:117b::fd9:1a22 - - [18/Oct/2024:17:26:01 -0400] "POST /xmlrpc.php HTTP/1.1" 403 26 "-" "Mozilla/5.0 (Windows NT 10.0; Win64; x64) AppleWebKit/537.36 (KHTML, like Gecko) Chrome/84.0.4147.135 Safari/537.36"
14.224.141.133 - - [18/Oct/2024:17:26:09 -0400] "POST /xmlrpc.php HTTP/1.1" 403 26 "-" "Mozilla/5.0 (Windows NT 5.1; rv:30.0) Gecko/20100101 Firefox/30.0"
2a01:4f9:6a:456d::2 - - [18/Oct/2024:17:26:27 -0400] "POST /xmlrpc.php HTTP/1.1" 403 26 "-" "Mozilla/5.0 (Windows NT 6.3; Win64; x64; rv:73.0) Gecko/20100101 Firefox/73.0"
210.245.86.62 - - [18/Oct/2024:17:26:32 -0400] "POST /xmlrpc.php HTTP/1.1" 403 26 "-" "Mozilla/5.0 (Linux; Android 10; LM-Q720) AppleWebKit/537.36 (KHTML, like Gecko) Chrome/91.0.4472.114 Mobile Safari/537.36"
2804:10:8015::137:87 - - [18/Oct/2024:17:26:36 -0400] "POST /xmlrpc.php HTTP/1.1" 403 26 "-" "Mozilla/5.0 (Windows NT 10.0; Win64; x64) AppleWebKit/537.36 (KHTML, like Gecko) Chrome/87.0.4280.141 Safari/537.36"
162.213.251.195 - - [18/Oct/2024:17:26:53 -0400] "POST /wp-cron.php?doing_wp_cron=1729286812.8725020885467529296875 HTTP/1.1" 200 0 "-" "WordPress/6.6.2; https://dietcontrungnhanh.com"
107.189.3.124 - - [18/Oct/2024:17:26:51 -0400] "GET /wp-login.php?wp_lang=e HTTP/1.1" 200 2009 "-" "Mozilla/5.0 (Macintosh; Intel Mac OS X 10_9_4 AppleWebKit/537.36 (KHTML, like Gecko) Chrome/36.0.1985.125 Safari/537.36"
162.213.251.195 - - [18/Oct/2024:17:27:03 -0400] "POST /wp-cron.php?doing_wp_cron=1729286823.2339088916778564453125 HTTP/1.1" 200 0 "-" "WordPress/6.6.2; https://dietcontrungnhanh.com"
107.189.3.124 - - [18/Oct/2024:17:27:02 -0400] "POST /wp-login.php?wp_lang=e HTTP/1.1" 200 2148 "-" "Mozilla/5.0 (Macintosh; Intel Mac OS X 10_9_4 AppleWebKit/537.36 (KHTML, like Gecko) Chrome/36.0.1985.125 Safari/537.36"
162.213.251.195 - - [18/Oct/2024:17:28:35 -0400] "POST /wp-cron.php?doing_wp_cron=1729286915.0625209808349609375000 HTTP/1.1" 200 0 "-" "WordPress/6.6.2; https://dietcontrungnhanh.com"
104.244.73.120 - - [18/Oct/2024:17:28:32 -0400] "GET /wp-login.php HTTP/1.1" 200 2812 "-" "Mozilla/5.0 (Macintosh; Intel Mac OS X 10.8; rv:31.0) Gecko/20100101 Firefox/31.0"
162.213.251.195 - - [18/Oct/2024:17:28:36 -0400] "POST /wp-cron.php?doing_wp_cron=1729286916.1956729888916015625000 HTTP/1.1" 200 0 "-" "WordPress/6.6.2; https://dietcontrungnhanh.com"
104.244.73.120 - - [18/Oct/2024:17:28:35 -0400] "POST /wp-login.php HTTP/1.1" 200 3004 "-" "Mozilla/5.0 (Macintosh; Intel Mac OS X 10.8; rv:31.0) Gecko/20100101 Firefox/31.0"
103.106.239.174 - - [18/Oct/2024:17:38:07 -0400] "GET /rex/index.php HTTP/1.1" 200 2147 "-" "python-requests/2.32.0"
162.213.251.195 - - [18/Oct/2024:17:38:45 -0400] "POST /wp-cron.php?doing_wp_cron=1729287525.0558059215545654296875 HTTP/1.1" 200 0 "-" "WordPress/6.6.2; https://dietcontrungnhanh.com"
52.178.192.188 - - [18/Oct/2024:17:38:40 -0400] "GET /wp-includes/Text/ws.php.php HTTP/1.1" 404 17394 "-" "-"
162.213.251.195 - - [18/Oct/2024:17:38:46 -0400] "POST /wp-cron.php?doing_wp_cron=1729287526.6377770900726318359375 HTTP/1.1" 200 0 "-" "WordPress/6.6.2; https://dietcontrungnhanh.com"
52.178.192.188 - - [18/Oct/2024:17:38:46 -0400] "GET /max.php/text.php HTTP/1.1" 404 16537 "-" "-"
162.213.251.195 - - [18/Oct/2024:17:38:48 -0400] "POST /wp-cron.php?doing_wp_cron=1729287528.0394051074981689453125 HTTP/1.1" 200 0 "-" "WordPress/6.6.2; https://dietcontrungnhanh.com"
52.178.192.188 - - [18/Oct/2024:17:38:47 -0400] "GET /wp-admin/ovaqthzck.php HTTP/1.1" 404 16551 "-" "-"
162.213.251.195 - - [18/Oct/2024:17:38:49 -0400] "POST /wp-cron.php?doing_wp_cron=1729287529.3302710056304931640625 HTTP/1.1" 200 0 "-" "WordPress/6.6.2; https://dietcontrungnhanh.com"
52.178.192.188 - - [18/Oct/2024:17:38:49 -0400] "GET /new/wp-content/plugins/fix/up.php HTTP/1.1" 404 17406 "-" "-"
52.178.192.188 - - [18/Oct/2024:17:38:50 -0400] "GET /wp-includes/blocks/query-pagination-numbers HTTP/1.1" 301 795 "-" "-"
52.178.192.188 - - [18/Oct/2024:17:38:50 -0400] "GET /wp-includes/blocks/query-pagination-numbers/ HTTP/1.1" 403 1242 "-" "-"
162.213.251.195 - - [18/Oct/2024:17:38:51 -0400] "POST /wp-cron.php?doing_wp_cron=1729287531.2053980827331542968750 HTTP/1.1" 200 0 "-" "WordPress/6.6.2; https://dietcontrungnhanh.com"
52.178.192.188 - - [18/Oct/2024:17:38:50 -0400] "GET /wordpress/wp-content/themes/pridmag/db.php HTTP/1.1" 404 17377 "-" "-"
162.213.251.195 - - [18/Oct/2024:17:38:52 -0400] "POST /wp-cron.php?doing_wp_cron=1729287532.4589281082153320312500 HTTP/1.1" 200 0 "-" "WordPress/6.6.2; https://dietcontrungnhanh.com"
52.178.192.188 - - [18/Oct/2024:17:38:52 -0400] "GET /cgi-bin/file.php HTTP/1.1" 404 16545 "-" "-"
162.213.251.195 - - [18/Oct/2024:17:38:53 -0400] "POST /wp-cron.php?doing_wp_cron=1729287533.6113901138305664062500 HTTP/1.1" 200 0 "-" "WordPress/6.6.2; https://dietcontrungnhanh.com"
52.178.192.188 - - [18/Oct/2024:17:38:53 -0400] "GET /wp-includes/rest-api/about.php7 HTTP/1.1" 404 17377 "-" "-"
162.213.251.195 - - [18/Oct/2024:17:38:55 -0400] "POST /wp-cron.php?doing_wp_cron=1729287534.9232389926910400390625 HTTP/1.1" 200 0 "-" "WordPress/6.6.2; https://dietcontrungnhanh.com"
52.178.192.188 - - [18/Oct/2024:17:38:54 -0400] "GET /modules/mod_footer/tmpl/index.php HTTP/1.1" 301 0 "-" "-"
162.213.251.195 - - [18/Oct/2024:17:38:56 -0400] "POST /wp-cron.php?doing_wp_cron=1729287535.7541608810424804687500 HTTP/1.1" 200 0 "-" "WordPress/6.6.2; https://dietcontrungnhanh.com"
52.178.192.188 - - [18/Oct/2024:17:38:55 -0400] "GET /modules/mod_footer/tmpl/ HTTP/1.1" 404 19587 "-" "-"
162.213.251.195 - - [18/Oct/2024:17:38:57 -0400] "POST /wp-cron.php?doing_wp_cron=1729287537.1106970310211181640625 HTTP/1.1" 200 0 "-" "WordPress/6.6.2; https://dietcontrungnhanh.com"
52.178.192.188 - - [18/Oct/2024:17:38:56 -0400] "GET /wp-admin/js/cong.php HTTP/1.1" 404 17368 "-" "-"
162.213.251.195 - - [18/Oct/2024:17:38:58 -0400] "POST /wp-cron.php?doing_wp_cron=1729287538.3298950195312500000000 HTTP/1.1" 200 0 "-" "WordPress/6.6.2; https://dietcontrungnhanh.com"
52.178.192.188 - - [18/Oct/2024:17:38:58 -0400] "GET /wp-includes/js/swfupload/index.php HTTP/1.1" 301 0 "-" "-"
52.178.192.188 - - [18/Oct/2024:17:38:58 -0400] "GET /wp-includes/js/swfupload/ HTTP/1.1" 403 1242 "-" "-"
52.178.192.188 - - [18/Oct/2024:17:38:59 -0400] "GET /wp-content/plugins/cp-pro/luuf.php HTTP/1.1" 403 1242 "-" "-"
162.213.251.195 - - [18/Oct/2024:17:39:00 -0400] "POST /wp-cron.php?doing_wp_cron=1729287539.8818540573120117187500 HTTP/1.1" 200 0 "-" "WordPress/6.6.2; https://dietcontrungnhanh.com"
52.178.192.188 - - [18/Oct/2024:17:38:59 -0400] "GET /wp-content/dir/erin1.PhP7 HTTP/1.1" 404 17386 "-" "-"
162.213.251.195 - - [18/Oct/2024:17:39:01 -0400] "POST /wp-cron.php?doing_wp_cron=1729287541.1543290615081787109375 HTTP/1.1" 200 0 "-" "WordPress/6.6.2; https://dietcontrungnhanh.com"
52.178.192.188 - - [18/Oct/2024:17:39:00 -0400] "GET /wp-includes/js/alfa-rex.php8 HTTP/1.1" 404 17391 "-" "-"
52.178.192.188 - - [18/Oct/2024:17:39:02 -0400] "GET /wp-content/plugins/pwnd/as.php HTTP/1.1" 403 1242 "-" "-"
162.213.251.195 - - [18/Oct/2024:17:39:03 -0400] "POST /wp-cron.php?doing_wp_cron=1729287542.8856749534606933593750 HTTP/1.1" 200 0 "-" "WordPress/6.6.2; https://dietcontrungnhanh.com"
52.178.192.188 - - [18/Oct/2024:17:39:02 -0400] "GET /.well-known/file.php HTTP/1.1" 404 16567 "-" "-"
162.213.251.195 - - [18/Oct/2024:17:39:04 -0400] "POST /wp-cron.php?doing_wp_cron=1729287544.1784570217132568359375 HTTP/1.1" 200 0 "-" "WordPress/6.6.2; https://dietcontrungnhanh.com"
52.178.192.188 - - [18/Oct/2024:17:39:03 -0400] "GET /wp-admin/ynz.PhP7 HTTP/1.1" 404 16558 "-" "-"
52.178.192.188 - - [18/Oct/2024:17:39:05 -0400] "GET /wp-content/themes/anjpwph7/fooster1337.php HTTP/1.1" 403 1242 "-" "-"
162.213.251.195 - - [18/Oct/2024:17:39:06 -0400] "POST /wp-cron.php?doing_wp_cron=1729287545.8769929409027099609375 HTTP/1.1" 200 0 "-" "WordPress/6.6.2; https://dietcontrungnhanh.com"
52.178.192.188 - - [18/Oct/2024:17:39:05 -0400] "GET /6i85g10k.php HTTP/1.1" 404 16541 "-" "-"
52.178.192.188 - - [18/Oct/2024:17:39:07 -0400] "GET /wp-content/themes/7nd9yzxp/fooster1337.php HTTP/1.1" 403 1242 "-" "-"
52.178.192.188 - - [18/Oct/2024:17:39:07 -0400] "GET /wp-content/plugins/hwapaus/rxvdtkeo.php HTTP/1.1" 403 1242 "-" "-"
162.213.251.195 - - [18/Oct/2024:17:39:08 -0400] "POST /wp-cron.php?doing_wp_cron=1729287548.1537721157073974609375 HTTP/1.1" 200 0 "-" "WordPress/6.6.2; https://dietcontrungnhanh.com"
52.178.192.188 - - [18/Oct/2024:17:39:07 -0400] "GET /wp-includes/SimplePi HTTP/1.1" 404 18704 "-" "-"
162.213.251.195 - - [18/Oct/2024:17:39:10 -0400] "POST /wp-cron.php?doing_wp_cron=1729287549.9159910678863525390625 HTTP/1.1" 200 0 "-" "WordPress/6.6.2; https://dietcontrungnhanh.com"
52.178.192.188 - - [18/Oct/2024:17:39:09 -0400] "GET /gins/wp-help/?p= HTTP/1.1" 301 0 "-" "-"
52.178.192.188 - - [18/Oct/2024:17:39:10 -0400] "GET /gins/wp-help/ HTTP/1.1" 404 18700 "-" "-"
162.213.251.195 - - [18/Oct/2024:17:39:12 -0400] "POST /wp-cron.php?doing_wp_cron=1729287551.6730918884277343750000 HTTP/1.1" 200 0 "-" "WordPress/6.6.2; https://dietcontrungnhanh.com"
52.178.192.188 - - [18/Oct/2024:17:39:11 -0400] "GET /uploads/api.php HTTP/1.1" 404 16552 "-" "-"
162.213.251.195 - - [18/Oct/2024:17:39:13 -0400] "POST /wp-cron.php?doing_wp_cron=1729287552.9656970500946044921875 HTTP/1.1" 200 0 "-" "WordPress/6.6.2; https://dietcontrungnhanh.com"
52.178.192.188 - - [18/Oct/2024:17:39:12 -0400] "GET /filemanager.php HTTP/1.1" 404 16536 "-" "-"
162.213.251.195 - - [18/Oct/2024:17:39:14 -0400] "POST /wp-cron.php?doing_wp_cron=1729287554.2976338863372802734375 HTTP/1.1" 200 0 "-" "WordPress/6.6.2; https://dietcontrungnhanh.com"
52.178.192.188 - - [18/Oct/2024:17:39:14 -0400] "GET /doiconvs.php HTTP/1.1" 404 16561 "-" "-"
52.178.192.188 - - [18/Oct/2024:17:39:15 -0400] "GET /wp-includes/bak.php HTTP/1.1" 403 1242 "-" "-"
162.213.251.195 - - [18/Oct/2024:17:39:16 -0400] "POST /wp-cron.php?doing_wp_cron=1729287556.1004960536956787109375 HTTP/1.1" 200 0 "-" "WordPress/6.6.2; https://dietcontrungnhanh.com"
52.178.192.188 - - [18/Oct/2024:17:39:15 -0400] "GET /.well-known/chr.php HTTP/1.1" 404 16544 "-" "-"
162.213.251.195 - - [18/Oct/2024:17:39:17 -0400] "POST /wp-cron.php?doing_wp_cron=1729287557.4307749271392822265625 HTTP/1.1" 200 0 "-" "WordPress/6.6.2; https://dietcontrungnhanh.com"
52.178.192.188 - - [18/Oct/2024:17:39:17 -0400] "GET /ALFA_DATA/alfacgiapi/ws.php HTTP/1.1" 404 17399 "-" "-"
162.213.251.195 - - [18/Oct/2024:17:39:19 -0400] "POST /wp-cron.php?doing_wp_cron=1729287559.0416519641876220703125 HTTP/1.1" 200 0 "-" "WordPress/6.6.2; https://dietcontrungnhanh.com"
52.178.192.188 - - [18/Oct/2024:17:39:18 -0400] "GET /bs.php7 HTTP/1.1" 404 16536 "-" "-"
162.213.251.195 - - [18/Oct/2024:17:39:20 -0400] "POST /wp-cron.php?doing_wp_cron=1729287560.3040750026702880859375 HTTP/1.1" 200 0 "-" "WordPress/6.6.2; https://dietcontrungnhanh.com"
52.178.192.188 - - [18/Oct/2024:17:39:20 -0400] "GET /o2ytteco.php HTTP/1.1" 404 16567 "-" "-"
162.213.251.195 - - [18/Oct/2024:17:39:21 -0400] "POST /wp-cron.php?doing_wp_cron=1729287561.5314970016479492187500 HTTP/1.1" 200 0 "-" "WordPress/6.6.2; https://dietcontrungnhanh.com"
52.178.192.188 - - [18/Oct/2024:17:39:21 -0400] "GET /.github/default.php HTTP/1.1" 404 16555 "-" "-"
162.213.251.195 - - [18/Oct/2024:17:39:23 -0400] "POST /wp-cron.php?doing_wp_cron=1729287563.1993460655212402343750 HTTP/1.1" 200 0 "-" "WordPress/6.6.2; https://dietcontrungnhanh.com"
52.178.192.188 - - [18/Oct/2024:17:39:22 -0400] "GET /ALFA_DATA/alfacgiapi/about.php HTTP/1.1" 404 17393 "-" "-"
162.213.251.195 - - [18/Oct/2024:17:39:24 -0400] "POST /wp-cron.php?doing_wp_cron=1729287564.5172948837280273437500 HTTP/1.1" 200 0 "-" "WordPress/6.6.2; https://dietcontrungnhanh.com"
52.178.192.188 - - [18/Oct/2024:17:39:24 -0400] "GET /.inhec.PhP7 HTTP/1.1" 404 16545 "-" "-"
