162.213.251.195 - - [18/Oct/2024:22:32:31 -0400] "POST /wp-cron.php?doing_wp_cron=1729305151.0139861106872558593750 HTTP/1.1" 200 0 "-" "WordPress/6.6.2; https://dietcontrungnhanh.com"
52.178.197.124 - - [18/Oct/2024:22:32:30 -0400] "GET /components/bmokwybx.php HTTP/1.1" 404 16559 "-" "-"
162.213.251.195 - - [18/Oct/2024:22:32:32 -0400] "POST /wp-cron.php?doing_wp_cron=1729305152.3775238990783691406250 HTTP/1.1" 200 0 "-" "WordPress/6.6.2; https://dietcontrungnhanh.com"
52.178.197.124 - - [18/Oct/2024:22:32:32 -0400] "GET /classwithtostring.php/rbzccnnp.php/text.php HTTP/1.1" 404 17412 "-" "-"
162.213.251.195 - - [18/Oct/2024:22:32:33 -0400] "POST /wp-cron.php?doing_wp_cron=1729305153.6332828998565673828125 HTTP/1.1" 200 0 "-" "WordPress/6.6.2; https://dietcontrungnhanh.com"
52.178.197.124 - - [18/Oct/2024:22:32:33 -0400] "GET /.wp-cli/themes.php HTTP/1.1" 404 16546 "-" "-"
52.178.197.124 - - [18/Oct/2024:22:32:34 -0400] "GET /wp-content/plugins/dropdown.php HTTP/1.1" 403 1242 "-" "-"
162.213.251.195 - - [18/Oct/2024:22:32:35 -0400] "POST /wp-cron.php?doing_wp_cron=1729305155.3832778930664062500000 HTTP/1.1" 200 0 "-" "WordPress/6.6.2; https://dietcontrungnhanh.com"
52.178.197.124 - - [18/Oct/2024:22:32:35 -0400] "GET /images/sad.php HTTP/1.1" 404 16542 "-" "-"
52.178.197.124 - - [18/Oct/2024:22:32:36 -0400] "GET /wp-admin/includes/class-core-upgrader-list.php HTTP/1.1" 403 1242 "-" "-"
162.213.251.195 - - [18/Oct/2024:22:32:37 -0400] "POST /wp-cron.php?doing_wp_cron=1729305157.0438609123229980468750 HTTP/1.1" 200 0 "-" "WordPress/6.6.2; https://dietcontrungnhanh.com"
52.178.197.124 - - [18/Oct/2024:22:32:36 -0400] "GET /.well-known/acme-challenge/file.php HTTP/1.1" 404 17403 "-" "-"
162.213.251.195 - - [18/Oct/2024:22:32:38 -0400] "POST /wp-cron.php?doing_wp_cron=1729305158.4656910896301269531250 HTTP/1.1" 200 0 "-" "WordPress/6.6.2; https://dietcontrungnhanh.com"
52.178.197.124 - - [18/Oct/2024:22:32:38 -0400] "GET /penmat/en/wp-content/themes/pridmag/db.php HTTP/1.1" 404 17407 "-" "-"
162.213.251.195 - - [18/Oct/2024:22:32:40 -0400] "POST /wp-cron.php?doing_wp_cron=1729305159.8102231025695800781250 HTTP/1.1" 200 0 "-" "WordPress/6.6.2; https://dietcontrungnhanh.com"
52.178.197.124 - - [18/Oct/2024:22:32:39 -0400] "GET /old/wp-content/plugins/xxcvw HTTP/1.1" 404 19601 "-" "-"
162.213.251.195 - - [18/Oct/2024:22:32:41 -0400] "POST /wp-cron.php?doing_wp_cron=1729305161.1516098976135253906250 HTTP/1.1" 200 0 "-" "WordPress/6.6.2; https://dietcontrungnhanh.com"
52.178.197.124 - - [18/Oct/2024:22:32:40 -0400] "GET /wp-content/ovadbqovm.php HTTP/1.1" 404 16542 "-" "-"
162.213.251.195 - - [18/Oct/2024:22:32:42 -0400] "POST /wp-cron.php?doing_wp_cron=1729305162.6042571067810058593750 HTTP/1.1" 200 0 "-" "WordPress/6.6.2; https://dietcontrungnhanh.com"
52.178.197.124 - - [18/Oct/2024:22:32:42 -0400] "GET /wordpress/api.php HTTP/1.1" 404 16544 "-" "-"
162.213.251.195 - - [18/Oct/2024:22:32:44 -0400] "POST /wp-cron.php?doing_wp_cron=1729305163.9165570735931396484375 HTTP/1.1" 200 0 "-" "WordPress/6.6.2; https://dietcontrungnhanh.com"
52.178.197.124 - - [18/Oct/2024:22:32:43 -0400] "GET /wp-pano.php HTTP/1.1" 404 16544 "-" "-"
162.213.251.195 - - [18/Oct/2024:22:32:45 -0400] "POST /wp-cron.php?doing_wp_cron=1729305165.2625439167022705078125 HTTP/1.1" 200 0 "-" "WordPress/6.6.2; https://dietcontrungnhanh.com"
52.178.197.124 - - [18/Oct/2024:22:32:44 -0400] "GET /wp-includes/fonts/vendor.php HTTP/1.1" 404 17374 "-" "-"
162.213.251.195 - - [18/Oct/2024:22:32:46 -0400] "POST /wp-cron.php?doing_wp_cron=1729305166.5913479328155517578125 HTTP/1.1" 200 0 "-" "WordPress/6.6.2; https://dietcontrungnhanh.com"
52.178.197.124 - - [18/Oct/2024:22:32:46 -0400] "GET /wordpress/alfa-rex.php8 HTTP/1.1" 404 16562 "-" "-"
52.178.197.124 - - [18/Oct/2024:22:32:47 -0400] "GET /wp-includes/luuf.php HTTP/1.1" 403 1242 "-" "-"
52.178.197.124 - - [18/Oct/2024:22:32:48 -0400] "GET /wp-includes/class-wp-page-icon.php HTTP/1.1" 403 1242 "-" "-"
52.178.197.124 - - [18/Oct/2024:22:32:48 -0400] "GET /wp-includes/IXR HTTP/1.1" 301 795 "-" "-"
52.178.197.124 - - [18/Oct/2024:22:32:48 -0400] "GET /wp-includes/IXR/ HTTP/1.1" 403 1242 "-" "-"
162.213.251.195 - - [18/Oct/2024:22:32:49 -0400] "POST /wp-cron.php?doing_wp_cron=1729305169.3816831111907958984375 HTTP/1.1" 200 0 "-" "WordPress/6.6.2; https://dietcontrungnhanh.com"
52.178.197.124 - - [18/Oct/2024:22:32:48 -0400] "GET /wp-includes/js/tinymce/about.php HTTP/1.1" 404 17376 "-" "-"
52.178.197.124 - - [18/Oct/2024:22:32:50 -0400] "GET /wp-content/plugins/eapobou/rkibated.php HTTP/1.1" 403 1242 "-" "-"
162.213.251.195 - - [18/Oct/2024:22:32:51 -0400] "POST /wp-cron.php?doing_wp_cron=1729305171.1172389984130859375000 HTTP/1.1" 200 0 "-" "WordPress/6.6.2; https://dietcontrungnhanh.com"
52.178.197.124 - - [18/Oct/2024:22:32:50 -0400] "GET /admin/upload/css.php HTTP/1.1" 404 17379 "-" "-"
52.178.197.124 - - [18/Oct/2024:22:32:52 -0400] "GET /wp-content/plugins/fix/up.php HTTP/1.1" 403 1242 "-" "-"
162.213.251.195 - - [18/Oct/2024:22:32:53 -0400] "POST /wp-cron.php?doing_wp_cron=1729305172.9743149280548095703125 HTTP/1.1" 200 0 "-" "WordPress/6.6.2; https://dietcontrungnhanh.com"
52.178.197.124 - - [18/Oct/2024:22:32:52 -0400] "GET /wp-content/fonts/ws.php HTTP/1.1" 404 17360 "-" "-"
162.213.251.195 - - [18/Oct/2024:22:32:54 -0400] "POST /wp-cron.php?doing_wp_cron=1729305174.4897730350494384765625 HTTP/1.1" 200 0 "-" "WordPress/6.6.2; https://dietcontrungnhanh.com"
52.178.197.124 - - [18/Oct/2024:22:32:54 -0400] "GET /web/wp-content/plugins/fix/up.php HTTP/1.1" 404 17385 "-" "-"
162.213.251.195 - - [18/Oct/2024:22:32:56 -0400] "POST /wp-cron.php?doing_wp_cron=1729305176.2777020931243896484375 HTTP/1.1" 200 0 "-" "WordPress/6.6.2; https://dietcontrungnhanh.com"
52.178.197.124 - - [18/Oct/2024:22:32:55 -0400] "GET /wp-content/fo HTTP/1.1" 404 18709 "-" "-"
162.213.251.195 - - [18/Oct/2024:22:32:58 -0400] "POST /wp-cron.php?doing_wp_cron=1729305178.0102388858795166015625 HTTP/1.1" 200 0 "-" "WordPress/6.6.2; https://dietcontrungnhanh.com"
52.178.197.124 - - [18/Oct/2024:22:32:57 -0400] "GET /qinfofuns.php HTTP/1.1" 404 16542 "-" "-"
162.213.251.195 - - [18/Oct/2024:22:33:00 -0400] "POST /wp-cron.php?doing_wp_cron=1729305179.9343121051788330078125 HTTP/1.1" 200 0 "-" "WordPress/6.6.2; https://dietcontrungnhanh.com"
52.178.197.124 - - [18/Oct/2024:22:32:59 -0400] "GET /yumhbntb.php HTTP/1.1" 404 16564 "-" "-"
162.213.251.195 - - [18/Oct/2024:22:33:02 -0400] "POST /wp-cron.php?doing_wp_cron=1729305182.4136850833892822265625 HTTP/1.1" 200 0 "-" "WordPress/6.6.2; https://dietcontrungnhanh.com"
52.178.197.124 - - [18/Oct/2024:22:33:02 -0400] "GET /ring.php HTTP/1.1" 404 16554 "-" "-"
162.213.251.195 - - [18/Oct/2024:22:33:05 -0400] "POST /wp-cron.php?doing_wp_cron=1729305184.6118230819702148437500 HTTP/1.1" 200 0 "-" "WordPress/6.6.2; https://dietcontrungnhanh.com"
52.178.197.124 - - [18/Oct/2024:22:33:04 -0400] "GET /wp-admin/network/cloud.php HTTP/1.1" 404 17379 "-" "-"
162.213.251.195 - - [18/Oct/2024:22:33:08 -0400] "POST /wp-cron.php?doing_wp_cron=1729305188.0887560844421386718750 HTTP/1.1" 200 0 "-" "WordPress/6.6.2; https://dietcontrungnhanh.com"
52.178.197.124 - - [18/Oct/2024:22:33:07 -0400] "GET /ynz.PhP7 HTTP/1.1" 404 16550 "-" "-"
162.213.251.195 - - [18/Oct/2024:22:33:12 -0400] "POST /wp-cron.php?doing_wp_cron=1729305191.9745419025421142578125 HTTP/1.1" 200 0 "-" "WordPress/6.6.2; https://dietcontrungnhanh.com"
52.178.197.124 - - [18/Oct/2024:22:33:11 -0400] "GET /wp-content/ovayhxxay.php HTTP/1.1" 404 16549 "-" "-"
162.213.251.195 - - [18/Oct/2024:22:33:17 -0400] "POST /wp-cron.php?doing_wp_cron=1729305196.3309059143066406250000 HTTP/1.1" 200 0 "-" "WordPress/6.6.2; https://dietcontrungnhanh.com"
52.178.197.124 - - [18/Oct/2024:22:33:15 -0400] "GET /assets/expect.php HTTP/1.1" 404 16545 "-" "-"
52.178.197.124 - - [18/Oct/2024:22:33:20 -0400] "GET /wp-admin/css/colors/coffee/fex.php HTTP/1.1" 404 17386 "-" "-"
52.178.197.124 - - [18/Oct/2024:22:33:23 -0400] "GET /wp-content/plugins/hnitegb/sqbavtds.php HTTP/1.1" 403 1242 "-" "-"
52.178.197.124 - - [18/Oct/2024:22:33:24 -0400] "GET /wp-content/upgrade-temp-backup HTTP/1.1" 301 795 "-" "-"
52.178.197.124 - - [18/Oct/2024:22:33:25 -0400] "GET /wp-content/upgrade-temp-backup/ HTTP/1.1" 403 1242 "-" "-"
209.141.32.166 - - [18/Oct/2024:22:33:26 -0400] "GET /wp-login.php HTTP/1.1" 200 2800 "-" "Mozilla/5.0 (X11; Ubuntu; Linux x86_64; rv:30.0) Gecko/20100101 Firefox/30.0"
52.178.197.124 - - [18/Oct/2024:22:33:27 -0400] "GET /wp-content/plugins/bprd5a37/fooster1337.php HTTP/1.1" 403 1242 "-" "-"
209.141.32.166 - - [18/Oct/2024:22:33:27 -0400] "POST /wp-login.php HTTP/1.1" 200 2955 "-" "Mozilla/5.0 (X11; Ubuntu; Linux x86_64; rv:30.0) Gecko/20100101 Firefox/30.0"
52.178.197.124 - - [18/Oct/2024:22:33:28 -0400] "GET /aulavirtual/.github/default.php HTTP/1.1" 404 17395 "-" "-"
52.178.197.124 - - [18/Oct/2024:22:33:31 -0400] "GET /wp-content/themes/634r1wwk/fooster1337.php HTTP/1.1" 403 1242 "-" "-"
52.178.197.124 - - [18/Oct/2024:22:33:33 -0400] "GET /.well-known/btsmicjy.php HTTP/1.1" 404 16568 "-" "-"
52.178.197.124 - - [18/Oct/2024:22:33:37 -0400] "GET /wp-admin/images/plugins.php HTTP/1.1" 404 17382 "-" "-"
52.178.197.124 - - [18/Oct/2024:22:33:40 -0400] "GET /wp-content/ovawavtzm.php HTTP/1.1" 404 16542 "-" "-"
52.178.197.124 - - [18/Oct/2024:22:33:43 -0400] "GET /site/alfa-rex.php8 HTTP/1.1" 404 16557 "-" "-"
52.178.197.124 - - [18/Oct/2024:22:33:46 -0400] "GET /wp-includes/IXR/mariju.php HTTP/1.1" 404 17373 "-" "-"
52.178.197.124 - - [18/Oct/2024:22:33:50 -0400] "GET /wp-content/plugins/ws.php HTTP/1.1" 403 1242 "-" "-"
52.178.197.124 - - [18/Oct/2024:22:33:52 -0400] "GET /cgi-bin/cgi-bin/admin.php HTTP/1.1" 404 17390 "-" "-"
52.178.197.124 - - [18/Oct/2024:22:33:55 -0400] "GET /wp-class.php HTTP/1.1" 404 16535 "-" "-"
52.178.197.124 - - [18/Oct/2024:22:33:58 -0400] "GET /wordpress/ioxi002.PhP7 HTTP/1.1" 404 16531 "-" "-"
52.178.197.124 - - [18/Oct/2024:22:34:00 -0400] "GET /wp-admin/cloud.php HTTP/1.1" 404 16524 "-" "-"
52.178.197.124 - - [18/Oct/2024:22:34:03 -0400] "GET /lock.php HTTP/1.1" 404 16550 "-" "-"
52.178.197.124 - - [18/Oct/2024:22:34:06 -0400] "GET /wp-content/languages/themes.php HTTP/1.1" 404 17387 "-" "-"
52.178.197.124 - - [18/Oct/2024:22:34:10 -0400] "GET /wp-content/themes/u8se59kj/fooster1337.php HTTP/1.1" 403 1242 "-" "-"
52.178.197.124 - - [18/Oct/2024:22:34:13 -0400] "GET /node_modules/@babel/highlight/node_modules/supports-color/about.php7 HTTP/1.1" 404 17419 "-" "-"
52.178.197.124 - - [18/Oct/2024:22:34:18 -0400] "GET /wp-content/themes/wqcfm49j/fooster1337.php HTTP/1.1" 403 1242 "-" "-"
52.178.197.124 - - [18/Oct/2024:22:34:21 -0400] "GET /wp-content/themes/alera/alpha.php HTTP/1.1" 403 1242 "-" "-"
52.178.197.124 - - [18/Oct/2024:22:34:23 -0400] "GET /wp-admin/network/about.php HTTP/1.1" 302 0 "-" "-"
162.213.251.195 - - [18/Oct/2024:22:34:25 -0400] "POST /wp-cron.php?doing_wp_cron=1729305264.3407011032104492187500 HTTP/1.1" 200 0 "-" "WordPress/6.6.2; https://dietcontrungnhanh.com"
52.178.197.124 - - [18/Oct/2024:22:34:26 -0400] "GET /wp-login.php?redirect_to=https%3A%2F%2Fdietcontrungnhanh.com%2Fwp-admin%2Fnetwork%2Fabout.php&reauth=1 HTTP/1.1" 200 2817 "-" "-"
52.178.197.124 - - [18/Oct/2024:22:34:29 -0400] "GET /style.php/text.php/duck.php HTTP/1.1" 404 17378 "-" "-"
52.178.197.124 - - [18/Oct/2024:22:34:33 -0400] "GET /images/mariju.php HTTP/1.1" 404 16549 "-" "-"
52.178.197.124 - - [18/Oct/2024:22:34:36 -0400] "GET /wp-admin/css/colors/light/vSqcqEF.php HTTP/1.1" 404 17396 "-" "-"
52.178.197.124 - - [18/Oct/2024:22:34:39 -0400] "GET /wp-admin/includes/class-wp-terms-list-table-ajax-response.php HTTP/1.1" 403 1242 "-" "-"
52.178.197.124 - - [18/Oct/2024:22:34:41 -0400] "GET /portal/nuonjblb.php HTTP/1.1" 404 16542 "-" "-"
52.178.197.124 - - [18/Oct/2024:22:34:44 -0400] "GET /wp-admin/images/iR7SzrsO HTTP/1.1" 404 19592 "-" "-"
52.178.197.124 - - [18/Oct/2024:22:34:48 -0400] "GET /wp-includes/assets/index.php HTTP/1.1" 301 0 "-" "-"
52.178.197.124 - - [18/Oct/2024:22:34:50 -0400] "GET /wp-includes/assets/ HTTP/1.1" 403 1242 "-" "-"
52.178.197.124 - - [18/Oct/2024:22:34:52 -0400] "GET /wp-admin/maint/lmfi2.php HTTP/1.1" 404 17384 "-" "-"
52.178.197.124 - - [18/Oct/2024:22:34:56 -0400] "GET /wp-content/banners/about.php HTTP/1.1" 404 17389 "-" "-"
52.178.197.124 - - [18/Oct/2024:22:34:59 -0400] "GET /.php8 HTTP/1.1" 404 16535 "-" "-"
52.178.197.124 - - [18/Oct/2024:22:35:03 -0400] "GET /makeasmtp.php?p= HTTP/1.1" 301 0 "-" "-"
52.178.197.124 - - [18/Oct/2024:22:35:06 -0400] "GET /makeasmtp.php HTTP/1.1" 404 16564 "-" "-"
52.178.197.124 - - [18/Oct/2024:22:35:10 -0400] "GET /versions.php HTTP/1.1" 404 16522 "-" "-"
52.178.197.124 - - [18/Oct/2024:22:35:14 -0400] "GET /wp-content/plugins/simple/simple.php HTTP/1.1" 403 1242 "-" "-"
52.178.197.124 - - [18/Oct/2024:22:35:16 -0400] "GET /.well-known/ HTTP/1.1" 403 1242 "-" "-"
52.178.197.124 - - [18/Oct/2024:22:35:19 -0400] "GET /wp-content/uploads/wpr-addons/forms/b1ack.php HTTP/1.1" 403 1242 "-" "-"
52.178.197.124 - - [18/Oct/2024:22:35:22 -0400] "GET /wp-includes/certificates/logins.php HTTP/1.1" 404 17377 "-" "-"
52.178.197.124 - - [18/Oct/2024:22:35:27 -0400] "GET /cgi-bin/wp-login.php HTTP/1.1" 404 16558 "-" "-"
162.213.251.195 - - [18/Oct/2024:22:35:29 -0400] "POST /wp-cron.php?doing_wp_cron=1729305327.5919198989868164062500 HTTP/1.1" 200 0 "-" "WordPress/6.6.2; https://dietcontrungnhanh.com"
52.178.197.124 - - [18/Oct/2024:22:35:31 -0400] "GET /wp-admin/cmHBMXtq9s7.php HTTP/1.1" 404 16554 "-" "-"
52.178.197.124 - - [18/Oct/2024:22:35:35 -0400] "GET /wp-content/cong.php HTTP/1.1" 404 16536 "-" "-"
52.178.197.124 - - [18/Oct/2024:22:35:40 -0400] "GET /.wp-cli/api.php HTTP/1.1" 404 16536 "-" "-"
52.178.197.124 - - [18/Oct/2024:22:35:45 -0400] "GET /wp-head.php HTTP/1.1" 404 16552 "-" "-"
52.178.197.124 - - [18/Oct/2024:22:35:49 -0400] "GET /wp-admin/maint/plugins.php HTTP/1.1" 404 17379 "-" "-"
52.178.197.124 - - [18/Oct/2024:22:35:54 -0400] "GET /wp-content/themes/bltm/wp-login.php HTTP/1.1" 403 1242 "-" "-"
52.178.197.124 - - [18/Oct/2024:22:35:56 -0400] "GET /wp-file.php?p= HTTP/1.1" 301 0 "-" "-"
52.178.197.124 - - [18/Oct/2024:22:35:59 -0400] "GET /wp-file.php HTTP/1.1" 404 16552 "-" "-"
52.178.197.124 - - [18/Oct/2024:22:36:03 -0400] "GET /gawean.PhP7 HTTP/1.1" 404 16544 "-" "-"
52.178.197.124 - - [18/Oct/2024:22:36:08 -0400] "GET /difuiodn.php HTTP/1.1" 404 16541 "-" "-"
52.178.197.124 - - [18/Oct/2024:22:36:13 -0400] "GET /modules/mod_simplefileuploadv1.3/elements/cspklbkv.php HTTP/1.1" 404 17402 "-" "-"
52.178.197.124 - - [18/Oct/2024:22:36:18 -0400] "GET /wp-content/uploads/UrOXWTJdwJ.php HTTP/1.1" 403 1242 "-" "-"
52.178.197.124 - - [18/Oct/2024:22:36:21 -0400] "GET /wp-includes/product.php HTTP/1.1" 403 1242 "-" "-"
52.178.197.124 - - [18/Oct/2024:22:36:25 -0400] "GET /wp-admin/js/kWrzoERN.php HTTP/1.1" 404 17386 "-" "-"
52.178.197.124 - - [18/Oct/2024:22:36:30 -0400] "GET /wp-content/upgrade/nc4r3p.php HTTP/1.1" 404 17384 "-" "-"
162.213.251.195 - - [18/Oct/2024:22:36:33 -0400] "POST /wp-cron.php?doing_wp_cron=1729305391.5062940120697021484375 HTTP/1.1" 200 0 "-" "WordPress/6.6.2; https://dietcontrungnhanh.com"
52.178.197.124 - - [18/Oct/2024:22:36:35 -0400] "GET /add.php HTTP/1.1" 404 16532 "-" "-"
52.178.197.124 - - [18/Oct/2024:22:36:39 -0400] "GET /wp-includes/vcydso HTTP/1.1" 404 18703 "-" "-"
52.178.197.124 - - [18/Oct/2024:22:36:44 -0400] "GET /wp-content/plugins/ioptimization/IOptimize.php HTTP/1.1" 403 1242 "-" "-"
52.178.197.124 - - [18/Oct/2024:22:36:47 -0400] "GET /cgi-bin/cgi-bin/alfa-rex.php8 HTTP/1.1" 404 17378 "-" "-"
52.178.197.124 - - [18/Oct/2024:22:36:52 -0400] "GET /uiqyppvf.php HTTP/1.1" 404 16564 "-" "-"
52.178.197.124 - - [18/Oct/2024:22:36:56 -0400] "GET /TyQPjNM/luuf.php HTTP/1.1" 404 16546 "-" "-"
52.178.197.124 - - [18/Oct/2024:22:36:59 -0400] "GET /.wp-cli/ioxi002.PhP7 HTTP/1.1" 404 16537 "-" "-"
52.178.197.124 - - [18/Oct/2024:22:37:04 -0400] "GET /wp-content/plugins/admin.php HTTP/1.1" 403 1242 "-" "-"
52.178.197.124 - - [18/Oct/2024:22:37:06 -0400] "GET /alfa-rex2.php7 HTTP/1.1" 404 16544 "-" "-"
52.178.197.124 - - [18/Oct/2024:22:37:10 -0400] "GET /ALFA_DATA/alfacgiapi/alfa-rex.php HTTP/1.1" 404 17390 "-" "-"
52.178.197.124 - - [18/Oct/2024:22:37:14 -0400] "GET /wp-includes/SimplePie/HTTP HTTP/1.1" 301 795 "-" "-"
52.178.197.124 - - [18/Oct/2024:22:37:16 -0400] "GET /wp-includes/SimplePie/HTTP/ HTTP/1.1" 403 1242 "-" "-"
52.178.197.124 - - [18/Oct/2024:22:37:19 -0400] "GET /wp-admin/css/colors/coffee/xmrlpc.php?p= HTTP/1.1" 301 0 "-" "-"
52.178.197.124 - - [18/Oct/2024:22:37:20 -0400] "GET /wp-admin/css/colors/coffee/xmrlpc.php HTTP/1.1" 404 17372 "-" "-"
52.178.197.124 - - [18/Oct/2024:22:37:25 -0400] "GET /wp-content/plugins/hellopress/index.php.suspected HTTP/1.1" 404 17380 "-" "-"
52.178.197.124 - - [18/Oct/2024:22:37:30 -0400] "GET /wp-admin/includes/mariju.php HTTP/1.1" 403 1242 "-" "-"
52.178.197.124 - - [18/Oct/2024:22:37:34 -0400] "GET /wp-includes/js/tinymce/plugins/compat3x/ws.php HTTP/1.1" 404 17377 "-" "-"
162.213.251.195 - - [18/Oct/2024:22:37:37 -0400] "POST /wp-cron.php?doing_wp_cron=1729305455.1962161064147949218750 HTTP/1.1" 200 0 "-" "WordPress/6.6.2; https://dietcontrungnhanh.com"
52.178.197.124 - - [18/Oct/2024:22:37:40 -0400] "GET /css/plugins.php HTTP/1.1" 404 16542 "-" "-"
52.178.197.124 - - [18/Oct/2024:22:37:46 -0400] "GET /js/autoload_classmap.php HTTP/1.1" 404 16533 "-" "-"
52.178.197.124 - - [18/Oct/2024:22:37:52 -0400] "GET /wp-content/blogs.dir/about.php HTTP/1.1" 404 17399 "-" "-"
52.178.197.124 - - [18/Oct/2024:22:37:58 -0400] "GET /assets/admin.php HTTP/1.1" 404 16554 "-" "-"
52.178.197.124 - - [18/Oct/2024:22:38:04 -0400] "GET /wp-content/dir/alfa-rex.php56 HTTP/1.1" 404 17374 "-" "-"
52.178.197.124 - - [18/Oct/2024:22:38:08 -0400] "GET /wp-admin/images/autoload_classmap.php HTTP/1.1" 404 17393 "-" "-"
52.178.197.124 - - [18/Oct/2024:22:38:13 -0400] "GET /wp-admin/js/about.php7 HTTP/1.1" 404 17384 "-" "-"
52.178.197.124 - - [18/Oct/2024:22:38:18 -0400] "GET /bless.php HTTP/1.1" 404 16560 "-" "-"
52.178.197.124 - - [18/Oct/2024:22:38:22 -0400] "GET /wp-content/plugins/core/include.php HTTP/1.1" 403 1242 "-" "-"
52.178.197.124 - - [18/Oct/2024:22:38:26 -0400] "GET /wp-includes/Text/fosil.php HTTP/1.1" 404 17383 "-" "-"
52.178.197.124 - - [18/Oct/2024:22:38:32 -0400] "GET /components/classwithtostring.php HTTP/1.1" 404 16542 "-" "-"
52.178.197.124 - - [18/Oct/2024:22:38:36 -0400] "GET /nfmfgcwa.php HTTP/1.1" 404 16545 "-" "-"
162.213.251.195 - - [18/Oct/2024:22:38:39 -0400] "POST /wp-cron.php?doing_wp_cron=1729305517.2393419742584228515625 HTTP/1.1" 200 0 "-" "WordPress/6.6.2; https://dietcontrungnhanh.com"
52.178.197.124 - - [18/Oct/2024:22:38:43 -0400] "GET /wp-content/plugins/item.php HTTP/1.1" 403 1242 "-" "-"
52.178.197.124 - - [18/Oct/2024:22:38:47 -0400] "GET /nrVjkQq/luuf.php HTTP/1.1" 404 16551 "-" "-"
52.178.197.124 - - [18/Oct/2024:22:38:52 -0400] "GET /wp-content/themes/cay-van-phong/luuf.php HTTP/1.1" 403 1242 "-" "-"
52.178.197.124 - - [18/Oct/2024:22:38:56 -0400] "GET /wp-content/plugins/WordPressCore/inc HTTP/1.1" 404 19575 "-" "-"
52.178.197.124 - - [18/Oct/2024:22:39:00 -0400] "GET /wp-content/themes/tflow HTTP/1.1" 404 19570 "-" "-"
52.178.197.124 - - [18/Oct/2024:22:39:06 -0400] "GET /m.php/text.php HTTP/1.1" 404 16538 "-" "-"
52.178.197.124 - - [18/Oct/2024:22:39:12 -0400] "GET /wp-content/plugins/9rafadt6/fooster1337.php HTTP/1.1" 403 1242 "-" "-"
52.178.197.124 - - [18/Oct/2024:22:39:16 -0400] "GET /ws.php.php HTTP/1.1" 404 16541 "-" "-"
52.178.197.124 - - [18/Oct/2024:22:39:21 -0400] "GET /wp-content/luuf.php HTTP/1.1" 404 16552 "-" "-"
52.178.197.124 - - [18/Oct/2024:22:39:27 -0400] "GET /wp-admin/css/colors/xPPIeqvrsJ.php HTTP/1.1" 404 17418 "-" "-"
52.178.197.124 - - [18/Oct/2024:22:39:32 -0400] "GET /~sanjib7php/tuhina/boombam_printing/wp-content/themes/pridmag/db.php HTTP/1.1" 404 17404 "-" "-"
52.178.197.124 - - [18/Oct/2024:22:39:37 -0400] "GET /2019/wp-content/themes/seotheme/db.php HTTP/1.1" 404 17383 "-" "-"
162.213.251.195 - - [18/Oct/2024:22:39:39 -0400] "POST /wp-cron.php?doing_wp_cron=1729305577.6783249378204345703125 HTTP/1.1" 200 0 "-" "WordPress/6.6.2; https://dietcontrungnhanh.com"
52.178.197.124 - - [18/Oct/2024:22:39:43 -0400] "GET /cong.php?p= HTTP/1.1" 301 0 "-" "-"
52.178.197.124 - - [18/Oct/2024:22:39:46 -0400] "GET /cong.php HTTP/1.1" 404 16544 "-" "-"
52.178.197.124 - - [18/Oct/2024:22:39:52 -0400] "GET /.well-known/gtdwdvje.php HTTP/1.1" 404 16558 "-" "-"
52.178.197.124 - - [18/Oct/2024:22:39:57 -0400] "GET /js/us.php HTTP/1.1" 404 16559 "-" "-"
52.178.197.124 - - [18/Oct/2024:22:40:04 -0400] "GET /wp-content/upgrade/ioxi002.PhP7 HTTP/1.1" 404 17370 "-" "-"
52.178.197.124 - - [18/Oct/2024:22:40:12 -0400] "GET /wp-admin/js/widgets/about.php HTTP/1.1" 404 17413 "-" "-"
52.178.197.124 - - [18/Oct/2024:22:40:20 -0400] "GET /doc.php HTTP/1.1" 404 16523 "-" "-"
52.178.197.124 - - [18/Oct/2024:22:40:25 -0400] "GET /wp-content/updraft/about.php HTTP/1.1" 404 17365 "-" "-"
52.178.197.124 - - [18/Oct/2024:22:40:31 -0400] "GET /wp-includes/widgets/zm.php HTTP/1.1" 404 17382 "-" "-"
52.178.197.124 - - [18/Oct/2024:22:40:37 -0400] "GET /.wp-cli/about.php HTTP/1.1" 404 16568 "-" "-"
52.178.197.124 - - [18/Oct/2024:22:40:42 -0400] "GET /.well-known/wp-2019.php HTTP/1.1" 404 16544 "-" "-"
162.213.251.195 - - [18/Oct/2024:22:40:45 -0400] "POST /wp-cron.php?doing_wp_cron=1729305643.0417580604553222656250 HTTP/1.1" 200 0 "-" "WordPress/6.6.2; https://dietcontrungnhanh.com"
52.178.197.124 - - [18/Oct/2024:22:40:49 -0400] "GET /phpmailer.lang-sv.php HTTP/1.1" 404 16552 "-" "-"
52.178.197.124 - - [18/Oct/2024:22:40:55 -0400] "GET /.wp-cli/admin.php HTTP/1.1" 404 16558 "-" "-"
52.178.197.124 - - [18/Oct/2024:22:41:00 -0400] "GET /.well-known/acme-challenge/radio.php HTTP/1.1" 404 17396 "-" "-"
52.178.197.124 - - [18/Oct/2024:22:41:05 -0400] "GET /cgi-bin/alfa-rex.php56 HTTP/1.1" 404 16554 "-" "-"
162.213.251.195 - - [18/Oct/2024:22:42:20 -0400] "POST /wp-cron.php?doing_wp_cron=1729305738.6171500682830810546875 HTTP/1.1" 200 0 "-" "WordPress/6.6.2; https://dietcontrungnhanh.com"
207.7.80.50 - - [18/Oct/2024:22:42:17 -0400] "GET / HTTP/1.1" 200 27005 "-" "Mozilla/5.0 (Windows NT 10.0; Win64; x64; rv:65.0) Gecko/20100101 Firefox/65.0"
207.7.80.50 - - [18/Oct/2024:22:42:22 -0400] "POST /xmlrpc.php HTTP/1.1" 403 26 "-" "Mozilla/5.0 (Windows NT 10.0; Win64; x64; rv:65.0) Gecko/20100101 Firefox/65.0"
104.244.73.120 - - [18/Oct/2024:22:53:04 -0400] "GET /wp-login.php HTTP/1.1" 200 2800 "-" "Mozilla/5.0 (Windows NT 6.3; WOW64; Trident/7.0; rv:11.0) like Gecko"
162.213.251.195 - - [18/Oct/2024:22:53:16 -0400] "POST /wp-cron.php?doing_wp_cron=1729306393.6218979358673095703125 HTTP/1.1" 200 0 "-" "WordPress/6.6.2; https://dietcontrungnhanh.com"
104.244.73.120 - - [18/Oct/2024:22:53:18 -0400] "POST /wp-login.php HTTP/1.1" 200 2955 "-" "Mozilla/5.0 (Windows NT 6.3; WOW64; Trident/7.0; rv:11.0) like Gecko"
104.244.76.114 - - [18/Oct/2024:22:56:08 -0400] "GET /wp-login.php HTTP/1.1" 200 2800 "-" "Mozilla/5.0 (Windows NT 6.1) AppleWebKit/537.36 (KHTML, like Gecko) Chrome/35.0.1916.153 Safari/537.36"
104.244.72.110 - - [18/Oct/2024:22:56:12 -0400] "GET /wp-login.php HTTP/1.1" 200 2800 "-" "Mozilla/5.0 (Macintosh; Intel Mac OS X 10_9_2) AppleWebKit/537.36 (KHTML, like Gecko) Chrome/36.0.1985.125 Safari/537.36"
162.213.251.195 - - [18/Oct/2024:22:56:20 -0400] "POST /wp-cron.php?doing_wp_cron=1729306577.0150198936462402343750 HTTP/1.1" 200 0 "-" "WordPress/6.6.2; https://dietcontrungnhanh.com"
162.213.251.195 - - [18/Oct/2024:22:56:20 -0400] "POST /wp-cron.php?doing_wp_cron=1729306577.0451729297637939453125 HTTP/1.1" 200 0 "-" "WordPress/6.6.2; https://dietcontrungnhanh.com"
104.244.76.114 - - [18/Oct/2024:22:56:20 -0400] "POST /wp-login.php HTTP/1.1" 200 2966 "-" "Mozilla/5.0 (Windows NT 6.1) AppleWebKit/537.36 (KHTML, like Gecko) Chrome/35.0.1916.153 Safari/537.36"
104.244.72.110 - - [18/Oct/2024:22:56:20 -0400] "POST /wp-login.php HTTP/1.1" 200 2964 "-" "Mozilla/5.0 (Macintosh; Intel Mac OS X 10_9_2) AppleWebKit/537.36 (KHTML, like Gecko) Chrome/36.0.1985.125 Safari/537.36"
162.213.251.195 - - [18/Oct/2024:22:59:51 -0400] "POST /wp-cron.php?doing_wp_cron=1729306791.2621769905090332031250 HTTP/1.1" 200 0 "-" "WordPress/6.6.2; https://dietcontrungnhanh.com"
35.198.212.232 - - [18/Oct/2024:22:59:43 -0400] "GET / HTTP/1.1" 200 27044 "-" "Mozilla/5.0 (Windows NT 10.0; Win64; x64) AppleWebKit/537.36 (KHTML, like Gecko) Chrome/78.0.3904.108 Safari/537.36"
162.213.251.195 - - [18/Oct/2024:22:59:55 -0400] "POST /wp-cron.php?doing_wp_cron=1729306795.1284129619598388671875 HTTP/1.1" 200 0 "-" "WordPress/6.6.2; https://dietcontrungnhanh.com"
35.198.212.232 - - [18/Oct/2024:22:59:54 -0400] "GET //wp-includes/wlwmanifest.xml HTTP/1.1" 301 0 "-" "Mozilla/5.0 (Windows NT 10.0; Win64; x64) AppleWebKit/537.36 (KHTML, like Gecko) Chrome/78.0.3904.108 Safari/537.36"
35.198.212.232 - - [18/Oct/2024:22:59:56 -0400] "GET //xmlrpc.php?rsd HTTP/1.1" 403 26 "-" "Mozilla/5.0 (Windows NT 10.0; Win64; x64) AppleWebKit/537.36 (KHTML, like Gecko) Chrome/78.0.3904.108 Safari/537.36"
162.213.251.195 - - [18/Oct/2024:22:59:58 -0400] "POST /wp-cron.php?doing_wp_cron=1729306798.2112131118774414062500 HTTP/1.1" 200 0 "-" "WordPress/6.6.2; https://dietcontrungnhanh.com"
35.198.212.232 - - [18/Oct/2024:22:59:57 -0400] "GET / HTTP/1.1" 200 27036 "-" "Mozilla/5.0 (Windows NT 10.0; Win64; x64) AppleWebKit/537.36 (KHTML, like Gecko) Chrome/78.0.3904.108 Safari/537.36"
35.198.212.232 - - [18/Oct/2024:23:00:01 -0400] "GET //?author=1 HTTP/1.1" 301 0 "-" "Mozilla/5.0 (Windows NT 10.0; Win64; x64) AppleWebKit/537.36 (KHTML, like Gecko) Chrome/78.0.3904.108 Safari/537.36"
162.213.251.195 - - [18/Oct/2024:23:00:05 -0400] "POST /wp-cron.php?doing_wp_cron=1729306802.2962191104888916015625 HTTP/1.1" 200 0 "-" "WordPress/6.6.2; https://dietcontrungnhanh.com"
35.198.212.232 - - [18/Oct/2024:23:00:06 -0400] "GET //?author=2 HTTP/1.1" 301 0 "-" "Mozilla/5.0 (Windows NT 10.0; Win64; x64) AppleWebKit/537.36 (KHTML, like Gecko) Chrome/78.0.3904.108 Safari/537.36"
35.198.212.232 - - [18/Oct/2024:23:00:09 -0400] "GET //wp-json/wp/v2/users/ HTTP/1.1" 200 66130 "-" "Mozilla/5.0 (Windows NT 10.0; Win64; x64) AppleWebKit/537.36 (KHTML, like Gecko) Chrome/78.0.3904.108 Safari/537.36"
35.198.212.232 - - [18/Oct/2024:23:00:15 -0400] "POST //xmlrpc.php HTTP/1.1" 403 26 "-" "Mozilla/5.0 (Windows NT 10.0; Win64; x64) AppleWebKit/537.36 (KHTML, like Gecko) Chrome/78.0.3904.108 Safari/537.36"
35.198.212.232 - - [18/Oct/2024:23:00:17 -0400] "POST //xmlrpc.php HTTP/1.1" 403 26 "-" "Mozilla/5.0 (Windows NT 10.0; Win64; x64) AppleWebKit/537.36 (KHTML, like Gecko) Chrome/78.0.3904.108 Safari/537.36"
103.131.71.42 - - [18/Oct/2024:23:03:39 -0400] "GET /wp-content/uploads/2023/10/dich-vu-khu-trung-khu-khuan.jpg HTTP/1.1" 200 7582 "-" "Mozilla/5.0 (compatible; coccocbot-image/1.0; +http://help.coccoc.com/searchengine)"
162.213.251.195 - - [18/Oct/2024:23:08:57 -0400] "POST /wp-cron.php?doing_wp_cron=1729307337.3988459110260009765625 HTTP/1.1" 200 0 "-" "WordPress/6.6.2; https://dietcontrungnhanh.com"
162.213.251.195 - - [18/Oct/2024:23:08:57 -0400] "POST /wp-cron.php?doing_wp_cron=1729307337.4074029922485351562500 HTTP/1.1" 200 0 "-" "WordPress/6.6.2; https://dietcontrungnhanh.com"
45.61.185.127 - - [18/Oct/2024:23:08:54 -0400] "GET /wp-login.php HTTP/1.1" 200 2812 "-" "Mozilla/5.0 (Windows NT 6.3; WOW64) AppleWebKit/537.36 (KHTML, like Gecko) Chrome/36.0.1985.143 Safari/537.36"
103.87.70.45 - - [18/Oct/2024:23:08:52 -0400] "GET / HTTP/1.1" 200 27048 "http://dietcontrungnhanh.com" "Mozilla/5.0 (Windows NT 10.0; Win64; x64) AppleWebKit/537.36 (KHTML, like Gecko) Chrome/90.0.4430.212 Safari/537.36"
45.61.185.127 - - [18/Oct/2024:23:08:58 -0400] "POST /wp-login.php HTTP/1.1" 200 2964 "-" "Mozilla/5.0 (Windows NT 6.3; WOW64) AppleWebKit/537.36 (KHTML, like Gecko) Chrome/36.0.1985.143 Safari/537.36"
162.213.251.195 - - [18/Oct/2024:23:09:07 -0400] "POST /wp-cron.php?doing_wp_cron=1729307346.8241391181945800781250 HTTP/1.1" 200 0 "-" "WordPress/6.6.2; https://dietcontrungnhanh.com"
103.87.70.45 - - [18/Oct/2024:23:09:06 -0400] "GET / HTTP/1.1" 200 27047 "http://dietcontrungnhanh.com" "Mozilla/5.0+(compatible;+Googlebot/2.1;++http://www.google.com/bot.html)"
162.213.251.195 - - [18/Oct/2024:23:10:08 -0400] "POST /wp-cron.php?doing_wp_cron=1729307408.3463459014892578125000 HTTP/1.1" 200 0 "-" "WordPress/6.6.2; https://dietcontrungnhanh.com"
104.244.76.114 - - [18/Oct/2024:23:10:07 -0400] "GET /wp-login.php HTTP/1.1" 200 2812 "-" "Mozilla/5.0 (Macintosh; Intel Mac OS X 10.9; rv:31.0) Gecko/20100101 Firefox/31.0"
162.213.251.195 - - [18/Oct/2024:23:10:10 -0400] "POST /wp-cron.php?doing_wp_cron=1729307409.8793361186981201171875 HTTP/1.1" 200 0 "-" "WordPress/6.6.2; https://dietcontrungnhanh.com"
104.244.76.114 - - [18/Oct/2024:23:10:09 -0400] "POST /wp-login.php HTTP/1.1" 200 2963 "-" "Mozilla/5.0 (Macintosh; Intel Mac OS X 10.9; rv:31.0) Gecko/20100101 Firefox/31.0"
162.213.251.195 - - [18/Oct/2024:23:20:44 -0400] "POST /wp-cron.php?doing_wp_cron=1729308044.0456709861755371093750 HTTP/1.1" 200 0 "-" "WordPress/6.6.2; https://dietcontrungnhanh.com"
209.141.48.88 - - [18/Oct/2024:23:20:39 -0400] "GET /wp-login.php HTTP/1.1" 200 2812 "-" "Mozilla/5.0 (Windows NT 6.1; WOW64; rv:30.0) Gecko/20100101 Firefox/30.0"
162.213.251.195 - - [18/Oct/2024:23:20:45 -0400] "POST /wp-cron.php?doing_wp_cron=1729308044.9759740829467773437500 HTTP/1.1" 200 0 "-" "WordPress/6.6.2; https://dietcontrungnhanh.com"
209.141.48.88 - - [18/Oct/2024:23:20:44 -0400] "POST /wp-login.php HTTP/1.1" 200 2958 "-" "Mozilla/5.0 (Windows NT 6.1; WOW64; rv:30.0) Gecko/20100101 Firefox/30.0"
162.213.251.195 - - [18/Oct/2024:23:21:36 -0400] "POST /wp-cron.php?doing_wp_cron=1729308095.8803770542144775390625 HTTP/1.1" 200 0 "-" "WordPress/6.6.2; https://dietcontrungnhanh.com"
209.141.51.75 - - [18/Oct/2024:23:21:35 -0400] "GET /wp-login.php HTTP/1.1" 200 2812 "-" "Mozilla/5.0 (Macintosh; Intel Mac OS X 10.7; rv:31.0) Gecko/20100101 Firefox/31.0"
209.141.51.75 - - [18/Oct/2024:23:21:36 -0400] "POST /wp-login.php HTTP/1.1" 200 3004 "-" "Mozilla/5.0 (Macintosh; Intel Mac OS X 10.7; rv:31.0) Gecko/20100101 Firefox/31.0"
162.213.251.195 - - [18/Oct/2024:23:38:16 -0400] "POST /wp-cron.php?doing_wp_cron=1729309096.1975450515747070312500 HTTP/1.1" 200 0 "-" "WordPress/6.6.2; https://dietcontrungnhanh.com"
138.246.253.24 - - [18/Oct/2024:23:38:12 -0400] "GET /robots.txt HTTP/1.1" 200 116 "-" "Mozilla/5.0 (Windows NT 10.0; Win64; x64) AppleWebKit/537.36 (KHTML, like Gecko) Chrome/103.0.5060.134 Safari/537.36"
162.213.251.195 - - [18/Oct/2024:23:39:46 -0400] "POST /wp-cron.php?doing_wp_cron=1729309186.5795569419860839843750 HTTP/1.1" 200 0 "-" "WordPress/6.6.2; https://dietcontrungnhanh.com"
114.119.141.69 - - [18/Oct/2024:23:39:44 -0400] "GET /robots.txt HTTP/1.1" 301 0 "-" "Mozilla/5.0 (compatible;PetalBot;+https://webmaster.petalsearch.com/site/petalbot)"
162.213.251.195 - - [18/Oct/2024:23:39:50 -0400] "POST /wp-cron.php?doing_wp_cron=1729309189.9290750026702880859375 HTTP/1.1" 200 0 "-" "WordPress/6.6.2; https://dietcontrungnhanh.com"
114.119.141.69 - - [18/Oct/2024:23:39:49 -0400] "GET /robots.txt HTTP/1.1" 200 116 "-" "Mozilla/5.0 (compatible;PetalBot;+https://webmaster.petalsearch.com/site/petalbot)"
2001:41d0:303:36a::1 - - [18/Oct/2024:23:56:28 -0400] "GET /robots.txt HTTP/1.1" 200 0 "-" "Mozilla/5.0 (compatible; MJ12bot/v1.4.8; http://mj12bot.com/)"
2001:41d0:303:36a::1 - - [18/Oct/2024:23:57:20 -0400] "GET /robots.txt HTTP/1.1" 200 0 "-" "Mozilla/5.0 (compatible; MJ12bot/v1.4.8; http://mj12bot.com/)"
162.213.251.195 - - [19/Oct/2024:00:04:38 -0400] "POST /wp-cron.php?doing_wp_cron=1729310677.4292049407958984375000 HTTP/1.1" 200 0 "-" "WordPress/6.6.2; https://dietcontrungnhanh.com"
114.119.153.15 - - [19/Oct/2024:00:04:22 -0400] "GET /robots.txt HTTP/1.1" 200 116 "-" "Mozilla/5.0 (compatible;PetalBot;+https://webmaster.petalsearch.com/site/petalbot)"
162.213.251.195 - - [19/Oct/2024:00:07:39 -0400] "POST /wp-cron.php?doing_wp_cron=1729310858.7270770072937011718750 HTTP/1.1" 200 0 "-" "WordPress/6.6.2; https://dietcontrungnhanh.com"
45.149.241.156 - - [19/Oct/2024:00:07:35 -0400] "GET /dietcontrungnhanh_03092022.tar.gz HTTP/1.1" 404 18713 "-" "Firefox"
162.213.251.195 - - [19/Oct/2024:00:07:40 -0400] "POST /wp-admin/admin-post.php HTTP/1.1" 200 19 "-" "WordPress/6.6.2; https://dietcontrungnhanh.com"
180.235.149.204 - - [19/Oct/2024:00:11:55 -0400] "POST /xmlrpc.php HTTP/1.1" 403 26 "-" "Mozilla/5.0 (Macintosh; Intel Mac OS X 10_10; rv:33.0) Gecko/20100101 Firefox/33.0"
198.23.52.232 - - [19/Oct/2024:00:12:10 -0400] "POST /xmlrpc.php HTTP/1.1" 403 26 "-" "Mozilla/5.0 (Windows NT 10.0; Win64; x64) AppleWebKit/537.36 (KHTML, like Gecko) Chrome/78.0.3904.108 Safari/537.36"
45.124.84.92 - - [19/Oct/2024:00:12:10 -0400] "POST /xmlrpc.php HTTP/1.1" 403 26 "-" "Mozilla/5.0 (Linux; Android 6.0.1; RedMi Note 5 Build/RB3N5C; wv) AppleWebKit/537.36 (KHTML, like Gecko) Version/4.0 Chrome/68.0.3440.91 Mobile Safari/537.36"
2a01:4f8:13b:335b::2 - - [19/Oct/2024:00:12:11 -0400] "POST /xmlrpc.php HTTP/1.1" 403 26 "-" "Mozilla/5.0 (Windows NT 5.1; Win64; x64) AppleWebKit/537.36 (KHTML, like Gecko) Chrome/60.0.3112.90 Safari/537.36"
76.167.231.121 - - [19/Oct/2024:00:12:12 -0400] "POST /xmlrpc.php HTTP/1.1" 403 26 "-" "Mozilla/5.0 (Windows NT 10.0; Win64; x64) AppleWebKit/537.36 (KHTML, like Gecko) Chrome/80.0.3987.149 Safari/537.36"
51.77.52.109 - - [19/Oct/2024:00:12:26 -0400] "POST /xmlrpc.php HTTP/1.1" 403 26 "-" "Mozilla/5.0 (Windows NT 6.1; Win64; x64) AppleWebKit/537.36 (KHTML, like Gecko) Chrome/79.0.3945.88 Safari/537.36"
129.151.111.196 - - [19/Oct/2024:00:12:34 -0400] "POST /xmlrpc.php HTTP/1.1" 403 26 "-" "Mozilla/5.0 (Macintosh; Intel Mac OS X 10_10; rv:33.0) Gecko/20100101 Firefox/33.0"
103.173.227.63 - - [19/Oct/2024:00:12:41 -0400] "POST /xmlrpc.php HTTP/1.1" 403 26 "-" "Mozilla/5.0 (Windows NT 10.0; Win64; x64; rv:79.0) Gecko/20100101 Firefox/79.0"
92.204.55.228 - - [19/Oct/2024:00:12:45 -0400] "POST /xmlrpc.php HTTP/1.1" 403 26 "-" "Mozilla/5.0 (Windows NT 6.1; WOW64; rv:41.0) Gecko/20100101 Firefox/41.0"
20.193.152.158 - - [19/Oct/2024:00:24:51 -0400] "GET /wp-admin/css/ HTTP/1.1" 403 1242 "binance.com" "Mozilla/5.0 (Windows NT 10.0; Win64; x64) AppleWebKit/537.36 (KHTML, like Gecko) Chrome/90.0.4430.85 Safari/537.36"
162.213.251.195 - - [19/Oct/2024:00:40:36 -0400] "POST /wp-cron.php?doing_wp_cron=1729312835.8460578918457031250000 HTTP/1.1" 200 0 "-" "WordPress/6.6.2; https://dietcontrungnhanh.com"
2404:3100:1c0a:5b2:1:0:2456:88b2 - - [19/Oct/2024:00:40:24 -0400] "GET /wp-login.php HTTP/1.1" 200 2812 "https://dietcontrungnhanh.com/wp-login.php" "Opera/9.80 (Windows NT 6.1) Presto/2.12.388 Version/12.12"
2404:3100:1c0a:5b2:1:0:2456:88b2 - - [19/Oct/2024:00:40:38 -0400] "POST /wp-login.php HTTP/1.1" 200 2955 "https://www.quickcareconnect.com/wp-login.php" "Opera/9.80 (Windows NT 6.1) Presto/2.12.388 Version/12.12"
207.246.255.44 - - [19/Oct/2024:00:40:45 -0400] "POST / HTTP/1.1" 200 38 "-" "Mozilla/5.0 (Windows NT 10.0; Win64; x64) AppleWebKit/537.36 (KHTML, like Gecko) Chrome/59.0.3071.115 Safari/537.36"
162.213.251.195 - - [19/Oct/2024:00:49:37 -0400] "POST /wp-cron.php?doing_wp_cron=1729313377.3268980979919433593750 HTTP/1.1" 200 0 "-" "WordPress/6.6.2; https://dietcontrungnhanh.com"
205.185.125.171 - - [19/Oct/2024:00:49:31 -0400] "GET /wp-login.php HTTP/1.1" 200 2812 "-" "Mozilla/5.0 (X11; Linux x86_64; rv:31.0) Gecko/20100101 Firefox/31.0"
205.185.125.171 - - [19/Oct/2024:00:49:37 -0400] "POST /wp-login.php HTTP/1.1" 200 2955 "-" "Mozilla/5.0 (X11; Linux x86_64; rv:31.0) Gecko/20100101 Firefox/31.0"
162.213.251.195 - - [19/Oct/2024:00:57:15 -0400] "POST /wp-cron.php?doing_wp_cron=1729313835.1915481090545654296875 HTTP/1.1" 200 0 "-" "WordPress/6.6.2; https://dietcontrungnhanh.com"
45.61.185.127 - - [19/Oct/2024:00:57:11 -0400] "GET /wp-login.php HTTP/1.1" 200 2812 "-" "Mozilla/5.0 (Windows NT 6.1; rv:30.0) Gecko/20100101 Firefox/30.0"
162.213.251.195 - - [19/Oct/2024:00:57:17 -0400] "POST /wp-cron.php?doing_wp_cron=1729313836.8725678920745849609375 HTTP/1.1" 200 0 "-" "WordPress/6.6.2; https://dietcontrungnhanh.com"
45.61.185.127 - - [19/Oct/2024:00:57:16 -0400] "POST /wp-login.php HTTP/1.1" 200 3003 "-" "Mozilla/5.0 (Windows NT 6.1; rv:30.0) Gecko/20100101 Firefox/30.0"
162.213.251.195 - - [19/Oct/2024:00:58:20 -0400] "POST /wp-cron.php?doing_wp_cron=1729313899.9089550971984863281250 HTTP/1.1" 200 0 "-" "WordPress/6.6.2; https://dietcontrungnhanh.com"
209.141.44.130 - - [19/Oct/2024:00:58:19 -0400] "GET /wp-login.php HTTP/1.1" 200 2800 "-" "Mozilla/5.0 (Windows NT 6.1) AppleWebKit/537.36 (KHTML, like Gecko) Chrome/36.0.1985.125 Safari/537.36"
162.213.251.195 - - [19/Oct/2024:00:58:25 -0400] "POST /wp-cron.php?doing_wp_cron=1729313904.7224199771881103515625 HTTP/1.1" 200 0 "-" "WordPress/6.6.2; https://dietcontrungnhanh.com"
209.141.44.130 - - [19/Oct/2024:00:58:24 -0400] "POST /wp-login.php HTTP/1.1" 200 3006 "-" "Mozilla/5.0 (Windows NT 6.1) AppleWebKit/537.36 (KHTML, like Gecko) Chrome/36.0.1985.125 Safari/537.36"
162.213.251.195 - - [19/Oct/2024:01:06:21 -0400] "POST /wp-cron.php?doing_wp_cron=1729314381.4032819271087646484375 HTTP/1.1" 200 0 "-" "WordPress/6.6.2; https://dietcontrungnhanh.com"
205.185.125.234 - - [19/Oct/2024:01:06:18 -0400] "GET /wp-login.php HTTP/1.1" 200 2812 "-" "Mozilla/5.0 (Windows NT 6.3; WOW64; rv:30.0) Gecko/20100101 Firefox/30.0"
205.185.125.234 - - [19/Oct/2024:01:06:22 -0400] "POST /wp-login.php HTTP/1.1" 200 2964 "-" "Mozilla/5.0 (Windows NT 6.3; WOW64; rv:30.0) Gecko/20100101 Firefox/30.0"
162.213.251.195 - - [19/Oct/2024:01:19:42 -0400] "POST /wp-cron.php?doing_wp_cron=1729315181.9516921043395996093750 HTTP/1.1" 200 0 "-" "WordPress/6.6.2; https://dietcontrungnhanh.com"
8.215.9.89 - - [19/Oct/2024:01:19:36 -0400] "GET / HTTP/1.1" 301 0 "-" "Mozilla/5.0 (Windows NT 10.0; Win64; x64) AppleWebKit/537.36 (KHTML, like Gecko) Chrome/58.0.3029.110 Safari/537.3"
8.215.9.89 - - [19/Oct/2024:01:19:42 -0400] "GET / HTTP/1.1" 200 27075 "-" "Mozilla/5.0 (Windows NT 10.0; Win64; x64) AppleWebKit/537.36 (KHTML, like Gecko) Chrome/58.0.3029.110 Safari/537.3"
162.213.251.195 - - [19/Oct/2024:01:24:04 -0400] "POST /wp-cron.php?doing_wp_cron=1729315443.7863500118255615234375 HTTP/1.1" 200 0 "-" "WordPress/6.6.2; https://dietcontrungnhanh.com"
209.141.43.103 - - [19/Oct/2024:01:23:59 -0400] "GET /wp-login.php HTTP/1.1" 200 2812 "-" "Mozilla/5.0 (X11; Linux x86_64) AppleWebKit/537.36 (KHTML, like Gecko) Chrome/36.0.1985.125 Safari/537.36"
209.141.43.103 - - [19/Oct/2024:01:24:04 -0400] "POST /wp-login.php HTTP/1.1" 200 3004 "-" "Mozilla/5.0 (X11; Linux x86_64) AppleWebKit/537.36 (KHTML, like Gecko) Chrome/36.0.1985.125 Safari/537.36"
162.213.251.195 - - [19/Oct/2024:01:31:07 -0400] "POST /wp-cron.php?doing_wp_cron=1729315867.6790471076965332031250 HTTP/1.1" 200 0 "-" "WordPress/6.6.2; https://dietcontrungnhanh.com"
199.195.251.210 - - [19/Oct/2024:01:31:04 -0400] "GET /wp-login.php HTTP/1.1" 200 2812 "-" "Mozilla/5.0 (X11; Linux x86_64) AppleWebKit/537.36 (KHTML, like Gecko) Ubuntu Chromium/34.0.1847.116 Chrome/34.0.1847.116 Safari/537.36"
199.195.251.210 - - [19/Oct/2024:01:31:08 -0400] "POST /wp-login.php HTTP/1.1" 200 2958 "-" "Mozilla/5.0 (X11; Linux x86_64) AppleWebKit/537.36 (KHTML, like Gecko) Ubuntu Chromium/34.0.1847.116 Chrome/34.0.1847.116 Safari/537.36"
162.213.251.195 - - [19/Oct/2024:01:36:42 -0400] "POST /wp-cron.php?doing_wp_cron=1729316202.4504380226135253906250 HTTP/1.1" 200 0 "-" "WordPress/6.6.2; https://dietcontrungnhanh.com"
45.227.254.34 - - [19/Oct/2024:01:36:35 -0400] "POST /.quarantine/wp-blockup.php?lt=503c138bd956ccbe9a63967ef1f22dac HTTP/1.1" 404 16606 "-" "Mozilla/5.0 (Macintosh; Intel Mac OS X 10_15_7) AppleWebKit/537.36 (KHTML, like Gecko) Chrome/120.0.0.0 Safari/537.36"
162.213.251.195 - - [19/Oct/2024:01:50:35 -0400] "POST /wp-cron.php?doing_wp_cron=1729317035.4820990562438964843750 HTTP/1.1" 200 0 "-" "WordPress/6.6.2; https://dietcontrungnhanh.com"
205.185.125.62 - - [19/Oct/2024:01:50:29 -0400] "GET /wp-login.php HTTP/1.1" 200 2812 "-" "Mozilla/5.0 (iPhone; CPU iPhone OS 7_1_1 like Mac OS X) AppleWebKit/537.51.2 (KHTML, like Gecko) Version/7.0 Mobile/11D201 Safari/9537.53"
205.185.125.62 - - [19/Oct/2024:01:50:36 -0400] "POST /wp-login.php HTTP/1.1" 200 3002 "-" "Mozilla/5.0 (iPhone; CPU iPhone OS 7_1_1 like Mac OS X) AppleWebKit/537.51.2 (KHTML, like Gecko) Version/7.0 Mobile/11D201 Safari/9537.53"
162.213.251.195 - - [19/Oct/2024:01:50:40 -0400] "POST /wp-cron.php?doing_wp_cron=1729317040.3789579868316650390625 HTTP/1.1" 200 0 "-" "WordPress/6.6.2; https://dietcontrungnhanh.com"
104.244.73.120 - - [19/Oct/2024:01:50:40 -0400] "GET /wp-login.php HTTP/1.1" 200 2812 "-" "Mozilla/5.0 (Macintosh; Intel Mac OS X 10_9_3) AppleWebKit/537.75.14 (KHTML, like Gecko) Version/7.0.3 Safari/537.75.14"
162.213.251.195 - - [19/Oct/2024:01:50:41 -0400] "POST /wp-cron.php?doing_wp_cron=1729317041.3232839107513427734375 HTTP/1.1" 200 0 "-" "WordPress/6.6.2; https://dietcontrungnhanh.com"
104.244.73.120 - - [19/Oct/2024:01:50:40 -0400] "POST /wp-login.php HTTP/1.1" 200 2966 "-" "Mozilla/5.0 (Macintosh; Intel Mac OS X 10_9_3) AppleWebKit/537.75.14 (KHTML, like Gecko) Version/7.0.3 Safari/537.75.14"
162.213.251.195 - - [19/Oct/2024:01:53:44 -0400] "POST /wp-cron.php?doing_wp_cron=1729317224.4091610908508300781250 HTTP/1.1" 200 0 "-" "WordPress/6.6.2; https://dietcontrungnhanh.com"
209.141.44.130 - - [19/Oct/2024:01:53:41 -0400] "GET /wp-login.php HTTP/1.1" 200 2800 "-" "Mozilla/5.0 (X11; Linux x86_64) AppleWebKit/537.36 (KHTML, like Gecko) Ubuntu Chromium/36.0.1985.125 Chrome/36.0.1985.125 Safari/537.36"
162.213.251.195 - - [19/Oct/2024:01:53:46 -0400] "POST /wp-cron.php?doing_wp_cron=1729317225.5960910320281982421875 HTTP/1.1" 200 0 "-" "WordPress/6.6.2; https://dietcontrungnhanh.com"
209.141.44.130 - - [19/Oct/2024:01:53:44 -0400] "POST /wp-login.php HTTP/1.1" 200 2963 "-" "Mozilla/5.0 (X11; Linux x86_64) AppleWebKit/537.36 (KHTML, like Gecko) Ubuntu Chromium/36.0.1985.125 Chrome/36.0.1985.125 Safari/537.36"
162.213.251.195 - - [19/Oct/2024:01:57:03 -0400] "POST /wp-cron.php?doing_wp_cron=1729317423.5006771087646484375000 HTTP/1.1" 200 0 "-" "WordPress/6.6.2; https://dietcontrungnhanh.com"
198.98.62.41 - - [19/Oct/2024:01:57:00 -0400] "GET /wp-login.php HTTP/1.1" 200 2812 "-" "Mozilla/5.0 (Macintosh; Intel Mac OS X 10_10_0) AppleWebKit/537.36 (KHTML, like Gecko) Chrome/36.0.1985.125 Safari/537.36"
198.98.62.41 - - [19/Oct/2024:01:57:04 -0400] "POST /wp-login.php HTTP/1.1" 200 2955 "-" "Mozilla/5.0 (Macintosh; Intel Mac OS X 10_10_0) AppleWebKit/537.36 (KHTML, like Gecko) Chrome/36.0.1985.125 Safari/537.36"
162.213.251.195 - - [19/Oct/2024:02:07:49 -0400] "POST /wp-cron.php?doing_wp_cron=1729318069.3849229812622070312500 HTTP/1.1" 200 0 "-" "WordPress/6.6.2; https://dietcontrungnhanh.com"
212.50.248.140 - - [19/Oct/2024:02:07:43 -0400] "GET / HTTP/1.1" 200 27036 "-" "Mozilla/5.0 (Windows NT 10.0; Win64; x64) AppleWebKit/537.36 (KHTML, like Gecko) Chrome/129.0.0.0 Safari/537.36"
212.50.248.140 - - [19/Oct/2024:02:07:51 -0400] "GET /wp-content/plugins/contact-form-7/includes/css/styles.css?ver=5.9.8 HTTP/1.1" 200 890 "https://dietcontrungnhanh.com/" "Mozilla/5.0 (Windows NT 10.0; Win64; x64) AppleWebKit/537.36 (KHTML, like Gecko) Chrome/129.0.0.0 Safari/537.36"
212.50.248.140 - - [19/Oct/2024:02:07:51 -0400] "GET /wp-content/themes/flatsome/assets/css/flatsome.css?ver=3.18.7 HTTP/1.1" 200 28781 "https://dietcontrungnhanh.com/" "Mozilla/5.0 (Windows NT 10.0; Win64; x64) AppleWebKit/537.36 (KHTML, like Gecko) Chrome/129.0.0.0 Safari/537.36"
212.50.248.140 - - [19/Oct/2024:02:07:51 -0400] "GET /wp-content/themes/flatsome/assets/css/flatsome-shop.css?ver=3.18.7 HTTP/1.1" 200 6391 "https://dietcontrungnhanh.com/" "Mozilla/5.0 (Windows NT 10.0; Win64; x64) AppleWebKit/537.36 (KHTML, like Gecko) Chrome/129.0.0.0 Safari/537.36"
212.50.248.140 - - [19/Oct/2024:02:07:51 -0400] "GET /wp-content/themes/123web-vn/style.css?ver=3.0 HTTP/1.1" 200 3621 "https://dietcontrungnhanh.com/" "Mozilla/5.0 (Windows NT 10.0; Win64; x64) AppleWebKit/537.36 (KHTML, like Gecko) Chrome/129.0.0.0 Safari/537.36"
212.50.248.140 - - [19/Oct/2024:02:07:51 -0400] "GET /wp-content/themes/123web-vn/assets/fontsawesome/css/all.min.css?ver=6.6.2 HTTP/1.1" 200 30125 "https://dietcontrungnhanh.com/" "Mozilla/5.0 (Windows NT 10.0; Win64; x64) AppleWebKit/537.36 (KHTML, like Gecko) Chrome/129.0.0.0 Safari/537.36"
212.50.248.140 - - [19/Oct/2024:02:07:51 -0400] "GET /wp-includes/js/jquery/jquery.min.js?ver=3.7.1 HTTP/1.1" 200 29744 "https://dietcontrungnhanh.com/" "Mozilla/5.0 (Windows NT 10.0; Win64; x64) AppleWebKit/537.36 (KHTML, like Gecko) Chrome/129.0.0.0 Safari/537.36"
212.50.248.140 - - [19/Oct/2024:02:07:51 -0400] "GET /wp-content/uploads/2024/05/cong-ty-phun-diet-muoi-quan-go-vap-Copy.jpg HTTP/1.1" 200 47595 "https://dietcontrungnhanh.com/" "Mozilla/5.0 (Windows NT 10.0; Win64; x64) AppleWebKit/537.36 (KHTML, like Gecko) Chrome/129.0.0.0 Safari/537.36"
212.50.248.140 - - [19/Oct/2024:02:07:52 -0400] "GET /wp-content/uploads/2024/06/diet-con-trung-nhanh-hcm-ho-chi-minh.jpg HTTP/1.1" 200 54636 "https://dietcontrungnhanh.com/" "Mozilla/5.0 (Windows NT 10.0; Win64; x64) AppleWebKit/537.36 (KHTML, like Gecko) Chrome/129.0.0.0 Safari/537.36"
212.50.248.140 - - [19/Oct/2024:02:07:52 -0400] "GET /wp-content/plugins/woocommerce/assets/client/blocks/wc-blocks.css?ver=wc-9.1.4 HTTP/1.1" 200 2339 "https://dietcontrungnhanh.com/" "Mozilla/5.0 (Windows NT 10.0; Win64; x64) AppleWebKit/537.36 (KHTML, like Gecko) Chrome/129.0.0.0 Safari/537.36"
212.50.248.140 - - [19/Oct/2024:02:07:52 -0400] "GET /wp-includes/js/jquery/jquery-migrate.min.js?ver=3.4.1 HTTP/1.1" 200 4678 "https://dietcontrungnhanh.com/" "Mozilla/5.0 (Windows NT 10.0; Win64; x64) AppleWebKit/537.36 (KHTML, like Gecko) Chrome/129.0.0.0 Safari/537.36"
212.50.248.140 - - [19/Oct/2024:02:07:52 -0400] "GET /wp-content/plugins/woocommerce/assets/js/jquery-blockui/jquery.blockUI.min.js?ver=2.7.0-wc.9.1.4 HTTP/1.1" 200 3277 "https://dietcontrungnhanh.com/" "Mozilla/5.0 (Windows NT 10.0; Win64; x64) AppleWebKit/537.36 (KHTML, like Gecko) Chrome/129.0.0.0 Safari/537.36"
212.50.248.140 - - [19/Oct/2024:02:07:52 -0400] "GET /wp-content/plugins/woocommerce/assets/js/frontend/add-to-cart.min.js?ver=9.1.4 HTTP/1.1" 200 989 "https://dietcontrungnhanh.com/" "Mozilla/5.0 (Windows NT 10.0; Win64; x64) AppleWebKit/537.36 (KHTML, like Gecko) Chrome/129.0.0.0 Safari/537.36"
212.50.248.140 - - [19/Oct/2024:02:07:52 -0400] "GET /wp-content/plugins/woocommerce/assets/js/js-cookie/js.cookie.min.js?ver=2.1.4-wc.9.1.4 HTTP/1.1" 200 760 "https://dietcontrungnhanh.com/" "Mozilla/5.0 (Windows NT 10.0; Win64; x64) AppleWebKit/537.36 (KHTML, like Gecko) Chrome/129.0.0.0 Safari/537.36"
212.50.248.140 - - [19/Oct/2024:02:07:53 -0400] "GET /wp-includes/js/dist/hooks.min.js?ver=2810c76e705dd1a53b18 HTTP/1.1" 200 1460 "https://dietcontrungnhanh.com/" "Mozilla/5.0 (Windows NT 10.0; Win64; x64) AppleWebKit/537.36 (KHTML, like Gecko) Chrome/129.0.0.0 Safari/537.36"
212.50.248.140 - - [19/Oct/2024:02:07:53 -0400] "GET /wp-includes/js/dist/i18n.min.js?ver=5e580eb46a90c2b997e6 HTTP/1.1" 200 3542 "https://dietcontrungnhanh.com/" "Mozilla/5.0 (Windows NT 10.0; Win64; x64) AppleWebKit/537.36 (KHTML, like Gecko) Chrome/129.0.0.0 Safari/537.36"
212.50.248.140 - - [19/Oct/2024:02:07:53 -0400] "GET /wp-content/plugins/contact-form-7/includes/swv/js/index.js?ver=5.9.8 HTTP/1.1" 200 3228 "https://dietcontrungnhanh.com/" "Mozilla/5.0 (Windows NT 10.0; Win64; x64) AppleWebKit/537.36 (KHTML, like Gecko) Chrome/129.0.0.0 Safari/537.36"
212.50.248.140 - - [19/Oct/2024:02:07:53 -0400] "GET /wp-content/plugins/contact-form-7/includes/js/index.js?ver=5.9.8 HTTP/1.1" 200 4002 "https://dietcontrungnhanh.com/" "Mozilla/5.0 (Windows NT 10.0; Win64; x64) AppleWebKit/537.36 (KHTML, like Gecko) Chrome/129.0.0.0 Safari/537.36"
212.50.248.140 - - [19/Oct/2024:02:07:53 -0400] "GET /wp-content/plugins/woocommerce/assets/js/frontend/woocommerce.min.js?ver=9.1.4 HTTP/1.1" 200 814 "https://dietcontrungnhanh.com/" "Mozilla/5.0 (Windows NT 10.0; Win64; x64) AppleWebKit/537.36 (KHTML, like Gecko) Chrome/129.0.0.0 Safari/537.36"
212.50.248.140 - - [19/Oct/2024:02:07:53 -0400] "GET /wp-content/plugins/woocommerce/assets/js/sourcebuster/sourcebuster.min.js?ver=9.1.4 HTTP/1.1" 200 4609 "https://dietcontrungnhanh.com/" "Mozilla/5.0 (Windows NT 10.0; Win64; x64) AppleWebKit/537.36 (KHTML, like Gecko) Chrome/129.0.0.0 Safari/537.36"
212.50.248.140 - - [19/Oct/2024:02:07:53 -0400] "GET /wp-content/plugins/woocommerce/assets/js/frontend/order-attribution.min.js?ver=9.1.4 HTTP/1.1" 200 1006 "https://dietcontrungnhanh.com/" "Mozilla/5.0 (Windows NT 10.0; Win64; x64) AppleWebKit/537.36 (KHTML, like Gecko) Chrome/129.0.0.0 Safari/537.36"
212.50.248.140 - - [19/Oct/2024:02:07:53 -0400] "GET /wp-content/themes/flatsome/inc/extensions/flatsome-live-search/flatsome-live-search.js?ver=3.18.7 HTTP/1.1" 200 4709 "https://dietcontrungnhanh.com/" "Mozilla/5.0 (Windows NT 10.0; Win64; x64) AppleWebKit/537.36 (KHTML, like Gecko) Chrome/129.0.0.0 Safari/537.36"
212.50.248.140 - - [19/Oct/2024:02:07:54 -0400] "GET /wp-content/plugins/perfmatters/js/lazyload.min.js?ver=2.3.0 HTTP/1.1" 200 3135 "https://dietcontrungnhanh.com/" "Mozilla/5.0 (Windows NT 10.0; Win64; x64) AppleWebKit/537.36 (KHTML, like Gecko) Chrome/129.0.0.0 Safari/537.36"
