162.213.251.195 - - [18/Oct/2024:17:39:25 -0400] "POST /wp-cron.php?doing_wp_cron=1729287565.6683011054992675781250 HTTP/1.1" 200 0 "-" "WordPress/6.6.2; https://dietcontrungnhanh.com"
52.178.192.188 - - [18/Oct/2024:17:39:25 -0400] "GET /wp-includes/images/about.php HTTP/1.1" 404 17390 "-" "-"
162.213.251.195 - - [18/Oct/2024:17:39:27 -0400] "POST /wp-cron.php?doing_wp_cron=1729287567.1050679683685302734375 HTTP/1.1" 200 0 "-" "WordPress/6.6.2; https://dietcontrungnhanh.com"
52.178.192.188 - - [18/Oct/2024:17:39:26 -0400] "GET /TIC-Portugal-18/wp-content/plugins/fix/up.php HTTP/1.1" 404 17391 "-" "-"
162.213.251.195 - - [18/Oct/2024:17:39:28 -0400] "POST /wp-cron.php?doing_wp_cron=1729287568.5057671070098876953125 HTTP/1.1" 200 0 "-" "WordPress/6.6.2; https://dietcontrungnhanh.com"
52.178.192.188 - - [18/Oct/2024:17:39:28 -0400] "GET /assets/1.php HTTP/1.1" 404 16522 "-" "-"
162.213.251.195 - - [18/Oct/2024:17:39:30 -0400] "POST /wp-cron.php?doing_wp_cron=1729287569.9133889675140380859375 HTTP/1.1" 200 0 "-" "WordPress/6.6.2; https://dietcontrungnhanh.com"
52.178.192.188 - - [18/Oct/2024:17:39:29 -0400] "GET /wp-includes/css/dist/niil.php HTTP/1.1" 404 17396 "-" "-"
162.213.251.195 - - [18/Oct/2024:17:39:31 -0400] "POST /wp-cron.php?doing_wp_cron=1729287571.4935638904571533203125 HTTP/1.1" 200 0 "-" "WordPress/6.6.2; https://dietcontrungnhanh.com"
52.178.192.188 - - [18/Oct/2024:17:39:31 -0400] "GET /update/upload.php HTTP/1.1" 404 16548 "-" "-"
52.178.192.188 - - [18/Oct/2024:17:39:32 -0400] "GET /.well-known/pki-validation/404.php HTTP/1.1" 404 1251 "-" "-"
162.213.251.195 - - [18/Oct/2024:17:39:33 -0400] "POST /wp-cron.php?doing_wp_cron=1729287573.0073139667510986328125 HTTP/1.1" 200 0 "-" "WordPress/6.6.2; https://dietcontrungnhanh.com"
52.178.192.188 - - [18/Oct/2024:17:39:32 -0400] "GET /modules/karakaroa/wp-login.php HTTP/1.1" 404 17410 "-" "-"
52.178.192.188 - - [18/Oct/2024:17:39:34 -0400] "GET /wp-admin/includes/GHoawuaa.php HTTP/1.1" 403 1242 "-" "-"
162.213.251.195 - - [18/Oct/2024:17:39:34 -0400] "POST /wp-cron.php?doing_wp_cron=1729287574.6486139297485351562500 HTTP/1.1" 200 0 "-" "WordPress/6.6.2; https://dietcontrungnhanh.com"
52.178.192.188 - - [18/Oct/2024:17:39:34 -0400] "GET /wp-content/bp.php HTTP/1.1" 404 16563 "-" "-"
162.213.251.195 - - [18/Oct/2024:17:39:36 -0400] "POST /wp-cron.php?doing_wp_cron=1729287575.9285700321197509765625 HTTP/1.1" 200 0 "-" "WordPress/6.6.2; https://dietcontrungnhanh.com"
52.178.192.188 - - [18/Oct/2024:17:39:35 -0400] "GET /css/alfa-rex.php HTTP/1.1" 404 16540 "-" "-"
162.213.251.195 - - [18/Oct/2024:17:39:37 -0400] "POST /wp-cron.php?doing_wp_cron=1729287577.1287810802459716796875 HTTP/1.1" 200 0 "-" "WordPress/6.6.2; https://dietcontrungnhanh.com"
52.178.192.188 - - [18/Oct/2024:17:39:36 -0400] "GET /wp-content/ovaqgqmxc.php HTTP/1.1" 404 16528 "-" "-"
162.213.251.195 - - [18/Oct/2024:17:39:38 -0400] "POST /wp-cron.php?doing_wp_cron=1729287578.5100729465484619140625 HTTP/1.1" 200 0 "-" "WordPress/6.6.2; https://dietcontrungnhanh.com"
52.178.192.188 - - [18/Oct/2024:17:39:38 -0400] "GET /wp-admin/css/rk2.php HTTP/1.1" 404 17391 "-" "-"
162.213.251.195 - - [18/Oct/2024:17:39:40 -0400] "POST /wp-cron.php?doing_wp_cron=1729287579.9031689167022705078125 HTTP/1.1" 200 0 "-" "WordPress/6.6.2; https://dietcontrungnhanh.com"
52.178.192.188 - - [18/Oct/2024:17:39:39 -0400] "GET /wp-includes/php-compat/index.php HTTP/1.1" 301 0 "-" "-"
52.178.192.188 - - [18/Oct/2024:17:39:40 -0400] "GET /wp-includes/php-compat/ HTTP/1.1" 403 1242 "-" "-"
162.213.251.195 - - [18/Oct/2024:17:39:41 -0400] "POST /wp-cron.php?doing_wp_cron=1729287581.0640780925750732421875 HTTP/1.1" 200 0 "-" "WordPress/6.6.2; https://dietcontrungnhanh.com"
52.178.192.188 - - [18/Oct/2024:17:39:40 -0400] "GET /wp-includes/SimplePie/network.php HTTP/1.1" 404 17397 "-" "-"
162.213.251.195 - - [18/Oct/2024:17:39:42 -0400] "POST /wp-cron.php?doing_wp_cron=1729287582.3522200584411621093750 HTTP/1.1" 200 0 "-" "WordPress/6.6.2; https://dietcontrungnhanh.com"
52.178.192.188 - - [18/Oct/2024:17:39:42 -0400] "GET /fond.php/text.php/mini.php HTTP/1.1" 404 17370 "-" "-"
162.213.251.195 - - [18/Oct/2024:17:39:43 -0400] "POST /wp-cron.php?doing_wp_cron=1729287583.5066919326782226562500 HTTP/1.1" 200 0 "-" "WordPress/6.6.2; https://dietcontrungnhanh.com"
52.178.192.188 - - [18/Oct/2024:17:39:43 -0400] "GET /customize.php HTTP/1.1" 404 16550 "-" "-"
162.213.251.195 - - [18/Oct/2024:17:39:44 -0400] "POST /wp-cron.php?doing_wp_cron=1729287584.6910200119018554687500 HTTP/1.1" 200 0 "-" "WordPress/6.6.2; https://dietcontrungnhanh.com"
52.178.192.188 - - [18/Oct/2024:17:39:44 -0400] "GET /wp-admin/css/colors/modern/yZChe.php HTTP/1.1" 404 17371 "-" "-"
162.213.251.195 - - [18/Oct/2024:17:39:46 -0400] "POST /wp-cron.php?doing_wp_cron=1729287585.9311389923095703125000 HTTP/1.1" 200 0 "-" "WordPress/6.6.2; https://dietcontrungnhanh.com"
52.178.192.188 - - [18/Oct/2024:17:39:45 -0400] "GET /wp-content/wsoyanzfv3.phP8 HTTP/1.1" 404 16558 "-" "-"
162.213.251.195 - - [18/Oct/2024:17:39:47 -0400] "POST /wp-cron.php?doing_wp_cron=1729287587.1153349876403808593750 HTTP/1.1" 200 0 "-" "WordPress/6.6.2; https://dietcontrungnhanh.com"
52.178.192.188 - - [18/Oct/2024:17:39:46 -0400] "GET /wp-content/languages/erin1.PhP7 HTTP/1.1" 404 17403 "-" "-"
162.213.251.195 - - [18/Oct/2024:17:39:48 -0400] "POST /wp-cron.php?doing_wp_cron=1729287588.3626019954681396484375 HTTP/1.1" 200 0 "-" "WordPress/6.6.2; https://dietcontrungnhanh.com"
52.178.192.188 - - [18/Oct/2024:17:39:48 -0400] "GET /wp-content/upgrade/themes.php HTTP/1.1" 404 17364 "-" "-"
162.213.251.195 - - [18/Oct/2024:17:39:49 -0400] "POST /wp-cron.php?doing_wp_cron=1729287589.5183761119842529296875 HTTP/1.1" 200 0 "-" "WordPress/6.6.2; https://dietcontrungnhanh.com"
52.178.192.188 - - [18/Oct/2024:17:39:49 -0400] "GET /modules/class.cache.php HTTP/1.1" 404 16554 "-" "-"
52.178.192.188 - - [18/Oct/2024:17:39:50 -0400] "GET /wp-content/plugins/linkpreview/db.php HTTP/1.1" 403 1242 "-" "-"
162.213.251.195 - - [18/Oct/2024:17:39:51 -0400] "POST /wp-cron.php?doing_wp_cron=1729287591.0289769172668457031250 HTTP/1.1" 200 0 "-" "WordPress/6.6.2; https://dietcontrungnhanh.com"
52.178.192.188 - - [18/Oct/2024:17:39:50 -0400] "GET /include/Lurd.class.php HTTP/1.1" 404 16546 "-" "-"
52.178.192.188 - - [18/Oct/2024:17:39:51 -0400] "GET /wp-admin/includes/dropdown.php HTTP/1.1" 403 1242 "-" "-"
162.213.251.195 - - [18/Oct/2024:17:39:52 -0400] "POST /wp-cron.php?doing_wp_cron=1729287592.6151831150054931640625 HTTP/1.1" 200 0 "-" "WordPress/6.6.2; https://dietcontrungnhanh.com"
52.178.192.188 - - [18/Oct/2024:17:39:52 -0400] "GET /mar.php HTTP/1.1" 404 16546 "-" "-"
162.213.251.195 - - [18/Oct/2024:17:39:54 -0400] "POST /wp-cron.php?doing_wp_cron=1729287593.7587110996246337890625 HTTP/1.1" 200 0 "-" "WordPress/6.6.2; https://dietcontrungnhanh.com"
52.178.192.188 - - [18/Oct/2024:17:39:53 -0400] "GET /wp-admin/css/colors/blue/blkncoix.php HTTP/1.1" 404 17396 "-" "-"
162.213.251.195 - - [18/Oct/2024:17:39:55 -0400] "POST /wp-cron.php?doing_wp_cron=1729287594.9797630310058593750000 HTTP/1.1" 200 0 "-" "WordPress/6.6.2; https://dietcontrungnhanh.com"
52.178.192.188 - - [18/Oct/2024:17:39:54 -0400] "GET /wp-includes/Text/wp-login.php HTTP/1.1" 404 17378 "-" "-"
52.178.192.188 - - [18/Oct/2024:17:39:55 -0400] "GET /.well-known/pki-validation/xmrlpc.php HTTP/1.1" 404 1251 "-" "-"
52.178.192.188 - - [18/Oct/2024:17:39:56 -0400] "GET /wp-content/themes/f9cqphhf/fooster1337.php HTTP/1.1" 403 1242 "-" "-"
162.213.251.195 - - [18/Oct/2024:17:39:57 -0400] "POST /wp-cron.php?doing_wp_cron=1729287596.9018280506134033203125 HTTP/1.1" 200 0 "-" "WordPress/6.6.2; https://dietcontrungnhanh.com"
52.178.192.188 - - [18/Oct/2024:17:39:56 -0400] "GET /museu/wp-content/plugins/wmmpicl/qrfmimcv.php HTTP/1.1" 404 17387 "-" "-"
162.213.251.195 - - [18/Oct/2024:17:39:58 -0400] "POST /wp-cron.php?doing_wp_cron=1729287598.0761079788208007812500 HTTP/1.1" 200 0 "-" "WordPress/6.6.2; https://dietcontrungnhanh.com"
52.178.192.188 - - [18/Oct/2024:17:39:57 -0400] "GET /.wp-cli/ynz.PhP7 HTTP/1.1" 404 16555 "-" "-"
162.213.251.195 - - [18/Oct/2024:17:39:59 -0400] "POST /wp-cron.php?doing_wp_cron=1729287599.2871160507202148437500 HTTP/1.1" 200 0 "-" "WordPress/6.6.2; https://dietcontrungnhanh.com"
52.178.192.188 - - [18/Oct/2024:17:39:59 -0400] "GET /admin/controller/extension/extension/Not_Found.php HTTP/1.1" 404 17389 "-" "-"
52.178.192.188 - - [18/Oct/2024:17:40:00 -0400] "GET /wp-content/plugins/linkpreview/db.php?u HTTP/1.1" 403 1242 "-" "-"
162.213.251.195 - - [18/Oct/2024:17:40:01 -0400] "POST /wp-cron.php?doing_wp_cron=1729287600.8900320529937744140625 HTTP/1.1" 200 0 "-" "WordPress/6.6.2; https://dietcontrungnhanh.com"
52.178.192.188 - - [18/Oct/2024:17:40:00 -0400] "GET /wp-includes/js/about.php HTTP/1.1" 404 17364 "-" "-"
162.213.251.195 - - [18/Oct/2024:17:40:02 -0400] "POST /wp-cron.php?doing_wp_cron=1729287602.5639939308166503906250 HTTP/1.1" 200 0 "-" "WordPress/6.6.2; https://dietcontrungnhanh.com"
52.178.192.188 - - [18/Oct/2024:17:40:01 -0400] "GET /wp-includes/css/tools.php HTTP/1.1" 404 17387 "-" "-"
162.213.251.195 - - [18/Oct/2024:17:40:04 -0400] "POST /wp-cron.php?doing_wp_cron=1729287604.5552148818969726562500 HTTP/1.1" 200 0 "-" "WordPress/6.6.2; https://dietcontrungnhanh.com"
52.178.192.188 - - [18/Oct/2024:17:40:04 -0400] "GET /wp-content/alfamodif.php HTTP/1.1" 404 16538 "-" "-"
52.178.192.188 - - [18/Oct/2024:17:40:05 -0400] "GET /wp-includes/3i5hg.php HTTP/1.1" 403 1242 "-" "-"
162.213.251.195 - - [18/Oct/2024:17:40:06 -0400] "POST /wp-cron.php?doing_wp_cron=1729287606.5576241016387939453125 HTTP/1.1" 200 0 "-" "WordPress/6.6.2; https://dietcontrungnhanh.com"
52.178.192.188 - - [18/Oct/2024:17:40:06 -0400] "GET /wp/abe.php HTTP/1.1" 404 16558 "-" "-"
162.213.251.195 - - [18/Oct/2024:17:40:08 -0400] "POST /wp-cron.php?doing_wp_cron=1729287608.1200680732727050781250 HTTP/1.1" 200 0 "-" "WordPress/6.6.2; https://dietcontrungnhanh.com"
52.178.192.188 - - [18/Oct/2024:17:40:07 -0400] "GET /cgi-bin/cgi-bin/about.php7 HTTP/1.1" 404 17381 "-" "-"
162.213.251.195 - - [18/Oct/2024:17:40:10 -0400] "POST /wp-cron.php?doing_wp_cron=1729287610.0625789165496826171875 HTTP/1.1" 200 0 "-" "WordPress/6.6.2; https://dietcontrungnhanh.com"
52.178.192.188 - - [18/Oct/2024:17:40:09 -0400] "GET /wp-content/languages/alfa-rex.php8 HTTP/1.1" 404 17416 "-" "-"
162.213.251.195 - - [18/Oct/2024:17:40:11 -0400] "POST /wp-cron.php?doing_wp_cron=1729287611.3693690299987792968750 HTTP/1.1" 200 0 "-" "WordPress/6.6.2; https://dietcontrungnhanh.com"
52.178.192.188 - - [18/Oct/2024:17:40:11 -0400] "GET /shop/wp-content/themes/pridmag/db.php HTTP/1.1" 404 17399 "-" "-"
162.213.251.195 - - [18/Oct/2024:17:40:12 -0400] "POST /wp-cron.php?doing_wp_cron=1729287612.5740799903869628906250 HTTP/1.1" 200 0 "-" "WordPress/6.6.2; https://dietcontrungnhanh.com"
52.178.192.188 - - [18/Oct/2024:17:40:12 -0400] "GET /wp-includes/css/network.php HTTP/1.1" 404 17399 "-" "-"
52.178.192.188 - - [18/Oct/2024:17:40:13 -0400] "GET /wp-content/plugins/x/index.php HTTP/1.1" 403 1242 "-" "-"
162.213.251.195 - - [18/Oct/2024:17:40:14 -0400] "POST /wp-cron.php?doing_wp_cron=1729287614.5612881183624267578125 HTTP/1.1" 200 0 "-" "WordPress/6.6.2; https://dietcontrungnhanh.com"
52.178.192.188 - - [18/Oct/2024:17:40:14 -0400] "GET /wp-includes/images/smilies/about.php HTTP/1.1" 404 17390 "-" "-"
52.178.192.188 - - [18/Oct/2024:17:40:15 -0400] "GET /wp-includes/RxRpwnuzbzk.php HTTP/1.1" 403 1242 "-" "-"
162.213.251.195 - - [18/Oct/2024:17:40:16 -0400] "POST /wp-cron.php?doing_wp_cron=1729287616.4225869178771972656250 HTTP/1.1" 200 0 "-" "WordPress/6.6.2; https://dietcontrungnhanh.com"
52.178.192.188 - - [18/Oct/2024:17:40:16 -0400] "GET /wp-admin/css/colors/coffee/fosil.php HTTP/1.1" 404 17372 "-" "-"
162.213.251.195 - - [18/Oct/2024:17:40:18 -0400] "POST /wp-cron.php?doing_wp_cron=1729287617.8302059173583984375000 HTTP/1.1" 200 0 "-" "WordPress/6.6.2; https://dietcontrungnhanh.com"
52.178.192.188 - - [18/Oct/2024:17:40:17 -0400] "GET /wp-aa.php HTTP/1.1" 404 16541 "-" "-"
162.213.251.195 - - [18/Oct/2024:17:40:19 -0400] "POST /wp-cron.php?doing_wp_cron=1729287619.1557190418243408203125 HTTP/1.1" 200 0 "-" "WordPress/6.6.2; https://dietcontrungnhanh.com"
52.178.192.188 - - [18/Oct/2024:17:40:18 -0400] "GET /wp-comment.php7 HTTP/1.1" 404 16551 "-" "-"
52.178.192.188 - - [18/Oct/2024:17:40:20 -0400] "GET /wp-content/upgrade HTTP/1.1" 301 795 "-" "-"
52.178.192.188 - - [18/Oct/2024:17:40:20 -0400] "GET /wp-content/upgrade/ HTTP/1.1" 403 1242 "-" "-"
162.213.251.195 - - [18/Oct/2024:17:40:21 -0400] "POST /wp-cron.php?doing_wp_cron=1729287621.0267729759216308593750 HTTP/1.1" 200 0 "-" "WordPress/6.6.2; https://dietcontrungnhanh.com"
52.178.192.188 - - [18/Oct/2024:17:40:20 -0400] "GET /bkqmgnts.php HTTP/1.1" 404 16548 "-" "-"
52.178.192.188 - - [18/Oct/2024:17:40:22 -0400] "GET /wp-content/plugins/5wr09dfi/fooster1337.php HTTP/1.1" 403 1242 "-" "-"
162.213.251.195 - - [18/Oct/2024:17:40:22 -0400] "POST /wp-cron.php?doing_wp_cron=1729287622.7430670261383056640625 HTTP/1.1" 200 0 "-" "WordPress/6.6.2; https://dietcontrungnhanh.com"
52.178.192.188 - - [18/Oct/2024:17:40:22 -0400] "GET /index/fex.php HTTP/1.1" 404 16540 "-" "-"
162.213.251.195 - - [18/Oct/2024:17:40:24 -0400] "POST /wp-cron.php?doing_wp_cron=1729287624.0859858989715576171875 HTTP/1.1" 200 0 "-" "WordPress/6.6.2; https://dietcontrungnhanh.com"
52.178.192.188 - - [18/Oct/2024:17:40:23 -0400] "GET /.well-known/acme-challenge/65afag.php HTTP/1.1" 404 17405 "-" "-"
162.213.251.195 - - [18/Oct/2024:17:40:26 -0400] "POST /wp-cron.php?doing_wp_cron=1729287625.8161261081695556640625 HTTP/1.1" 200 0 "-" "WordPress/6.6.2; https://dietcontrungnhanh.com"
52.178.192.188 - - [18/Oct/2024:17:40:25 -0400] "GET /wp-includes/js/tinymce/plugins/compat3x/index.php HTTP/1.1" 301 0 "-" "-"
52.178.192.188 - - [18/Oct/2024:17:40:26 -0400] "GET /wp-includes/js/tinymce/plugins/compat3x/ HTTP/1.1" 403 1242 "-" "-"
162.213.251.195 - - [18/Oct/2024:17:40:27 -0400] "POST /wp-cron.php?doing_wp_cron=1729287627.5236039161682128906250 HTTP/1.1" 200 0 "-" "WordPress/6.6.2; https://dietcontrungnhanh.com"
52.178.192.188 - - [18/Oct/2024:17:40:27 -0400] "GET /wp-includes/wp-includes/atomlib.php HTTP/1.1" 404 17390 "-" "-"
52.178.192.188 - - [18/Oct/2024:17:40:28 -0400] "GET /wp-admin/includes/class-wp-users.php HTTP/1.1" 403 1242 "-" "-"
162.213.251.195 - - [18/Oct/2024:17:40:29 -0400] "POST /wp-cron.php?doing_wp_cron=1729287629.4797410964965820312500 HTTP/1.1" 200 0 "-" "WordPress/6.6.2; https://dietcontrungnhanh.com"
52.178.192.188 - - [18/Oct/2024:17:40:29 -0400] "GET /wp-includes/rest-api/search/index.php HTTP/1.1" 301 0 "-" "-"
52.178.192.188 - - [18/Oct/2024:17:40:30 -0400] "GET /wp-includes/rest-api/search/ HTTP/1.1" 403 1242 "-" "-"
162.213.251.195 - - [18/Oct/2024:17:40:31 -0400] "POST /wp-cron.php?doing_wp_cron=1729287630.9235010147094726562500 HTTP/1.1" 200 0 "-" "WordPress/6.6.2; https://dietcontrungnhanh.com"
52.178.192.188 - - [18/Oct/2024:17:40:30 -0400] "GET /edit.php HTTP/1.1" 404 16543 "-" "-"
52.178.192.188 - - [18/Oct/2024:17:40:32 -0400] "GET /wp-content/themes/alera/gecko.php HTTP/1.1" 403 1242 "-" "-"
52.178.192.188 - - [18/Oct/2024:17:40:32 -0400] "GET /wp-content/plugins/trxfree/elp.php HTTP/1.1" 403 1242 "-" "-"
52.178.192.188 - - [18/Oct/2024:17:40:32 -0400] "GET /wp-content/themes/9rafadt6/fooster1337.php HTTP/1.1" 403 1242 "-" "-"
162.213.251.195 - - [18/Oct/2024:17:40:33 -0400] "POST /wp-cron.php?doing_wp_cron=1729287633.4573891162872314453125 HTTP/1.1" 200 0 "-" "WordPress/6.6.2; https://dietcontrungnhanh.com"
52.178.192.188 - - [18/Oct/2024:17:40:33 -0400] "GET /kgomwscz.php HTTP/1.1" 404 16538 "-" "-"
162.213.251.195 - - [18/Oct/2024:17:40:35 -0400] "POST /wp-cron.php?doing_wp_cron=1729287634.8417210578918457031250 HTTP/1.1" 200 0 "-" "WordPress/6.6.2; https://dietcontrungnhanh.com"
52.178.192.188 - - [18/Oct/2024:17:40:34 -0400] "GET /wp-includes/js/erin1.PhP7 HTTP/1.1" 404 17365 "-" "-"
162.213.251.195 - - [18/Oct/2024:17:40:36 -0400] "POST /wp-cron.php?doing_wp_cron=1729287636.4569489955902099609375 HTTP/1.1" 200 0 "-" "WordPress/6.6.2; https://dietcontrungnhanh.com"
52.178.192.188 - - [18/Oct/2024:17:40:36 -0400] "GET /wp-admin/css/colors/midnight/WuTRJzFra.php HTTP/1.1" 404 17404 "-" "-"
162.213.251.195 - - [18/Oct/2024:17:40:38 -0400] "POST /wp-cron.php?doing_wp_cron=1729287637.9696629047393798828125 HTTP/1.1" 200 0 "-" "WordPress/6.6.2; https://dietcontrungnhanh.com"
52.178.192.188 - - [18/Oct/2024:17:40:37 -0400] "GET /assets/ws.php.php HTTP/1.1" 404 16544 "-" "-"
52.178.192.188 - - [18/Oct/2024:17:40:39 -0400] "GET /wp-includes/wp-login.php HTTP/1.1" 403 1242 "-" "-"
162.213.251.195 - - [18/Oct/2024:17:40:40 -0400] "POST /wp-cron.php?doing_wp_cron=1729287640.0880711078643798828125 HTTP/1.1" 200 0 "-" "WordPress/6.6.2; https://dietcontrungnhanh.com"
52.178.192.188 - - [18/Oct/2024:17:40:39 -0400] "GET /function.php HTTP/1.1" 404 16559 "-" "-"
162.213.251.195 - - [18/Oct/2024:17:40:41 -0400] "POST /wp-cron.php?doing_wp_cron=1729287641.7269029617309570312500 HTTP/1.1" 200 0 "-" "WordPress/6.6.2; https://dietcontrungnhanh.com"
52.178.192.188 - - [18/Oct/2024:17:40:41 -0400] "GET /ova.php HTTP/1.1" 404 16547 "-" "-"
52.178.192.188 - - [18/Oct/2024:17:40:42 -0400] "GET /wp-content/themes/k3myd6ht/fooster1337.php HTTP/1.1" 403 1242 "-" "-"
52.178.192.188 - - [18/Oct/2024:17:40:43 -0400] "GET /wp-content/plugins/api.php HTTP/1.1" 403 1242 "-" "-"
162.213.251.195 - - [18/Oct/2024:17:40:44 -0400] "POST /wp-cron.php?doing_wp_cron=1729287644.1690330505371093750000 HTTP/1.1" 200 0 "-" "WordPress/6.6.2; https://dietcontrungnhanh.com"
52.178.192.188 - - [18/Oct/2024:17:40:43 -0400] "GET /abouts.php HTTP/1.1" 404 16542 "-" "-"
162.213.251.195 - - [18/Oct/2024:17:40:45 -0400] "POST /wp-cron.php?doing_wp_cron=1729287645.6484429836273193359375 HTTP/1.1" 200 0 "-" "WordPress/6.6.2; https://dietcontrungnhanh.com"
52.178.192.188 - - [18/Oct/2024:17:40:45 -0400] "GET /img/cloud.php HTTP/1.1" 404 16553 "-" "-"
162.213.251.195 - - [18/Oct/2024:17:40:47 -0400] "POST /wp-cron.php?doing_wp_cron=1729287647.1862919330596923828125 HTTP/1.1" 200 0 "-" "WordPress/6.6.2; https://dietcontrungnhanh.com"
52.178.192.188 - - [18/Oct/2024:17:40:46 -0400] "GET /bod/.ll/luuf.php HTTP/1.1" 404 17376 "-" "-"
162.213.251.195 - - [18/Oct/2024:17:40:49 -0400] "POST /wp-cron.php?doing_wp_cron=1729287648.7965290546417236328125 HTTP/1.1" 200 0 "-" "WordPress/6.6.2; https://dietcontrungnhanh.com"
52.178.192.188 - - [18/Oct/2024:17:40:48 -0400] "GET /dixieoed.php HTTP/1.1" 404 16554 "-" "-"
52.178.192.188 - - [18/Oct/2024:17:40:49 -0400] "GET /wp-content/uploads/luuf.php HTTP/1.1" 403 1242 "-" "-"
52.178.192.188 - - [18/Oct/2024:17:40:50 -0400] "GET /wp-content/plugins/Core-Econ/upH.php HTTP/1.1" 403 1242 "-" "-"
52.178.192.188 - - [18/Oct/2024:17:40:50 -0400] "GET /wp-content/plugins/Cache/alfa-rex.php7 HTTP/1.1" 403 1242 "-" "-"
162.213.251.195 - - [18/Oct/2024:17:40:51 -0400] "POST /wp-cron.php?doing_wp_cron=1729287651.5275380611419677734375 HTTP/1.1" 200 0 "-" "WordPress/6.6.2; https://dietcontrungnhanh.com"
52.178.192.188 - - [18/Oct/2024:17:40:50 -0400] "GET /.well-known/pki-validationalfa-rex.php8 HTTP/1.1" 404 16581 "-" "-"
162.213.251.195 - - [18/Oct/2024:17:40:53 -0400] "POST /wp-cron.php?doing_wp_cron=1729287652.7586829662322998046875 HTTP/1.1" 200 0 "-" "WordPress/6.6.2; https://dietcontrungnhanh.com"
52.178.192.188 - - [18/Oct/2024:17:40:52 -0400] "GET /wp-includes/IXR/about.php HTTP/1.1" 404 17376 "-" "-"
162.213.251.195 - - [18/Oct/2024:17:40:54 -0400] "POST /wp-cron.php?doing_wp_cron=1729287653.9283220767974853515625 HTTP/1.1" 200 0 "-" "WordPress/6.6.2; https://dietcontrungnhanh.com"
52.178.192.188 - - [18/Oct/2024:17:40:53 -0400] "GET /img/img.php HTTP/1.1" 404 16532 "-" "-"
162.213.251.195 - - [18/Oct/2024:17:40:55 -0400] "POST /wp-cron.php?doing_wp_cron=1729287655.1472969055175781250000 HTTP/1.1" 200 0 "-" "WordPress/6.6.2; https://dietcontrungnhanh.com"
52.178.192.188 - - [18/Oct/2024:17:40:54 -0400] "GET /wordpress/wp-content/plugins/xcvb HTTP/1.1" 404 19581 "-" "-"
52.178.192.188 - - [18/Oct/2024:17:40:56 -0400] "GET /wp-content/plugins/wp-theme-editor/include.php HTTP/1.1" 403 1242 "-" "-"
162.213.251.195 - - [18/Oct/2024:17:40:57 -0400] "POST /wp-cron.php?doing_wp_cron=1729287656.7756040096282958984375 HTTP/1.1" 200 0 "-" "WordPress/6.6.2; https://dietcontrungnhanh.com"
52.178.192.188 - - [18/Oct/2024:17:40:56 -0400] "GET /wp-includes/js/tinymce/plugins/compat3x/admin.php HTTP/1.1" 404 17390 "-" "-"
162.213.251.195 - - [18/Oct/2024:17:40:58 -0400] "POST /wp-cron.php?doing_wp_cron=1729287658.0457808971405029296875 HTTP/1.1" 200 0 "-" "WordPress/6.6.2; https://dietcontrungnhanh.com"
52.178.192.188 - - [18/Oct/2024:17:40:57 -0400] "GET /wp-includes/js/alfa-rex.php7 HTTP/1.1" 404 17380 "-" "-"
162.213.251.195 - - [18/Oct/2024:17:40:59 -0400] "POST /wp-cron.php?doing_wp_cron=1729287659.1858570575714111328125 HTTP/1.1" 200 0 "-" "WordPress/6.6.2; https://dietcontrungnhanh.com"
52.178.192.188 - - [18/Oct/2024:17:40:58 -0400] "GET /wp-admin/maint/maint/ajax-actions.php HTTP/1.1" 404 17396 "-" "-"
162.213.251.195 - - [18/Oct/2024:17:41:00 -0400] "POST /wp-cron.php?doing_wp_cron=1729287660.3647930622100830078125 HTTP/1.1" 200 0 "-" "WordPress/6.6.2; https://dietcontrungnhanh.com"
52.178.192.188 - - [18/Oct/2024:17:41:00 -0400] "GET /css/alfa-rex.php8 HTTP/1.1" 404 16561 "-" "-"
162.213.251.195 - - [18/Oct/2024:17:41:01 -0400] "POST /wp-cron.php?doing_wp_cron=1729287661.6063609123229980468750 HTTP/1.1" 200 0 "-" "WordPress/6.6.2; https://dietcontrungnhanh.com"
52.178.192.188 - - [18/Oct/2024:17:41:01 -0400] "GET /wp-content/plugins/xxcvw HTTP/1.1" 404 19585 "-" "-"
162.213.251.195 - - [18/Oct/2024:17:41:03 -0400] "POST /wp-cron.php?doing_wp_cron=1729287662.8837049007415771484375 HTTP/1.1" 200 0 "-" "WordPress/6.6.2; https://dietcontrungnhanh.com"
52.178.192.188 - - [18/Oct/2024:17:41:02 -0400] "GET /mainpage/wp-content/plugins/fix/up.php HTTP/1.1" 404 17389 "-" "-"
52.178.192.188 - - [18/Oct/2024:17:41:03 -0400] "GET /wp-content/themes/oc7y6yjs/fooster1337.php HTTP/1.1" 403 1242 "-" "-"
162.213.251.195 - - [18/Oct/2024:17:41:04 -0400] "POST /wp-cron.php?doing_wp_cron=1729287664.5081050395965576171875 HTTP/1.1" 200 0 "-" "WordPress/6.6.2; https://dietcontrungnhanh.com"
52.178.192.188 - - [18/Oct/2024:17:41:04 -0400] "GET /wp-content/languages/admin.php HTTP/1.1" 404 17372 "-" "-"
162.213.251.195 - - [18/Oct/2024:17:41:05 -0400] "POST /wp-cron.php?doing_wp_cron=1729287665.6858460903167724609375 HTTP/1.1" 200 0 "-" "WordPress/6.6.2; https://dietcontrungnhanh.com"
52.178.192.188 - - [18/Oct/2024:17:41:05 -0400] "GET /cgi-bin/users.php HTTP/1.1" 404 16557 "-" "-"
162.213.251.195 - - [18/Oct/2024:17:41:07 -0400] "POST /wp-cron.php?doing_wp_cron=1729287666.9569239616394042968750 HTTP/1.1" 200 0 "-" "WordPress/6.6.2; https://dietcontrungnhanh.com"
52.178.192.188 - - [18/Oct/2024:17:41:06 -0400] "GET /wp-includes/rest-api/alfa-rex.php8 HTTP/1.1" 404 17390 "-" "-"
162.213.251.195 - - [18/Oct/2024:17:41:08 -0400] "POST /wp-cron.php?doing_wp_cron=1729287668.2249219417572021484375 HTTP/1.1" 200 0 "-" "WordPress/6.6.2; https://dietcontrungnhanh.com"
52.178.192.188 - - [18/Oct/2024:17:41:07 -0400] "GET /wsoyanzfv3.phP8 HTTP/1.1" 404 16532 "-" "-"
162.213.251.195 - - [18/Oct/2024:17:41:09 -0400] "POST /wp-cron.php?doing_wp_cron=1729287669.4663970470428466796875 HTTP/1.1" 200 0 "-" "WordPress/6.6.2; https://dietcontrungnhanh.com"
52.178.192.188 - - [18/Oct/2024:17:41:09 -0400] "GET /wp-admin/js/widgets/about.php7 HTTP/1.1" 404 17399 "-" "-"
162.213.251.195 - - [18/Oct/2024:17:41:11 -0400] "POST /wp-cron.php?doing_wp_cron=1729287670.7999629974365234375000 HTTP/1.1" 200 0 "-" "WordPress/6.6.2; https://dietcontrungnhanh.com"
52.178.192.188 - - [18/Oct/2024:17:41:10 -0400] "GET /.well-known/acme-challenge/.info.php HTTP/1.1" 404 17409 "-" "-"
162.213.251.195 - - [18/Oct/2024:17:41:12 -0400] "POST /wp-cron.php?doing_wp_cron=1729287672.1800730228424072265625 HTTP/1.1" 200 0 "-" "WordPress/6.6.2; https://dietcontrungnhanh.com"
52.178.192.188 - - [18/Oct/2024:17:41:11 -0400] "GET /wp-includes/zwi-cofg.php.suspected HTTP/1.1" 404 16558 "-" "-"
52.178.192.188 - - [18/Oct/2024:17:41:13 -0400] "GET /wp-content/themes/n8hy6xml/fooster1337.php HTTP/1.1" 403 1242 "-" "-"
162.213.251.195 - - [18/Oct/2024:17:41:14 -0400] "POST /wp-cron.php?doing_wp_cron=1729287673.7454628944396972656250 HTTP/1.1" 200 0 "-" "WordPress/6.6.2; https://dietcontrungnhanh.com"
52.178.192.188 - - [18/Oct/2024:17:41:13 -0400] "GET /modules/mod_simplefileuploadv1.3/elements/roitwxmv.php HTTP/1.1" 404 17411 "-" "-"
162.213.251.195 - - [18/Oct/2024:17:41:15 -0400] "POST /wp-cron.php?doing_wp_cron=1729287675.0160379409790039062500 HTTP/1.1" 200 0 "-" "WordPress/6.6.2; https://dietcontrungnhanh.com"
52.178.192.188 - - [18/Oct/2024:17:41:14 -0400] "GET /wp-admin/codeboy1877_up.php HTTP/1.1" 404 16537 "-" "-"
162.213.251.195 - - [18/Oct/2024:17:41:16 -0400] "POST /wp-cron.php?doing_wp_cron=1729287676.3266339302062988281250 HTTP/1.1" 200 0 "-" "WordPress/6.6.2; https://dietcontrungnhanh.com"
52.178.192.188 - - [18/Oct/2024:17:41:16 -0400] "GET /profile.php HTTP/1.1" 404 16537 "-" "-"
52.178.192.188 - - [18/Oct/2024:17:41:17 -0400] "GET /wp-includes/theme-compat HTTP/1.1" 301 795 "-" "-"
52.178.192.188 - - [18/Oct/2024:17:41:17 -0400] "GET /wp-includes/theme-compat/ HTTP/1.1" 403 1242 "-" "-"
162.213.251.195 - - [18/Oct/2024:17:41:18 -0400] "POST /wp-cron.php?doing_wp_cron=1729287678.3189840316772460937500 HTTP/1.1" 200 0 "-" "WordPress/6.6.2; https://dietcontrungnhanh.com"
52.178.192.188 - - [18/Oct/2024:17:41:17 -0400] "GET /privacy.php HTTP/1.1" 404 16568 "-" "-"
162.213.251.195 - - [18/Oct/2024:17:41:19 -0400] "POST /wp-cron.php?doing_wp_cron=1729287679.7453069686889648437500 HTTP/1.1" 200 0 "-" "WordPress/6.6.2; https://dietcontrungnhanh.com"
52.178.192.188 - - [18/Oct/2024:17:41:19 -0400] "GET /dozypzuc.php HTTP/1.1" 404 16542 "-" "-"
162.213.251.195 - - [18/Oct/2024:17:41:21 -0400] "POST /wp-cron.php?doing_wp_cron=1729287681.0791480541229248046875 HTTP/1.1" 200 0 "-" "WordPress/6.6.2; https://dietcontrungnhanh.com"
52.178.192.188 - - [18/Oct/2024:17:41:20 -0400] "GET /vv.php HTTP/1.1" 404 16533 "-" "-"
52.178.192.188 - - [18/Oct/2024:17:41:22 -0400] "GET /wp-includes/meiavaqi.php HTTP/1.1" 403 1242 "-" "-"
162.213.251.195 - - [18/Oct/2024:17:41:22 -0400] "POST /wp-cron.php?doing_wp_cron=1729287682.6193981170654296875000 HTTP/1.1" 200 0 "-" "WordPress/6.6.2; https://dietcontrungnhanh.com"
52.178.192.188 - - [18/Oct/2024:17:41:22 -0400] "GET /install.php HTTP/1.1" 404 16514 "-" "-"
162.213.251.195 - - [18/Oct/2024:17:41:24 -0400] "POST /wp-cron.php?doing_wp_cron=1729287684.0819890499114990234375 HTTP/1.1" 200 0 "-" "WordPress/6.6.2; https://dietcontrungnhanh.com"
52.178.192.188 - - [18/Oct/2024:17:41:23 -0400] "GET /mari.php HTTP/1.1" 404 16533 "-" "-"
162.213.251.195 - - [18/Oct/2024:17:41:25 -0400] "POST /wp-cron.php?doing_wp_cron=1729287685.2428419589996337890625 HTTP/1.1" 200 0 "-" "WordPress/6.6.2; https://dietcontrungnhanh.com"
52.178.192.188 - - [18/Oct/2024:17:41:25 -0400] "GET /gins/wp-help/index.php HTTP/1.1" 301 0 "-" "-"
162.213.251.195 - - [18/Oct/2024:17:41:26 -0400] "POST /wp-cron.php?doing_wp_cron=1729287685.9184520244598388671875 HTTP/1.1" 200 0 "-" "WordPress/6.6.2; https://dietcontrungnhanh.com"
52.178.192.188 - - [18/Oct/2024:17:41:25 -0400] "GET /gins/wp-help/ HTTP/1.1" 404 18715 "-" "-"
52.178.192.188 - - [18/Oct/2024:17:41:26 -0400] "GET /wp-content/themes/twentytwenty/404.php HTTP/1.1" 403 1242 "-" "-"
162.213.251.195 - - [18/Oct/2024:17:41:27 -0400] "POST /wp-cron.php?doing_wp_cron=1729287687.5040540695190429687500 HTTP/1.1" 200 0 "-" "WordPress/6.6.2; https://dietcontrungnhanh.com"
52.178.192.188 - - [18/Oct/2024:17:41:27 -0400] "GET /modules/mod_simplefileuploadv1.3/elements/aojhpgkj.php HTTP/1.1" 404 17405 "-" "-"
162.213.251.195 - - [18/Oct/2024:17:41:28 -0400] "POST /wp-cron.php?doing_wp_cron=1729287688.6829578876495361328125 HTTP/1.1" 200 0 "-" "WordPress/6.6.2; https://dietcontrungnhanh.com"
52.178.192.188 - - [18/Oct/2024:17:41:28 -0400] "GET /wp-admin/images/spin.php HTTP/1.1" 404 17367 "-" "-"
162.213.251.195 - - [18/Oct/2024:17:41:30 -0400] "POST /wp-cron.php?doing_wp_cron=1729287689.8775079250335693359375 HTTP/1.1" 200 0 "-" "WordPress/6.6.2; https://dietcontrungnhanh.com"
52.178.192.188 - - [18/Oct/2024:17:41:29 -0400] "GET /wp-includes/Text/index.php HTTP/1.1" 301 0 "-" "-"
52.178.192.188 - - [18/Oct/2024:17:41:30 -0400] "GET /wp-includes/Text/ HTTP/1.1" 403 1242 "-" "-"
162.213.251.195 - - [18/Oct/2024:17:41:31 -0400] "POST /wp-cron.php?doing_wp_cron=1729287691.0724709033966064453125 HTTP/1.1" 200 0 "-" "WordPress/6.6.2; https://dietcontrungnhanh.com"
52.178.192.188 - - [18/Oct/2024:17:41:30 -0400] "GET /index HTTP/1.1" 404 18683 "-" "-"
162.213.251.195 - - [18/Oct/2024:17:41:32 -0400] "POST /wp-cron.php?doing_wp_cron=1729287692.4315330982208251953125 HTTP/1.1" 200 0 "-" "WordPress/6.6.2; https://dietcontrungnhanh.com"
52.178.192.188 - - [18/Oct/2024:17:41:32 -0400] "GET /dirs.php HTTP/1.1" 404 16546 "-" "-"
162.213.251.195 - - [18/Oct/2024:17:41:33 -0400] "POST /wp-cron.php?doing_wp_cron=1729287693.7377889156341552734375 HTTP/1.1" 200 0 "-" "WordPress/6.6.2; https://dietcontrungnhanh.com"
52.178.192.188 - - [18/Oct/2024:17:41:33 -0400] "GET /abe.php HTTP/1.1" 404 16529 "-" "-"
162.213.251.195 - - [18/Oct/2024:17:41:35 -0400] "POST /wp-cron.php?doing_wp_cron=1729287694.9678149223327636718750 HTTP/1.1" 200 0 "-" "WordPress/6.6.2; https://dietcontrungnhanh.com"
52.178.192.188 - - [18/Oct/2024:17:41:34 -0400] "GET /buy.php HTTP/1.1" 404 16558 "-" "-"
162.213.251.195 - - [18/Oct/2024:17:41:36 -0400] "POST /wp-cron.php?doing_wp_cron=1729287696.1411859989166259765625 HTTP/1.1" 200 0 "-" "WordPress/6.6.2; https://dietcontrungnhanh.com"
52.178.192.188 - - [18/Oct/2024:17:41:35 -0400] "GET /m.php/text.php/footer.php HTTP/1.1" 404 17386 "-" "-"
162.213.251.195 - - [18/Oct/2024:17:41:37 -0400] "POST /wp-cron.php?doing_wp_cron=1729287697.4770119190216064453125 HTTP/1.1" 200 0 "-" "WordPress/6.6.2; https://dietcontrungnhanh.com"
52.178.192.188 - - [18/Oct/2024:17:41:37 -0400] "GET /fgwa.php HTTP/1.1" 404 16558 "-" "-"
162.213.251.195 - - [18/Oct/2024:17:41:39 -0400] "POST /wp-cron.php?doing_wp_cron=1729287698.7267110347747802734375 HTTP/1.1" 200 0 "-" "WordPress/6.6.2; https://dietcontrungnhanh.com"
52.178.192.188 - - [18/Oct/2024:17:41:38 -0400] "GET /wp-admin/js/wp-login.php HTTP/1.1" 404 17364 "-" "-"
52.178.192.188 - - [18/Oct/2024:17:41:39 -0400] "GET /wp-content/plugins/xhxevus/iyyrbewj.php HTTP/1.1" 403 1242 "-" "-"
162.213.251.195 - - [18/Oct/2024:17:41:40 -0400] "POST /wp-cron.php?doing_wp_cron=1729287700.3443999290466308593750 HTTP/1.1" 200 0 "-" "WordPress/6.6.2; https://dietcontrungnhanh.com"
52.178.192.188 - - [18/Oct/2024:17:41:40 -0400] "GET /wp-admin/css/colors/blue/backup.php HTTP/1.1" 404 17404 "-" "-"
162.213.251.195 - - [18/Oct/2024:17:41:41 -0400] "POST /wp-cron.php?doing_wp_cron=1729287701.6834599971771240234375 HTTP/1.1" 200 0 "-" "WordPress/6.6.2; https://dietcontrungnhanh.com"
52.178.192.188 - - [18/Oct/2024:17:41:41 -0400] "GET /ALFA_DATA/themes.php HTTP/1.1" 404 16565 "-" "-"
162.213.251.195 - - [18/Oct/2024:17:42:31 -0400] "POST /wp-cron.php?doing_wp_cron=1729287751.0705409049987792968750 HTTP/1.1" 200 0 "-" "WordPress/6.6.2; https://dietcontrungnhanh.com"
89.248.172.92 - - [18/Oct/2024:17:42:30 -0400] "GET / HTTP/1.1" 200 27004 "-" "Mozilla/5.0 (Windows NT 10.0; Win64; x64) AppleWebKit/537.36 (KHTML, like Gecko) Chrome/122.0.0.0 Safari/537.36"
162.213.251.195 - - [18/Oct/2024:17:44:53 -0400] "POST /wp-cron.php?doing_wp_cron=1729287893.4201400279998779296875 HTTP/1.1" 200 0 "-" "WordPress/6.6.2; https://dietcontrungnhanh.com"
107.189.3.124 - - [18/Oct/2024:17:44:50 -0400] "GET /?author=5 HTTP/1.1" 301 0 "http://www.google.com.hk" "Mozilla/5.0 (Windows NT 6.1; WOW64) AppleWebKit/537.36 (KHTML, like Gecko) Chrome/42.0.2311.90 Safari/537.36"
162.213.251.195 - - [18/Oct/2024:17:44:59 -0400] "POST /wp-cron.php?doing_wp_cron=1729287899.0683679580688476562500 HTTP/1.1" 200 0 "-" "WordPress/6.6.2; https://dietcontrungnhanh.com"
107.189.3.124 - - [18/Oct/2024:17:44:58 -0400] "GET /author/ngoanphu/ HTTP/1.1" 200 22165 "http://www.google.com.hk" "Mozilla/5.0 (Windows NT 6.1; WOW64) AppleWebKit/537.36 (KHTML, like Gecko) Chrome/42.0.2311.90 Safari/537.36"
162.213.251.195 - - [18/Oct/2024:17:46:12 -0400] "POST /wp-cron.php?doing_wp_cron=1729287972.0796198844909667968750 HTTP/1.1" 200 0 "-" "WordPress/6.6.2; https://dietcontrungnhanh.com"
107.189.3.124 - - [18/Oct/2024:17:46:11 -0400] "GET /wp-login.php?wp_lang=e HTTP/1.1" 200 2009 "-" "Mozilla/5.0 (Macintosh; Intel Mac OS X 10_9_4 AppleWebKit/537.36 (KHTML, like Gecko) Chrome/36.0.1985.125 Safari/537.36"
162.213.251.195 - - [18/Oct/2024:17:46:27 -0400] "POST /wp-cron.php?doing_wp_cron=1729287986.8969399929046630859375 HTTP/1.1" 200 0 "-" "WordPress/6.6.2; https://dietcontrungnhanh.com"
107.189.3.124 - - [18/Oct/2024:17:46:26 -0400] "POST /wp-login.php?wp_lang=e HTTP/1.1" 200 2145 "-" "Mozilla/5.0 (Macintosh; Intel Mac OS X 10_9_4 AppleWebKit/537.36 (KHTML, like Gecko) Chrome/36.0.1985.125 Safari/537.36"
162.213.251.195 - - [18/Oct/2024:17:57:38 -0400] "POST /wp-cron.php?doing_wp_cron=1729288658.7453060150146484375000 HTTP/1.1" 200 0 "-" "WordPress/6.6.2; https://dietcontrungnhanh.com"
107.189.3.124 - - [18/Oct/2024:17:57:34 -0400] "GET /?author=6 HTTP/1.1" 301 0 "http://www.google.com.hk" "Mozilla/5.0 (Windows NT 6.1; WOW64) AppleWebKit/537.36 (KHTML, like Gecko) Chrome/42.0.2311.90 Safari/537.36"
162.213.251.195 - - [18/Oct/2024:17:57:42 -0400] "POST /wp-cron.php?doing_wp_cron=1729288662.3230760097503662109375 HTTP/1.1" 200 0 "-" "WordPress/6.6.2; https://dietcontrungnhanh.com"
107.189.3.124 - - [18/Oct/2024:17:57:42 -0400] "GET /author/trandinhtrong/ HTTP/1.1" 200 22250 "http://www.google.com.hk" "Mozilla/5.0 (Windows NT 6.1; WOW64) AppleWebKit/537.36 (KHTML, like Gecko) Chrome/42.0.2311.90 Safari/537.36"
162.213.251.195 - - [18/Oct/2024:17:59:44 -0400] "POST /wp-cron.php?doing_wp_cron=1729288784.1157369613647460937500 HTTP/1.1" 200 0 "-" "WordPress/6.6.2; https://dietcontrungnhanh.com"
107.189.3.124 - - [18/Oct/2024:17:59:41 -0400] "GET /wp-login.php?wp_lang=e HTTP/1.1" 200 2009 "-" "Mozilla/5.0 (Macintosh; Intel Mac OS X 10_9_4 AppleWebKit/537.36 (KHTML, like Gecko) Chrome/36.0.1985.125 Safari/537.36"
162.213.251.195 - - [18/Oct/2024:17:59:55 -0400] "POST /wp-cron.php?doing_wp_cron=1729288795.1818649768829345703125 HTTP/1.1" 200 0 "-" "WordPress/6.6.2; https://dietcontrungnhanh.com"
107.189.3.124 - - [18/Oct/2024:17:59:54 -0400] "POST /wp-login.php?wp_lang=e HTTP/1.1" 200 2145 "-" "Mozilla/5.0 (Macintosh; Intel Mac OS X 10_9_4 AppleWebKit/537.36 (KHTML, like Gecko) Chrome/36.0.1985.125 Safari/537.36"
162.213.251.195 - - [18/Oct/2024:18:03:56 -0400] "POST /wp-cron.php?doing_wp_cron=1729289036.4230740070343017578125 HTTP/1.1" 200 0 "-" "WordPress/6.6.2; https://dietcontrungnhanh.com"
107.189.3.124 - - [18/Oct/2024:18:03:53 -0400] "GET /?author=7 HTTP/1.1" 301 0 "http://www.google.com.hk" "Mozilla/5.0 (Windows NT 6.1; WOW64) AppleWebKit/537.36 (KHTML, like Gecko) Chrome/42.0.2311.90 Safari/537.36"
162.213.251.195 - - [18/Oct/2024:18:04:02 -0400] "POST /wp-cron.php?doing_wp_cron=1729289042.5618278980255126953125 HTTP/1.1" 200 0 "-" "WordPress/6.6.2; https://dietcontrungnhanh.com"
107.189.3.124 - - [18/Oct/2024:18:04:02 -0400] "GET /author/buihuyhoang/ HTTP/1.1" 200 21712 "http://www.google.com.hk" "Mozilla/5.0 (Windows NT 6.1; WOW64) AppleWebKit/537.36 (KHTML, like Gecko) Chrome/42.0.2311.90 Safari/537.36"
162.213.251.195 - - [18/Oct/2024:18:05:17 -0400] "POST /wp-cron.php?doing_wp_cron=1729289116.9171171188354492187500 HTTP/1.1" 200 0 "-" "WordPress/6.6.2; https://dietcontrungnhanh.com"
107.189.3.124 - - [18/Oct/2024:18:05:16 -0400] "GET /wp-login.php?wp_lang=e HTTP/1.1" 200 2009 "-" "Mozilla/5.0 (Macintosh; Intel Mac OS X 10_9_4 AppleWebKit/537.36 (KHTML, like Gecko) Chrome/36.0.1985.125 Safari/537.36"
162.213.251.195 - - [18/Oct/2024:18:05:24 -0400] "POST /wp-cron.php?doing_wp_cron=1729289124.1960160732269287109375 HTTP/1.1" 200 0 "-" "WordPress/6.6.2; https://dietcontrungnhanh.com"
107.189.3.124 - - [18/Oct/2024:18:05:23 -0400] "POST /wp-login.php?wp_lang=e HTTP/1.1" 200 2147 "-" "Mozilla/5.0 (Macintosh; Intel Mac OS X 10_9_4 AppleWebKit/537.36 (KHTML, like Gecko) Chrome/36.0.1985.125 Safari/537.36"
20.192.27.50 - - [18/Oct/2024:18:05:55 -0400] "GET /wp-admin/css/ HTTP/1.1" 403 1242 "binance.com" "Mozilla/5.0 (Windows NT 10.0; Win64; x64) AppleWebKit/537.36 (KHTML, like Gecko) Chrome/90.0.4430.85 Safari/537.36"
162.213.251.195 - - [18/Oct/2024:18:11:51 -0400] "POST /wp-cron.php?doing_wp_cron=1729289511.1909670829772949218750 HTTP/1.1" 200 0 "-" "WordPress/6.6.2; https://dietcontrungnhanh.com"
205.185.125.234 - - [18/Oct/2024:18:11:46 -0400] "GET /wp-login.php HTTP/1.1" 200 2812 "-" "Mozilla/5.0 (Windows NT 6.1; WOW64) AppleWebKit/537.36 (KHTML, like Gecko) Chrome/35.0.1916.114 Safari/537.36"
205.185.125.234 - - [18/Oct/2024:18:11:51 -0400] "POST /wp-login.php HTTP/1.1" 200 2955 "-" "Mozilla/5.0 (Windows NT 6.1; WOW64) AppleWebKit/537.36 (KHTML, like Gecko) Chrome/35.0.1916.114 Safari/537.36"
162.213.251.195 - - [18/Oct/2024:18:12:47 -0400] "POST /wp-cron.php?doing_wp_cron=1729289567.5711219310760498046875 HTTP/1.1" 200 0 "-" "WordPress/6.6.2; https://dietcontrungnhanh.com"
2a03:cfc0:8004::4:17 - - [18/Oct/2024:18:12:47 -0400] "GET /mah/function.php HTTP/1.1" 404 16555 "-" "Mozlila/5.0 (Linux; Android 7.0; SM-G892A Bulid/NRD90M; wv) AppleWebKit/537.36 (KHTML, like Gecko) Version/4.0 Chrome/60.0.3112.107 Moblie Safari/537.36"
162.213.251.195 - - [18/Oct/2024:18:12:51 -0400] "POST /wp-cron.php?doing_wp_cron=1729289571.6526041030883789062500 HTTP/1.1" 200 0 "-" "WordPress/6.6.2; https://dietcontrungnhanh.com"
2a03:cfc0:8004::4:17 - - [18/Oct/2024:18:12:51 -0400] "GET /bk/index.php HTTP/1.1" 301 0 "-" "Mozlila/5.0 (Linux; Android 7.0; SM-G892A Bulid/NRD90M; wv) AppleWebKit/537.36 (KHTML, like Gecko) Version/4.0 Chrome/60.0.3112.107 Moblie Safari/537.36"
162.213.251.195 - - [18/Oct/2024:18:12:52 -0400] "POST /wp-cron.php?doing_wp_cron=1729289572.7002561092376708984375 HTTP/1.1" 200 0 "-" "WordPress/6.6.2; https://dietcontrungnhanh.com"
2a03:cfc0:8004::4:17 - - [18/Oct/2024:18:12:52 -0400] "GET /bk/ HTTP/1.1" 404 18729 "-" "Mozlila/5.0 (Linux; Android 7.0; SM-G892A Bulid/NRD90M; wv) AppleWebKit/537.36 (KHTML, like Gecko) Version/4.0 Chrome/60.0.3112.107 Moblie Safari/537.36"
162.213.251.195 - - [18/Oct/2024:18:12:55 -0400] "POST /wp-cron.php?doing_wp_cron=1729289575.1792559623718261718750 HTTP/1.1" 200 0 "-" "WordPress/6.6.2; https://dietcontrungnhanh.com"
2a03:cfc0:8004::4:17 - - [18/Oct/2024:18:12:54 -0400] "GET /about/function.php HTTP/1.1" 404 16554 "-" "Mozlila/5.0 (Linux; Android 7.0; SM-G892A Bulid/NRD90M; wv) AppleWebKit/537.36 (KHTML, like Gecko) Version/4.0 Chrome/60.0.3112.107 Moblie Safari/537.36"
162.213.251.195 - - [18/Oct/2024:18:13:03 -0400] "POST /wp-cron.php?doing_wp_cron=1729289582.8747129440307617187500 HTTP/1.1" 200 0 "-" "WordPress/6.6.2; https://dietcontrungnhanh.com"
2a03:cfc0:8004::4:17 - - [18/Oct/2024:18:13:02 -0400] "GET /doc/function.php HTTP/1.1" 404 16554 "-" "Mozlila/5.0 (Linux; Android 7.0; SM-G892A Bulid/NRD90M; wv) AppleWebKit/537.36 (KHTML, like Gecko) Version/4.0 Chrome/60.0.3112.107 Moblie Safari/537.36"
162.213.251.195 - - [18/Oct/2024:18:13:15 -0400] "POST /wp-cron.php?doing_wp_cron=1729289595.1049230098724365234375 HTTP/1.1" 200 0 "-" "WordPress/6.6.2; https://dietcontrungnhanh.com"
2a03:cfc0:8004::4:17 - - [18/Oct/2024:18:13:14 -0400] "GET /admin/function.php HTTP/1.1" 404 16565 "-" "Mozlila/5.0 (Linux; Android 7.0; SM-G892A Bulid/NRD90M; wv) AppleWebKit/537.36 (KHTML, like Gecko) Version/4.0 Chrome/60.0.3112.107 Moblie Safari/537.36"
162.213.251.195 - - [18/Oct/2024:18:14:22 -0400] "POST /wp-cron.php?doing_wp_cron=1729289662.4099469184875488281250 HTTP/1.1" 200 0 "-" "WordPress/6.6.2; https://dietcontrungnhanh.com"
107.189.3.124 - - [18/Oct/2024:18:14:21 -0400] "GET /?author=8 HTTP/1.1" 301 0 "http://www.google.com.hk" "Mozilla/5.0 (Windows NT 6.1; WOW64) AppleWebKit/537.36 (KHTML, like Gecko) Chrome/42.0.2311.90 Safari/537.36"
162.213.251.195 - - [18/Oct/2024:18:14:26 -0400] "POST /wp-cron.php?doing_wp_cron=1729289666.1713640689849853515625 HTTP/1.1" 200 0 "-" "WordPress/6.6.2; https://dietcontrungnhanh.com"
107.189.3.124 - - [18/Oct/2024:18:14:25 -0400] "GET /author/phanquocanh/ HTTP/1.1" 200 22103 "http://www.google.com.hk" "Mozilla/5.0 (Windows NT 6.1; WOW64) AppleWebKit/537.36 (KHTML, like Gecko) Chrome/42.0.2311.90 Safari/537.36"
162.213.251.195 - - [18/Oct/2024:18:15:31 -0400] "POST /wp-cron.php?doing_wp_cron=1729289731.4979429244995117187500 HTTP/1.1" 200 0 "-" "WordPress/6.6.2; https://dietcontrungnhanh.com"
107.189.3.124 - - [18/Oct/2024:18:15:30 -0400] "GET /wp-login.php?wp_lang=e HTTP/1.1" 200 2009 "-" "Mozilla/5.0 (Windows NT 6.1; WOW64) AppleWebKit/537.36 (KHTML, like Gecko) Chrome/36.0.1985.125 Safari/537.36"
162.213.251.195 - - [18/Oct/2024:18:15:43 -0400] "POST /wp-cron.php?doing_wp_cron=1729289743.3712038993835449218750 HTTP/1.1" 200 0 "-" "WordPress/6.6.2; https://dietcontrungnhanh.com"
107.189.3.124 - - [18/Oct/2024:18:15:43 -0400] "POST /wp-login.php?wp_lang=e HTTP/1.1" 200 2148 "-" "Mozilla/5.0 (Windows NT 6.1; WOW64) AppleWebKit/537.36 (KHTML, like Gecko) Chrome/36.0.1985.125 Safari/537.36"
209.141.51.75 - - [18/Oct/2024:18:22:02 -0400] "GET /wp-login.php HTTP/1.1" 200 0 "-" "Mozilla/5.0 (Windows NT 6.1; WOW64; rv:31.0) Gecko/20100101 Firefox/31.0"
107.189.3.124 - - [18/Oct/2024:18:26:37 -0400] "GET /?author=9 HTTP/1.1" 200 0 "http://www.google.com.hk" "Mozilla/5.0 (Windows NT 6.1; WOW64) AppleWebKit/537.36 (KHTML, like Gecko) Chrome/42.0.2311.90 Safari/537.36"
162.213.251.195 - - [18/Oct/2024:18:29:31 -0400] "POST /wp-cron.php?doing_wp_cron=1729290571.7706050872802734375000 HTTP/1.1" 200 0 "-" "WordPress/6.6.2; https://dietcontrungnhanh.com"
104.244.76.114 - - [18/Oct/2024:18:29:27 -0400] "GET /wp-login.php HTTP/1.1" 200 2812 "-" "Mozilla/5.0 (Windows NT 6.2; WOW64) AppleWebKit/537.36 (KHTML, like Gecko) Chrome/36.0.1985.125 Safari/537.36"
104.244.76.114 - - [18/Oct/2024:18:29:32 -0400] "POST /wp-login.php HTTP/1.1" 200 2958 "-" "Mozilla/5.0 (Windows NT 6.2; WOW64) AppleWebKit/537.36 (KHTML, like Gecko) Chrome/36.0.1985.125 Safari/537.36"
162.213.251.195 - - [18/Oct/2024:18:39:33 -0400] "POST /wp-cron.php?doing_wp_cron=1729291172.9078679084777832031250 HTTP/1.1" 200 0 "-" "WordPress/6.6.2; https://dietcontrungnhanh.com"
209.141.43.103 - - [18/Oct/2024:18:39:29 -0400] "GET /wp-login.php HTTP/1.1" 200 2812 "-" "Mozilla/5.0 (Windows NT 6.1; rv:30.0) Gecko/20100101 Firefox/30.0"
209.141.43.103 - - [18/Oct/2024:18:39:33 -0400] "POST /wp-login.php HTTP/1.1" 200 2966 "-" "Mozilla/5.0 (Windows NT 6.1; rv:30.0) Gecko/20100101 Firefox/30.0"
162.213.251.195 - - [18/Oct/2024:18:49:11 -0400] "POST /wp-cron.php?doing_wp_cron=1729291750.8658618927001953125000 HTTP/1.1" 200 0 "-" "WordPress/6.6.2; https://dietcontrungnhanh.com"
2a03:2880:13ff:5::face:b00c - - [18/Oct/2024:18:49:07 -0400] "GET /images/user/359IMG_20180530_160602.jpg HTTP/1.1" 404 19603 "-" "meta-externalagent/1.1 (+https://developers.facebook.com/docs/sharing/webmasters/crawler)"
162.213.251.195 - - [18/Oct/2024:19:09:22 -0400] "POST /wp-cron.php?doing_wp_cron=1729292962.6095619201660156250000 HTTP/1.1" 200 0 "-" "WordPress/6.6.2; https://dietcontrungnhanh.com"
205.185.125.234 - - [18/Oct/2024:19:09:18 -0400] "GET /wp-login.php HTTP/1.1" 200 2800 "-" "Mozilla/5.0 (Macintosh; Intel Mac OS X 10_9_3) AppleWebKit/537.36 (KHTML, like Gecko) Chrome/35.0.1916.153 Safari/537.36"
205.185.125.234 - - [18/Oct/2024:19:09:23 -0400] "POST /wp-login.php HTTP/1.1" 200 2995 "-" "Mozilla/5.0 (Macintosh; Intel Mac OS X 10_9_3) AppleWebKit/537.36 (KHTML, like Gecko) Chrome/35.0.1916.153 Safari/537.36"
162.213.251.195 - - [18/Oct/2024:19:11:25 -0400] "POST /wp-cron.php?doing_wp_cron=1729293084.8877909183502197265625 HTTP/1.1" 200 0 "-" "WordPress/6.6.2; https://dietcontrungnhanh.com"
51.222.253.14 - - [18/Oct/2024:19:11:20 -0400] "GET /robots.txt HTTP/1.1" 301 0 "-" "Mozilla/5.0 (compatible; AhrefsBot/7.0; +http://ahrefs.com/robot/)"
51.222.253.14 - - [18/Oct/2024:19:11:25 -0400] "GET /robots.txt HTTP/1.1" 200 116 "-" "Mozilla/5.0 (compatible; AhrefsBot/7.0; +http://ahrefs.com/robot/)"
162.213.251.195 - - [18/Oct/2024:19:33:54 -0400] "POST /wp-cron.php?doing_wp_cron=1729294434.2566668987274169921875 HTTP/1.1" 200 0 "-" "WordPress/6.6.2; https://dietcontrungnhanh.com"
205.185.115.168 - - [18/Oct/2024:19:33:49 -0400] "GET /wp-login.php HTTP/1.1" 200 2812 "-" "Mozilla/5.0 (Macintosh; Intel Mac OS X 10_9_4 AppleWebKit/537.36 (KHTML, like Gecko) Chrome/36.0.1985.125 Safari/537.36"
162.213.251.195 - - [18/Oct/2024:19:33:55 -0400] "POST /wp-cron.php?doing_wp_cron=1729294435.4825088977813720703125 HTTP/1.1" 200 0 "-" "WordPress/6.6.2; https://dietcontrungnhanh.com"
205.185.115.168 - - [18/Oct/2024:19:33:54 -0400] "POST /wp-login.php HTTP/1.1" 200 3002 "-" "Mozilla/5.0 (Macintosh; Intel Mac OS X 10_9_4 AppleWebKit/537.36 (KHTML, like Gecko) Chrome/36.0.1985.125 Safari/537.36"
162.213.251.195 - - [18/Oct/2024:19:37:24 -0400] "POST /wp-cron.php?doing_wp_cron=1729294644.2751150131225585937500 HTTP/1.1" 200 0 "-" "WordPress/6.6.2; https://dietcontrungnhanh.com"
35.198.235.119 - - [18/Oct/2024:19:37:22 -0400] "GET / HTTP/1.1" 200 27072 "http://dietcontrungnhanh.com/" "Go-http-client/2.0"
35.198.235.119 - - [18/Oct/2024:19:37:27 -0400] "GET /wp-includes/css/buttons.css HTTP/1.1" 200 2279 "http://dietcontrungnhanh.com/wp-includes/css/buttons.css" "Go-http-client/2.0"
162.213.251.195 - - [18/Oct/2024:19:43:19 -0400] "POST /wp-cron.php?doing_wp_cron=1729294998.8870310783386230468750 HTTP/1.1" 200 0 "-" "WordPress/6.6.2; https://dietcontrungnhanh.com"
209.141.51.75 - - [18/Oct/2024:19:43:16 -0400] "GET /wp-login.php HTTP/1.1" 200 2812 "-" "Mozilla/5.0 (Windows NT 6.2; WOW64; rv:31.0) Gecko/20100101 Firefox/31.0"
209.141.51.75 - - [18/Oct/2024:19:43:19 -0400] "POST /wp-login.php HTTP/1.1" 200 3004 "-" "Mozilla/5.0 (Windows NT 6.2; WOW64; rv:31.0) Gecko/20100101 Firefox/31.0"
162.213.251.195 - - [18/Oct/2024:19:43:30 -0400] "POST /wp-cron.php?doing_wp_cron=1729295010.4045479297637939453125 HTTP/1.1" 200 0 "-" "WordPress/6.6.2; https://dietcontrungnhanh.com"
103.131.71.39 - - [18/Oct/2024:19:43:30 -0400] "GET /robots.txt HTTP/1.1" 200 116 "-" "Mozilla/5.0 (compatible; coccocbot-image/1.0; +http://help.coccoc.com/searchengine)"
162.213.251.195 - - [18/Oct/2024:19:44:09 -0400] "POST /wp-cron.php?doing_wp_cron=1729295049.3351540565490722656250 HTTP/1.1" 200 0 "-" "WordPress/6.6.2; https://dietcontrungnhanh.com"
103.131.71.24 - - [18/Oct/2024:19:44:08 -0400] "GET /uploads/shops/thumb/den-diet-con-trung-we-150-200-2s.jpg HTTP/1.1" 404 19600 "-" "Mozilla/5.0 (compatible; coccocbot-image/1.0; +http://help.coccoc.com/searchengine)"
47.244.50.243 - - [18/Oct/2024:19:46:15 -0400] "POST /xmlrpc.php HTTP/1.1" 403 26 "-" "Mozilla/5.0 (Windows NT 10.0; Win64; x64) AppleWebKit/537.36 (KHTML, like Gecko) Chrome/86.0.4240.198 Safari/537.36"
83.217.71.17 - - [18/Oct/2024:19:46:15 -0400] "POST /xmlrpc.php HTTP/1.1" 403 26 "-" "Mozilla/5.0 (Windows NT 10.0; Win64; x64) AppleWebKit/537.36 (KHTML, like Gecko) Chrome/90.0.4430.212 Safari/537.36"
43.154.132.224 - - [18/Oct/2024:19:46:15 -0400] "POST /xmlrpc.php HTTP/1.1" 403 26 "-" "Mozilla/5.0 (Windows NT 10.0; Win64; x64) AppleWebKit/537.36 (KHTML, like Gecko) Chrome/74.0.3729.157 Safari/537.36"
51.195.104.87 - - [18/Oct/2024:19:46:25 -0400] "POST /xmlrpc.php HTTP/1.1" 403 26 "-" "Mozilla/5.0 (Windows NT 10.0; Win64; x64) AppleWebKit/537.36 (KHTML, like Gecko) Chrome/90.0.4430.212 Safari/537.36"
2a03:6f00:6:1::517:33c3 - - [18/Oct/2024:19:46:26 -0400] "POST /xmlrpc.php HTTP/1.1" 403 26 "-" "Mozilla/5.0 (Windows; U; Windows NT 5.1; en-US; rv:1.7.10) Gecko/20050716 Firefox/1.0.6"
3.15.186.58 - - [18/Oct/2024:19:46:39 -0400] "POST /xmlrpc.php HTTP/1.1" 403 26 "-" "Mozilla/5.0 (Windows NT 6.3; Win64; x64; rv:73.0) Gecko/20100101 Firefox/73.0"
162.213.251.195 - - [18/Oct/2024:21:03:33 -0400] "POST /wp-cron.php?doing_wp_cron=1729299813.4829370975494384765625 HTTP/1.1" 200 0 "-" "WordPress/6.6.2; https://dietcontrungnhanh.com"
107.189.29.177 - - [18/Oct/2024:21:03:28 -0400] "GET /wp-login.php HTTP/1.1" 200 2812 "-" "Mozilla/5.0 (iPad; CPU OS 7_1_1 like Mac OS X) AppleWebKit/537.51.2 (KHTML, like Gecko) Version/7.0 Mobile/11D201 Safari/9537.53"
162.213.251.195 - - [18/Oct/2024:21:03:35 -0400] "POST /wp-cron.php?doing_wp_cron=1729299814.7384068965911865234375 HTTP/1.1" 200 0 "-" "WordPress/6.6.2; https://dietcontrungnhanh.com"
107.189.29.177 - - [18/Oct/2024:21:03:34 -0400] "POST /wp-login.php HTTP/1.1" 200 2995 "-" "Mozilla/5.0 (iPad; CPU OS 7_1_1 like Mac OS X) AppleWebKit/537.51.2 (KHTML, like Gecko) Version/7.0 Mobile/11D201 Safari/9537.53"
13.79.63.18 - - [18/Oct/2024:21:04:55 -0400] "GET /.well-known/pki-validation/xmrlpc.php?p= HTTP/1.1" 404 1251 "-" "-"
162.213.251.195 - - [18/Oct/2024:21:04:56 -0400] "POST /wp-cron.php?doing_wp_cron=1729299895.9586179256439208984375 HTTP/1.1" 200 0 "-" "WordPress/6.6.2; https://dietcontrungnhanh.com"
13.79.63.18 - - [18/Oct/2024:21:04:55 -0400] "GET /tresculturas.mx/wp-content/plugins/fix/up.php HTTP/1.1" 404 17401 "-" "-"
162.213.251.195 - - [18/Oct/2024:21:04:57 -0400] "POST /wp-cron.php?doing_wp_cron=1729299897.2979640960693359375000 HTTP/1.1" 200 0 "-" "WordPress/6.6.2; https://dietcontrungnhanh.com"
