40.85.137.112 - - [19/Oct/2024:03:22:17 -0400] "GET /wp-consar.php HTTP/1.1" 404 16526 "-" "-"
162.213.251.195 - - [19/Oct/2024:03:22:19 -0400] "POST /wp-cron.php?doing_wp_cron=1729322539.5474870204925537109375 HTTP/1.1" 200 0 "-" "WordPress/6.6.2; https://dietcontrungnhanh.com"
40.85.137.112 - - [19/Oct/2024:03:22:19 -0400] "GET /wp-content/blogs.dir/about.php HTTP/1.1" 404 17401 "-" "-"
162.213.251.195 - - [19/Oct/2024:03:22:21 -0400] "POST /wp-cron.php?doing_wp_cron=1729322541.1249909400939941406250 HTTP/1.1" 200 0 "-" "WordPress/6.6.2; https://dietcontrungnhanh.com"
40.85.137.112 - - [19/Oct/2024:03:22:20 -0400] "GET /wp-content/gallery/about.php HTTP/1.1" 404 17378 "-" "-"
40.85.137.112 - - [19/Oct/2024:03:22:22 -0400] "GET /wp-content/plugins/linkpreview/db.php?u HTTP/1.1" 403 1242 "-" "-"
40.85.137.112 - - [19/Oct/2024:03:22:22 -0400] "GET /wp-content/plugins/seoo/wsoyanz1.php HTTP/1.1" 403 1242 "-" "-"
40.85.137.112 - - [19/Oct/2024:03:22:23 -0400] "GET /wp-content/plugins/seoplugins/db.php?u HTTP/1.1" 403 1242 "-" "-"
40.85.137.112 - - [19/Oct/2024:03:22:23 -0400] "GET /wp-content/plugins/seoplugins/mar.php HTTP/1.1" 403 1242 "-" "-"
162.213.251.195 - - [19/Oct/2024:03:22:25 -0400] "POST /wp-cron.php?doing_wp_cron=1729322545.6540451049804687500000 HTTP/1.1" 200 0 "-" "WordPress/6.6.2; https://dietcontrungnhanh.com"
40.85.137.112 - - [19/Oct/2024:03:22:25 -0400] "GET /wp-content/repeater.php HTTP/1.1" 404 16550 "-" "-"
40.85.137.112 - - [19/Oct/2024:03:22:26 -0400] "GET /wp-content/themes/pridmag/db.php?u HTTP/1.1" 403 1242 "-" "-"
40.85.137.112 - - [19/Oct/2024:03:22:27 -0400] "GET /wp-content/themes/seotheme/db.php?u HTTP/1.1" 403 1242 "-" "-"
162.213.251.195 - - [19/Oct/2024:03:22:28 -0400] "POST /wp-cron.php?doing_wp_cron=1729322548.2368791103363037109375 HTTP/1.1" 200 0 "-" "WordPress/6.6.2; https://dietcontrungnhanh.com"
40.85.137.112 - - [19/Oct/2024:03:22:27 -0400] "GET /wp-content/updates.php HTTP/1.1" 404 16537 "-" "-"
162.213.251.195 - - [19/Oct/2024:03:22:30 -0400] "POST /wp-cron.php?doing_wp_cron=1729322549.8158240318298339843750 HTTP/1.1" 200 0 "-" "WordPress/6.6.2; https://dietcontrungnhanh.com"
40.85.137.112 - - [19/Oct/2024:03:22:29 -0400] "GET /wp-includes.bak/html-api/about.php HTTP/1.1" 404 17386 "-" "-"
162.213.251.195 - - [19/Oct/2024:03:22:31 -0400] "POST /wp-cron.php?doing_wp_cron=1729322551.4454679489135742187500 HTTP/1.1" 200 0 "-" "WordPress/6.6.2; https://dietcontrungnhanh.com"
40.85.137.112 - - [19/Oct/2024:03:22:31 -0400] "GET /wp-includes/Text/about.php HTTP/1.1" 404 17394 "-" "-"
162.213.251.195 - - [19/Oct/2024:03:22:33 -0400] "POST /wp-cron.php?doing_wp_cron=1729322552.8411159515380859375000 HTTP/1.1" 200 0 "-" "WordPress/6.6.2; https://dietcontrungnhanh.com"
40.85.137.112 - - [19/Oct/2024:03:22:32 -0400] "GET /wp-includes/block-patterns/about.php HTTP/1.1" 404 17366 "-" "-"
162.213.251.195 - - [19/Oct/2024:03:22:34 -0400] "POST /wp-cron.php?doing_wp_cron=1729322554.3257949352264404296875 HTTP/1.1" 200 0 "-" "WordPress/6.6.2; https://dietcontrungnhanh.com"
40.85.137.112 - - [19/Oct/2024:03:22:33 -0400] "GET /wp-includes/customize/about.php HTTP/1.1" 404 17368 "-" "-"
40.85.137.112 - - [19/Oct/2024:03:22:35 -0400] "GET /wp-includes/repeater.php HTTP/1.1" 403 1242 "-" "-"
162.213.251.195 - - [19/Oct/2024:03:22:36 -0400] "POST /wp-cron.php?doing_wp_cron=1729322556.2452600002288818359375 HTTP/1.1" 200 0 "-" "WordPress/6.6.2; https://dietcontrungnhanh.com"
40.85.137.112 - - [19/Oct/2024:03:22:35 -0400] "GET /wp-includes/widgets/about.php HTTP/1.1" 404 17380 "-" "-"
162.213.251.195 - - [19/Oct/2024:03:22:38 -0400] "POST /wp-cron.php?doing_wp_cron=1729322557.7175970077514648437500 HTTP/1.1" 200 0 "-" "WordPress/6.6.2; https://dietcontrungnhanh.com"
40.85.137.112 - - [19/Oct/2024:03:22:37 -0400] "GET /wp-p.php7 HTTP/1.1" 404 16533 "-" "-"
162.213.251.195 - - [19/Oct/2024:03:22:39 -0400] "POST /wp-cron.php?doing_wp_cron=1729322559.4292359352111816406250 HTTP/1.1" 200 0 "-" "WordPress/6.6.2; https://dietcontrungnhanh.com"
40.85.137.112 - - [19/Oct/2024:03:22:39 -0400] "GET /ws.php7 HTTP/1.1" 404 16539 "-" "-"
162.213.251.195 - - [19/Oct/2024:03:22:41 -0400] "POST /wp-cron.php?doing_wp_cron=1729322561.1613080501556396484375 HTTP/1.1" 200 0 "-" "WordPress/6.6.2; https://dietcontrungnhanh.com"
40.85.137.112 - - [19/Oct/2024:03:22:40 -0400] "GET /wsoyanz.php HTTP/1.1" 404 16523 "-" "-"
162.213.251.195 - - [19/Oct/2024:03:22:42 -0400] "POST /wp-cron.php?doing_wp_cron=1729322562.6045379638671875000000 HTTP/1.1" 200 0 "-" "WordPress/6.6.2; https://dietcontrungnhanh.com"
40.85.137.112 - - [19/Oct/2024:03:22:42 -0400] "GET /xmrlpc.php?p= HTTP/1.1" 301 0 "-" "-"
162.213.251.195 - - [19/Oct/2024:03:22:44 -0400] "POST /wp-cron.php?doing_wp_cron=1729322563.7125558853149414062500 HTTP/1.1" 200 0 "-" "WordPress/6.6.2; https://dietcontrungnhanh.com"
40.85.137.112 - - [19/Oct/2024:03:22:43 -0400] "GET /xmrlpc.php HTTP/1.1" 404 16533 "-" "-"
162.213.251.195 - - [19/Oct/2024:03:22:45 -0400] "POST /wp-cron.php?doing_wp_cron=1729322565.6112999916076660156250 HTTP/1.1" 200 0 "-" "WordPress/6.6.2; https://dietcontrungnhanh.com"
40.85.137.112 - - [19/Oct/2024:03:22:45 -0400] "GET / HTTP/1.1" 200 27083 "-" "-"
162.213.251.195 - - [19/Oct/2024:03:22:48 -0400] "POST /wp-cron.php?doing_wp_cron=1729322568.4426789283752441406250 HTTP/1.1" 200 0 "-" "WordPress/6.6.2; https://dietcontrungnhanh.com"
40.85.137.112 - - [19/Oct/2024:03:22:48 -0400] "GET /.well-known/acme-challenge/admin.php HTTP/1.1" 404 17395 "-" "-"
162.213.251.195 - - [19/Oct/2024:03:22:50 -0400] "POST /wp-cron.php?doing_wp_cron=1729322570.3220119476318359375000 HTTP/1.1" 200 0 "-" "WordPress/6.6.2; https://dietcontrungnhanh.com"
40.85.137.112 - - [19/Oct/2024:03:22:49 -0400] "GET /.well-known/classwithtostring.php HTTP/1.1" 404 16557 "-" "-"
40.85.137.112 - - [19/Oct/2024:03:22:51 -0400] "GET /.well-known/pki-validation/index.php HTTP/1.1" 404 1251 "-" "-"
40.85.137.112 - - [19/Oct/2024:03:22:52 -0400] "GET /.well-known/pki-validation/wp-sigunq.php HTTP/1.1" 404 1251 "-" "-"
40.85.137.112 - - [19/Oct/2024:03:22:52 -0400] "GET /.well-known/pki-validation/xmrlpc.php HTTP/1.1" 404 1251 "-" "-"
162.213.251.195 - - [19/Oct/2024:03:22:53 -0400] "POST /wp-cron.php?doing_wp_cron=1729322573.2387309074401855468750 HTTP/1.1" 200 0 "-" "WordPress/6.6.2; https://dietcontrungnhanh.com"
40.85.137.112 - - [19/Oct/2024:03:22:52 -0400] "GET /.well-known/plugins.php HTTP/1.1" 404 16564 "-" "-"
162.213.251.195 - - [19/Oct/2024:03:22:54 -0400] "POST /wp-cron.php?doing_wp_cron=1729322574.6380569934844970703125 HTTP/1.1" 200 0 "-" "WordPress/6.6.2; https://dietcontrungnhanh.com"
40.85.137.112 - - [19/Oct/2024:03:22:54 -0400] "GET /admin/uploads/worksec.php HTTP/1.1" 404 17393 "-" "-"
162.213.251.195 - - [19/Oct/2024:03:22:56 -0400] "POST /wp-cron.php?doing_wp_cron=1729322576.1151731014251708984375 HTTP/1.1" 200 0 "-" "WordPress/6.6.2; https://dietcontrungnhanh.com"
40.85.137.112 - - [19/Oct/2024:03:22:55 -0400] "GET /app.php HTTP/1.1" 404 16523 "-" "-"
162.213.251.195 - - [19/Oct/2024:03:22:58 -0400] "POST /wp-cron.php?doing_wp_cron=1729322577.8255228996276855468750 HTTP/1.1" 200 0 "-" "WordPress/6.6.2; https://dietcontrungnhanh.com"
40.85.137.112 - - [19/Oct/2024:03:22:57 -0400] "GET /asus.php HTTP/1.1" 404 16531 "-" "-"
162.213.251.195 - - [19/Oct/2024:03:22:59 -0400] "POST /wp-cron.php?doing_wp_cron=1729322579.6695399284362792968750 HTTP/1.1" 200 0 "-" "WordPress/6.6.2; https://dietcontrungnhanh.com"
40.85.137.112 - - [19/Oct/2024:03:22:59 -0400] "GET /bs1.php HTTP/1.1" 404 16550 "-" "-"
162.213.251.195 - - [19/Oct/2024:03:23:01 -0400] "POST /wp-cron.php?doing_wp_cron=1729322581.2612240314483642578125 HTTP/1.1" 200 0 "-" "WordPress/6.6.2; https://dietcontrungnhanh.com"
40.85.137.112 - - [19/Oct/2024:03:23:00 -0400] "GET /cgi-bin/file.php HTTP/1.1" 404 16560 "-" "-"
162.213.251.195 - - [19/Oct/2024:03:23:03 -0400] "POST /wp-cron.php?doing_wp_cron=1729322583.0664370059967041015625 HTTP/1.1" 200 0 "-" "WordPress/6.6.2; https://dietcontrungnhanh.com"
40.85.137.112 - - [19/Oct/2024:03:23:02 -0400] "GET /cgi-bin/radio.php HTTP/1.1" 404 16544 "-" "-"
162.213.251.195 - - [19/Oct/2024:03:23:05 -0400] "POST /wp-cron.php?doing_wp_cron=1729322585.0663049221038818359375 HTTP/1.1" 200 0 "-" "WordPress/6.6.2; https://dietcontrungnhanh.com"
40.85.137.112 - - [19/Oct/2024:03:23:04 -0400] "GET /f.php HTTP/1.1" 404 16533 "-" "-"
162.213.251.195 - - [19/Oct/2024:03:23:06 -0400] "POST /wp-cron.php?doing_wp_cron=1729322586.5428459644317626953125 HTTP/1.1" 200 0 "-" "WordPress/6.6.2; https://dietcontrungnhanh.com"
40.85.137.112 - - [19/Oct/2024:03:23:06 -0400] "GET /filemanager/dialog.php HTTP/1.1" 404 16566 "-" "-"
162.213.251.195 - - [19/Oct/2024:03:23:08 -0400] "POST /wp-cron.php?doing_wp_cron=1729322588.1068580150604248046875 HTTP/1.1" 200 0 "-" "WordPress/6.6.2; https://dietcontrungnhanh.com"
40.85.137.112 - - [19/Oct/2024:03:23:07 -0400] "GET /files/index.php HTTP/1.1" 301 0 "-" "-"
162.213.251.195 - - [19/Oct/2024:03:23:09 -0400] "POST /wp-cron.php?doing_wp_cron=1729322589.4212310314178466796875 HTTP/1.1" 200 0 "-" "WordPress/6.6.2; https://dietcontrungnhanh.com"
40.85.137.112 - - [19/Oct/2024:03:23:08 -0400] "GET /files/ HTTP/1.1" 404 18704 "-" "-"
162.213.251.195 - - [19/Oct/2024:03:23:11 -0400] "POST /wp-cron.php?doing_wp_cron=1729322591.2167289257049560546875 HTTP/1.1" 200 0 "-" "WordPress/6.6.2; https://dietcontrungnhanh.com"
40.85.137.112 - - [19/Oct/2024:03:23:10 -0400] "GET /fm.php HTTP/1.1" 404 16534 "-" "-"
162.213.251.195 - - [19/Oct/2024:03:23:13 -0400] "POST /wp-cron.php?doing_wp_cron=1729322593.2522869110107421875000 HTTP/1.1" 200 0 "-" "WordPress/6.6.2; https://dietcontrungnhanh.com"
40.85.137.112 - - [19/Oct/2024:03:23:12 -0400] "GET /gecko.php HTTP/1.1" 404 16555 "-" "-"
162.213.251.195 - - [19/Oct/2024:03:23:15 -0400] "POST /wp-cron.php?doing_wp_cron=1729322595.2499849796295166015625 HTTP/1.1" 200 0 "-" "WordPress/6.6.2; https://dietcontrungnhanh.com"
40.85.137.112 - - [19/Oct/2024:03:23:14 -0400] "GET /home.php HTTP/1.1" 404 16527 "-" "-"
162.213.251.195 - - [19/Oct/2024:03:23:18 -0400] "POST /wp-cron.php?doing_wp_cron=1729322597.8152449131011962890625 HTTP/1.1" 200 0 "-" "WordPress/6.6.2; https://dietcontrungnhanh.com"
40.85.137.112 - - [19/Oct/2024:03:23:17 -0400] "GET /index1.php HTTP/1.1" 404 16541 "-" "-"
162.213.251.195 - - [19/Oct/2024:03:23:20 -0400] "POST /wp-cron.php?doing_wp_cron=1729322599.8041479587554931640625 HTTP/1.1" 200 0 "-" "WordPress/6.6.2; https://dietcontrungnhanh.com"
40.85.137.112 - - [19/Oct/2024:03:23:19 -0400] "GET /manager.php HTTP/1.1" 404 16541 "-" "-"
162.213.251.195 - - [19/Oct/2024:03:23:21 -0400] "POST /wp-cron.php?doing_wp_cron=1729322601.4852619171142578125000 HTTP/1.1" 200 0 "-" "WordPress/6.6.2; https://dietcontrungnhanh.com"
40.85.137.112 - - [19/Oct/2024:03:23:21 -0400] "GET /options.php/ HTTP/1.1" 404 16548 "-" "-"
162.213.251.195 - - [19/Oct/2024:03:23:23 -0400] "POST /wp-cron.php?doing_wp_cron=1729322603.1554150581359863281250 HTTP/1.1" 200 0 "-" "WordPress/6.6.2; https://dietcontrungnhanh.com"
40.85.137.112 - - [19/Oct/2024:03:23:22 -0400] "GET /packed.php HTTP/1.1" 404 16562 "-" "-"
162.213.251.195 - - [19/Oct/2024:03:23:25 -0400] "POST /wp-cron.php?doing_wp_cron=1729322604.9882180690765380859375 HTTP/1.1" 200 0 "-" "WordPress/6.6.2; https://dietcontrungnhanh.com"
40.85.137.112 - - [19/Oct/2024:03:23:24 -0400] "GET /praxismanagement/wp-includes/wp-load.php HTTP/1.1" 404 17412 "-" "-"
162.213.251.195 - - [19/Oct/2024:03:23:27 -0400] "POST /wp-cron.php?doing_wp_cron=1729322607.0165219306945800781250 HTTP/1.1" 200 0 "-" "WordPress/6.6.2; https://dietcontrungnhanh.com"
40.85.137.112 - - [19/Oct/2024:03:23:26 -0400] "GET /randkeyword.PhP8 HTTP/1.1" 404 16550 "-" "-"
162.213.251.195 - - [19/Oct/2024:03:23:29 -0400] "POST /wp-cron.php?doing_wp_cron=1729322609.3466610908508300781250 HTTP/1.1" 200 0 "-" "WordPress/6.6.2; https://dietcontrungnhanh.com"
40.85.137.112 - - [19/Oct/2024:03:23:28 -0400] "GET /randkeyword.php HTTP/1.1" 404 16568 "-" "-"
162.213.251.195 - - [19/Oct/2024:03:23:31 -0400] "POST /wp-cron.php?doing_wp_cron=1729322611.1508710384368896484375 HTTP/1.1" 200 0 "-" "WordPress/6.6.2; https://dietcontrungnhanh.com"
40.85.137.112 - - [19/Oct/2024:03:23:30 -0400] "GET /readme.php HTTP/1.1" 404 16546 "-" "-"
162.213.251.195 - - [19/Oct/2024:03:23:34 -0400] "POST /wp-cron.php?doing_wp_cron=1729322613.9966061115264892578125 HTTP/1.1" 200 0 "-" "WordPress/6.6.2; https://dietcontrungnhanh.com"
40.85.137.112 - - [19/Oct/2024:03:23:33 -0400] "GET /tinyfilemanager.php HTTP/1.1" 404 16566 "-" "-"
162.213.251.195 - - [19/Oct/2024:03:23:38 -0400] "POST /wp-cron.php?doing_wp_cron=1729322617.6731719970703125000000 HTTP/1.1" 200 0 "-" "WordPress/6.6.2; https://dietcontrungnhanh.com"
40.85.137.112 - - [19/Oct/2024:03:23:36 -0400] "GET /ty.php HTTP/1.1" 404 16539 "-" "-"
40.85.137.112 - - [19/Oct/2024:03:23:39 -0400] "GET /wp-admin/404.php HTTP/1.1" 404 16540 "-" "-"
40.85.137.112 - - [19/Oct/2024:03:23:43 -0400] "GET /wp-admin/about.php HTTP/1.1" 302 0 "-" "-"
40.85.137.112 - - [19/Oct/2024:03:23:45 -0400] "GET /wp-login.php?redirect_to=https%3A%2F%2Fdietcontrungnhanh.com%2Fwp-admin%2Fabout.php&reauth=1 HTTP/1.1" 200 2813 "-" "-"
40.85.137.112 - - [19/Oct/2024:03:23:50 -0400] "GET /wp-admin/autoload_classmap.php HTTP/1.1" 404 16531 "-" "-"
40.85.137.112 - - [19/Oct/2024:03:23:53 -0400] "GET /wp-admin/css/wp-login.php HTTP/1.1" 404 17374 "-" "-"
40.85.137.112 - - [19/Oct/2024:03:23:54 -0400] "GET /wp-admin/file.php HTTP/1.1" 404 16553 "-" "-"
40.85.137.112 - - [19/Oct/2024:03:23:56 -0400] "GET /wp-admin/images/file.php HTTP/1.1" 404 17368 "-" "-"
40.85.137.112 - - [19/Oct/2024:03:23:58 -0400] "GET /wp-admin/includes/xmrlpc.php HTTP/1.1" 403 1242 "-" "-"
40.85.137.112 - - [19/Oct/2024:03:23:58 -0400] "GET /wp-admin/js/autoload_classmap.php HTTP/1.1" 404 17386 "-" "-"
40.85.137.112 - - [19/Oct/2024:03:24:00 -0400] "GET /wp-admin/js/widgets/xmrlpc.php HTTP/1.1" 404 17363 "-" "-"
40.85.137.112 - - [19/Oct/2024:03:24:01 -0400] "GET /wp-admin/js/wp-login.php HTTP/1.1" 404 17382 "-" "-"
40.85.137.112 - - [19/Oct/2024:03:24:02 -0400] "GET /wp-admin/network/index.php HTTP/1.1" 302 0 "-" "-"
40.85.137.112 - - [19/Oct/2024:03:24:03 -0400] "GET /wp-login.php?redirect_to=https%3A%2F%2Fdietcontrungnhanh.com%2Fwp-admin%2Fnetwork%2Findex.php&reauth=1 HTTP/1.1" 200 2813 "-" "-"
40.85.137.112 - - [19/Oct/2024:03:24:04 -0400] "GET /wp-admin/themes.php HTTP/1.1" 302 0 "-" "-"
40.85.137.112 - - [19/Oct/2024:03:24:05 -0400] "GET /wp-login.php?redirect_to=https%3A%2F%2Fdietcontrungnhanh.com%2Fwp-admin%2Fthemes.php&reauth=1 HTTP/1.1" 200 2818 "-" "-"
40.85.137.112 - - [19/Oct/2024:03:24:06 -0400] "GET /wp-admin/user/index.php HTTP/1.1" 302 0 "-" "-"
40.85.137.112 - - [19/Oct/2024:03:24:07 -0400] "GET /wp-login.php?redirect_to=https%3A%2F%2Fdietcontrungnhanh.com%2Fwp-admin%2Fuser%2Findex.php&reauth=1 HTTP/1.1" 200 2835 "-" "-"
40.85.137.112 - - [19/Oct/2024:03:24:08 -0400] "GET /wp-admin/wp-login.php HTTP/1.1" 404 16542 "-" "-"
40.85.137.112 - - [19/Oct/2024:03:24:09 -0400] "GET /wp-cache.php HTTP/1.1" 404 16523 "-" "-"
40.85.137.112 - - [19/Oct/2024:03:24:11 -0400] "GET /wp-config-sample HTTP/1.1" 404 18733 "-" "-"
40.85.137.112 - - [19/Oct/2024:03:24:12 -0400] "GET /wp-configs.php HTTP/1.1" 404 16543 "-" "-"
40.85.137.112 - - [19/Oct/2024:03:24:14 -0400] "GET /wp-content/install.php HTTP/1.1" 404 16535 "-" "-"
40.85.137.112 - - [19/Oct/2024:03:24:15 -0400] "GET /wp-content/themes.php HTTP/1.1" 404 16545 "-" "-"
40.85.137.112 - - [19/Oct/2024:03:24:17 -0400] "GET /wp-content/themes/admin.php HTTP/1.1" 403 1242 "-" "-"
40.85.137.112 - - [19/Oct/2024:03:24:17 -0400] "GET /wp-content/themes/twentytwentytwo/admin.php HTTP/1.1" 403 1242 "-" "-"
40.85.137.112 - - [19/Oct/2024:03:24:18 -0400] "GET /wp-content/upgrade/index.php HTTP/1.1" 301 0 "-" "-"
40.85.137.112 - - [19/Oct/2024:03:24:18 -0400] "GET /wp-content/upgrade/ HTTP/1.1" 403 1242 "-" "-"
40.85.137.112 - - [19/Oct/2024:03:24:19 -0400] "GET /wp-content/wp-login.php HTTP/1.1" 404 16534 "-" "-"
198.235.24.37 - - [19/Oct/2024:03:24:20 -0400] "GET / HTTP/1.1" 200 27085 "-" "-"
40.85.137.112 - - [19/Oct/2024:03:24:21 -0400] "GET /wp-includes/PHPMailer/admin.php HTTP/1.1" 404 17393 "-" "-"
40.85.137.112 - - [19/Oct/2024:03:24:23 -0400] "GET /wp-includes/SimplePie/wp-login.php HTTP/1.1" 404 17383 "-" "-"
40.85.137.112 - - [19/Oct/2024:03:24:24 -0400] "GET /wp-includes/block-patterns/themes.php HTTP/1.1" 404 17395 "-" "-"
40.85.137.112 - - [19/Oct/2024:03:24:25 -0400] "GET /wp-includes/radio.php HTTP/1.1" 403 1242 "-" "-"
40.85.137.112 - - [19/Oct/2024:03:24:26 -0400] "GET /wp-includes/widgets/themes.php HTTP/1.1" 404 17385 "-" "-"
40.85.137.112 - - [19/Oct/2024:03:24:27 -0400] "GET /wp-links-opml.php HTTP/1.1" 200 164 "-" "-"
40.85.137.112 - - [19/Oct/2024:03:24:29 -0400] "GET /yanz.php/wp-admin/user/cloud.php HTTP/1.1" 404 17382 "-" "-"
107.189.29.177 - - [19/Oct/2024:03:31:06 -0400] "GET /wp-login.php HTTP/1.1" 200 0 "-" "Mozilla/5.0 (X11; Linux x86_64) AppleWebKit/537.36 (KHTML, like Gecko) Chrome/36.0.1985.125 Safari/537.36"
162.213.251.195 - - [19/Oct/2024:03:31:18 -0400] "POST /wp-cron.php?doing_wp_cron=1729323078.2128009796142578125000 HTTP/1.1" 200 0 "-" "WordPress/6.6.2; https://dietcontrungnhanh.com"
103.102.230.7 - - [19/Oct/2024:03:40:29 -0400] "GET /.git/config HTTP/1.1" 403 1242 "-" "Mozilla/5.0 (CentOS; Linux x86_64; rv:125.0) Gecko/20100101 Firefox/125.0"
162.213.251.195 - - [19/Oct/2024:03:41:30 -0400] "POST /wp-cron.php?doing_wp_cron=1729323689.5941739082336425781250 HTTP/1.1" 200 0 "-" "WordPress/6.6.2; https://dietcontrungnhanh.com"
182.42.110.255 - - [19/Oct/2024:03:41:20 -0400] "GET / HTTP/1.1" 200 27046 "http://dietcontrungnhanh.com" "Mozilla/5.0 (iPhone; CPU iPhone OS 13_2_3 like Mac OS X) AppleWebKit/605.1.15 (KHTML, like Gecko) Version/13.0.3 Mobile/15E148 Safari/604.1"
162.213.251.195 - - [19/Oct/2024:03:45:02 -0400] "POST /wp-cron.php?doing_wp_cron=1729323901.8968930244445800781250 HTTP/1.1" 200 0 "-" "WordPress/6.6.2; https://dietcontrungnhanh.com"
45.61.185.127 - - [19/Oct/2024:03:44:55 -0400] "GET /wp-login.php HTTP/1.1" 200 2800 "-" "Mozilla/5.0 (Macintosh; Intel Mac OS X 10_10) AppleWebKit/538.46 (KHTML, like Gecko) Version/8.0 Safari/538.46"
162.213.251.195 - - [19/Oct/2024:03:45:06 -0400] "POST /wp-cron.php?doing_wp_cron=1729323906.0541510581970214843750 HTTP/1.1" 200 0 "-" "WordPress/6.6.2; https://dietcontrungnhanh.com"
45.61.185.127 - - [19/Oct/2024:03:45:05 -0400] "POST /wp-login.php HTTP/1.1" 200 2958 "-" "Mozilla/5.0 (Macintosh; Intel Mac OS X 10_10) AppleWebKit/538.46 (KHTML, like Gecko) Version/8.0 Safari/538.46"
162.213.251.195 - - [19/Oct/2024:03:47:25 -0400] "POST /wp-cron.php?doing_wp_cron=1729324045.1603989601135253906250 HTTP/1.1" 200 0 "-" "WordPress/6.6.2; https://dietcontrungnhanh.com"
45.61.185.127 - - [19/Oct/2024:03:47:21 -0400] "GET /wp-login.php HTTP/1.1" 200 2812 "-" "Mozilla/5.0 (X11; Linux x86_64) AppleWebKit/537.36 (KHTML, like Gecko) Ubuntu Chromium/36.0.1985.125 Chrome/36.0.1985.125 Safari/537.36"
45.61.185.127 - - [19/Oct/2024:03:47:25 -0400] "POST /wp-login.php HTTP/1.1" 200 3004 "-" "Mozilla/5.0 (X11; Linux x86_64) AppleWebKit/537.36 (KHTML, like Gecko) Ubuntu Chromium/36.0.1985.125 Chrome/36.0.1985.125 Safari/537.36"
162.213.251.195 - - [19/Oct/2024:04:20:13 -0400] "POST /wp-cron.php?doing_wp_cron=1729326013.1393270492553710937500 HTTP/1.1" 200 0 "-" "WordPress/6.6.2; https://dietcontrungnhanh.com"
109.248.175.228 - - [19/Oct/2024:04:20:06 -0400] "POST /wp-content/db-cache.php HTTP/1.1" 404 16543 "-" "Mozilla/4.0 (compatible; MSIE 6.0; Windows NT 5.1; SV1)"
162.213.251.195 - - [19/Oct/2024:04:41:38 -0400] "POST /wp-cron.php?doing_wp_cron=1729327298.6517839431762695312500 HTTP/1.1" 200 0 "-" "WordPress/6.6.2; https://dietcontrungnhanh.com"
205.185.125.234 - - [19/Oct/2024:04:41:32 -0400] "GET /wp-login.php HTTP/1.1" 200 2812 "-" "Mozilla/5.0 (Windows NT 6.3; WOW64) AppleWebKit/537.36 (KHTML, like Gecko) Chrome/36.0.1985.125 Safari/537.36"
205.185.125.234 - - [19/Oct/2024:04:41:39 -0400] "POST /wp-login.php HTTP/1.1" 200 2964 "-" "Mozilla/5.0 (Windows NT 6.3; WOW64) AppleWebKit/537.36 (KHTML, like Gecko) Chrome/36.0.1985.125 Safari/537.36"
162.213.251.195 - - [19/Oct/2024:04:42:31 -0400] "POST /wp-cron.php?doing_wp_cron=1729327350.7890601158142089843750 HTTP/1.1" 200 0 "-" "WordPress/6.6.2; https://dietcontrungnhanh.com"
209.141.51.75 - - [19/Oct/2024:04:42:30 -0400] "GET /wp-login.php HTTP/1.1" 200 2800 "-" "Mozilla/5.0 (Macintosh; Intel Mac OS X 10_9_4) AppleWebKit/537.36 (KHTML, like Gecko) Chrome/36.0.1985.143 Safari/537.36"
209.141.51.75 - - [19/Oct/2024:04:42:31 -0400] "POST /wp-login.php HTTP/1.1" 200 2963 "-" "Mozilla/5.0 (Macintosh; Intel Mac OS X 10_9_4) AppleWebKit/537.36 (KHTML, like Gecko) Chrome/36.0.1985.143 Safari/537.36"
162.213.251.195 - - [19/Oct/2024:04:44:06 -0400] "POST /wp-cron.php?doing_wp_cron=1729327446.2463350296020507812500 HTTP/1.1" 200 0 "-" "WordPress/6.6.2; https://dietcontrungnhanh.com"
198.98.62.41 - - [19/Oct/2024:04:44:00 -0400] "GET /wp-login.php HTTP/1.1" 200 2812 "-" "Mozilla/5.0 (Macintosh; Intel Mac OS X 10_9_4) AppleWebKit/537.36 (KHTML, like Gecko) Chrome/36.0.1985.143 Safari/537.36"
162.213.251.195 - - [19/Oct/2024:04:44:07 -0400] "POST /wp-cron.php?doing_wp_cron=1729327447.5090060234069824218750 HTTP/1.1" 200 0 "-" "WordPress/6.6.2; https://dietcontrungnhanh.com"
198.98.62.41 - - [19/Oct/2024:04:44:07 -0400] "POST /wp-login.php HTTP/1.1" 200 3006 "-" "Mozilla/5.0 (Macintosh; Intel Mac OS X 10_9_4) AppleWebKit/537.36 (KHTML, like Gecko) Chrome/36.0.1985.143 Safari/537.36"
162.213.251.195 - - [19/Oct/2024:04:54:13 -0400] "POST /wp-cron.php?doing_wp_cron=1729328053.6229441165924072265625 HTTP/1.1" 200 0 "-" "WordPress/6.6.2; https://dietcontrungnhanh.com"
178.215.224.182 - - [19/Oct/2024:04:54:05 -0400] "GET / HTTP/1.1" 200 27067 "-" "Mozilla/5.0 (Windows NT 10.0; Win64; x64) AppleWebKit/537.36 (KHTML, like Gecko) Chrome/89.0.4389.114 Safari/537.36"
162.213.251.195 - - [19/Oct/2024:04:54:21 -0400] "POST /wp-cron.php?doing_wp_cron=1729328061.5587770938873291015625 HTTP/1.1" 200 0 "-" "WordPress/6.6.2; https://dietcontrungnhanh.com"
178.215.224.182 - - [19/Oct/2024:04:54:20 -0400] "GET //wp-includes/wlwmanifest.xml HTTP/1.1" 301 0 "-" "Mozilla/5.0 (Windows NT 10.0; Win64; x64) AppleWebKit/537.36 (KHTML, like Gecko) Chrome/89.0.4389.114 Safari/537.36"
162.213.251.195 - - [19/Oct/2024:04:54:25 -0400] "POST /wp-cron.php?doing_wp_cron=1729328064.7004380226135253906250 HTTP/1.1" 200 0 "-" "WordPress/6.6.2; https://dietcontrungnhanh.com"
178.215.224.182 - - [19/Oct/2024:04:54:24 -0400] "GET / HTTP/1.1" 200 27066 "-" "Mozilla/5.0 (Windows NT 10.0; Win64; x64) AppleWebKit/537.36 (KHTML, like Gecko) Chrome/89.0.4389.114 Safari/537.36"
162.213.251.195 - - [19/Oct/2024:04:54:28 -0400] "POST /wp-cron.php?doing_wp_cron=1729328068.3553171157836914062500 HTTP/1.1" 200 0 "-" "WordPress/6.6.2; https://dietcontrungnhanh.com"
178.215.224.182 - - [19/Oct/2024:04:54:27 -0400] "GET //?author=1 HTTP/1.1" 301 0 "-" "Mozilla/5.0 (Windows NT 10.0; Win64; x64) AppleWebKit/537.36 (KHTML, like Gecko) Chrome/89.0.4389.114 Safari/537.36"
178.215.224.182 - - [19/Oct/2024:04:54:29 -0400] "GET //?author=2 HTTP/1.1" 301 0 "-" "Mozilla/5.0 (Windows NT 10.0; Win64; x64) AppleWebKit/537.36 (KHTML, like Gecko) Chrome/89.0.4389.114 Safari/537.36"
162.213.251.195 - - [19/Oct/2024:04:54:32 -0400] "POST /wp-cron.php?doing_wp_cron=1729328072.0045609474182128906250 HTTP/1.1" 200 0 "-" "WordPress/6.6.2; https://dietcontrungnhanh.com"
178.215.224.182 - - [19/Oct/2024:04:54:31 -0400] "GET //?author=3 HTTP/1.1" 301 0 "-" "Mozilla/5.0 (Windows NT 10.0; Win64; x64) AppleWebKit/537.36 (KHTML, like Gecko) Chrome/89.0.4389.114 Safari/537.36"
162.213.251.195 - - [19/Oct/2024:04:54:33 -0400] "POST /wp-cron.php?doing_wp_cron=1729328073.5006310939788818359375 HTTP/1.1" 200 0 "-" "WordPress/6.6.2; https://dietcontrungnhanh.com"
178.215.224.182 - - [19/Oct/2024:04:54:32 -0400] "GET //wp-json/wp/v2/users/ HTTP/1.1" 200 66130 "-" "Mozilla/5.0 (Windows NT 10.0; Win64; x64) AppleWebKit/537.36 (KHTML, like Gecko) Chrome/89.0.4389.114 Safari/537.36"
43.157.251.231 - - [19/Oct/2024:04:59:06 -0400] "GET /.env HTTP/1.1" 403 1242 "-" "-"
162.213.251.195 - - [19/Oct/2024:05:03:06 -0400] "POST /wp-cron.php?doing_wp_cron=1729328586.6028881072998046875000 HTTP/1.1" 200 0 "-" "WordPress/6.6.2; https://dietcontrungnhanh.com"
205.185.125.171 - - [19/Oct/2024:05:03:00 -0400] "GET /wp-login.php HTTP/1.1" 200 2812 "-" "Mozilla/5.0 (Macintosh; Intel Mac OS X 10_9_3) AppleWebKit/537.76.4 (KHTML, like Gecko) Version/7.0.4 Safari/537.76.4"
205.185.125.171 - - [19/Oct/2024:05:03:07 -0400] "POST /wp-login.php HTTP/1.1" 200 2995 "-" "Mozilla/5.0 (Macintosh; Intel Mac OS X 10_9_3) AppleWebKit/537.76.4 (KHTML, like Gecko) Version/7.0.4 Safari/537.76.4"
162.213.251.195 - - [19/Oct/2024:05:07:52 -0400] "POST /wp-cron.php?doing_wp_cron=1729328872.5346980094909667968750 HTTP/1.1" 200 0 "-" "WordPress/6.6.2; https://dietcontrungnhanh.com"
65.108.0.71 - - [19/Oct/2024:05:07:46 -0400] "GET /robots.txt HTTP/1.1" 200 116 "-" "Mozilla/5.0 (compatible; MJ12bot/v1.4.8; http://mj12bot.com/)"
162.213.251.195 - - [19/Oct/2024:05:07:55 -0400] "POST /wp-cron.php?doing_wp_cron=1729328875.2188589572906494140625 HTTP/1.1" 200 0 "-" "WordPress/6.6.2; https://dietcontrungnhanh.com"
65.108.0.71 - - [19/Oct/2024:05:07:54 -0400] "GET /dich-vu-diet-moi%E2%80%A6va-chuyen-nghiep/ HTTP/1.1" 404 18723 "-" "Mozilla/5.0 (compatible; MJ12bot/v1.4.8; http://mj12bot.com/)"
162.213.251.195 - - [19/Oct/2024:05:13:18 -0400] "POST /wp-cron.php?doing_wp_cron=1729329198.1642239093780517578125 HTTP/1.1" 200 0 "-" "WordPress/6.6.2; https://dietcontrungnhanh.com"
66.249.70.193 - - [19/Oct/2024:05:13:07 -0400] "GET /robots.txt HTTP/1.1" 200 116 "-" "Mozilla/5.0 (compatible; Googlebot/2.1; +http://www.google.com/bot.html)"
66.249.70.194 - - [19/Oct/2024:05:13:20 -0400] "GET /wp-content/uploads/2024/06/diet-con-trung-nhanh-hcm-ho-chi-minh.jpg HTTP/1.1" 200 54636 "-" "Googlebot-Image/1.0"
104.244.72.110 - - [19/Oct/2024:05:40:36 -0400] "GET /wp-login.php HTTP/1.1" 200 0 "-" "Mozilla/5.0 (X11; Ubuntu; Linux x86_64; rv:31.0) Gecko/20100101 Firefox/31.0"
162.213.251.195 - - [19/Oct/2024:05:40:49 -0400] "POST /wp-cron.php?doing_wp_cron=1729330848.1025431156158447265625 HTTP/1.1" 200 0 "-" "WordPress/6.6.2; https://dietcontrungnhanh.com"
162.213.251.195 - - [19/Oct/2024:05:49:02 -0400] "POST /wp-cron.php?doing_wp_cron=1729331341.9470949172973632812500 HTTP/1.1" 200 0 "-" "WordPress/6.6.2; https://dietcontrungnhanh.com"
45.61.185.119 - - [19/Oct/2024:05:48:52 -0400] "GET /wp-login.php HTTP/1.1" 200 2812 "-" "Mozilla/5.0 (X11; Linux x86_64) AppleWebKit/537.36 (KHTML, like Gecko) Ubuntu Chromium/36.0.1985.125 Chrome/36.0.1985.125 Safari/537.36"
162.213.251.195 - - [19/Oct/2024:05:49:03 -0400] "POST /wp-cron.php?doing_wp_cron=1729331343.5679879188537597656250 HTTP/1.1" 200 0 "-" "WordPress/6.6.2; https://dietcontrungnhanh.com"
45.61.185.119 - - [19/Oct/2024:05:49:03 -0400] "POST /wp-login.php HTTP/1.1" 200 2958 "-" "Mozilla/5.0 (X11; Linux x86_64) AppleWebKit/537.36 (KHTML, like Gecko) Ubuntu Chromium/36.0.1985.125 Chrome/36.0.1985.125 Safari/537.36"
162.213.251.195 - - [19/Oct/2024:05:50:23 -0400] "POST /wp-cron.php?doing_wp_cron=1729331423.1558780670166015625000 HTTP/1.1" 200 0 "-" "WordPress/6.6.2; https://dietcontrungnhanh.com"
45.61.185.119 - - [19/Oct/2024:05:50:21 -0400] "GET /wp-login.php HTTP/1.1" 200 2800 "-" "Mozilla/5.0 (compatible; MSIE 10.0; Windows NT 6.1; WOW64; Trident/6.0)"
162.213.251.195 - - [19/Oct/2024:05:50:26 -0400] "POST /wp-cron.php?doing_wp_cron=1729331425.7308530807495117187500 HTTP/1.1" 200 0 "-" "WordPress/6.6.2; https://dietcontrungnhanh.com"
45.61.185.119 - - [19/Oct/2024:05:50:24 -0400] "POST /wp-login.php HTTP/1.1" 200 2965 "-" "Mozilla/5.0 (compatible; MSIE 10.0; Windows NT 6.1; WOW64; Trident/6.0)"
162.213.251.195 - - [19/Oct/2024:05:50:41 -0400] "POST /wp-cron.php?doing_wp_cron=1729331441.4275119304656982421875 HTTP/1.1" 200 0 "-" "WordPress/6.6.2; https://dietcontrungnhanh.com"
205.185.125.171 - - [19/Oct/2024:05:50:40 -0400] "GET /wp-login.php HTTP/1.1" 200 2800 "-" "Mozilla/5.0 (Windows NT 6.3; WOW64; Trident/7.0; rv:11.0) like Gecko"
162.213.251.195 - - [19/Oct/2024:05:50:44 -0400] "POST /wp-cron.php?doing_wp_cron=1729331443.6053960323333740234375 HTTP/1.1" 200 0 "-" "WordPress/6.6.2; https://dietcontrungnhanh.com"
205.185.125.171 - - [19/Oct/2024:05:50:43 -0400] "POST /wp-login.php HTTP/1.1" 200 2966 "-" "Mozilla/5.0 (Windows NT 6.3; WOW64; Trident/7.0; rv:11.0) like Gecko"
162.213.251.195 - - [19/Oct/2024:05:50:56 -0400] "POST /wp-cron.php?doing_wp_cron=1729331455.7859530448913574218750 HTTP/1.1" 200 0 "-" "WordPress/6.6.2; https://dietcontrungnhanh.com"
43.163.8.36 - - [19/Oct/2024:05:50:55 -0400] "GET / HTTP/1.1" 301 0 "http://www.dietcontrungnhanh.com" "Mozilla/5.0 (iPhone; CPU iPhone OS 13_2_3 like Mac OS X) AppleWebKit/605.1.15 (KHTML, like Gecko) Version/13.0.3 Mobile/15E148 Safari/604.1"
162.213.251.195 - - [19/Oct/2024:05:50:58 -0400] "POST /wp-cron.php?doing_wp_cron=1729331458.4431450366973876953125 HTTP/1.1" 200 0 "-" "WordPress/6.6.2; https://dietcontrungnhanh.com"
43.163.8.36 - - [19/Oct/2024:05:50:57 -0400] "GET / HTTP/1.1" 200 27105 "https://www.dietcontrungnhanh.com/" "Mozilla/5.0 (iPhone; CPU iPhone OS 13_2_3 like Mac OS X) AppleWebKit/605.1.15 (KHTML, like Gecko) Version/13.0.3 Mobile/15E148 Safari/604.1"
45.61.185.127 - - [19/Oct/2024:06:10:23 -0400] "GET /wp-login.php HTTP/1.1" 200 0 "-" "Mozilla/5.0 (Windows NT 6.1; rv:24.0) Gecko/20100101 Firefox/24.0"
162.213.251.195 - - [19/Oct/2024:06:10:35 -0400] "POST /wp-cron.php?doing_wp_cron=1729332634.9336149692535400390625 HTTP/1.1" 200 0 "-" "WordPress/6.6.2; https://dietcontrungnhanh.com"
162.213.251.195 - - [19/Oct/2024:06:11:26 -0400] "POST /wp-cron.php?doing_wp_cron=1729332686.0944309234619140625000 HTTP/1.1" 200 0 "-" "WordPress/6.6.2; https://dietcontrungnhanh.com"
194.38.20.13 - - [19/Oct/2024:06:11:25 -0400] "GET /jqueryfileupload/server/php/index.php?file=tf2rghf.jpg HTTP/1.1" 301 0 "-" "ALittle Client"
162.213.251.195 - - [19/Oct/2024:06:12:14 -0400] "POST /wp-cron.php?doing_wp_cron=1729332734.6357738971710205078125 HTTP/1.1" 200 0 "-" "WordPress/6.6.2; https://dietcontrungnhanh.com"
194.38.20.13 - - [19/Oct/2024:06:12:14 -0400] "GET /jqueryfileupload/server/php/?file=tf2rghf.jpg HTTP/1.1" 404 17071 "-" "ALittle Client"

Youez - 2016 - github.com/yon3zu
LinuXploit