162.213.251.195 - - [18/Oct/2024:21:08:16 -0400] "POST /wp-cron.php?doing_wp_cron=1729300095.9196929931640625000000 HTTP/1.1" 200 0 "-" "WordPress/6.6.2; https://dietcontrungnhanh.com"
13.79.63.18 - - [18/Oct/2024:21:08:15 -0400] "GET /test.php HTTP/1.1" 404 16537 "-" "-"
162.213.251.195 - - [18/Oct/2024:21:08:17 -0400] "POST /wp-cron.php?doing_wp_cron=1729300097.2663249969482421875000 HTTP/1.1" 200 0 "-" "WordPress/6.6.2; https://dietcontrungnhanh.com"
13.79.63.18 - - [18/Oct/2024:21:08:17 -0400] "GET /images/ayk.php HTTP/1.1" 404 16548 "-" "-"
162.213.251.195 - - [18/Oct/2024:21:08:18 -0400] "POST /wp-cron.php?doing_wp_cron=1729300098.4714028835296630859375 HTTP/1.1" 200 0 "-" "WordPress/6.6.2; https://dietcontrungnhanh.com"
13.79.63.18 - - [18/Oct/2024:21:08:18 -0400] "GET /about.php HTTP/1.1" 404 16553 "-" "-"
162.213.251.195 - - [18/Oct/2024:21:08:19 -0400] "POST /wp-cron.php?doing_wp_cron=1729300099.6743109226226806640625 HTTP/1.1" 200 0 "-" "WordPress/6.6.2; https://dietcontrungnhanh.com"
13.79.63.18 - - [18/Oct/2024:21:08:19 -0400] "GET /wp-includes/js/tinymce/plugins/compat3x/erin1.PhP7 HTTP/1.1" 404 17399 "-" "-"
162.213.251.195 - - [18/Oct/2024:21:08:21 -0400] "POST /wp-cron.php?doing_wp_cron=1729300100.9343550205230712890625 HTTP/1.1" 200 0 "-" "WordPress/6.6.2; https://dietcontrungnhanh.com"
13.79.63.18 - - [18/Oct/2024:21:08:20 -0400] "GET /wp-includes/pomo/root.php HTTP/1.1" 404 17374 "-" "-"
13.79.63.18 - - [18/Oct/2024:21:08:21 -0400] "GET /wp-content/plugins/mbbeecuhxt/wp-editor.php HTTP/1.1" 403 1242 "-" "-"
13.79.63.18 - - [18/Oct/2024:21:08:22 -0400] "GET /wp-includes/atomlib.php HTTP/1.1" 403 1242 "-" "-"
162.213.251.195 - - [18/Oct/2024:21:08:23 -0400] "POST /wp-cron.php?doing_wp_cron=1729300102.7531769275665283203125 HTTP/1.1" 200 0 "-" "WordPress/6.6.2; https://dietcontrungnhanh.com"
13.79.63.18 - - [18/Oct/2024:21:08:22 -0400] "GET /images/mini.php HTTP/1.1" 404 16561 "-" "-"
13.79.63.18 - - [18/Oct/2024:21:08:23 -0400] "GET /wp-content/plugins/rencontre/inc/photo_import/ovammjwwh.php HTTP/1.1" 403 1242 "-" "-"
162.213.251.195 - - [18/Oct/2024:21:08:24 -0400] "POST /wp-cron.php?doing_wp_cron=1729300104.3099288940429687500000 HTTP/1.1" 200 0 "-" "WordPress/6.6.2; https://dietcontrungnhanh.com"
13.79.63.18 - - [18/Oct/2024:21:08:24 -0400] "GET /valubil/wp-content/themes/seotheme/db.php HTTP/1.1" 404 17381 "-" "-"
162.213.251.195 - - [18/Oct/2024:21:08:25 -0400] "POST /wp-cron.php?doing_wp_cron=1729300105.4919219017028808593750 HTTP/1.1" 200 0 "-" "WordPress/6.6.2; https://dietcontrungnhanh.com"
13.79.63.18 - - [18/Oct/2024:21:08:25 -0400] "GET /.well-known/acme-challenge/Eval.php HTTP/1.1" 404 17383 "-" "-"
162.213.251.195 - - [18/Oct/2024:21:08:27 -0400] "POST /wp-cron.php?doing_wp_cron=1729300106.7578969001770019531250 HTTP/1.1" 200 0 "-" "WordPress/6.6.2; https://dietcontrungnhanh.com"
13.79.63.18 - - [18/Oct/2024:21:08:26 -0400] "GET /images/alfa-rex.php HTTP/1.1" 404 16552 "-" "-"
13.79.63.18 - - [18/Oct/2024:21:08:27 -0400] "GET /wp-content/plugins/eblovwl/twvbljnt.php HTTP/1.1" 403 1242 "-" "-"
162.213.251.195 - - [18/Oct/2024:21:08:28 -0400] "POST /wp-cron.php?doing_wp_cron=1729300108.2488410472869873046875 HTTP/1.1" 200 0 "-" "WordPress/6.6.2; https://dietcontrungnhanh.com"
13.79.63.18 - - [18/Oct/2024:21:08:28 -0400] "GET /wp_cron.php HTTP/1.1" 404 16531 "-" "-"
13.79.63.18 - - [18/Oct/2024:21:08:29 -0400] "GET /wp-content/plugins/kqmlzjk/opmhnrhd.php HTTP/1.1" 403 1242 "-" "-"
162.213.251.195 - - [18/Oct/2024:21:08:30 -0400] "POST /wp-cron.php?doing_wp_cron=1729300109.8499929904937744140625 HTTP/1.1" 200 0 "-" "WordPress/6.6.2; https://dietcontrungnhanh.com"
13.79.63.18 - - [18/Oct/2024:21:08:29 -0400] "GET /wp-includes/js/tinymce/plugins/compat3x/css/wp-login.php HTTP/1.1" 404 17417 "-" "-"
13.79.63.18 - - [18/Oct/2024:21:08:30 -0400] "GET /wp-content/plugins/6i85g10k/fooster1337.php HTTP/1.1" 403 1242 "-" "-"
162.213.251.195 - - [18/Oct/2024:21:08:31 -0400] "POST /wp-cron.php?doing_wp_cron=1729300111.4140911102294921875000 HTTP/1.1" 200 0 "-" "WordPress/6.6.2; https://dietcontrungnhanh.com"
13.79.63.18 - - [18/Oct/2024:21:08:31 -0400] "GET /wp-content/alfa-rex.php56 HTTP/1.1" 404 16547 "-" "-"
162.213.251.195 - - [18/Oct/2024:21:08:32 -0400] "POST /wp-cron.php?doing_wp_cron=1729300112.5419700145721435546875 HTTP/1.1" 200 0 "-" "WordPress/6.6.2; https://dietcontrungnhanh.com"
13.79.63.18 - - [18/Oct/2024:21:08:32 -0400] "GET /css HTTP/1.1" 404 18722 "-" "-"
162.213.251.195 - - [18/Oct/2024:21:08:33 -0400] "POST /wp-cron.php?doing_wp_cron=1729300113.6671979427337646484375 HTTP/1.1" 200 0 "-" "WordPress/6.6.2; https://dietcontrungnhanh.com"
13.79.63.18 - - [18/Oct/2024:21:08:33 -0400] "GET /wp-content/upgrade/alfa-rex.php8 HTTP/1.1" 404 17414 "-" "-"
162.213.251.195 - - [18/Oct/2024:21:08:35 -0400] "POST /wp-cron.php?doing_wp_cron=1729300114.7530848979949951171875 HTTP/1.1" 200 0 "-" "WordPress/6.6.2; https://dietcontrungnhanh.com"
13.79.63.18 - - [18/Oct/2024:21:08:34 -0400] "GET /wp-admin/maint/upfile.php HTTP/1.1" 404 17383 "-" "-"
162.213.251.195 - - [18/Oct/2024:21:08:36 -0400] "POST /wp-cron.php?doing_wp_cron=1729300115.9205980300903320312500 HTTP/1.1" 200 0 "-" "WordPress/6.6.2; https://dietcontrungnhanh.com"
13.79.63.18 - - [18/Oct/2024:21:08:35 -0400] "GET /.well-known/cloud.php HTTP/1.1" 404 16569 "-" "-"
162.213.251.195 - - [18/Oct/2024:21:08:37 -0400] "POST /wp-cron.php?doing_wp_cron=1729300117.0055799484252929687500 HTTP/1.1" 200 0 "-" "WordPress/6.6.2; https://dietcontrungnhanh.com"
13.79.63.18 - - [18/Oct/2024:21:08:36 -0400] "GET /worksec.php HTTP/1.1" 404 16536 "-" "-"
162.213.251.195 - - [18/Oct/2024:21:08:38 -0400] "POST /wp-cron.php?doing_wp_cron=1729300118.1854240894317626953125 HTTP/1.1" 200 0 "-" "WordPress/6.6.2; https://dietcontrungnhanh.com"
13.79.63.18 - - [18/Oct/2024:21:08:37 -0400] "GET /ang.php HTTP/1.1" 404 16526 "-" "-"
162.213.251.195 - - [18/Oct/2024:21:08:39 -0400] "POST /wp-cron.php?doing_wp_cron=1729300119.3491139411926269531250 HTTP/1.1" 200 0 "-" "WordPress/6.6.2; https://dietcontrungnhanh.com"
13.79.63.18 - - [18/Oct/2024:21:08:39 -0400] "GET /wp-includes/class-wp-post-link.php.suspected HTTP/1.1" 404 16554 "-" "-"
13.79.63.18 - - [18/Oct/2024:21:08:40 -0400] "GET /wp-content/plugins/seoo/wsoyanz.php HTTP/1.1" 403 1242 "-" "-"
162.213.251.195 - - [18/Oct/2024:21:08:41 -0400] "POST /wp-cron.php?doing_wp_cron=1729300120.8042109012603759765625 HTTP/1.1" 200 0 "-" "WordPress/6.6.2; https://dietcontrungnhanh.com"
13.79.63.18 - - [18/Oct/2024:21:08:40 -0400] "GET /wp-content/upgrade/admin.php HTTP/1.1" 404 17376 "-" "-"
162.213.251.195 - - [18/Oct/2024:21:08:42 -0400] "POST /wp-cron.php?doing_wp_cron=1729300121.9416360855102539062500 HTTP/1.1" 200 0 "-" "WordPress/6.6.2; https://dietcontrungnhanh.com"
13.79.63.18 - - [18/Oct/2024:21:08:41 -0400] "GET /.well-known/wso112233.php HTTP/1.1" 404 16568 "-" "-"
13.79.63.18 - - [18/Oct/2024:21:08:42 -0400] "GET /.well-known/pki-validation/sxx.php HTTP/1.1" 404 1251 "-" "-"
162.213.251.195 - - [18/Oct/2024:21:08:43 -0400] "POST /wp-cron.php?doing_wp_cron=1729300123.4791579246520996093750 HTTP/1.1" 200 0 "-" "WordPress/6.6.2; https://dietcontrungnhanh.com"
13.79.63.18 - - [18/Oct/2024:21:08:43 -0400] "GET /wp-includes/images/smilies/blurbs.php HTTP/1.1" 404 17399 "-" "-"
162.213.251.195 - - [18/Oct/2024:21:08:44 -0400] "POST /wp-cron.php?doing_wp_cron=1729300124.6917960643768310546875 HTTP/1.1" 200 0 "-" "WordPress/6.6.2; https://dietcontrungnhanh.com"
13.79.63.18 - - [18/Oct/2024:21:08:44 -0400] "GET /.well-known/wp-MhEXPkK80t.php HTTP/1.1" 404 16538 "-" "-"
162.213.251.195 - - [18/Oct/2024:21:08:46 -0400] "POST /wp-cron.php?doing_wp_cron=1729300125.8546490669250488281250 HTTP/1.1" 200 0 "-" "WordPress/6.6.2; https://dietcontrungnhanh.com"
13.79.63.18 - - [18/Oct/2024:21:08:45 -0400] "GET /plugins/wp-help/admin/wp-fclass.php HTTP/1.1" 404 17410 "-" "-"
162.213.251.195 - - [18/Oct/2024:21:08:47 -0400] "POST /wp-cron.php?doing_wp_cron=1729300127.1339039802551269531250 HTTP/1.1" 200 0 "-" "WordPress/6.6.2; https://dietcontrungnhanh.com"
13.79.63.18 - - [18/Oct/2024:21:08:46 -0400] "GET /wp-admin/css/colors/coffee/install.php HTTP/1.1" 404 17393 "-" "-"
162.213.251.195 - - [18/Oct/2024:21:08:48 -0400] "POST /wp-cron.php?doing_wp_cron=1729300128.3079400062561035156250 HTTP/1.1" 200 0 "-" "WordPress/6.6.2; https://dietcontrungnhanh.com"
13.79.63.18 - - [18/Oct/2024:21:08:48 -0400] "GET /ALFA_DATA/alfacgiapi/alfa-rex.php8 HTTP/1.1" 404 17407 "-" "-"
13.79.63.18 - - [18/Oct/2024:21:08:49 -0400] "GET /wp-content/plugins/iedqxery/fooster1337.php HTTP/1.1" 403 1242 "-" "-"
162.213.251.195 - - [18/Oct/2024:21:08:50 -0400] "POST /wp-cron.php?doing_wp_cron=1729300129.8184189796447753906250 HTTP/1.1" 200 0 "-" "WordPress/6.6.2; https://dietcontrungnhanh.com"
13.79.63.18 - - [18/Oct/2024:21:08:49 -0400] "GET /modules/mod_simplefileuploadv1.3/elements/tawsutxc.php HTTP/1.1" 404 17405 "-" "-"
162.213.251.195 - - [18/Oct/2024:21:08:51 -0400] "POST /wp-cron.php?doing_wp_cron=1729300131.0297129154205322265625 HTTP/1.1" 200 0 "-" "WordPress/6.6.2; https://dietcontrungnhanh.com"
13.79.63.18 - - [18/Oct/2024:21:08:50 -0400] "GET /alfa.php HTTP/1.1" 404 16536 "-" "-"
162.213.251.195 - - [18/Oct/2024:21:08:52 -0400] "POST /wp-cron.php?doing_wp_cron=1729300132.2650339603424072265625 HTTP/1.1" 200 0 "-" "WordPress/6.6.2; https://dietcontrungnhanh.com"
13.79.63.18 - - [18/Oct/2024:21:08:52 -0400] "GET /wp-admin/css/colors/blue/about.php HTTP/1.1" 404 17398 "-" "-"
162.213.251.195 - - [18/Oct/2024:21:08:53 -0400] "POST /wp-cron.php?doing_wp_cron=1729300133.5186519622802734375000 HTTP/1.1" 200 0 "-" "WordPress/6.6.2; https://dietcontrungnhanh.com"
13.79.63.18 - - [18/Oct/2024:21:08:53 -0400] "GET /manager.php?p= HTTP/1.1" 301 0 "-" "-"
162.213.251.195 - - [18/Oct/2024:21:08:54 -0400] "POST /wp-cron.php?doing_wp_cron=1729300134.1892759799957275390625 HTTP/1.1" 200 0 "-" "WordPress/6.6.2; https://dietcontrungnhanh.com"
13.79.63.18 - - [18/Oct/2024:21:08:53 -0400] "GET /manager.php HTTP/1.1" 404 16527 "-" "-"
146.59.209.203 - - [18/Oct/2024:21:09:25 -0400] "POST /xmlrpc.php HTTP/1.1" 403 26 "-" "Mozilla/5.0 (Windows NT 10.0; Win64; x64) AppleWebKit/537.36 (KHTML, like Gecko) Chrome/79.0.3945.117 Safari/537.36"
173.231.220.123 - - [18/Oct/2024:21:09:36 -0400] "POST /xmlrpc.php HTTP/1.1" 403 26 "-" "Mozilla/5.0 (Windows NT 10.0; Win64; x64; rv:57.0) Gecko/20100101 Firefox/57.0"
162.213.251.195 - - [18/Oct/2024:21:11:31 -0400] "POST /wp-cron.php?doing_wp_cron=1729300291.0559260845184326171875 HTTP/1.1" 200 0 "-" "WordPress/6.6.2; https://dietcontrungnhanh.com"
45.61.185.119 - - [18/Oct/2024:21:11:27 -0400] "GET /wp-login.php HTTP/1.1" 200 2812 "-" "Mozilla/5.0 (Windows NT 6.1; WOW64) AppleWebKit/537.36 (KHTML, like Gecko) Chrome/36.0.1985.125 Safari/537.36"
45.61.185.119 - - [18/Oct/2024:21:11:31 -0400] "POST /wp-login.php HTTP/1.1" 200 3003 "-" "Mozilla/5.0 (Windows NT 6.1; WOW64) AppleWebKit/537.36 (KHTML, like Gecko) Chrome/36.0.1985.125 Safari/537.36"
162.213.251.195 - - [18/Oct/2024:21:12:40 -0400] "POST /wp-cron.php?doing_wp_cron=1729300359.9415829181671142578125 HTTP/1.1" 200 0 "-" "WordPress/6.6.2; https://dietcontrungnhanh.com"
114.119.152.60 - - [18/Oct/2024:21:12:39 -0400] "GET /robots.txt HTTP/1.1" 301 0 "-" "Mozilla/5.0 (compatible;PetalBot;+https://webmaster.petalsearch.com/site/petalbot)"
162.213.251.195 - - [18/Oct/2024:21:12:44 -0400] "POST /wp-cron.php?doing_wp_cron=1729300364.6409349441528320312500 HTTP/1.1" 200 0 "-" "WordPress/6.6.2; https://dietcontrungnhanh.com"
114.119.152.60 - - [18/Oct/2024:21:12:44 -0400] "GET /robots.txt HTTP/1.1" 200 116 "-" "Mozilla/5.0 (compatible;PetalBot;+https://webmaster.petalsearch.com/site/petalbot)"
162.213.251.195 - - [18/Oct/2024:21:12:50 -0400] "POST /wp-cron.php?doing_wp_cron=1729300370.0100390911102294921875 HTTP/1.1" 200 0 "-" "WordPress/6.6.2; https://dietcontrungnhanh.com"
173.208.148.34 - - [18/Oct/2024:21:12:49 -0400] "GET / HTTP/1.1" 200 27043 "-" "Mozilla/5.0 (Windows NT 10.0; Win64; x64) AppleWebKit/537.36 (KHTML, like Gecko) Chrome/91.0.4472.106 Safari/537.36"
162.213.251.195 - - [18/Oct/2024:21:12:51 -0400] "POST /wp-cron.php?doing_wp_cron=1729300371.3940050601959228515625 HTTP/1.1" 200 0 "-" "WordPress/6.6.2; https://dietcontrungnhanh.com"
173.208.148.34 - - [18/Oct/2024:21:12:51 -0400] "GET / HTTP/1.1" 200 27042 "-" "Mozilla/5.0 (compatible; Googlebot/2.1; +http://www.google.com/bot.html)"
162.213.251.195 - - [18/Oct/2024:21:12:53 -0400] "POST /wp-cron.php?doing_wp_cron=1729300373.0839409828186035156250 HTTP/1.1" 200 0 "-" "WordPress/6.6.2; https://dietcontrungnhanh.com"
173.208.148.34 - - [18/Oct/2024:21:12:52 -0400] "GET /index.php?params=1 HTTP/1.1" 301 0 "-" "Mozilla/5.0 (Windows NT 10.0; Win64; x64) AppleWebKit/537.36 (KHTML, like Gecko) Chrome/91.0.4472.106 Safari/537.36"
173.208.148.34 - - [18/Oct/2024:21:12:53 -0400] "GET /?params=1 HTTP/1.1" 200 27055 "-" "Mozilla/5.0 (Windows NT 10.0; Win64; x64) AppleWebKit/537.36 (KHTML, like Gecko) Chrome/91.0.4472.106 Safari/537.36"
162.213.251.195 - - [18/Oct/2024:21:20:31 -0400] "POST /wp-cron.php?doing_wp_cron=1729300831.3645119667053222656250 HTTP/1.1" 200 0 "-" "WordPress/6.6.2; https://dietcontrungnhanh.com"
45.61.185.127 - - [18/Oct/2024:21:20:26 -0400] "GET /wp-login.php HTTP/1.1" 200 2800 "-" "Mozilla/5.0 (Macintosh; Intel Mac OS X 10_9_4) AppleWebKit/537.36 (KHTML, like Gecko) Chrome/35.0.1916.153 Safari/537.36"
45.61.185.127 - - [18/Oct/2024:21:20:31 -0400] "POST /wp-login.php HTTP/1.1" 200 3002 "-" "Mozilla/5.0 (Macintosh; Intel Mac OS X 10_9_4) AppleWebKit/537.36 (KHTML, like Gecko) Chrome/35.0.1916.153 Safari/537.36"
162.213.251.195 - - [18/Oct/2024:21:24:34 -0400] "POST /wp-cron.php?doing_wp_cron=1729301074.4564929008483886718750 HTTP/1.1" 200 0 "-" "WordPress/6.6.2; https://dietcontrungnhanh.com"
43.163.6.35 - - [18/Oct/2024:21:24:31 -0400] "GET / HTTP/1.1" 200 27070 "http://dietcontrungnhanh.com" "Mozilla/5.0 (iPhone; CPU iPhone OS 13_2_3 like Mac OS X) AppleWebKit/605.1.15 (KHTML, like Gecko) Version/13.0.3 Mobile/15E148 Safari/604.1"
162.213.251.195 - - [18/Oct/2024:21:26:01 -0400] "POST /wp-cron.php?doing_wp_cron=1729301161.0412750244140625000000 HTTP/1.1" 200 0 "-" "WordPress/6.6.2; https://dietcontrungnhanh.com"
104.244.73.120 - - [18/Oct/2024:21:25:58 -0400] "GET /wp-login.php HTTP/1.1" 200 2812 "-" "Mozilla/5.0 (Windows NT 6.3; WOW64) AppleWebKit/537.36 (KHTML, like Gecko) Chrome/36.0.1985.125 Safari/537.36"
104.244.73.120 - - [18/Oct/2024:21:26:01 -0400] "POST /wp-login.php HTTP/1.1" 200 3004 "-" "Mozilla/5.0 (Windows NT 6.3; WOW64) AppleWebKit/537.36 (KHTML, like Gecko) Chrome/36.0.1985.125 Safari/537.36"
162.213.251.195 - - [18/Oct/2024:21:27:16 -0400] "POST /wp-cron.php?doing_wp_cron=1729301236.6099729537963867187500 HTTP/1.1" 200 0 "-" "WordPress/6.6.2; https://dietcontrungnhanh.com"
46.37.22.91 - - [18/Oct/2024:21:27:16 -0400] "GET / HTTP/1.1" 200 27081 "-" "Mozilla/5.0 (Windows NT 10.0; Win64; x64; rv:52.0) Gecko/20100101 Firefox/52.0"
46.37.22.91 - - [18/Oct/2024:21:27:18 -0400] "POST /xmlrpc.php HTTP/1.1" 403 26 "-" "Mozilla/5.0 (Windows NT 10.0; Win64; x64; rv:52.0) Gecko/20100101 Firefox/52.0"
162.213.251.195 - - [18/Oct/2024:21:28:29 -0400] "POST /wp-cron.php?doing_wp_cron=1729301308.9733450412750244140625 HTTP/1.1" 200 0 "-" "WordPress/6.6.2; https://dietcontrungnhanh.com"
104.244.76.114 - - [18/Oct/2024:21:28:28 -0400] "GET /wp-login.php HTTP/1.1" 200 2800 "-" "Mozilla/5.0 (Macintosh; Intel Mac OS X 10_9_0) AppleWebKit/537.36 (KHTML, like Gecko) Chrome/36.0.1985.125 Safari/537.36"
162.213.251.195 - - [18/Oct/2024:21:28:30 -0400] "POST /wp-cron.php?doing_wp_cron=1729301310.3031709194183349609375 HTTP/1.1" 200 0 "-" "WordPress/6.6.2; https://dietcontrungnhanh.com"
104.244.76.114 - - [18/Oct/2024:21:28:29 -0400] "POST /wp-login.php HTTP/1.1" 200 2958 "-" "Mozilla/5.0 (Macintosh; Intel Mac OS X 10_9_0) AppleWebKit/537.36 (KHTML, like Gecko) Chrome/36.0.1985.125 Safari/537.36"
162.213.251.195 - - [18/Oct/2024:21:30:31 -0400] "POST /wp-cron.php?doing_wp_cron=1729301431.0780799388885498046875 HTTP/1.1" 200 0 "-" "WordPress/6.6.2; https://dietcontrungnhanh.com"
199.195.251.210 - - [18/Oct/2024:21:30:26 -0400] "GET /wp-login.php HTTP/1.1" 200 2800 "-" "Mozilla/5.0 (Macintosh; Intel Mac OS X 10.7; rv:31.0) Gecko/20100101 Firefox/31.0"
162.213.251.195 - - [18/Oct/2024:21:30:33 -0400] "POST /wp-cron.php?doing_wp_cron=1729301432.6924679279327392578125 HTTP/1.1" 200 0 "-" "WordPress/6.6.2; https://dietcontrungnhanh.com"
199.195.251.210 - - [18/Oct/2024:21:30:32 -0400] "POST /wp-login.php HTTP/1.1" 200 2964 "-" "Mozilla/5.0 (Macintosh; Intel Mac OS X 10.7; rv:31.0) Gecko/20100101 Firefox/31.0"
162.213.251.195 - - [18/Oct/2024:21:30:37 -0400] "POST /wp-cron.php?doing_wp_cron=1729301437.3875260353088378906250 HTTP/1.1" 200 0 "-" "WordPress/6.6.2; https://dietcontrungnhanh.com"
51.222.253.1 - - [18/Oct/2024:21:30:36 -0400] "GET / HTTP/1.1" 301 0 "-" "Mozilla/5.0 (compatible; AhrefsBot/7.0; +http://ahrefs.com/robot/)"
162.213.251.195 - - [18/Oct/2024:21:58:59 -0400] "POST /wp-cron.php?doing_wp_cron=1729303139.3766779899597167968750 HTTP/1.1" 200 0 "-" "WordPress/6.6.2; https://dietcontrungnhanh.com"
34.213.126.147 - - [18/Oct/2024:21:58:54 -0400] "GET / HTTP/1.1" 200 27026 "-" "Mozilla/5.0 (Macintosh; Intel Mac OS X 12_0_1) AppleWebKit/537.36 (KHTML, like Gecko) Chrome/96.0.4664.45 Safari/537.36"
162.213.251.195 - - [18/Oct/2024:21:59:02 -0400] "POST /wp-cron.php?doing_wp_cron=1729303141.9084620475769042968750 HTTP/1.1" 200 0 "-" "WordPress/6.6.2; https://dietcontrungnhanh.com"
34.213.126.147 - - [18/Oct/2024:21:59:01 -0400] "GET / HTTP/1.1" 200 27088 "-" "Mozilla/5.0 (Macintosh; Intel Mac OS X 10_15_7) AppleWebKit/537.36 (KHTML, like Gecko) Chrome/92.0.4515.159 Safari/537.36"
162.213.251.195 - - [18/Oct/2024:21:59:04 -0400] "POST /wp-cron.php?doing_wp_cron=1729303144.0330059528350830078125 HTTP/1.1" 200 0 "-" "WordPress/6.6.2; https://dietcontrungnhanh.com"
34.213.126.147 - - [18/Oct/2024:21:59:03 -0400] "HEAD /dich-vu-diet-muoi-tai-ho-chi-minh/ HTTP/1.1" 200 0 "-" "Mozilla/5.0 (Macintosh; Intel Mac OS X 12_0_1) AppleWebKit/537.36 (KHTML, like Gecko) Chrome/96.0.4664.45 Safari/537.36"
162.213.251.195 - - [18/Oct/2024:21:59:05 -0400] "POST /wp-cron.php?doing_wp_cron=1729303145.4241759777069091796875 HTTP/1.1" 200 0 "-" "WordPress/6.6.2; https://dietcontrungnhanh.com"
34.213.126.147 - - [18/Oct/2024:21:59:05 -0400] "GET /dich-vu-diet-muoi-tai-ho-chi-minh/ HTTP/1.1" 200 29940 "-" "Mozilla/5.0 (Macintosh; Intel Mac OS X 10_15_7) AppleWebKit/537.36 (KHTML, like Gecko) Chrome/92.0.4515.159 Safari/537.36"
162.213.251.195 - - [18/Oct/2024:21:59:07 -0400] "POST /wp-cron.php?doing_wp_cron=1729303147.4909529685974121093750 HTTP/1.1" 200 0 "-" "WordPress/6.6.2; https://dietcontrungnhanh.com"
34.213.126.147 - - [18/Oct/2024:21:59:07 -0400] "HEAD /dich-vu-diet-muoi-quan-7/ HTTP/1.1" 200 0 "-" "Mozilla/5.0 (X11; Linux x86_64) AppleWebKit/537.36 (KHTML, like Gecko) Chrome/51.0.2704.103 Safari/537.36"
162.213.251.195 - - [18/Oct/2024:21:59:09 -0400] "POST /wp-cron.php?doing_wp_cron=1729303148.9128310680389404296875 HTTP/1.1" 200 0 "-" "WordPress/6.6.2; https://dietcontrungnhanh.com"
34.213.126.147 - - [18/Oct/2024:21:59:08 -0400] "GET /dich-vu-diet-muoi-quan-7/ HTTP/1.1" 200 29113 "-" "Mozilla/5.0 (X11; Linux x86_64) AppleWebKit/537.36 (KHTML, like Gecko) Chrome/96.0.4664.45 Safari/537.36"
162.213.251.195 - - [18/Oct/2024:21:59:11 -0400] "POST /wp-cron.php?doing_wp_cron=1729303150.8430259227752685546875 HTTP/1.1" 200 0 "-" "WordPress/6.6.2; https://dietcontrungnhanh.com"
34.213.126.147 - - [18/Oct/2024:21:59:10 -0400] "HEAD /lien-he/ HTTP/1.1" 200 0 "-" "Mozilla/5.0 (Macintosh; Intel Mac OS X 12_0_1) AppleWebKit/537.36 (KHTML, like Gecko) Chrome/96.0.4664.45 Safari/537.36"
162.213.251.195 - - [18/Oct/2024:21:59:12 -0400] "POST /wp-cron.php?doing_wp_cron=1729303152.2485480308532714843750 HTTP/1.1" 200 0 "-" "WordPress/6.6.2; https://dietcontrungnhanh.com"
34.213.126.147 - - [18/Oct/2024:21:59:11 -0400] "GET /lien-he/ HTTP/1.1" 200 19883 "-" "Mozilla/5.0 (Macintosh; Intel Mac OS X 12_0_1) AppleWebKit/537.36 (KHTML, like Gecko) Chrome/96.0.4664.45 Safari/537.36"
162.213.251.195 - - [18/Oct/2024:21:59:14 -0400] "POST /wp-cron.php?doing_wp_cron=1729303153.9265289306640625000000 HTTP/1.1" 200 0 "-" "WordPress/6.6.2; https://dietcontrungnhanh.com"
34.213.126.147 - - [18/Oct/2024:21:59:13 -0400] "HEAD /dich-vu-diet-muoi-quan-12/ HTTP/1.1" 200 0 "-" "Mozilla/5.0 (Macintosh; Intel Mac OS X 10_15_7) AppleWebKit/537.36 (KHTML, like Gecko) Chrome/92.0.4515.159 Safari/537.36"
162.213.251.195 - - [18/Oct/2024:21:59:15 -0400] "POST /wp-cron.php?doing_wp_cron=1729303155.2738659381866455078125 HTTP/1.1" 200 0 "-" "WordPress/6.6.2; https://dietcontrungnhanh.com"
34.213.126.147 - - [18/Oct/2024:21:59:14 -0400] "GET /dich-vu-diet-muoi-quan-12/ HTTP/1.1" 200 29239 "-" "Mozilla/5.0 (Windows NT 10.0; WOW64) AppleWebKit/537.36 (KHTML, like Gecko) Chrome/72.0.3626.121 Safari/537.36"
162.213.251.195 - - [18/Oct/2024:21:59:17 -0400] "POST /wp-cron.php?doing_wp_cron=1729303157.1111629009246826171875 HTTP/1.1" 200 0 "-" "WordPress/6.6.2; https://dietcontrungnhanh.com"
34.213.126.147 - - [18/Oct/2024:21:59:16 -0400] "HEAD /chinh-sach-doi-tra-hang/ HTTP/1.1" 200 0 "-" "Mozilla/5.0 (Windows NT 10.0; WOW64) AppleWebKit/537.36 (KHTML, like Gecko) Chrome/72.0.3626.121 Safari/537.36"
162.213.251.195 - - [18/Oct/2024:21:59:18 -0400] "POST /wp-cron.php?doing_wp_cron=1729303158.4837539196014404296875 HTTP/1.1" 200 0 "-" "WordPress/6.6.2; https://dietcontrungnhanh.com"
34.213.126.147 - - [18/Oct/2024:21:59:18 -0400] "GET /chinh-sach-doi-tra-hang/ HTTP/1.1" 200 20186 "-" "Mozilla/5.0 (Windows NT 10.0; Win64; x64) AppleWebKit/537.36 (KHTML, like Gecko) Chrome/74.0.3729.157 Safari/537.36"
162.213.251.195 - - [18/Oct/2024:21:59:20 -0400] "POST /wp-cron.php?doing_wp_cron=1729303160.1084160804748535156250 HTTP/1.1" 200 0 "-" "WordPress/6.6.2; https://dietcontrungnhanh.com"
34.213.126.147 - - [18/Oct/2024:21:59:19 -0400] "HEAD /dich-vu-diet-chuot-tai-ho-chi-minh/ HTTP/1.1" 200 0 "-" "Mozilla/5.0 (X11; Linux x86_64) AppleWebKit/537.36 (KHTML, like Gecko) Chrome/51.0.2704.103 Safari/537.36"
162.213.251.195 - - [18/Oct/2024:21:59:21 -0400] "POST /wp-cron.php?doing_wp_cron=1729303161.3210101127624511718750 HTTP/1.1" 200 0 "-" "WordPress/6.6.2; https://dietcontrungnhanh.com"
34.213.126.147 - - [18/Oct/2024:21:59:21 -0400] "GET /dich-vu-diet-chuot-tai-ho-chi-minh/ HTTP/1.1" 200 27446 "-" "Mozilla/5.0 (Windows NT 10.0; Win64; x64) AppleWebKit/537.36 (KHTML, like Gecko) Chrome/96.0.4664.45 Safari/537.36"
162.213.251.195 - - [18/Oct/2024:21:59:23 -0400] "POST /wp-cron.php?doing_wp_cron=1729303163.1548399925231933593750 HTTP/1.1" 200 0 "-" "WordPress/6.6.2; https://dietcontrungnhanh.com"
34.213.126.147 - - [18/Oct/2024:21:59:22 -0400] "HEAD /chinh-sach-bao-hanh/ HTTP/1.1" 200 0 "-" "Mozilla/5.0 (Macintosh; Intel Mac OS X 12_0_1) AppleWebKit/537.36 (KHTML, like Gecko) Chrome/96.0.4664.45 Safari/537.36"
162.213.251.195 - - [18/Oct/2024:21:59:24 -0400] "POST /wp-cron.php?doing_wp_cron=1729303164.4137709140777587890625 HTTP/1.1" 200 0 "-" "WordPress/6.6.2; https://dietcontrungnhanh.com"
34.213.126.147 - - [18/Oct/2024:21:59:24 -0400] "GET /chinh-sach-bao-hanh/ HTTP/1.1" 200 20131 "-" "Mozilla/5.0 (Windows NT 10.0; Win64; x64) AppleWebKit/537.36 (KHTML, like Gecko) Chrome/74.0.3729.157 Safari/537.36"
162.213.251.195 - - [18/Oct/2024:21:59:26 -0400] "POST /wp-cron.php?doing_wp_cron=1729303165.9273691177368164062500 HTTP/1.1" 200 0 "-" "WordPress/6.6.2; https://dietcontrungnhanh.com"
34.213.126.147 - - [18/Oct/2024:21:59:25 -0400] "HEAD /tin-tuc/ HTTP/1.1" 200 0 "-" "Mozilla/5.0 (X11; Linux x86_64) AppleWebKit/537.36 (KHTML, like Gecko) Chrome/51.0.2704.103 Safari/537.36"
162.213.251.195 - - [18/Oct/2024:21:59:27 -0400] "POST /wp-cron.php?doing_wp_cron=1729303167.1143109798431396484375 HTTP/1.1" 200 0 "-" "WordPress/6.6.2; https://dietcontrungnhanh.com"
34.213.126.147 - - [18/Oct/2024:21:59:26 -0400] "GET /tin-tuc/ HTTP/1.1" 200 20929 "-" "Mozilla/5.0 (X11; Linux x86_64) AppleWebKit/537.36 (KHTML, like Gecko) Chrome/51.0.2704.103 Safari/537.36"
162.213.251.195 - - [18/Oct/2024:21:59:28 -0400] "POST /wp-cron.php?doing_wp_cron=1729303168.5853550434112548828125 HTTP/1.1" 200 0 "-" "WordPress/6.6.2; https://dietcontrungnhanh.com"
34.213.126.147 - - [18/Oct/2024:21:59:28 -0400] "HEAD /dich-vu-diet-gian-tai-ho-chi-minh/ HTTP/1.1" 200 0 "-" "Mozilla/5.0 (Macintosh; Intel Mac OS X 10_15_7) AppleWebKit/537.36 (KHTML, like Gecko) Chrome/92.0.4515.159 Safari/537.36"
162.213.251.195 - - [18/Oct/2024:21:59:30 -0400] "POST /wp-cron.php?doing_wp_cron=1729303169.8609960079193115234375 HTTP/1.1" 200 0 "-" "WordPress/6.6.2; https://dietcontrungnhanh.com"
34.213.126.147 - - [18/Oct/2024:21:59:29 -0400] "GET /dich-vu-diet-gian-tai-ho-chi-minh/ HTTP/1.1" 200 27865 "-" "Mozilla/5.0 (Windows NT 10.0; Win64; x64) AppleWebKit/537.36 (KHTML, like Gecko) Chrome/74.0.3729.157 Safari/537.36"
162.213.251.195 - - [18/Oct/2024:21:59:31 -0400] "POST /wp-cron.php?doing_wp_cron=1729303171.5647110939025878906250 HTTP/1.1" 200 0 "-" "WordPress/6.6.2; https://dietcontrungnhanh.com"
34.213.126.147 - - [18/Oct/2024:21:59:31 -0400] "HEAD /dich-vu-diet-gian-quan-binh-tan-pesticide/ HTTP/1.1" 200 0 "-" "Mozilla/5.0 (Macintosh; Intel Mac OS X 12_0_1) AppleWebKit/537.36 (KHTML, like Gecko) Chrome/96.0.4664.45 Safari/537.36"
162.213.251.195 - - [18/Oct/2024:21:59:33 -0400] "POST /wp-cron.php?doing_wp_cron=1729303172.8352439403533935546875 HTTP/1.1" 200 0 "-" "WordPress/6.6.2; https://dietcontrungnhanh.com"
34.213.126.147 - - [18/Oct/2024:21:59:32 -0400] "GET /dich-vu-diet-gian-quan-binh-tan-pesticide/ HTTP/1.1" 200 28840 "-" "Mozilla/5.0 (Windows NT 10.0; Win64; x64) AppleWebKit/537.36 (KHTML, like Gecko) Chrome/96.0.4664.45 Safari/537.36"
162.213.251.195 - - [18/Oct/2024:21:59:34 -0400] "POST /wp-cron.php?doing_wp_cron=1729303174.6981279850006103515625 HTTP/1.1" 200 0 "-" "WordPress/6.6.2; https://dietcontrungnhanh.com"
34.213.126.147 - - [18/Oct/2024:21:59:34 -0400] "HEAD /dich-vu-diet-gian-quan-1/ HTTP/1.1" 200 0 "-" "Mozilla/5.0 (Windows NT 10.0; Win64; x64) AppleWebKit/537.36 (KHTML, like Gecko) Chrome/74.0.3729.157 Safari/537.36"
162.213.251.195 - - [18/Oct/2024:21:59:36 -0400] "POST /wp-cron.php?doing_wp_cron=1729303175.9350559711456298828125 HTTP/1.1" 200 0 "-" "WordPress/6.6.2; https://dietcontrungnhanh.com"
34.213.126.147 - - [18/Oct/2024:21:59:35 -0400] "GET /dich-vu-diet-gian-quan-1/ HTTP/1.1" 200 27730 "-" "Mozilla/5.0 (Windows NT 10.0; Win64; x64) AppleWebKit/537.36 (KHTML, like Gecko) Chrome/74.0.3729.157 Safari/537.36"
162.213.251.195 - - [18/Oct/2024:21:59:37 -0400] "POST /wp-cron.php?doing_wp_cron=1729303177.5410060882568359375000 HTTP/1.1" 200 0 "-" "WordPress/6.6.2; https://dietcontrungnhanh.com"
34.213.126.147 - - [18/Oct/2024:21:59:37 -0400] "HEAD /hd-mua-hang/ HTTP/1.1" 200 0 "-" "Mozilla/5.0 (Macintosh; Intel Mac OS X 12_0_1) AppleWebKit/537.36 (KHTML, like Gecko) Chrome/96.0.4664.45 Safari/537.36"
162.213.251.195 - - [18/Oct/2024:21:59:39 -0400] "POST /wp-cron.php?doing_wp_cron=1729303178.8480989933013916015625 HTTP/1.1" 200 0 "-" "WordPress/6.6.2; https://dietcontrungnhanh.com"
34.213.126.147 - - [18/Oct/2024:21:59:38 -0400] "GET /hd-mua-hang/ HTTP/1.1" 200 18878 "-" "Mozilla/5.0 (Windows NT 10.0; Win64; x64) AppleWebKit/537.36 (KHTML, like Gecko) Chrome/74.0.3729.157 Safari/537.36"
162.213.251.195 - - [18/Oct/2024:21:59:40 -0400] "POST /wp-cron.php?doing_wp_cron=1729303180.2819309234619140625000 HTTP/1.1" 200 0 "-" "WordPress/6.6.2; https://dietcontrungnhanh.com"
34.213.126.147 - - [18/Oct/2024:21:59:40 -0400] "HEAD /san-pham/binh-4-lit-phun-diet-con-trung-04/ HTTP/1.1" 200 0 "-" "Mozilla/5.0 (Macintosh; Intel Mac OS X 12_0_1) AppleWebKit/537.36 (KHTML, like Gecko) Chrome/96.0.4664.45 Safari/537.36"
162.213.251.195 - - [18/Oct/2024:21:59:41 -0400] "POST /wp-cron.php?doing_wp_cron=1729303181.4753749370574951171875 HTTP/1.1" 200 0 "-" "WordPress/6.6.2; https://dietcontrungnhanh.com"
34.213.126.147 - - [18/Oct/2024:21:59:41 -0400] "GET /san-pham/binh-4-lit-phun-diet-con-trung-04/ HTTP/1.1" 200 27197 "-" "Mozilla/5.0 (Windows NT 10.0; WOW64) AppleWebKit/537.36 (KHTML, like Gecko) Chrome/72.0.3626.121 Safari/537.36"
162.213.251.195 - - [18/Oct/2024:21:59:44 -0400] "POST /wp-cron.php?doing_wp_cron=1729303183.8504080772399902343750 HTTP/1.1" 200 0 "-" "WordPress/6.6.2; https://dietcontrungnhanh.com"
34.213.126.147 - - [18/Oct/2024:21:59:43 -0400] "HEAD /danh-muc-san-pham/den-con-trung/ HTTP/1.1" 200 0 "-" "Mozilla/5.0 (Windows NT 10.0; Win64; x64) AppleWebKit/537.36 (KHTML, like Gecko) Chrome/74.0.3729.157 Safari/537.36"
162.213.251.195 - - [18/Oct/2024:21:59:45 -0400] "POST /wp-cron.php?doing_wp_cron=1729303184.9689979553222656250000 HTTP/1.1" 200 0 "-" "WordPress/6.6.2; https://dietcontrungnhanh.com"
34.213.126.147 - - [18/Oct/2024:21:59:44 -0400] "GET /danh-muc-san-pham/den-con-trung/ HTTP/1.1" 200 20982 "-" "Mozilla/5.0 (Windows NT 10.0; Win64; x64) AppleWebKit/537.36 (KHTML, like Gecko) Chrome/96.0.4664.45 Safari/537.36"
162.213.251.195 - - [18/Oct/2024:21:59:46 -0400] "POST /wp-cron.php?doing_wp_cron=1729303186.4871079921722412109375 HTTP/1.1" 200 0 "-" "WordPress/6.6.2; https://dietcontrungnhanh.com"
34.213.126.147 - - [18/Oct/2024:21:59:46 -0400] "HEAD /san-pham/binh-4-lit-phun-diet-con-trung-07/ HTTP/1.1" 200 0 "-" "Mozilla/5.0 (Macintosh; Intel Mac OS X 10_15_7) AppleWebKit/537.36 (KHTML, like Gecko) Chrome/92.0.4515.159 Safari/537.36"
162.213.251.195 - - [18/Oct/2024:21:59:48 -0400] "POST /wp-cron.php?doing_wp_cron=1729303187.7810521125793457031250 HTTP/1.1" 200 0 "-" "WordPress/6.6.2; https://dietcontrungnhanh.com"
34.213.126.147 - - [18/Oct/2024:21:59:47 -0400] "GET /san-pham/binh-4-lit-phun-diet-con-trung-07/ HTTP/1.1" 200 27252 "-" "Mozilla/5.0 (Macintosh; Intel Mac OS X 10_15_7) AppleWebKit/537.36 (KHTML, like Gecko) Chrome/92.0.4515.159 Safari/537.36"
162.213.251.195 - - [18/Oct/2024:21:59:49 -0400] "POST /wp-cron.php?doing_wp_cron=1729303189.5570039749145507812500 HTTP/1.1" 200 0 "-" "WordPress/6.6.2; https://dietcontrungnhanh.com"
34.213.126.147 - - [18/Oct/2024:21:59:49 -0400] "HEAD /san-pham/binh-4-lit-phun-diet-con-trung-03/ HTTP/1.1" 200 0 "-" "Mozilla/5.0 (Windows NT 10.0; Win64; x64) AppleWebKit/537.36 (KHTML, like Gecko) Chrome/74.0.3729.157 Safari/537.36"
162.213.251.195 - - [18/Oct/2024:21:59:51 -0400] "POST /wp-cron.php?doing_wp_cron=1729303190.7876310348510742187500 HTTP/1.1" 200 0 "-" "WordPress/6.6.2; https://dietcontrungnhanh.com"
34.213.126.147 - - [18/Oct/2024:21:59:50 -0400] "GET /san-pham/binh-4-lit-phun-diet-con-trung-03/ HTTP/1.1" 200 27170 "-" "Mozilla/5.0 (Windows NT 10.0; Win64; x64) AppleWebKit/537.36 (KHTML, like Gecko) Chrome/96.0.4664.45 Safari/537.36"
162.213.251.195 - - [18/Oct/2024:21:59:52 -0400] "POST /wp-cron.php?doing_wp_cron=1729303192.3693900108337402343750 HTTP/1.1" 200 0 "-" "WordPress/6.6.2; https://dietcontrungnhanh.com"
34.213.126.147 - - [18/Oct/2024:21:59:52 -0400] "HEAD /gio-hang/ HTTP/1.1" 200 0 "-" "Mozilla/5.0 (Macintosh; Intel Mac OS X 12_0_1) AppleWebKit/537.36 (KHTML, like Gecko) Chrome/96.0.4664.45 Safari/537.36"
162.213.251.195 - - [18/Oct/2024:21:59:53 -0400] "POST /wp-cron.php?doing_wp_cron=1729303193.6074349880218505859375 HTTP/1.1" 200 0 "-" "WordPress/6.6.2; https://dietcontrungnhanh.com"
34.213.126.147 - - [18/Oct/2024:21:59:53 -0400] "GET /gio-hang/ HTTP/1.1" 200 37503 "-" "Mozilla/5.0 (Windows NT 10.0; WOW64) AppleWebKit/537.36 (KHTML, like Gecko) Chrome/72.0.3626.121 Safari/537.36"
162.213.251.195 - - [18/Oct/2024:21:59:55 -0400] "POST /wp-cron.php?doing_wp_cron=1729303195.1968619823455810546875 HTTP/1.1" 200 0 "-" "WordPress/6.6.2; https://dietcontrungnhanh.com"
34.213.126.147 - - [18/Oct/2024:21:59:54 -0400] "HEAD /cua-hang/ HTTP/1.1" 200 0 "-" "Mozilla/5.0 (X11; Linux x86_64) AppleWebKit/537.36 (KHTML, like Gecko) Chrome/51.0.2704.103 Safari/537.36"
162.213.251.195 - - [18/Oct/2024:21:59:56 -0400] "POST /wp-cron.php?doing_wp_cron=1729303196.4734420776367187500000 HTTP/1.1" 200 0 "-" "WordPress/6.6.2; https://dietcontrungnhanh.com"
34.213.126.147 - - [18/Oct/2024:21:59:56 -0400] "GET /cua-hang/ HTTP/1.1" 200 22050 "-" "Mozilla/5.0 (Windows NT 10.0; Win64; x64) AppleWebKit/537.36 (KHTML, like Gecko) Chrome/74.0.3729.157 Safari/537.36"
162.213.251.195 - - [18/Oct/2024:21:59:58 -0400] "POST /wp-cron.php?doing_wp_cron=1729303198.0550758838653564453125 HTTP/1.1" 200 0 "-" "WordPress/6.6.2; https://dietcontrungnhanh.com"
34.213.126.147 - - [18/Oct/2024:21:59:57 -0400] "HEAD /hoi-dap/ HTTP/1.1" 200 0 "-" "Mozilla/5.0 (Windows NT 10.0; Win64; x64) AppleWebKit/537.36 (KHTML, like Gecko) Chrome/96.0.4664.45 Safari/537.36"
162.213.251.195 - - [18/Oct/2024:21:59:59 -0400] "POST /wp-cron.php?doing_wp_cron=1729303199.2818810939788818359375 HTTP/1.1" 200 0 "-" "WordPress/6.6.2; https://dietcontrungnhanh.com"
34.213.126.147 - - [18/Oct/2024:21:59:59 -0400] "GET /hoi-dap/ HTTP/1.1" 200 18890 "-" "Mozilla/5.0 (Macintosh; Intel Mac OS X 12_0_1) AppleWebKit/537.36 (KHTML, like Gecko) Chrome/96.0.4664.45 Safari/537.36"
162.213.251.195 - - [18/Oct/2024:22:00:01 -0400] "POST /wp-cron.php?doing_wp_cron=1729303200.8131508827209472656250 HTTP/1.1" 200 0 "-" "WordPress/6.6.2; https://dietcontrungnhanh.com"
34.213.126.147 - - [18/Oct/2024:22:00:00 -0400] "HEAD /dich-vu-diet-moi-tai-ho-chi-minh/ HTTP/1.1" 200 0 "-" "Mozilla/5.0 (Windows NT 10.0; Win64; x64) AppleWebKit/537.36 (KHTML, like Gecko) Chrome/96.0.4664.45 Safari/537.36"
162.213.251.195 - - [18/Oct/2024:22:00:02 -0400] "POST /wp-cron.php?doing_wp_cron=1729303202.0362689495086669921875 HTTP/1.1" 200 0 "-" "WordPress/6.6.2; https://dietcontrungnhanh.com"
34.213.126.147 - - [18/Oct/2024:22:00:01 -0400] "GET /dich-vu-diet-moi-tai-ho-chi-minh/ HTTP/1.1" 200 25062 "-" "Mozilla/5.0 (X11; Linux x86_64) AppleWebKit/537.36 (KHTML, like Gecko) Chrome/51.0.2704.103 Safari/537.36"
162.213.251.195 - - [18/Oct/2024:22:00:05 -0400] "POST /wp-cron.php?doing_wp_cron=1729303205.2874710559844970703125 HTTP/1.1" 200 0 "-" "WordPress/6.6.2; https://dietcontrungnhanh.com"
34.213.126.147 - - [18/Oct/2024:22:00:04 -0400] "HEAD /san-pham/binh-4-lit-phun-diet-con-trung-01/ HTTP/1.1" 200 0 "-" "Mozilla/5.0 (Macintosh; Intel Mac OS X 10_15_7) AppleWebKit/537.36 (KHTML, like Gecko) Chrome/92.0.4515.159 Safari/537.36"
162.213.251.195 - - [18/Oct/2024:22:00:07 -0400] "POST /wp-cron.php?doing_wp_cron=1729303206.7783830165863037109375 HTTP/1.1" 200 0 "-" "WordPress/6.6.2; https://dietcontrungnhanh.com"
34.213.126.147 - - [18/Oct/2024:22:00:06 -0400] "GET /san-pham/binh-4-lit-phun-diet-con-trung-01/ HTTP/1.1" 200 27103 "-" "Mozilla/5.0 (Windows NT 10.0; Win64; x64) AppleWebKit/537.36 (KHTML, like Gecko) Chrome/74.0.3729.157 Safari/537.36"
162.213.251.195 - - [18/Oct/2024:22:00:09 -0400] "POST /wp-cron.php?doing_wp_cron=1729303209.1396300792694091796875 HTTP/1.1" 200 0 "-" "WordPress/6.6.2; https://dietcontrungnhanh.com"
34.213.126.147 - - [18/Oct/2024:22:00:08 -0400] "HEAD /danh-muc-san-pham/hoa-chat-diet-con-trung/che-pham-diet-dan/ HTTP/1.1" 200 0 "-" "Mozilla/5.0 (X11; Linux x86_64) AppleWebKit/537.36 (KHTML, like Gecko) Chrome/51.0.2704.103 Safari/537.36"
162.213.251.195 - - [18/Oct/2024:22:00:10 -0400] "POST /wp-cron.php?doing_wp_cron=1729303210.5651669502258300781250 HTTP/1.1" 200 0 "-" "WordPress/6.6.2; https://dietcontrungnhanh.com"
34.213.126.147 - - [18/Oct/2024:22:00:10 -0400] "GET /danh-muc-san-pham/hoa-chat-diet-con-trung/che-pham-diet-dan/ HTTP/1.1" 200 21468 "-" "Mozilla/5.0 (Windows NT 10.0; Win64; x64) AppleWebKit/537.36 (KHTML, like Gecko) Chrome/96.0.4664.45 Safari/537.36"
162.213.251.195 - - [18/Oct/2024:22:00:12 -0400] "POST /wp-cron.php?doing_wp_cron=1729303212.6376259326934814453125 HTTP/1.1" 200 0 "-" "WordPress/6.6.2; https://dietcontrungnhanh.com"
34.213.126.147 - - [18/Oct/2024:22:00:12 -0400] "HEAD /danh-muc-san-pham/hoa-chat-diet-con-trung/ HTTP/1.1" 200 0 "-" "Mozilla/5.0 (Macintosh; Intel Mac OS X 10_15_7) AppleWebKit/537.36 (KHTML, like Gecko) Chrome/92.0.4515.159 Safari/537.36"
162.213.251.195 - - [18/Oct/2024:22:00:14 -0400] "POST /wp-cron.php?doing_wp_cron=1729303214.0281600952148437500000 HTTP/1.1" 200 0 "-" "WordPress/6.6.2; https://dietcontrungnhanh.com"
34.213.126.147 - - [18/Oct/2024:22:00:13 -0400] "GET /danh-muc-san-pham/hoa-chat-diet-con-trung/ HTTP/1.1" 200 21918 "-" "Mozilla/5.0 (Macintosh; Intel Mac OS X 12_0_1) AppleWebKit/537.36 (KHTML, like Gecko) Chrome/96.0.4664.45 Safari/537.36"
162.213.251.195 - - [18/Oct/2024:22:00:16 -0400] "POST /wp-cron.php?doing_wp_cron=1729303216.0756480693817138671875 HTTP/1.1" 200 0 "-" "WordPress/6.6.2; https://dietcontrungnhanh.com"
34.213.126.147 - - [18/Oct/2024:22:00:15 -0400] "HEAD /san-pham/binh-4-lit-phun-diet-con-trung-06/ HTTP/1.1" 200 0 "-" "Mozilla/5.0 (Windows NT 10.0; WOW64) AppleWebKit/537.36 (KHTML, like Gecko) Chrome/72.0.3626.121 Safari/537.36"
162.213.251.195 - - [18/Oct/2024:22:00:17 -0400] "POST /wp-cron.php?doing_wp_cron=1729303217.4476330280303955078125 HTTP/1.1" 200 0 "-" "WordPress/6.6.2; https://dietcontrungnhanh.com"
34.213.126.147 - - [18/Oct/2024:22:00:17 -0400] "GET /san-pham/binh-4-lit-phun-diet-con-trung-06/ HTTP/1.1" 200 27208 "-" "Mozilla/5.0 (Macintosh; Intel Mac OS X 12_0_1) AppleWebKit/537.36 (KHTML, like Gecko) Chrome/96.0.4664.45 Safari/537.36"
162.213.251.195 - - [18/Oct/2024:22:00:19 -0400] "POST /wp-cron.php?doing_wp_cron=1729303219.5928869247436523437500 HTTP/1.1" 200 0 "-" "WordPress/6.6.2; https://dietcontrungnhanh.com"
34.213.126.147 - - [18/Oct/2024:22:00:19 -0400] "HEAD /san-pham/binh-4-lit-phun-diet-con-trung-10/ HTTP/1.1" 200 0 "-" "Mozilla/5.0 (Windows NT 10.0; Win64; x64) AppleWebKit/537.36 (KHTML, like Gecko) Chrome/96.0.4664.45 Safari/537.36"
162.213.251.195 - - [18/Oct/2024:22:00:21 -0400] "POST /wp-cron.php?doing_wp_cron=1729303220.9329419136047363281250 HTTP/1.1" 200 0 "-" "WordPress/6.6.2; https://dietcontrungnhanh.com"
34.213.126.147 - - [18/Oct/2024:22:00:20 -0400] "GET /san-pham/binh-4-lit-phun-diet-con-trung-10/ HTTP/1.1" 200 27127 "-" "Mozilla/5.0 (X11; Linux x86_64) AppleWebKit/537.36 (KHTML, like Gecko) Chrome/51.0.2704.103 Safari/537.36"
162.213.251.195 - - [18/Oct/2024:22:00:23 -0400] "POST /wp-cron.php?doing_wp_cron=1729303222.7688388824462890625000 HTTP/1.1" 200 0 "-" "WordPress/6.6.2; https://dietcontrungnhanh.com"
34.213.126.147 - - [18/Oct/2024:22:00:22 -0400] "HEAD /danh-muc-san-pham/hoa-chat-diet-con-trung/che-pham-diet-muoi/ HTTP/1.1" 200 0 "-" "Mozilla/5.0 (X11; Linux x86_64) AppleWebKit/537.36 (KHTML, like Gecko) Chrome/96.0.4664.45 Safari/537.36"
162.213.251.195 - - [18/Oct/2024:22:00:24 -0400] "POST /wp-cron.php?doing_wp_cron=1729303224.0308771133422851562500 HTTP/1.1" 200 0 "-" "WordPress/6.6.2; https://dietcontrungnhanh.com"
34.213.126.147 - - [18/Oct/2024:22:00:23 -0400] "GET /danh-muc-san-pham/hoa-chat-diet-con-trung/che-pham-diet-muoi/ HTTP/1.1" 200 21092 "-" "Mozilla/5.0 (Macintosh; Intel Mac OS X 10_15_7) AppleWebKit/537.36 (KHTML, like Gecko) Chrome/92.0.4515.159 Safari/537.36"
162.213.251.195 - - [18/Oct/2024:22:00:25 -0400] "POST /wp-cron.php?doing_wp_cron=1729303225.5891869068145751953125 HTTP/1.1" 200 0 "-" "WordPress/6.6.2; https://dietcontrungnhanh.com"
34.213.126.147 - - [18/Oct/2024:22:00:25 -0400] "HEAD /san-pham/binh-4-lit-phun-diet-con-trung-05/ HTTP/1.1" 200 0 "-" "Mozilla/5.0 (X11; Linux x86_64) AppleWebKit/537.36 (KHTML, like Gecko) Chrome/51.0.2704.103 Safari/537.36"
162.213.251.195 - - [18/Oct/2024:22:00:27 -0400] "POST /wp-cron.php?doing_wp_cron=1729303226.8223209381103515625000 HTTP/1.1" 200 0 "-" "WordPress/6.6.2; https://dietcontrungnhanh.com"
34.213.126.147 - - [18/Oct/2024:22:00:26 -0400] "GET /san-pham/binh-4-lit-phun-diet-con-trung-05/ HTTP/1.1" 200 27222 "-" "Mozilla/5.0 (Windows NT 10.0; WOW64) AppleWebKit/537.36 (KHTML, like Gecko) Chrome/72.0.3626.121 Safari/537.36"
205.185.115.168 - - [18/Oct/2024:22:00:28 -0400] "GET /wp-login.php HTTP/1.1" 200 2800 "-" "Mozilla/5.0 (iPhone; CPU iPhone OS 7_1_2 like Mac OS X) AppleWebKit/537.51.2 (KHTML, like Gecko) Version/7.0 Mobile/11D257 Safari/9537.53"
162.213.251.195 - - [18/Oct/2024:22:00:29 -0400] "POST /wp-cron.php?doing_wp_cron=1729303228.8516120910644531250000 HTTP/1.1" 200 0 "-" "WordPress/6.6.2; https://dietcontrungnhanh.com"
34.213.126.147 - - [18/Oct/2024:22:00:28 -0400] "HEAD /danh-muc-san-pham/san-pham-phu-tro/ HTTP/1.1" 200 0 "-" "Mozilla/5.0 (Macintosh; Intel Mac OS X 10_15_7) AppleWebKit/537.36 (KHTML, like Gecko) Chrome/92.0.4515.159 Safari/537.36"
205.185.115.168 - - [18/Oct/2024:22:00:29 -0400] "POST /wp-login.php HTTP/1.1" 200 3006 "-" "Mozilla/5.0 (iPhone; CPU iPhone OS 7_1_2 like Mac OS X) AppleWebKit/537.51.2 (KHTML, like Gecko) Version/7.0 Mobile/11D257 Safari/9537.53"
162.213.251.195 - - [18/Oct/2024:22:00:30 -0400] "POST /wp-cron.php?doing_wp_cron=1729303230.1230359077453613281250 HTTP/1.1" 200 0 "-" "WordPress/6.6.2; https://dietcontrungnhanh.com"
34.213.126.147 - - [18/Oct/2024:22:00:29 -0400] "GET /danh-muc-san-pham/san-pham-phu-tro/ HTTP/1.1" 200 21534 "-" "Mozilla/5.0 (X11; Linux x86_64) AppleWebKit/537.36 (KHTML, like Gecko) Chrome/96.0.4664.45 Safari/537.36"
162.213.251.195 - - [18/Oct/2024:22:00:31 -0400] "POST /wp-cron.php?doing_wp_cron=1729303231.6716880798339843750000 HTTP/1.1" 200 0 "-" "WordPress/6.6.2; https://dietcontrungnhanh.com"
34.213.126.147 - - [18/Oct/2024:22:00:31 -0400] "HEAD /dich-vu-diet-ruoi-tai-ho-chi-minh/ HTTP/1.1" 200 0 "-" "Mozilla/5.0 (Macintosh; Intel Mac OS X 10_15_7) AppleWebKit/537.36 (KHTML, like Gecko) Chrome/92.0.4515.159 Safari/537.36"
162.213.251.195 - - [18/Oct/2024:22:00:33 -0400] "POST /wp-cron.php?doing_wp_cron=1729303232.9914350509643554687500 HTTP/1.1" 200 0 "-" "WordPress/6.6.2; https://dietcontrungnhanh.com"
34.213.126.147 - - [18/Oct/2024:22:00:32 -0400] "GET /dich-vu-diet-ruoi-tai-ho-chi-minh/ HTTP/1.1" 200 24358 "-" "Mozilla/5.0 (X11; Linux x86_64) AppleWebKit/537.36 (KHTML, like Gecko) Chrome/96.0.4664.45 Safari/537.36"
162.213.251.195 - - [18/Oct/2024:22:00:34 -0400] "POST /wp-cron.php?doing_wp_cron=1729303234.5438139438629150390625 HTTP/1.1" 200 0 "-" "WordPress/6.6.2; https://dietcontrungnhanh.com"
34.213.126.147 - - [18/Oct/2024:22:00:34 -0400] "HEAD /chinh-sach-bao-mat/ HTTP/1.1" 200 0 "-" "Mozilla/5.0 (Macintosh; Intel Mac OS X 12_0_1) AppleWebKit/537.36 (KHTML, like Gecko) Chrome/96.0.4664.45 Safari/537.36"
162.213.251.195 - - [18/Oct/2024:22:00:36 -0400] "POST /wp-cron.php?doing_wp_cron=1729303235.8401598930358886718750 HTTP/1.1" 200 0 "-" "WordPress/6.6.2; https://dietcontrungnhanh.com"
34.213.126.147 - - [18/Oct/2024:22:00:35 -0400] "GET /chinh-sach-bao-mat/ HTTP/1.1" 200 20465 "-" "Mozilla/5.0 (X11; Linux x86_64) AppleWebKit/537.36 (KHTML, like Gecko) Chrome/96.0.4664.45 Safari/537.36"
162.213.251.195 - - [18/Oct/2024:22:00:38 -0400] "POST /wp-cron.php?doing_wp_cron=1729303238.2253010272979736328125 HTTP/1.1" 200 0 "-" "WordPress/6.6.2; https://dietcontrungnhanh.com"
34.213.126.147 - - [18/Oct/2024:22:00:37 -0400] "HEAD /tai-khoan/lost-password/ HTTP/1.1" 200 0 "-" "Mozilla/5.0 (Windows NT 10.0; Win64; x64) AppleWebKit/537.36 (KHTML, like Gecko) Chrome/96.0.4664.45 Safari/537.36"
162.213.251.195 - - [18/Oct/2024:22:00:39 -0400] "POST /wp-cron.php?doing_wp_cron=1729303239.6366291046142578125000 HTTP/1.1" 200 0 "-" "WordPress/6.6.2; https://dietcontrungnhanh.com"
34.213.126.147 - - [18/Oct/2024:22:00:39 -0400] "GET /tai-khoan/lost-password/ HTTP/1.1" 200 17084 "-" "Mozilla/5.0 (Macintosh; Intel Mac OS X 10_15_7) AppleWebKit/537.36 (KHTML, like Gecko) Chrome/92.0.4515.159 Safari/537.36"
162.213.251.195 - - [18/Oct/2024:22:00:42 -0400] "POST /wp-cron.php?doing_wp_cron=1729303242.3878779411315917968750 HTTP/1.1" 200 0 "-" "WordPress/6.6.2; https://dietcontrungnhanh.com"
34.213.126.147 - - [18/Oct/2024:22:00:42 -0400] "HEAD /san-pham/binh-4-lit-phun-diet-con-trung-08/ HTTP/1.1" 200 0 "-" "Mozilla/5.0 (X11; Linux x86_64) AppleWebKit/537.36 (KHTML, like Gecko) Chrome/96.0.4664.45 Safari/537.36"
162.213.251.195 - - [18/Oct/2024:22:00:43 -0400] "POST /wp-cron.php?doing_wp_cron=1729303243.7289869785308837890625 HTTP/1.1" 200 0 "-" "WordPress/6.6.2; https://dietcontrungnhanh.com"
34.213.126.147 - - [18/Oct/2024:22:00:43 -0400] "GET /san-pham/binh-4-lit-phun-diet-con-trung-08/ HTTP/1.1" 200 27248 "-" "Mozilla/5.0 (Windows NT 10.0; Win64; x64) AppleWebKit/537.36 (KHTML, like Gecko) Chrome/96.0.4664.45 Safari/537.36"
162.213.251.195 - - [18/Oct/2024:22:00:45 -0400] "POST /wp-cron.php?doing_wp_cron=1729303245.4821810722351074218750 HTTP/1.1" 200 0 "-" "WordPress/6.6.2; https://dietcontrungnhanh.com"
34.213.126.147 - - [18/Oct/2024:22:00:45 -0400] "HEAD /san-pham/binh-4-lit-phun-diet-con-trung-09/ HTTP/1.1" 200 0 "-" "Mozilla/5.0 (X11; Linux x86_64) AppleWebKit/537.36 (KHTML, like Gecko) Chrome/96.0.4664.45 Safari/537.36"
162.213.251.195 - - [18/Oct/2024:22:00:47 -0400] "POST /wp-cron.php?doing_wp_cron=1729303246.8048710823059082031250 HTTP/1.1" 200 0 "-" "WordPress/6.6.2; https://dietcontrungnhanh.com"
34.213.126.147 - - [18/Oct/2024:22:00:46 -0400] "GET /san-pham/binh-4-lit-phun-diet-con-trung-09/ HTTP/1.1" 200 26723 "-" "Mozilla/5.0 (Windows NT 10.0; Win64; x64) AppleWebKit/537.36 (KHTML, like Gecko) Chrome/96.0.4664.45 Safari/537.36"
162.213.251.195 - - [18/Oct/2024:22:00:49 -0400] "POST /wp-cron.php?doing_wp_cron=1729303248.9357268810272216796875 HTTP/1.1" 200 0 "-" "WordPress/6.6.2; https://dietcontrungnhanh.com"
34.213.126.147 - - [18/Oct/2024:22:00:48 -0400] "HEAD /danh-muc-san-pham/hoa-chat-diet-con-trung/che-pham-diet-ruoi/ HTTP/1.1" 200 0 "-" "Mozilla/5.0 (Windows NT 10.0; Win64; x64) AppleWebKit/537.36 (KHTML, like Gecko) Chrome/74.0.3729.157 Safari/537.36"
162.213.251.195 - - [18/Oct/2024:22:00:50 -0400] "POST /wp-cron.php?doing_wp_cron=1729303250.1892330646514892578125 HTTP/1.1" 200 0 "-" "WordPress/6.6.2; https://dietcontrungnhanh.com"
34.213.126.147 - - [18/Oct/2024:22:00:49 -0400] "GET /danh-muc-san-pham/hoa-chat-diet-con-trung/che-pham-diet-ruoi/ HTTP/1.1" 200 21221 "-" "Mozilla/5.0 (Macintosh; Intel Mac OS X 10_15_7) AppleWebKit/537.36 (KHTML, like Gecko) Chrome/92.0.4515.159 Safari/537.36"
162.213.251.195 - - [18/Oct/2024:22:00:52 -0400] "POST /wp-cron.php?doing_wp_cron=1729303251.9119470119476318359375 HTTP/1.1" 200 0 "-" "WordPress/6.6.2; https://dietcontrungnhanh.com"
34.213.126.147 - - [18/Oct/2024:22:00:51 -0400] "HEAD /san-pham/binh-4-lit-phun-diet-con-trung-02/ HTTP/1.1" 200 0 "-" "Mozilla/5.0 (Macintosh; Intel Mac OS X 12_0_1) AppleWebKit/537.36 (KHTML, like Gecko) Chrome/96.0.4664.45 Safari/537.36"
162.213.251.195 - - [18/Oct/2024:22:00:53 -0400] "POST /wp-cron.php?doing_wp_cron=1729303253.2042050361633300781250 HTTP/1.1" 200 0 "-" "WordPress/6.6.2; https://dietcontrungnhanh.com"
34.213.126.147 - - [18/Oct/2024:22:00:52 -0400] "GET /san-pham/binh-4-lit-phun-diet-con-trung-02/ HTTP/1.1" 200 27171 "-" "Mozilla/5.0 (Windows NT 10.0; WOW64) AppleWebKit/537.36 (KHTML, like Gecko) Chrome/72.0.3626.121 Safari/537.36"
162.213.251.195 - - [18/Oct/2024:22:00:55 -0400] "POST /wp-cron.php?doing_wp_cron=1729303255.4777250289916992187500 HTTP/1.1" 200 0 "-" "WordPress/6.6.2; https://dietcontrungnhanh.com"
34.213.126.147 - - [18/Oct/2024:22:00:55 -0400] "HEAD /dich-vu-diet-muoi-quan-go-vap/ HTTP/1.1" 200 0 "-" "Mozilla/5.0 (Windows NT 10.0; WOW64) AppleWebKit/537.36 (KHTML, like Gecko) Chrome/72.0.3626.121 Safari/537.36"
162.213.251.195 - - [18/Oct/2024:22:00:57 -0400] "POST /wp-cron.php?doing_wp_cron=1729303256.7569549083709716796875 HTTP/1.1" 200 0 "-" "WordPress/6.6.2; https://dietcontrungnhanh.com"
34.213.126.147 - - [18/Oct/2024:22:00:56 -0400] "GET /dich-vu-diet-muoi-quan-go-vap/ HTTP/1.1" 200 29012 "-" "Mozilla/5.0 (Windows NT 10.0; Win64; x64) AppleWebKit/537.36 (KHTML, like Gecko) Chrome/96.0.4664.45 Safari/537.36"
162.213.251.195 - - [18/Oct/2024:22:00:58 -0400] "POST /wp-cron.php?doing_wp_cron=1729303258.5421690940856933593750 HTTP/1.1" 200 0 "-" "WordPress/6.6.2; https://dietcontrungnhanh.com"
34.213.126.147 - - [18/Oct/2024:22:00:58 -0400] "HEAD /dich-vu-diet-moi-quan-8/ HTTP/1.1" 200 0 "-" "Mozilla/5.0 (Windows NT 10.0; WOW64) AppleWebKit/537.36 (KHTML, like Gecko) Chrome/72.0.3626.121 Safari/537.36"
162.213.251.195 - - [18/Oct/2024:22:00:59 -0400] "POST /wp-cron.php?doing_wp_cron=1729303259.7067461013793945312500 HTTP/1.1" 200 0 "-" "WordPress/6.6.2; https://dietcontrungnhanh.com"
34.213.126.147 - - [18/Oct/2024:22:00:59 -0400] "GET /dich-vu-diet-moi-quan-8/ HTTP/1.1" 200 27461 "-" "Mozilla/5.0 (X11; Linux x86_64) AppleWebKit/537.36 (KHTML, like Gecko) Chrome/51.0.2704.103 Safari/537.36"
162.213.251.195 - - [18/Oct/2024:22:01:01 -0400] "POST /wp-cron.php?doing_wp_cron=1729303261.4959619045257568359375 HTTP/1.1" 200 0 "-" "WordPress/6.6.2; https://dietcontrungnhanh.com"
34.213.126.147 - - [18/Oct/2024:22:01:01 -0400] "HEAD /dich-vu-diet-muoi-nha-be/ HTTP/1.1" 200 0 "-" "Mozilla/5.0 (X11; Linux x86_64) AppleWebKit/537.36 (KHTML, like Gecko) Chrome/51.0.2704.103 Safari/537.36"
162.213.251.195 - - [18/Oct/2024:22:01:03 -0400] "POST /wp-cron.php?doing_wp_cron=1729303262.7497959136962890625000 HTTP/1.1" 200 0 "-" "WordPress/6.6.2; https://dietcontrungnhanh.com"
34.213.126.147 - - [18/Oct/2024:22:01:02 -0400] "GET /dich-vu-diet-muoi-nha-be/ HTTP/1.1" 200 25893 "-" "Mozilla/5.0 (Windows NT 10.0; Win64; x64) AppleWebKit/537.36 (KHTML, like Gecko) Chrome/96.0.4664.45 Safari/537.36"
162.213.251.195 - - [18/Oct/2024:22:01:04 -0400] "POST /wp-cron.php?doing_wp_cron=1729303264.3616509437561035156250 HTTP/1.1" 200 0 "-" "WordPress/6.6.2; https://dietcontrungnhanh.com"
34.213.126.147 - - [18/Oct/2024:22:01:04 -0400] "HEAD /dich-vu-diet-gian-quan-binh-thanh-gia-re-chat-luong/ HTTP/1.1" 200 0 "-" "Mozilla/5.0 (X11; Linux x86_64) AppleWebKit/537.36 (KHTML, like Gecko) Chrome/51.0.2704.103 Safari/537.36"
