162.213.251.195 - - [17/Oct/2024:14:59:43 -0400] "POST /wp-cron.php?doing_wp_cron=1729191583.0476069450378417968750 HTTP/1.1" 200 0 "-" "WordPress/6.6.2; https://dietcontrungnhanh.com"
47.116.55.124 - - [17/Oct/2024:14:59:42 -0400] "POST /wp-login.php HTTP/1.1" 200 2998 "-" "Mozilla/5.0 (Windows NT 10.0; Win64; x64) AppleWebKit/537.36 (KHTML, like Gecko) Chrome/72.0.3626.109 Safari/537.36"
162.213.251.195 - - [17/Oct/2024:15:02:06 -0400] "POST /wp-cron.php?doing_wp_cron=1729191726.1919620037078857421875 HTTP/1.1" 200 0 "-" "WordPress/6.6.2; https://dietcontrungnhanh.com"
185.63.174.33 - - [17/Oct/2024:15:02:03 -0400] "POST /wp-login.php HTTP/1.1" 200 3004 "-" "Mozilla/5.0 (Windows NT 6.1; Win64; x64) AppleWebKit/537.36 (KHTML, like Gecko) Chrome/78.0.3904.97 Safari/537.36"
162.213.251.195 - - [17/Oct/2024:15:02:48 -0400] "POST /wp-cron.php?doing_wp_cron=1729191768.3075098991394042968750 HTTP/1.1" 200 0 "-" "WordPress/6.6.2; https://dietcontrungnhanh.com"
128.199.229.13 - - [17/Oct/2024:15:02:47 -0400] "GET / HTTP/1.1" 200 27042 "-" "Mozilla/5.0 (Windows NT 10.0; Win64; x64) AppleWebKit/537.36 (KHTML, like Gecko) Chrome/78.0.3904.108 Safari/537.36"
162.213.251.195 - - [17/Oct/2024:15:02:52 -0400] "POST /wp-cron.php?doing_wp_cron=1729191772.1459839344024658203125 HTTP/1.1" 200 0 "-" "WordPress/6.6.2; https://dietcontrungnhanh.com"
128.199.229.13 - - [17/Oct/2024:15:02:51 -0400] "GET //wp-includes/wlwmanifest.xml HTTP/1.1" 301 0 "-" "Mozilla/5.0 (Windows NT 10.0; Win64; x64) AppleWebKit/537.36 (KHTML, like Gecko) Chrome/78.0.3904.108 Safari/537.36"
162.213.251.195 - - [17/Oct/2024:15:02:54 -0400] "POST /wp-cron.php?doing_wp_cron=1729191773.7022879123687744140625 HTTP/1.1" 200 0 "-" "WordPress/6.6.2; https://dietcontrungnhanh.com"
128.199.229.13 - - [17/Oct/2024:15:02:53 -0400] "GET / HTTP/1.1" 200 27040 "-" "Mozilla/5.0 (Windows NT 10.0; Win64; x64) AppleWebKit/537.36 (KHTML, like Gecko) Chrome/78.0.3904.108 Safari/537.36"
162.213.251.195 - - [17/Oct/2024:15:02:56 -0400] "POST /wp-cron.php?doing_wp_cron=1729191776.3933010101318359375000 HTTP/1.1" 200 0 "-" "WordPress/6.6.2; https://dietcontrungnhanh.com"
128.199.229.13 - - [17/Oct/2024:15:02:55 -0400] "GET //?author=1 HTTP/1.1" 301 0 "-" "Mozilla/5.0 (Windows NT 10.0; Win64; x64) AppleWebKit/537.36 (KHTML, like Gecko) Chrome/78.0.3904.108 Safari/537.36"
162.213.251.195 - - [17/Oct/2024:15:02:58 -0400] "POST /wp-cron.php?doing_wp_cron=1729191777.8866229057312011718750 HTTP/1.1" 200 0 "-" "WordPress/6.6.2; https://dietcontrungnhanh.com"
128.199.229.13 - - [17/Oct/2024:15:02:57 -0400] "GET //?author=2 HTTP/1.1" 301 0 "-" "Mozilla/5.0 (Windows NT 10.0; Win64; x64) AppleWebKit/537.36 (KHTML, like Gecko) Chrome/78.0.3904.108 Safari/537.36"
162.213.251.195 - - [17/Oct/2024:15:02:59 -0400] "POST /wp-cron.php?doing_wp_cron=1729191779.3721840381622314453125 HTTP/1.1" 200 0 "-" "WordPress/6.6.2; https://dietcontrungnhanh.com"
128.199.229.13 - - [17/Oct/2024:15:02:58 -0400] "GET //wp-json/wp/v2/users/ HTTP/1.1" 200 66130 "-" "Mozilla/5.0 (Windows NT 10.0; Win64; x64) AppleWebKit/537.36 (KHTML, like Gecko) Chrome/78.0.3904.108 Safari/537.36"
162.213.251.195 - - [17/Oct/2024:15:05:56 -0400] "POST /wp-cron.php?doing_wp_cron=1729191956.0095319747924804687500 HTTP/1.1" 200 0 "-" "WordPress/6.6.2; https://dietcontrungnhanh.com"
134.209.100.10 - - [17/Oct/2024:15:05:52 -0400] "POST /wp-login.php HTTP/1.1" 200 2998 "-" "Mozilla/5.0 (Windows NT 6.1; Win64; x64) AppleWebKit/537.36 (KHTML, like Gecko) Chrome/70.0.3538.67 Safari/537.36"
162.213.251.195 - - [17/Oct/2024:15:07:57 -0400] "POST /wp-cron.php?doing_wp_cron=1729192077.2335829734802246093750 HTTP/1.1" 200 0 "-" "WordPress/6.6.2; https://dietcontrungnhanh.com"
66.181.72.85 - - [17/Oct/2024:15:07:54 -0400] "POST /wp-login.php HTTP/1.1" 200 2963 "-" "Mozilla/5.0 (Windows NT 10.0; Win64; x64) AppleWebKit/537.36 (KHTML, like Gecko) Chrome/66.0.3359.117 Safari/537.36"
162.213.251.195 - - [17/Oct/2024:15:08:34 -0400] "POST /wp-cron.php?doing_wp_cron=1729192113.7426218986511230468750 HTTP/1.1" 200 0 "-" "WordPress/6.6.2; https://dietcontrungnhanh.com"
64.225.27.151 - - [17/Oct/2024:15:08:33 -0400] "POST /wp-login.php HTTP/1.1" 200 2999 "-" "Mozilla/5.0 (Windows NT 10.0; WOW64) AppleWebKit/537.36 (KHTML, like Gecko) Chrome/79.0.3945.130 Safari/537.36"
162.213.251.195 - - [17/Oct/2024:15:09:40 -0400] "POST /wp-cron.php?doing_wp_cron=1729192180.1496059894561767578125 HTTP/1.1" 200 0 "-" "WordPress/6.6.2; https://dietcontrungnhanh.com"
103.118.28.79 - - [17/Oct/2024:15:09:39 -0400] "POST /wp-login.php HTTP/1.1" 200 2998 "-" "Mozilla/5.0 (Windows NT 6.3; Win64; x64) AppleWebKit/537.36 (KHTML, like Gecko) Chrome/68.0.3440.106 Safari/537.36"
162.213.251.195 - - [17/Oct/2024:15:10:09 -0400] "POST /wp-cron.php?doing_wp_cron=1729192208.9700469970703125000000 HTTP/1.1" 200 0 "-" "WordPress/6.6.2; https://dietcontrungnhanh.com"
54.36.182.232 - - [17/Oct/2024:15:10:08 -0400] "POST /wp-login.php HTTP/1.1" 200 2999 "-" "Mozilla/5.0 (Windows NT 6.1; WOW64) AppleWebKit/537.36 (KHTML, like Gecko) Chrome/41.0.2272.101 Safari/537.36"
162.213.251.195 - - [17/Oct/2024:15:10:30 -0400] "POST /wp-cron.php?doing_wp_cron=1729192229.8343811035156250000000 HTTP/1.1" 200 0 "-" "WordPress/6.6.2; https://dietcontrungnhanh.com"
2001:67c:2070:c865::1 - - [17/Oct/2024:15:10:29 -0400] "POST /wp-login.php HTTP/1.1" 200 2957 "-" "Mozilla/5.0 (Windows NT 10.0; WOW64) AppleWebKit/537.36 (KHTML, like Gecko) Chrome/56.0.2924.87 Safari/537.36"
162.213.251.195 - - [17/Oct/2024:15:11:00 -0400] "POST /wp-cron.php?doing_wp_cron=1729192259.6986880302429199218750 HTTP/1.1" 200 0 "-" "WordPress/6.6.2; https://dietcontrungnhanh.com"
47.244.50.243 - - [17/Oct/2024:15:10:59 -0400] "POST /wp-login.php HTTP/1.1" 200 2993 "-" "Mozilla/5.0 (Windows NT 10.0; Win64; x64) AppleWebKit/537.36 (KHTML, like Gecko) Chrome/72.0.3626.109 Safari/537.36"
162.213.251.195 - - [17/Oct/2024:15:11:06 -0400] "POST /wp-cron.php?doing_wp_cron=1729192266.6690320968627929687500 HTTP/1.1" 200 0 "-" "WordPress/6.6.2; https://dietcontrungnhanh.com"
143.244.139.242 - - [17/Oct/2024:15:11:06 -0400] "POST /wp-login.php HTTP/1.1" 200 2959 "-" "Mozilla/5.0 (Windows NT 6.1; Win64; x64) AppleWebKit/537.36 (KHTML, like Gecko) Chrome/67.0.3396.87 Safari/537.36"
162.213.251.195 - - [17/Oct/2024:15:11:11 -0400] "POST /wp-cron.php?doing_wp_cron=1729192271.1574079990386962890625 HTTP/1.1" 200 0 "-" "WordPress/6.6.2; https://dietcontrungnhanh.com"
119.45.26.99 - - [17/Oct/2024:15:11:10 -0400] "POST /wp-login.php HTTP/1.1" 200 2968 "-" "Mozilla/5.0 (Windows NT 6.1) AppleWebKit/537.36 (KHTML, like Gecko) Chrome/70.0.3538.77 Safari/537.36"
162.213.251.195 - - [17/Oct/2024:15:11:21 -0400] "POST /wp-cron.php?doing_wp_cron=1729192280.9383640289306640625000 HTTP/1.1" 200 0 "-" "WordPress/6.6.2; https://dietcontrungnhanh.com"
87.98.173.252 - - [17/Oct/2024:15:11:20 -0400] "POST /wp-login.php HTTP/1.1" 200 2964 "-" "Mozilla/5.0 (Windows NT 10.0; WOW64) AppleWebKit/537.36 (KHTML, like Gecko) Chrome/79.0.3945.130 Safari/537.36"
162.213.251.195 - - [17/Oct/2024:15:13:35 -0400] "POST /wp-cron.php?doing_wp_cron=1729192414.9971671104431152343750 HTTP/1.1" 200 0 "-" "WordPress/6.6.2; https://dietcontrungnhanh.com"
2a0b:5484:0:ee::2 - - [17/Oct/2024:15:13:32 -0400] "POST /wp-login.php HTTP/1.1" 200 2963 "-" "Mozilla/5.0 (Windows NT 10.0; WOW64) AppleWebKit/537.36 (KHTML, like Gecko) Chrome/46.0.2490.86 Safari/537.36"
162.213.251.195 - - [17/Oct/2024:15:17:24 -0400] "POST /wp-cron.php?doing_wp_cron=1729192644.5228269100189208984375 HTTP/1.1" 200 0 "-" "WordPress/6.6.2; https://dietcontrungnhanh.com"
143.244.160.172 - - [17/Oct/2024:15:17:21 -0400] "POST /wp-login.php HTTP/1.1" 200 2998 "-" "Mozilla/5.0 (Windows NT 6.1; WOW64) AppleWebKit/537.36 (KHTML, like Gecko) Chrome/47.0.2526.111 Safari/537.36 MVisionPlayer/1.0.0.0"
162.213.251.195 - - [17/Oct/2024:15:19:26 -0400] "POST /wp-cron.php?doing_wp_cron=1729192766.4562170505523681640625 HTTP/1.1" 200 0 "-" "WordPress/6.6.2; https://dietcontrungnhanh.com"
200.234.226.20 - - [17/Oct/2024:15:19:23 -0400] "POST /wp-login.php HTTP/1.1" 200 2995 "-" "Mozilla/5.0 (Windows NT 5.1) AppleWebKit/537.36 (KHTML, like Gecko) Chrome/47.0.2526.106 Safari/537.36"
162.213.251.195 - - [17/Oct/2024:15:20:04 -0400] "POST /wp-cron.php?doing_wp_cron=1729192803.9870920181274414062500 HTTP/1.1" 200 0 "-" "WordPress/6.6.2; https://dietcontrungnhanh.com"
171.244.0.91 - - [17/Oct/2024:15:20:02 -0400] "POST /wp-login.php HTTP/1.1" 200 2957 "-" "Mozilla/5.0 (Windows NT 6.1; WOW64) AppleWebKit/537.36 (KHTML, like Gecko) Chrome/48.0.2564.109 Safari/537.36"
162.213.251.195 - - [17/Oct/2024:15:21:09 -0400] "POST /wp-cron.php?doing_wp_cron=1729192868.9307739734649658203125 HTTP/1.1" 200 0 "-" "WordPress/6.6.2; https://dietcontrungnhanh.com"
139.59.43.165 - - [17/Oct/2024:15:21:08 -0400] "POST /wp-login.php HTTP/1.1" 200 2998 "-" "Mozilla/5.0 (Windows NT 10.0; Win64; x64) AppleWebKit/537.36 (KHTML, like Gecko) Chrome/70.0.3538.67 Safari/537.36"
162.213.251.195 - - [17/Oct/2024:15:21:39 -0400] "POST /wp-cron.php?doing_wp_cron=1729192898.3301699161529541015625 HTTP/1.1" 200 0 "-" "WordPress/6.6.2; https://dietcontrungnhanh.com"
2001:67c:2070:c85b::1 - - [17/Oct/2024:15:21:37 -0400] "POST /wp-login.php HTTP/1.1" 200 2957 "-" "Mozilla/5.0 (Windows NT 5.1) AppleWebKit/537.36 (KHTML, like Gecko) Chrome/47.0.2526.106 Safari/537.36"
162.213.251.195 - - [17/Oct/2024:15:21:58 -0400] "POST /wp-cron.php?doing_wp_cron=1729192918.5637409687042236328125 HTTP/1.1" 200 0 "-" "WordPress/6.6.2; https://dietcontrungnhanh.com"
123.31.12.219 - - [17/Oct/2024:15:21:57 -0400] "POST /wp-login.php HTTP/1.1" 200 2957 "-" "Mozilla/5.0 (Windows NT 6.1; WOW64) AppleWebKit/537.36 (KHTML, like Gecko) Chrome/48.0.2564.109 Safari/537.36"
162.213.251.195 - - [17/Oct/2024:15:22:33 -0400] "POST /wp-cron.php?doing_wp_cron=1729192953.6065890789031982421875 HTTP/1.1" 200 0 "-" "WordPress/6.6.2; https://dietcontrungnhanh.com"
2604:a880:400:d0::1b42:d001 - - [17/Oct/2024:15:22:33 -0400] "POST /wp-login.php HTTP/1.1" 200 2955 "-" "Mozilla/5.0 (Windows NT 6.3; Win64; x64) AppleWebKit/537.36 (KHTML, like Gecko) Chrome/65.0.3325.181 Safari/537.36"
162.213.251.195 - - [17/Oct/2024:15:22:35 -0400] "POST /wp-cron.php?doing_wp_cron=1729192954.8766150474548339843750 HTTP/1.1" 200 0 "-" "WordPress/6.6.2; https://dietcontrungnhanh.com"
87.98.173.252 - - [17/Oct/2024:15:22:34 -0400] "POST /wp-login.php HTTP/1.1" 200 2997 "-" "Mozilla/5.0 (Windows NT 6.3; Win64; x64) AppleWebKit/537.36 (KHTML, like Gecko) Chrome/79.0.3945.88 Safari/537.36"
162.213.251.195 - - [17/Oct/2024:15:22:38 -0400] "POST /wp-cron.php?doing_wp_cron=1729192957.8450419902801513671875 HTTP/1.1" 200 0 "-" "WordPress/6.6.2; https://dietcontrungnhanh.com"
52.187.228.69 - - [17/Oct/2024:15:22:37 -0400] "POST /wp-login.php HTTP/1.1" 200 2968 "-" "Mozilla/5.0 (Windows NT 10.0; Win64; x64) AppleWebKit/537.36 (KHTML, like Gecko) Chrome/70.0.3538.67 Safari/537.36"
162.213.251.195 - - [17/Oct/2024:15:22:48 -0400] "POST /wp-cron.php?doing_wp_cron=1729192968.5178329944610595703125 HTTP/1.1" 200 0 "-" "WordPress/6.6.2; https://dietcontrungnhanh.com"
167.86.103.104 - - [17/Oct/2024:15:22:47 -0400] "POST /wp-login.php HTTP/1.1" 200 2964 "-" "Mozilla/5.0 (Windows NT 5.1) AppleWebKit/537.36 (KHTML, like Gecko) Chrome/47.0.2526.106 Safari/537.36"
162.213.251.195 - - [17/Oct/2024:15:25:06 -0400] "POST /wp-cron.php?doing_wp_cron=1729193106.5598089694976806640625 HTTP/1.1" 200 0 "-" "WordPress/6.6.2; https://dietcontrungnhanh.com"
122.114.61.125 - - [17/Oct/2024:15:24:59 -0400] "POST /wp-login.php HTTP/1.1" 200 2963 "-" "Mozilla/5.0 (Windows NT 10.0; Win64; x64) AppleWebKit/537.36 (KHTML, like Gecko) Chrome/64.0.3282.167 Safari/537.36"
162.213.251.195 - - [17/Oct/2024:15:28:58 -0400] "POST /wp-cron.php?doing_wp_cron=1729193337.8197739124298095703125 HTTP/1.1" 200 0 "-" "WordPress/6.6.2; https://dietcontrungnhanh.com"
195.94.230.222 - - [17/Oct/2024:15:28:55 -0400] "POST /wp-login.php HTTP/1.1" 200 2998 "-" "Mozilla/5.0 (Windows NT 6.1) AppleWebKit/537.36 (KHTML, like Gecko) Chrome/59.0.3071.115 Safari/537.36"
162.213.251.195 - - [17/Oct/2024:15:29:30 -0400] "POST /wp-cron.php?doing_wp_cron=1729193369.9550290107727050781250 HTTP/1.1" 200 0 "-" "WordPress/6.6.2; https://dietcontrungnhanh.com"
199.195.251.210 - - [17/Oct/2024:15:29:29 -0400] "GET /wp-login.php HTTP/1.1" 200 2811 "-" "Mozilla/5.0 (Macintosh; Intel Mac OS X 10_9_2) AppleWebKit/537.36 (KHTML, like Gecko) Chrome/35.0.1916.153 Safari/537.36"
162.213.251.195 - - [17/Oct/2024:15:29:31 -0400] "POST /wp-cron.php?doing_wp_cron=1729193371.1775419712066650390625 HTTP/1.1" 200 0 "-" "WordPress/6.6.2; https://dietcontrungnhanh.com"
199.195.251.210 - - [17/Oct/2024:15:29:30 -0400] "POST /wp-login.php HTTP/1.1" 200 2999 "-" "Mozilla/5.0 (Macintosh; Intel Mac OS X 10_9_2) AppleWebKit/537.36 (KHTML, like Gecko) Chrome/35.0.1916.153 Safari/537.36"
162.213.251.195 - - [17/Oct/2024:15:31:05 -0400] "POST /wp-cron.php?doing_wp_cron=1729193465.6486508846282958984375 HTTP/1.1" 200 0 "-" "WordPress/6.6.2; https://dietcontrungnhanh.com"
188.166.42.106 - - [17/Oct/2024:15:31:02 -0400] "POST /wp-login.php HTTP/1.1" 200 2995 "-" "Mozilla/5.0 (Windows NT 6.1; WOW64) AppleWebKit/537.36 (KHTML, like Gecko) Chrome/48.0.2564.109 Safari/537.36"
162.213.251.195 - - [17/Oct/2024:15:31:43 -0400] "POST /wp-cron.php?doing_wp_cron=1729193503.2944579124450683593750 HTTP/1.1" 200 0 "-" "WordPress/6.6.2; https://dietcontrungnhanh.com"
188.166.67.239 - - [17/Oct/2024:15:31:42 -0400] "POST /wp-login.php HTTP/1.1" 200 2999 "-" "Mozilla/5.0 (Windows NT 6.3; Win64; x64) AppleWebKit/537.36 (KHTML, like Gecko) Chrome/68.0.3440.106 Safari/537.36"
162.213.251.195 - - [17/Oct/2024:15:32:50 -0400] "POST /wp-cron.php?doing_wp_cron=1729193570.3857231140136718750000 HTTP/1.1" 200 0 "-" "WordPress/6.6.2; https://dietcontrungnhanh.com"
2001:67c:2070:c85b::1 - - [17/Oct/2024:15:32:49 -0400] "POST /wp-login.php HTTP/1.1" 200 2959 "-" "Mozilla/5.0 (Windows NT 10.0; Win64; x64) AppleWebKit/537.36 (KHTML, like Gecko) Chrome/86.0.4240.193 Safari/537.36"
162.213.251.195 - - [17/Oct/2024:15:33:19 -0400] "POST /wp-cron.php?doing_wp_cron=1729193599.4601581096649169921875 HTTP/1.1" 200 0 "-" "WordPress/6.6.2; https://dietcontrungnhanh.com"
62.173.149.72 - - [17/Oct/2024:15:33:18 -0400] "POST /wp-login.php HTTP/1.1" 200 2999 "-" "Mozilla/5.0 (Windows NT 10.0; WOW64) AppleWebKit/537.36 (KHTML, like Gecko) Chrome/56.0.2924.87 Safari/537.36"
162.213.251.195 - - [17/Oct/2024:15:33:41 -0400] "POST /wp-cron.php?doing_wp_cron=1729193621.3138830661773681640625 HTTP/1.1" 200 0 "-" "WordPress/6.6.2; https://dietcontrungnhanh.com"
103.159.239.202 - - [17/Oct/2024:15:33:40 -0400] "POST /wp-login.php HTTP/1.1" 200 2957 "-" "Mozilla/5.0 (Windows NT 6.1; WOW64) AppleWebKit/537.36 (KHTML, like Gecko) Chrome/36.0.1985.125 Safari/537.36"
162.213.251.195 - - [17/Oct/2024:15:34:19 -0400] "POST /wp-cron.php?doing_wp_cron=1729193658.8246319293975830078125 HTTP/1.1" 200 0 "-" "WordPress/6.6.2; https://dietcontrungnhanh.com"
35.212.241.96 - - [17/Oct/2024:15:34:18 -0400] "POST /wp-login.php HTTP/1.1" 200 2997 "-" "Mozilla/5.0 (Windows NT 6.1; WOW64) AppleWebKit/537.36 (KHTML, like Gecko) Chrome/48.0.2564.109 Safari/537.36"
162.213.251.195 - - [17/Oct/2024:15:34:24 -0400] "POST /wp-cron.php?doing_wp_cron=1729193664.3000791072845458984375 HTTP/1.1" 200 0 "-" "WordPress/6.6.2; https://dietcontrungnhanh.com"
47.106.243.226 - - [17/Oct/2024:15:34:23 -0400] "POST /wp-login.php HTTP/1.1" 200 2998 "-" "Mozilla/5.0 (Windows NT 10.0; WOW64) AppleWebKit/537.36 (KHTML, like Gecko) Chrome/46.0.2490.86 Safari/537.36"
162.213.251.195 - - [17/Oct/2024:15:34:33 -0400] "POST /wp-cron.php?doing_wp_cron=1729193673.4110000133514404296875 HTTP/1.1" 200 0 "-" "WordPress/6.6.2; https://dietcontrungnhanh.com"
35.212.241.96 - - [17/Oct/2024:15:34:33 -0400] "POST /wp-login.php HTTP/1.1" 200 2964 "-" "Mozilla/5.0 (Windows NT 6.1) AppleWebKit/537.36 (KHTML, like Gecko) Chrome/63.0.3239.84 Safari/537.36"
162.213.251.195 - - [17/Oct/2024:15:36:49 -0400] "POST /wp-cron.php?doing_wp_cron=1729193808.8175439834594726562500 HTTP/1.1" 200 0 "-" "WordPress/6.6.2; https://dietcontrungnhanh.com"
8.218.30.127 - - [17/Oct/2024:15:36:44 -0400] "POST /wp-login.php HTTP/1.1" 200 2963 "-" "Mozilla/5.0 (Windows NT 10.0; Win64; x64) AppleWebKit/537.36 (KHTML, like Gecko) Chrome/73.0.3683.86 Safari/537.36"
162.213.251.195 - - [17/Oct/2024:15:40:38 -0400] "POST /wp-cron.php?doing_wp_cron=1729194037.6496059894561767578125 HTTP/1.1" 200 0 "-" "WordPress/6.6.2; https://dietcontrungnhanh.com"
143.198.227.241 - - [17/Oct/2024:15:40:33 -0400] "POST /wp-login.php HTTP/1.1" 200 2958 "-" "Mozilla/5.0 (Windows NT 6.1) AppleWebKit/537.36 (KHTML, like Gecko) Chrome/80.0.3987.132 Safari/537.36"
162.213.251.195 - - [17/Oct/2024:15:42:38 -0400] "POST /wp-cron.php?doing_wp_cron=1729194158.6687450408935546875000 HTTP/1.1" 200 0 "-" "WordPress/6.6.2; https://dietcontrungnhanh.com"
2402:1f00:8100:400::1276 - - [17/Oct/2024:15:42:35 -0400] "POST /wp-login.php HTTP/1.1" 200 2995 "-" "Mozilla/5.0 (Windows NT 6.3; Win64; x64) AppleWebKit/537.36 (KHTML, like Gecko) Chrome/62.0.3202.94 Safari/537.36"
162.213.251.195 - - [17/Oct/2024:15:43:16 -0400] "POST /wp-cron.php?doing_wp_cron=1729194195.9704310894012451171875 HTTP/1.1" 200 0 "-" "WordPress/6.6.2; https://dietcontrungnhanh.com"
54.37.156.240 - - [17/Oct/2024:15:43:15 -0400] "POST /wp-login.php HTTP/1.1" 200 2999 "-" "Mozilla/5.0 (Windows NT 6.1) AppleWebKit/537.36 (KHTML, like Gecko) Chrome/63.0.3239.84 Safari/537.36"
162.213.251.195 - - [17/Oct/2024:15:44:19 -0400] "POST /wp-cron.php?doing_wp_cron=1729194258.8604469299316406250000 HTTP/1.1" 200 0 "-" "WordPress/6.6.2; https://dietcontrungnhanh.com"
2001:67c:2070:c85b::1 - - [17/Oct/2024:15:44:18 -0400] "POST /wp-login.php HTTP/1.1" 200 2998 "-" "Mozilla/5.0 (Windows NT 6.1) AppleWebKit/537.36 (KHTML, like Gecko) Chrome/80.0.3987.149 Safari/537.36"
162.213.251.195 - - [17/Oct/2024:15:44:48 -0400] "POST /wp-cron.php?doing_wp_cron=1729194288.2262868881225585937500 HTTP/1.1" 200 0 "-" "WordPress/6.6.2; https://dietcontrungnhanh.com"
57.128.85.41 - - [17/Oct/2024:15:44:47 -0400] "POST /wp-login.php HTTP/1.1" 200 2999 "-" "Mozilla/5.0 (Windows NT 6.1; Win64; x64) AppleWebKit/537.36 (KHTML, like Gecko) Chrome/78.0.3904.97 Safari/537.36"
162.213.251.195 - - [17/Oct/2024:15:45:10 -0400] "POST /wp-cron.php?doing_wp_cron=1729194309.8761909008026123046875 HTTP/1.1" 200 0 "-" "WordPress/6.6.2; https://dietcontrungnhanh.com"
143.244.160.172 - - [17/Oct/2024:15:45:09 -0400] "POST /wp-login.php HTTP/1.1" 200 2957 "-" "Mozilla/5.0 (Windows NT 6.1; Win64; x64) AppleWebKit/537.36 (KHTML, like Gecko) Chrome/81.0.4044.122 Safari/537.36"
162.213.251.195 - - [17/Oct/2024:15:45:38 -0400] "POST /wp-cron.php?doing_wp_cron=1729194338.4930369853973388671875 HTTP/1.1" 200 0 "-" "WordPress/6.6.2; https://dietcontrungnhanh.com"
164.92.80.194 - - [17/Oct/2024:15:45:38 -0400] "POST /wp-login.php HTTP/1.1" 200 2993 "-" "Mozilla/5.0 (Windows NT 6.1; Win64; x64) AppleWebKit/537.36 (KHTML, like Gecko) Chrome/80.0.3987.106 Safari/537.36"
162.213.251.195 - - [17/Oct/2024:15:45:46 -0400] "POST /wp-cron.php?doing_wp_cron=1729194345.7113609313964843750000 HTTP/1.1" 200 0 "-" "WordPress/6.6.2; https://dietcontrungnhanh.com"
2001:67c:2070:c865::1 - - [17/Oct/2024:15:45:45 -0400] "POST /wp-login.php HTTP/1.1" 200 2997 "-" "Mozilla/5.0 (Windows NT 6.3; Win64; x64) AppleWebKit/537.36 (KHTML, like Gecko) Chrome/68.0.3440.106 Safari/537.36"
162.213.251.195 - - [17/Oct/2024:15:46:01 -0400] "POST /wp-cron.php?doing_wp_cron=1729194361.6503009796142578125000 HTTP/1.1" 200 0 "-" "WordPress/6.6.2; https://dietcontrungnhanh.com"
47.106.133.35 - - [17/Oct/2024:15:46:01 -0400] "POST /wp-login.php HTTP/1.1" 200 3002 "-" "Mozilla/5.0 (Windows NT 6.1) AppleWebKit/537.36 (KHTML, like Gecko) Chrome/70.0.3538.77 Safari/537.36"
162.213.251.195 - - [17/Oct/2024:15:48:16 -0400] "POST /wp-cron.php?doing_wp_cron=1729194495.8742270469665527343750 HTTP/1.1" 200 0 "-" "WordPress/6.6.2; https://dietcontrungnhanh.com"
15.235.167.214 - - [17/Oct/2024:15:48:12 -0400] "POST /wp-login.php HTTP/1.1" 200 3004 "-" "Mozilla/5.0 (Windows NT 6.3; Win64; x64) AppleWebKit/537.36 (KHTML, like Gecko) Chrome/57.0.2987.133 Safari/537.36"
162.213.251.195 - - [17/Oct/2024:15:52:07 -0400] "POST /wp-cron.php?doing_wp_cron=1729194727.0001630783081054687500 HTTP/1.1" 200 0 "-" "WordPress/6.6.2; https://dietcontrungnhanh.com"
47.244.50.243 - - [17/Oct/2024:15:52:04 -0400] "POST /wp-login.php HTTP/1.1" 200 2998 "-" "Mozilla/5.0 (Windows NT 6.3; WOW64) AppleWebKit/537.36 (KHTML, like Gecko) Chrome/46.0.2490.80 Safari/537.36"
162.213.251.195 - - [17/Oct/2024:15:54:12 -0400] "POST /wp-cron.php?doing_wp_cron=1729194851.7250740528106689453125 HTTP/1.1" 200 0 "-" "WordPress/6.6.2; https://dietcontrungnhanh.com"
175.126.232.150 - - [17/Oct/2024:15:54:08 -0400] "POST /wp-login.php HTTP/1.1" 200 2963 "-" "Mozilla/5.0 (Windows NT 6.1) AppleWebKit/537.36 (KHTML, like Gecko) Chrome/58.0.3029.110 Safari/537.36"
162.213.251.195 - - [17/Oct/2024:15:54:47 -0400] "POST /wp-cron.php?doing_wp_cron=1729194886.8208661079406738281250 HTTP/1.1" 200 0 "-" "WordPress/6.6.2; https://dietcontrungnhanh.com"
188.166.1.163 - - [17/Oct/2024:15:54:46 -0400] "POST /wp-login.php HTTP/1.1" 200 2957 "-" "Mozilla/5.0 (Windows NT 6.1; WOW64) AppleWebKit/537.36 (KHTML, like Gecko) Chrome/41.0.2272.101 Safari/537.36"
162.213.251.195 - - [17/Oct/2024:15:55:52 -0400] "POST /wp-cron.php?doing_wp_cron=1729194952.3229749202728271484375 HTTP/1.1" 200 0 "-" "WordPress/6.6.2; https://dietcontrungnhanh.com"
15.235.167.214 - - [17/Oct/2024:15:55:51 -0400] "POST /wp-login.php HTTP/1.1" 200 2998 "-" "Mozilla/5.0 (Windows NT 10.0; WOW64) AppleWebKit/537.36 (KHTML, like Gecko) Chrome/55.0.2883.87 Safari/537.36"
162.213.251.195 - - [17/Oct/2024:15:56:22 -0400] "POST /wp-cron.php?doing_wp_cron=1729194981.7199409008026123046875 HTTP/1.1" 200 0 "-" "WordPress/6.6.2; https://dietcontrungnhanh.com"
149.91.122.223 - - [17/Oct/2024:15:56:21 -0400] "POST /wp-login.php HTTP/1.1" 200 2957 "-" "Mozilla/5.0 (Windows NT 6.1; WOW64) AppleWebKit/537.36 (KHTML, like Gecko) Chrome/52.0.2743.116 Safari/537.36"
162.213.251.195 - - [17/Oct/2024:15:56:48 -0400] "POST /wp-cron.php?doing_wp_cron=1729195007.8439559936523437500000 HTTP/1.1" 200 0 "-" "WordPress/6.6.2; https://dietcontrungnhanh.com"
64.227.141.213 - - [17/Oct/2024:15:56:47 -0400] "POST /wp-login.php HTTP/1.1" 200 2995 "-" "Mozilla/5.0 (Windows NT 6.1) AppleWebKit/537.36 (KHTML, like Gecko) Chrome/59.0.3071.115 Safari/537.36"
162.213.251.195 - - [17/Oct/2024:15:57:12 -0400] "POST /wp-cron.php?doing_wp_cron=1729195032.1863310337066650390625 HTTP/1.1" 200 0 "-" "WordPress/6.6.2; https://dietcontrungnhanh.com"
103.188.82.198 - - [17/Oct/2024:15:57:11 -0400] "POST /wp-login.php HTTP/1.1" 200 2993 "-" "Mozilla/5.0 (Windows NT 6.1; Win64; x64) AppleWebKit/537.36 (KHTML, like Gecko) Chrome/70.0.3538.67 Safari/537.36"
162.213.251.195 - - [17/Oct/2024:15:57:19 -0400] "POST /wp-cron.php?doing_wp_cron=1729195039.1628239154815673828125 HTTP/1.1" 200 0 "-" "WordPress/6.6.2; https://dietcontrungnhanh.com"
74.81.38.26 - - [17/Oct/2024:15:57:18 -0400] "POST /wp-login.php HTTP/1.1" 200 2997 "-" "Mozilla/5.0 (Windows NT 6.1; Win64; x64) AppleWebKit/537.36 (KHTML, like Gecko) Chrome/80.0.3987.163 Safari/537.36"
162.213.251.195 - - [17/Oct/2024:15:57:24 -0400] "POST /wp-cron.php?doing_wp_cron=1729195044.1774919033050537109375 HTTP/1.1" 200 0 "-" "WordPress/6.6.2; https://dietcontrungnhanh.com"
2a06:6440:0:2c40::1 - - [17/Oct/2024:15:57:23 -0400] "POST /wp-login.php HTTP/1.1" 200 2998 "-" "Mozilla/5.0 (Windows NT 6.1) AppleWebKit/537.36 (KHTML, like Gecko) Chrome/59.0.3071.115 Safari/537.36"
162.213.251.195 - - [17/Oct/2024:15:57:35 -0400] "POST /wp-cron.php?doing_wp_cron=1729195054.7002520561218261718750 HTTP/1.1" 200 0 "-" "WordPress/6.6.2; https://dietcontrungnhanh.com"
150.109.148.216 - - [17/Oct/2024:15:57:34 -0400] "POST /wp-login.php HTTP/1.1" 200 3002 "-" "Mozilla/5.0 (Windows NT 6.0) AppleWebKit/537.36 (KHTML, like Gecko) Chrome/49.0.2623.112 Safari/537.36"
162.213.251.195 - - [17/Oct/2024:16:01:08 -0400] "POST /wp-cron.php?doing_wp_cron=1729195268.5702459812164306640625 HTTP/1.1" 200 0 "-" "WordPress/6.6.2; https://dietcontrungnhanh.com"
54.244.163.194 - - [17/Oct/2024:16:01:05 -0400] "GET / HTTP/1.1" 200 27076 "-" "Mozilla/5.0 (Macintosh; Intel Mac OS X 10_13_6) AppleWebKit/537.36 (KHTML, like Gecko) Chrome/100.0.4896.127 Safari/537.36"
54.244.163.194 - - [17/Oct/2024:16:01:38 -0400] "GET //dietcontrungnhanh.com/wp-content/plugins/perfmatters/js/lazyload.min.js HTTP/1.1" 301 0 "-" "Mozilla/5.0 (X11; U; Linux armv6l; rv 1.8.1.5pre) Gecko/20070619 Minimo/0.020"
54.244.163.194 - - [17/Oct/2024:16:01:38 -0400] "GET //dietcontrungnhanh.com/wp-content/plugins/woocommerce/assets/js/frontend/add-to-cart.min.js HTTP/1.1" 301 0 "-" "Mozilla/5.0 (X11; Linux i686) AppleWebKit/534.34 (KHTML, like Gecko) QupZilla/1.2.0 Safari/534.34"
54.244.163.194 - - [17/Oct/2024:16:01:38 -0400] "GET //dietcontrungnhanh.com/wp-content/plugins/contact-form-7/includes/js/index.js HTTP/1.1" 301 0 "-" "Mozilla/5.0 (Linux; Android 11; RMX1921) AppleWebKit/537.36 (KHTML, like Gecko) Chrome/100.0.4896.58 Mobile Safari/537.36"
162.213.251.195 - - [17/Oct/2024:16:01:39 -0400] "POST /wp-cron.php?doing_wp_cron=1729195299.1286890506744384765625 HTTP/1.1" 200 0 "-" "WordPress/6.6.2; https://dietcontrungnhanh.com"
54.244.163.194 - - [17/Oct/2024:16:01:38 -0400] "GET //dietcontrungnhanh.com/wp-content/plugins/woocommerce/assets/js/sourcebuster/sourcebuster.min.js HTTP/1.1" 301 0 "-" "Mozilla/5.0 (X11; U; Linux i686; en-US) AppleWebKit/532.8 (KHTML, like Gecko) Chrome/4.0.277.0 Safari/532.8"
54.244.163.194 - - [17/Oct/2024:16:01:38 -0400] "GET //dietcontrungnhanh.com/wp-includes/js/jquery/jquery.min.js HTTP/1.1" 301 0 "-" "msnbot/0.11 ( http://search.msn.com/msnbot.htm)"
54.244.163.194 - - [17/Oct/2024:16:01:38 -0400] "GET //dietcontrungnhanh.com/wp-content/themes/flatsome/assets/js/chunk.tooltips.js HTTP/1.1" 301 0 "-" "Mozilla/5.0 (Linux; Android 12; SM-G998B) AppleWebKit/537.36 (KHTML, like Gecko) Chrome/101.0.4951.41 Mobile Safari/537.36"
54.244.163.194 - - [17/Oct/2024:16:01:38 -0400] "GET //dietcontrungnhanh.com/wp-content/plugins/contact-form-7/includes/swv/js/index.js HTTP/1.1" 301 0 "-" "Mozilla/5.0 (Macintosh; Intel Mac OS X 10_16) AppleWebKit/605.1.15 (KHTML, like Gecko) Version/14.1.2 Safari/605.1.15"
54.244.163.194 - - [17/Oct/2024:16:01:38 -0400] "GET //dietcontrungnhanh.com/wp-content/themes/flatsome/assets/js/chunk.slider.js HTTP/1.1" 301 0 "-" "Mozilla/5.0 (Linux; U; Android 4.4.2; en-us; GT-P5210 Build/KOT49H) AppleWebKit/534.30 (KHTML, like Gecko) Version/4.0 Safari/534.30"
54.244.163.194 - - [17/Oct/2024:16:01:38 -0400] "GET //dietcontrungnhanh.com/wp-includes/js/hoverIntent.min.js HTTP/1.1" 301 0 "-" "Mozilla/5.0 (Linux; Android 11; SM-A505G) AppleWebKit/537.36 (KHTML, like Gecko) Chrome/101.0.4951.61 Mobile Safari/537.36"
54.244.163.194 - - [17/Oct/2024:16:01:38 -0400] "GET //dietcontrungnhanh.com/wp-content/plugins/woocommerce/assets/js/frontend/woocommerce.min.js HTTP/1.1" 301 0 "-" "Mozilla/5.0 (Windows NT 10.0; Win64; x64) AppleWebKit/537.36 (KHTML, like Gecko) Chrome/78.0.3904.108 Safari/537.36"
54.244.163.194 - - [17/Oct/2024:16:01:38 -0400] "GET //dietcontrungnhanh.com/wp-content/plugins/woocommerce/assets/js/jquery-blockui/jquery.blockUI.min.js HTTP/1.1" 301 0 "-" "Mozilla/5.0 (Linux; Android 11; M2007J3SY) AppleWebKit/537.36 (KHTML, like Gecko) Chrome/101.0.4951.41 Mobile Safari/537.36"
54.244.163.194 - - [17/Oct/2024:16:01:38 -0400] "GET //dietcontrungnhanh.com/wp-content/themes/flatsome/assets/js/flatsome.js HTTP/1.1" 301 0 "-" "Mozilla/5.0 (Macintosh; Intel Mac OS X 10.9; rv:35.0) Gecko/20100101 Firefox/35.0"
54.244.163.194 - - [17/Oct/2024:16:01:38 -0400] "GET //dietcontrungnhanh.com/wp-content/themes/flatsome/assets/js/chunk.popups.js HTTP/1.1" 301 0 "-" "Mozilla/5.0 (Macintosh; Intel Mac OS X 10_15_4) AppleWebKit/537.36 (KHTML, like Gecko) Chrome/100.0.4896.127 Safari/537.36"
54.244.163.194 - - [17/Oct/2024:16:01:38 -0400] "GET //dietcontrungnhanh.com/wp-includes/js/dist/i18n.min.js HTTP/1.1" 301 0 "-" "Mozilla/5.0 (Macintosh; Intel Mac OS X 10_10_5) AppleWebKit/537.36 (KHTML, like Gecko) Chrome/61.0.3163.49 Safari/537.36"
54.244.163.194 - - [17/Oct/2024:16:01:38 -0400] "GET //dietcontrungnhanh.com/wp-content/themes/flatsome/inc/extensions/flatsome-live-search/flatsome-live-search.js HTTP/1.1" 301 0 "-" "Mozilla/5.0 (X11; Linux i686) AppleWebKit/535.1 (KHTML, like Gecko) Ubuntu/11.04 Chromium/14.0.825.0 Chrome/14.0.825.0 Safari/535.1"
54.244.163.194 - - [17/Oct/2024:16:01:38 -0400] "GET //dietcontrungnhanh.com/wp-includes/js/jquery/jquery-migrate.min.js HTTP/1.1" 301 0 "-" "Mozilla/5.0 (Symbian/3; Series60/5.2 NokiaE6-00/021.002; Profile/MIDP-2.1 Configuration/CLDC-1.1) AppleWebKit/533.4 (KHTML, like Gecko) NokiaBrowser/7.3.1.16 Mobile Safari/533.4 3gpp-gba"
54.244.163.194 - - [17/Oct/2024:16:01:38 -0400] "GET //dietcontrungnhanh.com/wp-content/plugins/woocommerce/assets/js/frontend/cart-fragments.min.js HTTP/1.1" 301 0 "-" "Mozilla/5.0 (Linux; U; Android 1.5; fr-fr; GT-I5700 Build/CUPCAKE) AppleWebKit/528.5  (KHTML, like Gecko) Version/3.1.2 Mobile Safari/525.20.1"
54.244.163.194 - - [17/Oct/2024:16:01:38 -0400] "GET //dietcontrungnhanh.com/wp-content/plugins/woocommerce/assets/js/frontend/order-attribution.min.js HTTP/1.1" 301 0 "-" "Mozilla/5.0 (Linux; U; Android 1.1; en-gb; dream) AppleWebKit/525.10  (KHTML, like Gecko) Version/3.0.4 Mobile Safari/523.12.2"
54.244.163.194 - - [17/Oct/2024:16:01:38 -0400] "GET //dietcontrungnhanh.com/wp-content/themes/flatsome/assets/js/woocommerce.js HTTP/1.1" 301 0 "-" "Mozilla/5.0 (Macintosh; Intel Mac OS X 10_13_6) AppleWebKit/537.36 (KHTML, like Gecko) Chrome/73.0.3683.103 Safari/537.36"
54.244.163.194 - - [17/Oct/2024:16:01:38 -0400] "GET /index.js HTTP/1.1" 404 18718 "-" "Mozilla/5.0 (Windows NT 6.1; WOW64) AppleWebKit/534.27 (KHTML, like Gecko) Chrome/12.0.712.0 Safari/534.27"
54.244.163.194 - - [17/Oct/2024:16:01:38 -0400] "GET //dietcontrungnhanh.com/wp-content/plugins/woocommerce/assets/js/js-cookie/js.cookie.min.js HTTP/1.1" 301 0 "-" "Mozilla/5.0 (iPhone; CPU iPhone OS 15_2_1 like Mac OS X) AppleWebKit/605.1.15 (KHTML, like Gecko) Mobile/15E148 Safari Line/12.6.0"
54.244.163.194 - - [17/Oct/2024:16:01:38 -0400] "GET //dietcontrungnhanh.com/wp-includes/js/dist/hooks.min.js HTTP/1.1" 301 0 "-" "Mozilla/5.0 (X11; U; Linux x86_64; en-gb) AppleWebKit/534.35 (KHTML, like Gecko) Chrome/11.0.696.65 Safari/534.35 Puffin/2.9174AP"
54.244.163.194 - - [17/Oct/2024:16:02:23 -0400] "GET //dietcontrungnhanh.com/wp-content/plugins/woocommerce/assets/js/sourcebuster/sourcebuster.min.js HTTP/1.1" 301 0 "-" "Mozilla/5.0 (Windows NT 10.0; Win64; x64) AppleWebKit/537.36 (KHTML, like Gecko) Chrome/100.0.4896.60 Safari/537.36 Edg/100.0.1185.29"
54.244.163.194 - - [17/Oct/2024:16:02:23 -0400] "GET //dietcontrungnhanh.com/wp-includes/js/hoverIntent.min.js HTTP/1.1" 301 0 "-" "Mozilla/5.0 (Linux; Android 11; Mi Note 10) AppleWebKit/537.36 (KHTML, like Gecko) Chrome/101.0.4951.61 Mobile Safari/537.36"
54.244.163.194 - - [17/Oct/2024:16:02:23 -0400] "GET //dietcontrungnhanh.com/wp-content/plugins/perfmatters/js/lazyload.min.js HTTP/1.1" 301 0 "-" "Mozilla/5.0 (Windows; U; Win98; en-US; rv:1.4) Gecko Netscape/7.1 (ax)"
54.244.163.194 - - [17/Oct/2024:16:02:23 -0400] "GET //dietcontrungnhanh.com/wp-content/themes/flatsome/assets/js/flatsome.js HTTP/1.1" 301 0 "-" "Mozilla/5.0 (Macintosh; Intel Mac OS X 10_8_0) AppleWebKit/536.3 (KHTML, like Gecko) Chrome/19.0.1063.0 Safari/536.3"
162.213.251.195 - - [17/Oct/2024:16:02:24 -0400] "POST /wp-cron.php?doing_wp_cron=1729195344.4445390701293945312500 HTTP/1.1" 200 0 "-" "WordPress/6.6.2; https://dietcontrungnhanh.com"
54.244.163.194 - - [17/Oct/2024:16:02:23 -0400] "GET //dietcontrungnhanh.com/wp-content/plugins/woocommerce/assets/js/frontend/woocommerce.min.js HTTP/1.1" 301 0 "-" "Mozilla/5.0 (X11; Linux i686; rv:20.0) Gecko/20100101 Firefox/20.0"
54.244.163.194 - - [17/Oct/2024:16:02:23 -0400] "GET //dietcontrungnhanh.com/wp-content/themes/flatsome/assets/js/woocommerce.js HTTP/1.1" 301 0 "-" "Mozilla/5.0 (Android; Mobile; rv:35.0) Gecko/35.0 Firefox/35.0"
54.244.163.194 - - [17/Oct/2024:16:02:23 -0400] "GET //dietcontrungnhanh.com/wp-content/themes/flatsome/assets/js/chunk.popups.js HTTP/1.1" 301 0 "-" "Mozilla/5.0 (X11; Linux i686; rv:8.0) Gecko/20100101 Firefox/8.0"
54.244.163.194 - - [17/Oct/2024:16:02:23 -0400] "GET //dietcontrungnhanh.com/wp-content/themes/flatsome/assets/js/chunk.tooltips.js HTTP/1.1" 301 0 "-" "Mozilla/5.0 (Windows NT 6.3; WOW64) AppleWebKit/537.36 (KHTML, like Gecko) Chrome/31.0.1650.57 Safari/537.36 OPR/18.0.1284.49"
54.244.163.194 - - [17/Oct/2024:16:02:23 -0400] "GET //dietcontrungnhanh.com/wp-includes/js/jquery/jquery.min.js HTTP/1.1" 301 0 "-" "Mozilla/5.0 (iPhone; CPU iPhone OS 15_4 like Mac OS X) AppleWebKit/605.1.15 (KHTML, like Gecko) CriOS/99.0.4844.59 Mobile/15E148 Safari/604.1"
54.244.163.194 - - [17/Oct/2024:16:02:23 -0400] "GET //dietcontrungnhanh.com/wp-includes/js/dist/hooks.min.js HTTP/1.1" 301 0 "-" "Mozilla/5.0 (X11; CrOS x86_64 14526.89.1) AppleWebKit/537.36 (KHTML, like Gecko) Chrome/100.0.4896.133 Safari/537.36"
54.244.163.194 - - [17/Oct/2024:16:02:23 -0400] "GET //dietcontrungnhanh.com/wp-content/plugins/contact-form-7/includes/js/index.js HTTP/1.1" 301 0 "-" "Mozilla/5.0 (Linux; Android 10; Redmi Note 7) AppleWebKit/537.36 (KHTML, like Gecko) Chrome/83.0.4103.101 Mobile Safari/537.36"
54.244.163.194 - - [17/Oct/2024:16:02:23 -0400] "GET //dietcontrungnhanh.com/wp-includes/js/jquery/jquery-migrate.min.js HTTP/1.1" 301 0 "-" "Mozilla/4.0 (compatible; MSIE 8.0; Windows NT 6.1; Trident/4.0)"
54.244.163.194 - - [17/Oct/2024:16:02:23 -0400] "GET //dietcontrungnhanh.com/wp-includes/js/dist/i18n.min.js HTTP/1.1" 301 0 "-" "SonyEricssonZ800/R1Y Browser/SEMC-Browser/4.1 Profile/MIDP-2.0 Configuration/CLDC-1.1 UP.Link/6.3.0.0.0"
54.244.163.194 - - [17/Oct/2024:16:02:23 -0400] "GET //dietcontrungnhanh.com/wp-content/plugins/contact-form-7/includes/swv/js/index.js HTTP/1.1" 301 0 "-" "Opera/9.30 (Nintendo Wii; U; ; 2047-7; en)"
54.244.163.194 - - [17/Oct/2024:16:02:23 -0400] "GET //dietcontrungnhanh.com/wp-content/plugins/woocommerce/assets/js/frontend/order-attribution.min.js HTTP/1.1" 301 0 "-" "Mozilla/5.0 (compatible; Konqueror/3.5; NetBSD 4.0_RC3; X11) KHTML/3.5.7 (like Gecko)"
54.244.163.194 - - [17/Oct/2024:16:02:23 -0400] "GET //dietcontrungnhanh.com/wp-content/plugins/woocommerce/assets/js/frontend/cart-fragments.min.js HTTP/1.1" 301 0 "-" "MOT-V177/0.1.75 UP.Browser/6.2.3.9.c.12 (GUI) MMP/2.0 UP.Link/6.3.1.13.0"
54.244.163.194 - - [17/Oct/2024:16:02:23 -0400] "GET //dietcontrungnhanh.com/wp-content/plugins/woocommerce/assets/js/jquery-blockui/jquery.blockUI.min.js HTTP/1.1" 301 0 "-" "Mozilla/5.0 (Linux; Android 11; SM-A115F) AppleWebKit/537.36 (KHTML, like Gecko) Chrome/101.0.4951.61 Mobile Safari/537.36"
54.244.163.194 - - [17/Oct/2024:16:02:23 -0400] "GET //dietcontrungnhanh.com/wp-content/plugins/woocommerce/assets/js/js-cookie/js.cookie.min.js HTTP/1.1" 301 0 "-" "Mozilla/5.0 (X11; OpenBSD amd64; rv:28.0) Gecko/20100101 Firefox/28.0"
54.244.163.194 - - [17/Oct/2024:16:02:23 -0400] "GET /index.js HTTP/1.1" 404 18708 "-" "Opera/9.51 Beta (Microsoft Windows; PPC; Opera Mobi/1718; U; en)"
54.244.163.194 - - [17/Oct/2024:16:02:23 -0400] "GET //dietcontrungnhanh.com/wp-content/plugins/woocommerce/assets/js/frontend/add-to-cart.min.js HTTP/1.1" 301 0 "-" "AdsBot-Google ( http://www.google.com/adsbot.html)"
54.244.163.194 - - [17/Oct/2024:16:02:23 -0400] "GET //dietcontrungnhanh.com/wp-content/themes/flatsome/assets/js/chunk.slider.js HTTP/1.1" 301 0 "-" "Mozilla/5.0 (X11; U; Linux i686; en-US; rv:1.8.1) Gecko/20061024 Firefox/2.0 (Swiftfox)"
162.213.251.195 - - [17/Oct/2024:16:02:27 -0400] "POST /wp-cron.php?doing_wp_cron=1729195345.9532461166381835937500 HTTP/1.1" 200 0 "-" "WordPress/6.6.2; https://dietcontrungnhanh.com"
54.244.163.194 - - [17/Oct/2024:16:02:23 -0400] "GET //dietcontrungnhanh.com/wp-content/themes/flatsome/inc/extensions/flatsome-live-search/flatsome-live-search.js HTTP/1.1" 301 0 "-" "Opera/9.60 (J2ME/MIDP; Opera Mini/4.1.11320/608; U; en) Presto/2.2.0"
54.244.163.194 - - [17/Oct/2024:16:03:02 -0400] "GET //dietcontrungnhanh.com/wp-content/plugins/contact-form-7/includes/swv/js/index.js HTTP/1.1" 301 0 "-" "CSSCheck/1.2.2"
54.244.163.194 - - [17/Oct/2024:16:03:02 -0400] "GET //dietcontrungnhanh.com/wp-content/themes/flatsome/assets/js/chunk.slider.js HTTP/1.1" 301 0 "-" "Mozilla/4.0 (compatible; MSIE 8.0; Windows NT 6.0; Trident/4.0)"
54.244.163.194 - - [17/Oct/2024:16:03:02 -0400] "GET //dietcontrungnhanh.com/wp-content/plugins/woocommerce/assets/js/jquery-blockui/jquery.blockUI.min.js HTTP/1.1" 301 0 "-" "Mozilla/5.0 (Windows NT 10.0; Win64; x64) AppleWebKit/537.36 (KHTML, like Gecko) Chrome/100.0.4896.75 Safari/537.36"
54.244.163.194 - - [17/Oct/2024:16:03:02 -0400] "GET //dietcontrungnhanh.com/wp-includes/js/dist/i18n.min.js HTTP/1.1" 301 0 "-" "Mozilla/5.0 (Linux; Android 12; SM-G991B) AppleWebKit/537.36 (KHTML, like Gecko) Chrome/101.0.4951.41 Mobile Safari/537.36"
54.244.163.194 - - [17/Oct/2024:16:03:02 -0400] "GET //dietcontrungnhanh.com/wp-content/plugins/woocommerce/assets/js/frontend/add-to-cart.min.js HTTP/1.1" 301 0 "-" "BlackBerry8330/4.3.0 Profile/MIDP-2.0 Configuration/CLDC-1.1 VendorID/105"
54.244.163.194 - - [17/Oct/2024:16:03:02 -0400] "GET //dietcontrungnhanh.com/wp-content/plugins/contact-form-7/includes/js/index.js HTTP/1.1" 301 0 "-" "everyfeed-spider/2.0 (http://www.everyfeed.com)"
54.244.163.194 - - [17/Oct/2024:16:03:02 -0400] "GET //dietcontrungnhanh.com/wp-content/themes/flatsome/assets/js/woocommerce.js HTTP/1.1" 301 0 "-" "Mozilla/5.0 (X11; U; Linux i686; en-US; rv:1.8.1) Gecko/20061024 Firefox/2.0 (Swiftfox)"
54.244.163.194 - - [17/Oct/2024:16:03:02 -0400] "GET //dietcontrungnhanh.com/wp-includes/js/jquery/jquery-migrate.min.js HTTP/1.1" 301 0 "-" "SearchExpress"
54.244.163.194 - - [17/Oct/2024:16:03:02 -0400] "GET //dietcontrungnhanh.com/wp-content/themes/flatsome/assets/js/chunk.popups.js HTTP/1.1" 301 0 "-" "Mozilla/5.0 (Linux; Android 10; CLT-L29) AppleWebKit/537.36 (KHTML, like Gecko) Chrome/101.0.4951.41 Mobile Safari/537.36"
54.244.163.194 - - [17/Oct/2024:16:03:02 -0400] "GET //dietcontrungnhanh.com/wp-includes/js/jquery/jquery.min.js HTTP/1.1" 301 0 "-" "Mozilla/5.0 (iPhone; CPU iPhone OS 10_3_1 like Mac OS X) AppleWebKit/603.1.30 (KHTML, like Gecko) Version/10.0 Mobile/14E304 Safari/602.1"
54.244.163.194 - - [17/Oct/2024:16:03:02 -0400] "GET //dietcontrungnhanh.com/wp-content/plugins/woocommerce/assets/js/frontend/order-attribution.min.js HTTP/1.1" 301 0 "-" "Mozilla/5.0 (X11; Linux x86_64) AppleWebKit/537.36 (KHTML, like Gecko) Chrome/90.0.4430.93 Safari/537.36"
54.244.163.194 - - [17/Oct/2024:16:03:02 -0400] "GET //dietcontrungnhanh.com/wp-content/plugins/woocommerce/assets/js/sourcebuster/sourcebuster.min.js HTTP/1.1" 301 0 "-" "Mozilla/5.0 (compatible; MSIE 10.0; Windows Phone 8.0; Trident/6.0; IEMobile/10.0; ARM; Touch)"
54.244.163.194 - - [17/Oct/2024:16:03:02 -0400] "GET //dietcontrungnhanh.com/wp-content/plugins/woocommerce/assets/js/frontend/cart-fragments.min.js HTTP/1.1" 301 0 "-" "Mozilla/5.0 (Linux; Android 10; itel L5006C) AppleWebKit/537.36 (KHTML, like Gecko) Chrome/88.0.4324.181 Mobile Safari/537.36"
54.244.163.194 - - [17/Oct/2024:16:03:02 -0400] "GET //dietcontrungnhanh.com/wp-includes/js/dist/hooks.min.js HTTP/1.1" 301 0 "-" "Mozilla/5.0 (Windows NT 10.0; Win64; x64) AppleWebKit/537.36 (KHTML, like Gecko) Chrome/99.0.4844.84 Safari/537.36 OPR/85.0.4341.72"
54.244.163.194 - - [17/Oct/2024:16:03:02 -0400] "GET //dietcontrungnhanh.com/wp-includes/js/hoverIntent.min.js HTTP/1.1" 301 0 "-" "Mozilla/5.0 (Windows NT 10.0) AppleWebKit/537.36 (KHTML, like Gecko) Chrome/52.0.2743.116 Safari/537.36 Edge/15.15063"
54.244.163.194 - - [17/Oct/2024:16:03:02 -0400] "GET //dietcontrungnhanh.com/wp-content/plugins/woocommerce/assets/js/js-cookie/js.cookie.min.js HTTP/1.1" 301 0 "-" "Mozilla/5.0 (X11; Linux x86_64) AppleWebKit/537.36 (KHTML, like Gecko) Ubuntu Chromium/33.0.1750.152 Chrome/33.0.1750.152 Safari/537.36"
54.244.163.194 - - [17/Oct/2024:16:03:02 -0400] "GET //dietcontrungnhanh.com/wp-content/themes/flatsome/inc/extensions/flatsome-live-search/flatsome-live-search.js HTTP/1.1" 301 0 "-" "Mozilla/5.0 (Macintosh; Intel Mac OS X 10.6; rv:2.0b6pre) Gecko/20100907 Firefox/4.0b6pre Camino/2.2a1pre"
54.244.163.194 - - [17/Oct/2024:16:03:02 -0400] "GET //dietcontrungnhanh.com/wp-content/plugins/woocommerce/assets/js/frontend/woocommerce.min.js HTTP/1.1" 301 0 "-" "Mozilla/5.0 (Linux; U; Android 2.1; en-us; HTC Legend Build/cupcake) AppleWebKit/530.17 (KHTML, like Gecko) Version/4.0 Mobile Safari/530.17"
54.244.163.194 - - [17/Oct/2024:16:03:02 -0400] "GET //dietcontrungnhanh.com/wp-content/themes/flatsome/assets/js/chunk.tooltips.js HTTP/1.1" 301 0 "-" "Mozilla/5.0 (Macintosh; Intel Mac OS X 10_7_2) AppleWebKit/535.1 (KHTML, like Gecko) Chrome/14.0.835.186 Safari/535.1"
54.244.163.194 - - [17/Oct/2024:16:03:02 -0400] "GET /index.js HTTP/1.1" 404 18712 "-" "Opera/9.80 (X11; Linux i686; U; en) Presto/2.2.15 Version/10.10"
54.244.163.194 - - [17/Oct/2024:16:03:02 -0400] "GET //dietcontrungnhanh.com/wp-content/plugins/perfmatters/js/lazyload.min.js HTTP/1.1" 301 0 "-" "Mozilla/5.0 (Android 6.0.1; Mobile; rv:48.0) Gecko/48.0 Firefox/48.0"
162.213.251.195 - - [17/Oct/2024:16:03:40 -0400] "POST /wp-cron.php?doing_wp_cron=1729195419.4413468837738037109375 HTTP/1.1" 200 0 "-" "WordPress/6.6.2; https://dietcontrungnhanh.com"
57.128.85.41 - - [17/Oct/2024:16:03:38 -0400] "POST /wp-login.php HTTP/1.1" 200 2998 "-" "Mozilla/5.0 (Windows NT 6.1; Win64; x64) AppleWebKit/537.36 (KHTML, like Gecko) Chrome/60.0.3112.113 Safari/537.36"
54.244.163.194 - - [17/Oct/2024:16:03:47 -0400] "GET //dietcontrungnhanh.com/wp-content/plugins/woocommerce/assets/js/frontend/order-attribution.min.js HTTP/1.1" 301 0 "-" "Mozilla/5.0 (hp-tablet; Linux; hpwOS/3.0.2; U; de-DE) AppleWebKit/534.6 (KHTML, like Gecko) wOSBrowser/234.40.1 Safari/534.6 TouchPad/1.0"
54.244.163.194 - - [17/Oct/2024:16:03:47 -0400] "GET //dietcontrungnhanh.com/wp-content/themes/flatsome/assets/js/chunk.tooltips.js HTTP/1.1" 301 0 "-" "Mozilla/5.0 (Linux; Android 8.0.0; SAMSUNG SM-G935F) AppleWebKit/537.36 (KHTML, like Gecko) SamsungBrowser/12.1 Chrome/79.0.3945.136 Mobile Safari/537.36"
54.244.163.194 - - [17/Oct/2024:16:03:47 -0400] "GET //dietcontrungnhanh.com/wp-content/plugins/woocommerce/assets/js/js-cookie/js.cookie.min.js HTTP/1.1" 301 0 "-" "Mozilla/5.0 (Windows NT 10.0; WOW64) AppleWebKit/537.36 (KHTML, like Gecko) Chrome/101.0.4951.54 Safari/537.36 Edg/101.0.1210.39"
54.244.163.194 - - [17/Oct/2024:16:03:47 -0400] "GET //dietcontrungnhanh.com/wp-includes/js/jquery/jquery-migrate.min.js HTTP/1.1" 301 0 "-" "Mozilla/5.0 (Macintosh; Intel Mac OS X 10_15_7) AppleWebKit/537.36 (KHTML, like Gecko) Chrome/100.0.4896.60 Safari/537.36"
54.244.163.194 - - [17/Oct/2024:16:03:47 -0400] "GET //dietcontrungnhanh.com/wp-includes/js/hoverIntent.min.js HTTP/1.1" 301 0 "-" "Googlebot-Image/1.0"
162.213.251.195 - - [17/Oct/2024:16:03:49 -0400] "POST /wp-cron.php?doing_wp_cron=1729195428.9332039356231689453125 HTTP/1.1" 200 0 "-" "WordPress/6.6.2; https://dietcontrungnhanh.com"
54.244.163.194 - - [17/Oct/2024:16:03:47 -0400] "GET //dietcontrungnhanh.com/wp-content/themes/flatsome/assets/js/chunk.popups.js HTTP/1.1" 301 0 "-" "Mozilla/5.0 (Linux; Android 11; SM-A505F) AppleWebKit/537.36 (KHTML, like Gecko) Chrome/101.0.4951.61 Mobile Safari/537.36"
54.244.163.194 - - [17/Oct/2024:16:03:47 -0400] "GET //dietcontrungnhanh.com/wp-content/plugins/woocommerce/assets/js/frontend/cart-fragments.min.js HTTP/1.1" 301 0 "-" "Konqueror/3.0-rc4; (Konqueror/3.0-rc4; i686 Linux;;datecode)"
54.244.163.194 - - [17/Oct/2024:16:03:47 -0400] "GET //dietcontrungnhanh.com/wp-includes/js/dist/i18n.min.js HTTP/1.1" 301 0 "-" "Mozilla/5.0 (X11; FreeBSD i386; rv:28.0) Gecko/20100101 Firefox/28.0 SeaMonkey/2.25"
54.244.163.194 - - [17/Oct/2024:16:03:47 -0400] "GET //dietcontrungnhanh.com/wp-content/plugins/woocommerce/assets/js/frontend/woocommerce.min.js HTTP/1.1" 301 0 "-" "Mozilla/5.0 (Windows NT 10.0; Win64; x64) AppleWebKit/537.36 (KHTML, like Gecko) Chrome/100.0.4896.75 Safari/537.36"
54.244.163.194 - - [17/Oct/2024:16:03:47 -0400] "GET //dietcontrungnhanh.com/wp-content/plugins/contact-form-7/includes/js/index.js HTTP/1.1" 301 0 "-" "Opera/9.25 (Windows NT 6.0; U; en)"
54.244.163.194 - - [17/Oct/2024:16:03:47 -0400] "GET //dietcontrungnhanh.com/wp-content/plugins/perfmatters/js/lazyload.min.js HTTP/1.1" 301 0 "-" "Mozilla/5.0 (Windows NT 10.0; Win64; x64) AppleWebKit/537.36 (KHTML, like Gecko) Chrome/99.0.4844.51 Safari/537.36 OPR/85.0.4341.22"
54.244.163.194 - - [17/Oct/2024:16:03:47 -0400] "GET //dietcontrungnhanh.com/wp-content/themes/flatsome/assets/js/flatsome.js HTTP/1.1" 301 0 "-" "Mozilla/5.0 (webOS/1.3; U; en-US) AppleWebKit/525.27.1 (KHTML, like Gecko) Version/1.0 Safari/525.27.1 Desktop/1.0"
54.244.163.194 - - [17/Oct/2024:16:03:47 -0400] "GET //dietcontrungnhanh.com/wp-content/plugins/woocommerce/assets/js/jquery-blockui/jquery.blockUI.min.js HTTP/1.1" 301 0 "-" "Mozilla/5.0 (X11; U; Linux x86_64; en-AU) AppleWebKit/534.35 (KHTML, like Gecko) Chrome/11.0.696.65 Safari/534.35 Puffin/3.9174IT"
54.244.163.194 - - [17/Oct/2024:16:03:47 -0400] "GET //dietcontrungnhanh.com/wp-includes/js/jquery/jquery.min.js HTTP/1.1" 301 0 "-" "Mozilla/5.0 (X11; FreeBSD amd64) AppleWebKit/537.36 (KHTML, like Gecko) Chrome/35.0.1916.153 Safari/537.36"
54.244.163.194 - - [17/Oct/2024:16:03:47 -0400] "GET //dietcontrungnhanh.com/wp-content/themes/flatsome/inc/extensions/flatsome-live-search/flatsome-live-search.js HTTP/1.1" 301 0 "-" "Mozilla/5.0 (Macintosh; Intel Mac OS X 10_15_7) AppleWebKit/537.36 (KHTML, like Gecko) Chrome/95.0.4638.69 Safari/537.36"
54.244.163.194 - - [17/Oct/2024:16:03:47 -0400] "GET //dietcontrungnhanh.com/wp-includes/js/dist/hooks.min.js HTTP/1.1" 301 0 "-" "BlackBerry8320/4.2.2 Profile/MIDP-2.0 Configuration/CLDC-1.1 VendorID/100"
54.244.163.194 - - [17/Oct/2024:16:03:47 -0400] "GET //dietcontrungnhanh.com/wp-content/plugins/contact-form-7/includes/swv/js/index.js HTTP/1.1" 301 0 "-" "Mozilla/5.0 (compatible; Exabot/3.0;  http://www.exabot.com/go/robot)"
54.244.163.194 - - [17/Oct/2024:16:03:47 -0400] "GET //dietcontrungnhanh.com/wp-content/plugins/woocommerce/assets/js/sourcebuster/sourcebuster.min.js HTTP/1.1" 301 0 "-" "Mozilla/5.0 (X11; NetBSD x86; en-us) AppleWebKit/666.6+ (KHTML, like Gecko) Chromium/20.0.0000.00 Chrome/20.0.0000.00 Safari/666.6+"
54.244.163.194 - - [17/Oct/2024:16:03:47 -0400] "GET //dietcontrungnhanh.com/wp-content/themes/flatsome/assets/js/chunk.slider.js HTTP/1.1" 301 0 "-" "Mozilla/5.0 (compatible; MSIE 10.6; Windows NT 6.1; Trident/5.0; InfoPath.2; SLCC1; .NET CLR 3.0.4506.2152; .NET CLR 3.5.30729; .NET CLR 2.0.50727) 3gpp-gba UNTRUSTED/1.0"
54.244.163.194 - - [17/Oct/2024:16:03:47 -0400] "GET //dietcontrungnhanh.com/wp-content/plugins/woocommerce/assets/js/frontend/add-to-cart.min.js HTTP/1.1" 301 0 "-" "Mozilla/5.0 (Macintosh; Intel Mac OS X 10_15_7) AppleWebKit/605.1.15 (KHTML, like Gecko)"
54.244.163.194 - - [17/Oct/2024:16:03:47 -0400] "GET /index.js HTTP/1.1" 404 18727 "-" "Mozilla/5.0 (Windows NT 10.0; Win64; x64) AppleWebKit/537.36 (KHTML, like Gecko) Chrome/100.0.4896.88 Safari/537.36"
54.244.163.194 - - [17/Oct/2024:16:03:47 -0400] "GET //dietcontrungnhanh.com/wp-content/themes/flatsome/assets/js/woocommerce.js HTTP/1.1" 301 0 "-" "Mozilla/5.0 (BeOS; U; BeOS BePC; en-US; rv:1.9a1) Gecko/20060702 SeaMonkey/1.5a"
54.244.163.194 - - [17/Oct/2024:16:04:43 -0400] "GET //dietcontrungnhanh.com/wp-content/plugins/woocommerce/assets/js/sourcebuster/sourcebuster.min.js HTTP/1.1" 301 0 "-" "POLARIS/6.01(BREW 3.1.5;U;en-us;LG;LX265;POLARIS/6.01/WAP;)MMP/2.0 profile/MIDP-201 Configuration /CLDC-1.1"
54.244.163.194 - - [17/Oct/2024:16:04:42 -0400] "GET //dietcontrungnhanh.com/wp-content/themes/flatsome/assets/js/flatsome.js HTTP/1.1" 301 0 "-" "Mozilla/5.0 (Windows; U; Windows NT 6.1; en-GB; rv:1.9.1.17) Gecko/20110123 (like Firefox/3.x) SeaMonkey/2.0.12"
54.244.163.194 - - [17/Oct/2024:16:04:43 -0400] "GET //dietcontrungnhanh.com/wp-content/plugins/woocommerce/assets/js/frontend/woocommerce.min.js HTTP/1.1" 301 0 "-" "Mozilla/5.0 (Macintosh; Intel Mac OS X 10_15_7) AppleWebKit/605.1.15 (KHTML, like Gecko) Version/15.4 Safari/605.1.15"
162.213.251.195 - - [17/Oct/2024:16:04:44 -0400] "POST /wp-cron.php?doing_wp_cron=1729195483.9975190162658691406250 HTTP/1.1" 200 0 "-" "WordPress/6.6.2; https://dietcontrungnhanh.com"
54.244.163.194 - - [17/Oct/2024:16:04:43 -0400] "GET //dietcontrungnhanh.com/wp-content/plugins/woocommerce/assets/js/js-cookie/js.cookie.min.js HTTP/1.1" 301 0 "-" "Mozilla/5.0 (Linux; Android 4.4.4; XT1032 Build/KXB21.14-L1.61) AppleWebKit/537.36 (KHTML, like Gecko) Chrome/45.0.2454.94 Mobile Safari/537.36"
54.244.163.194 - - [17/Oct/2024:16:04:43 -0400] "GET //dietcontrungnhanh.com/wp-content/plugins/woocommerce/assets/js/frontend/cart-fragments.min.js HTTP/1.1" 301 0 "-" "Mozilla/5.0 (X11; Linux x86_64) AppleWebKit/537.21 (KHTML, like Gecko) konqueror/4.14.10 Safari/537.21"
54.244.163.194 - - [17/Oct/2024:16:04:43 -0400] "GET //dietcontrungnhanh.com/wp-includes/js/hoverIntent.min.js HTTP/1.1" 301 0 "-" "Mozilla/5.0 (compatible; YandexBot/3.0; +http://yandex.com/bots)"
