40.69.206.230 - - [17/Oct/2024:12:25:03 -0400] "GET /wp-content/plugins/dropdown.php HTTP/1.1" 404 28999 "-" "-"
40.69.206.230 - - [17/Oct/2024:12:25:06 -0400] "GET /wp-admin/includes/index.php HTTP/1.1" 301 0 "-" "-"
40.69.206.230 - - [17/Oct/2024:12:25:07 -0400] "GET /wp-admin/includes/ HTTP/1.1" 200 3567 "-" "-"
40.69.206.230 - - [17/Oct/2024:12:25:09 -0400] "GET /wp-signup.php HTTP/1.1" 302 0 "-" "-"
40.69.206.230 - - [17/Oct/2024:12:25:10 -0400] "GET /wp-login.php?action=register HTTP/1.1" 302 0 "-" "-"
40.69.206.230 - - [17/Oct/2024:12:25:11 -0400] "GET /wp-login.php?registration=disabled HTTP/1.1" 200 2960 "-" "-"
40.69.206.230 - - [17/Oct/2024:12:25:13 -0400] "GET /wp-includes/images/css.php HTTP/1.1" 404 29014 "-" "-"
40.69.206.230 - - [17/Oct/2024:12:25:15 -0400] "GET /chosen.php HTTP/1.1" 404 29146 "-" "-"
40.69.206.230 - - [17/Oct/2024:12:25:17 -0400] "GET /wp-content/cong.php HTTP/1.1" 404 29193 "-" "-"
40.69.206.230 - - [17/Oct/2024:12:25:20 -0400] "GET /mah.php HTTP/1.1" 404 29171 "-" "-"
162.213.251.195 - - [17/Oct/2024:12:25:24 -0400] "POST /wp-cron.php?doing_wp_cron=1729182323.5715889930725097656250 HTTP/1.1" 200 0 "-" "WordPress/6.6.2; https://thietke365.net"
40.69.206.230 - - [17/Oct/2024:12:25:22 -0400] "GET /.well-known/acme-challenge/plugins.php HTTP/1.1" 404 29181 "-" "-"
40.69.206.230 - - [17/Oct/2024:12:25:26 -0400] "GET /ova-tools.php HTTP/1.1" 404 29178 "-" "-"
40.69.206.230 - - [17/Oct/2024:12:25:29 -0400] "GET /wp-includes/Requests/about.php HTTP/1.1" 404 29187 "-" "-"
40.69.206.230 - - [17/Oct/2024:12:25:31 -0400] "GET /wp-includes/style-engine/about.php HTTP/1.1" 404 29119 "-" "-"
40.69.206.230 - - [17/Oct/2024:12:25:33 -0400] "GET /wp-includes/rest-api/about.php HTTP/1.1" 404 29081 "-" "-"
40.69.206.230 - - [17/Oct/2024:12:25:35 -0400] "GET /wp-includes/SimplePie/about.php HTTP/1.1" 404 29200 "-" "-"
40.69.206.230 - - [17/Oct/2024:12:25:36 -0400] "GET /wp-content/banners/about.php HTTP/1.1" 404 29055 "-" "-"
40.69.206.230 - - [17/Oct/2024:12:25:38 -0400] "GET /wp-admin/license.php HTTP/1.1" 404 29189 "-" "-"
40.69.206.230 - - [17/Oct/2024:12:25:40 -0400] "GET /wp-content/about.php HTTP/1.1" 404 29158 "-" "-"
40.69.206.230 - - [17/Oct/2024:12:25:42 -0400] "GET /.well-known/about.php HTTP/1.1" 404 29119 "-" "-"
40.69.206.230 - - [17/Oct/2024:12:25:45 -0400] "GET /wp-includes/Text/about.php HTTP/1.1" 404 29136 "-" "-"
40.69.206.230 - - [17/Oct/2024:12:25:47 -0400] "GET /wp-includes/ID3/about.php HTTP/1.1" 404 29053 "-" "-"
40.69.206.230 - - [17/Oct/2024:12:25:48 -0400] "GET /img/about.php HTTP/1.1" 404 29115 "-" "-"
40.69.206.230 - - [17/Oct/2024:12:25:50 -0400] "GET /wp-content/languages/about.php HTTP/1.1" 404 28999 "-" "-"
40.69.206.230 - - [17/Oct/2024:12:25:51 -0400] "GET /wp-includes/customize/about.php HTTP/1.1" 404 29180 "-" "-"
40.69.206.230 - - [17/Oct/2024:12:25:52 -0400] "GET /wp-includes.bak/html-api/about.php HTTP/1.1" 404 29173 "-" "-"
40.69.206.230 - - [17/Oct/2024:12:25:53 -0400] "GET /wp-includes/widgets/about.php HTTP/1.1" 404 29054 "-" "-"
40.69.206.230 - - [17/Oct/2024:12:25:55 -0400] "GET /wp-includes/IXR/about.php HTTP/1.1" 404 29075 "-" "-"
40.69.206.230 - - [17/Oct/2024:12:25:57 -0400] "GET /wp-admin/js/about.php HTTP/1.1" 404 29175 "-" "-"
40.69.206.230 - - [17/Oct/2024:12:26:00 -0400] "GET /.well-known/pki-validation/about.php HTTP/1.1" 404 1251 "-" "-"
40.69.206.230 - - [17/Oct/2024:12:26:01 -0400] "GET /wp-includes/pomo/about.php HTTP/1.1" 404 29060 "-" "-"
40.69.206.230 - - [17/Oct/2024:12:26:03 -0400] "GET /wp-includes/block-patterns/about.php HTTP/1.1" 404 29141 "-" "-"
40.69.206.230 - - [17/Oct/2024:12:26:04 -0400] "GET /wp-content/updraft/about.php HTTP/1.1" 404 28997 "-" "-"
40.69.206.230 - - [17/Oct/2024:12:26:06 -0400] "GET /wp-content/upgrade-temp-backup/about.php HTTP/1.1" 404 29070 "-" "-"
40.69.206.230 - - [17/Oct/2024:12:26:08 -0400] "GET /wp-content/themes/about.php HTTP/1.1" 404 29087 "-" "-"
40.69.206.230 - - [17/Oct/2024:12:26:10 -0400] "GET /wp-admin/includes/about.php HTTP/1.1" 404 29147 "-" "-"
40.69.206.230 - - [17/Oct/2024:12:26:12 -0400] "GET /images/about.php HTTP/1.1" 404 29046 "-" "-"
40.69.206.230 - - [17/Oct/2024:12:26:13 -0400] "GET /wp-content/blogs.dir/about.php HTTP/1.1" 404 29187 "-" "-"
40.69.206.230 - - [17/Oct/2024:12:26:15 -0400] "GET /wp-includes/images/about.php HTTP/1.1" 404 29189 "-" "-"
40.69.206.230 - - [17/Oct/2024:12:26:16 -0400] "GET /wp-includes/about.php HTTP/1.1" 404 29133 "-" "-"
40.69.206.230 - - [17/Oct/2024:12:26:17 -0400] "GET /cgi-bin/about.php HTTP/1.1" 404 29205 "-" "-"
40.69.206.230 - - [17/Oct/2024:12:26:18 -0400] "GET /wp-content/gallery/about.php HTTP/1.1" 404 29066 "-" "-"
40.69.206.230 - - [17/Oct/2024:12:26:19 -0400] "GET /wp-includes/blocks/about.php HTTP/1.1" 404 29173 "-" "-"
40.69.206.230 - - [17/Oct/2024:12:26:20 -0400] "GET /wp-admin/css/about.php HTTP/1.1" 404 29073 "-" "-"
40.69.206.230 - - [17/Oct/2024:12:26:21 -0400] "GET /wp-admin/images/about.php HTTP/1.1" 404 29118 "-" "-"
40.69.206.230 - - [17/Oct/2024:12:26:23 -0400] "GET /.well-known/pki-validation/cloud.php HTTP/1.1" 404 1251 "-" "-"
162.213.251.195 - - [17/Oct/2024:12:26:24 -0400] "POST /wp-cron.php?doing_wp_cron=1729182384.0780909061431884765625 HTTP/1.1" 200 0 "-" "WordPress/6.6.2; https://thietke365.net"
40.69.206.230 - - [17/Oct/2024:12:26:23 -0400] "GET /.well-known/acme-challenge/cloud.php HTTP/1.1" 404 29108 "-" "-"
40.69.206.230 - - [17/Oct/2024:12:26:25 -0400] "GET /wp-admin/network/cloud.php HTTP/1.1" 404 29183 "-" "-"
40.69.206.230 - - [17/Oct/2024:12:26:26 -0400] "GET /cloud.php HTTP/1.1" 404 29192 "-" "-"
40.69.206.230 - - [17/Oct/2024:12:26:27 -0400] "GET /cgi-bin/cloud.php HTTP/1.1" 404 29138 "-" "-"
40.69.206.230 - - [17/Oct/2024:12:26:28 -0400] "GET /wp-content/updates.php HTTP/1.1" 404 29130 "-" "-"
40.69.206.230 - - [17/Oct/2024:12:26:30 -0400] "GET /css/cloud.php HTTP/1.1" 404 29206 "-" "-"
40.69.206.230 - - [17/Oct/2024:12:26:31 -0400] "GET /wp-admin/user/cloud.php HTTP/1.1" 404 29081 "-" "-"
40.69.206.230 - - [17/Oct/2024:12:26:32 -0400] "GET /img/cloud.php HTTP/1.1" 404 29137 "-" "-"
40.69.206.230 - - [17/Oct/2024:12:26:34 -0400] "GET /wp-admin/css/colors/coffee/cloud.php HTTP/1.1" 404 29162 "-" "-"
40.69.206.230 - - [17/Oct/2024:12:26:35 -0400] "GET /wp-admin/images/cloud.php HTTP/1.1" 404 29126 "-" "-"
40.69.206.230 - - [17/Oct/2024:12:26:36 -0400] "GET /avaa.php HTTP/1.1" 404 28975 "-" "-"
40.69.206.230 - - [17/Oct/2024:12:26:37 -0400] "GET /images/cloud.php HTTP/1.1" 404 29105 "-" "-"
40.69.206.230 - - [17/Oct/2024:12:26:39 -0400] "GET /wp-admin/js/widgets/cloud.php HTTP/1.1" 404 29186 "-" "-"
40.69.206.230 - - [17/Oct/2024:12:26:41 -0400] "GET /wp-includes/Requests/Text/admin.php HTTP/1.1" 404 29077 "-" "-"
40.69.206.230 - - [17/Oct/2024:12:26:43 -0400] "GET /wp-admin/css/colors/cloud.php HTTP/1.1" 404 29030 "-" "-"
40.69.206.230 - - [17/Oct/2024:12:26:44 -0400] "GET /wp-admin/includes/cloud.php HTTP/1.1" 404 28982 "-" "-"
40.69.206.230 - - [17/Oct/2024:12:26:45 -0400] "GET /wp-admin/css/colors/blue/cloud.php HTTP/1.1" 404 29068 "-" "-"
40.69.206.230 - - [17/Oct/2024:12:26:47 -0400] "GET /wp-admin/cloud.php HTTP/1.1" 404 29125 "-" "-"
40.69.206.230 - - [17/Oct/2024:12:26:49 -0400] "GET /updates.php HTTP/1.1" 404 29039 "-" "-"
40.69.206.230 - - [17/Oct/2024:12:26:51 -0400] "GET /libraries/legacy/updates.php HTTP/1.1" 404 29061 "-" "-"
40.69.206.230 - - [17/Oct/2024:12:26:53 -0400] "GET /libraries/phpmailer/updates.php HTTP/1.1" 404 29117 "-" "-"
40.69.206.230 - - [17/Oct/2024:12:26:54 -0400] "GET /libraries/vendor/updates.php HTTP/1.1" 404 29184 "-" "-"
40.69.206.230 - - [17/Oct/2024:12:26:56 -0400] "GET /alfa-rex.php7 HTTP/1.1" 404 29188 "-" "-"
40.69.206.230 - - [17/Oct/2024:12:26:58 -0400] "GET /alfanew.php HTTP/1.1" 404 29126 "-" "-"
40.69.206.230 - - [17/Oct/2024:12:26:59 -0400] "GET /wp-content/plugins/Cache/Cache.php HTTP/1.1" 404 29181 "-" "-"
40.69.206.230 - - [17/Oct/2024:12:27:01 -0400] "GET /wp-admin/js/widgets/about.php7 HTTP/1.1" 404 29152 "-" "-"
40.69.206.230 - - [17/Oct/2024:12:27:03 -0400] "GET /wp-p.php7 HTTP/1.1" 404 29042 "-" "-"
40.69.206.230 - - [17/Oct/2024:12:27:04 -0400] "GET /wp-admin/repeater.php HTTP/1.1" 404 29056 "-" "-"
40.69.206.230 - - [17/Oct/2024:12:27:06 -0400] "GET /wp-includes/repeater.php HTTP/1.1" 404 29064 "-" "-"
40.69.206.230 - - [17/Oct/2024:12:27:08 -0400] "GET /wp-content/repeater.php HTTP/1.1" 404 29071 "-" "-"
40.69.206.230 - - [17/Oct/2024:12:27:09 -0400] "GET /wsoyanz.php HTTP/1.1" 404 29083 "-" "-"
40.69.206.230 - - [17/Oct/2024:12:27:10 -0400] "GET /yanz.php HTTP/1.1" 404 28990 "-" "-"
40.69.206.230 - - [17/Oct/2024:12:27:12 -0400] "GET /wp-content/plugins/seoo/wsoyanz.php HTTP/1.1" 404 29159 "-" "-"
40.69.206.230 - - [17/Oct/2024:12:27:13 -0400] "GET /wp-content/plugins/seoo/wsoyanz1.php HTTP/1.1" 404 29004 "-" "-"
40.69.206.230 - - [17/Oct/2024:12:27:15 -0400] "GET /cache-compat.php HTTP/1.1" 404 29077 "-" "-"
40.69.206.230 - - [17/Oct/2024:12:27:16 -0400] "GET /ajax-actions.php HTTP/1.1" 404 28984 "-" "-"
40.69.206.230 - - [17/Oct/2024:12:27:18 -0400] "GET /wp-admin/ajax-actions.php HTTP/1.1" 404 29063 "-" "-"
40.69.206.230 - - [17/Oct/2024:12:27:19 -0400] "GET /wp-consar.php HTTP/1.1" 404 29019 "-" "-"
40.69.206.230 - - [17/Oct/2024:12:27:21 -0400] "GET /repeater.php HTTP/1.1" 404 29165 "-" "-"
40.69.206.230 - - [17/Oct/2024:12:27:22 -0400] "GET /admin-post.php HTTP/1.1" 404 29206 "-" "-"
162.213.251.195 - - [17/Oct/2024:12:27:24 -0400] "POST /wp-cron.php?doing_wp_cron=1729182444.2343890666961669921875 HTTP/1.1" 200 0 "-" "WordPress/6.6.2; https://thietke365.net"
40.69.206.230 - - [17/Oct/2024:12:27:23 -0400] "GET /wp-admin/maint/maint/ajax-actions.php HTTP/1.1" 404 29145 "-" "-"
40.69.206.230 - - [17/Oct/2024:12:27:25 -0400] "GET /wp-admin/dropdown.php HTTP/1.1" 404 29168 "-" "-"
40.69.206.230 - - [17/Oct/2024:12:27:26 -0400] "GET /wp-admin/css/index.php HTTP/1.1" 301 0 "-" "-"
40.69.206.230 - - [17/Oct/2024:12:27:27 -0400] "GET /wp-admin/css/ HTTP/1.1" 200 2830 "-" "-"
40.69.206.230 - - [17/Oct/2024:12:27:28 -0400] "GET /dropdown.php HTTP/1.1" 404 29112 "-" "-"
40.69.206.230 - - [17/Oct/2024:12:27:30 -0400] "GET /about.php HTTP/1.1" 404 29161 "-" "-"
40.69.206.230 - - [17/Oct/2024:12:27:31 -0400] "GET /about.php7 HTTP/1.1" 404 29252 "-" "-"
40.69.206.230 - - [17/Oct/2024:12:27:32 -0400] "GET /alfanew.php7 HTTP/1.1" 404 29112 "-" "-"
40.69.206.230 - - [17/Oct/2024:12:27:34 -0400] "GET /adminfuns.php7 HTTP/1.1" 404 29173 "-" "-"
40.69.206.230 - - [17/Oct/2024:12:27:35 -0400] "GET /ebs.php7 HTTP/1.1" 404 29185 "-" "-"
40.69.206.230 - - [17/Oct/2024:12:27:36 -0400] "GET /ws.php7 HTTP/1.1" 404 29023 "-" "-"
40.69.206.230 - - [17/Oct/2024:12:27:38 -0400] "GET /alfanew2.php7 HTTP/1.1" 404 29177 "-" "-"
40.69.206.230 - - [17/Oct/2024:12:27:41 -0400] "GET /alfa-rex2.php7 HTTP/1.1" 404 28981 "-" "-"
40.69.206.230 - - [17/Oct/2024:12:27:42 -0400] "GET /wp-admin/images/index.php HTTP/1.1" 301 0 "-" "-"
40.69.206.230 - - [17/Oct/2024:12:27:44 -0400] "GET /wp-admin/images/ HTTP/1.1" 200 2400 "-" "-"
40.69.206.230 - - [17/Oct/2024:12:27:44 -0400] "GET /wp-admin/css/colors/index.php HTTP/1.1" 301 0 "-" "-"
40.69.206.230 - - [17/Oct/2024:12:27:46 -0400] "GET /wp-admin/css/colors/ HTTP/1.1" 200 1112 "-" "-"
40.69.206.230 - - [17/Oct/2024:12:27:46 -0400] "GET /wp-content/themes/seotheme/mar.php HTTP/1.1" 404 28975 "-" "-"
40.69.206.230 - - [17/Oct/2024:12:27:49 -0400] "GET /wp-content/plugins/seoplugins/mar.php HTTP/1.1" 404 29037 "-" "-"
40.69.206.230 - - [17/Oct/2024:12:27:52 -0400] "GET /.well-known/pki-validation/xmrlpc.php?p= HTTP/1.1" 404 1251 "-" "-"
40.69.206.230 - - [17/Oct/2024:12:27:52 -0400] "GET /.well-known/acme-challenge/xmrlpc.php?p= HTTP/1.1" 301 0 "-" "-"
40.69.206.230 - - [17/Oct/2024:12:27:53 -0400] "GET /.well-known/acme-challenge/xmrlpc.php HTTP/1.1" 404 29185 "-" "-"
40.69.206.230 - - [17/Oct/2024:12:27:56 -0400] "GET /wp-admin/network/xmrlpc.php?p= HTTP/1.1" 301 0 "-" "-"
40.69.206.230 - - [17/Oct/2024:12:27:57 -0400] "GET /wp-admin/network/xmrlpc.php HTTP/1.1" 404 29129 "-" "-"
40.69.206.230 - - [17/Oct/2024:12:27:59 -0400] "GET /xmrlpc.php?p= HTTP/1.1" 301 0 "-" "-"
40.69.206.230 - - [17/Oct/2024:12:28:00 -0400] "GET /xmrlpc.php HTTP/1.1" 404 29087 "-" "-"
40.69.206.230 - - [17/Oct/2024:12:28:02 -0400] "GET /cgi-bin/xmrlpc.php?p= HTTP/1.1" 301 0 "-" "-"
40.69.206.230 - - [17/Oct/2024:12:28:03 -0400] "GET /cgi-bin/xmrlpc.php HTTP/1.1" 404 29198 "-" "-"
40.69.206.230 - - [17/Oct/2024:12:28:05 -0400] "GET /css/xmrlpc.php?p= HTTP/1.1" 301 0 "-" "-"
40.69.206.230 - - [17/Oct/2024:12:28:06 -0400] "GET /css/xmrlpc.php HTTP/1.1" 404 29078 "-" "-"
40.69.206.230 - - [17/Oct/2024:12:28:07 -0400] "GET /wp-admin/user/xmrlpc.php?p= HTTP/1.1" 301 0 "-" "-"
40.69.206.230 - - [17/Oct/2024:12:28:08 -0400] "GET /wp-admin/user/xmrlpc.php HTTP/1.1" 404 29164 "-" "-"
40.69.206.230 - - [17/Oct/2024:12:28:09 -0400] "GET /img/xmrlpc.php?p= HTTP/1.1" 301 0 "-" "-"
40.69.206.230 - - [17/Oct/2024:12:28:10 -0400] "GET /img/xmrlpc.php HTTP/1.1" 404 29166 "-" "-"
40.69.206.230 - - [17/Oct/2024:12:28:12 -0400] "GET /wp-admin/css/colors/coffee/xmrlpc.php?p= HTTP/1.1" 301 0 "-" "-"
40.69.206.230 - - [17/Oct/2024:12:28:13 -0400] "GET /wp-admin/css/colors/coffee/xmrlpc.php HTTP/1.1" 404 29132 "-" "-"
40.69.206.230 - - [17/Oct/2024:12:28:15 -0400] "GET /wp-admin/images/xmrlpc.php?p= HTTP/1.1" 301 0 "-" "-"
40.69.206.230 - - [17/Oct/2024:12:28:16 -0400] "GET /wp-admin/images/xmrlpc.php HTTP/1.1" 404 29192 "-" "-"
40.69.206.230 - - [17/Oct/2024:12:28:18 -0400] "GET /images/xmrlpc.php?p= HTTP/1.1" 301 0 "-" "-"
40.69.206.230 - - [17/Oct/2024:12:28:19 -0400] "GET /images/xmrlpc.php HTTP/1.1" 404 29021 "-" "-"
40.69.206.230 - - [17/Oct/2024:12:28:21 -0400] "GET /wp-admin/js/widgets/xmrlpc.php?p= HTTP/1.1" 301 0 "-" "-"
40.69.206.230 - - [17/Oct/2024:12:28:22 -0400] "GET /wp-admin/js/widgets/xmrlpc.php HTTP/1.1" 404 29027 "-" "-"
162.213.251.195 - - [17/Oct/2024:12:28:24 -0400] "POST /wp-cron.php?doing_wp_cron=1729182504.2514228820800781250000 HTTP/1.1" 200 0 "-" "WordPress/6.6.2; https://thietke365.net"
40.69.206.230 - - [17/Oct/2024:12:28:23 -0400] "GET /wp-admin/css/colors/xmrlpc.php?p= HTTP/1.1" 301 0 "-" "-"
40.69.206.230 - - [17/Oct/2024:12:28:25 -0400] "GET /wp-admin/css/colors/xmrlpc.php HTTP/1.1" 404 29013 "-" "-"
40.69.206.230 - - [17/Oct/2024:12:28:26 -0400] "GET /wp-admin/includes/xmrlpc.php?p= HTTP/1.1" 301 0 "-" "-"
40.69.206.230 - - [17/Oct/2024:12:28:27 -0400] "GET /wp-admin/includes/xmrlpc.php HTTP/1.1" 404 29228 "-" "-"
40.69.206.230 - - [17/Oct/2024:12:28:29 -0400] "GET /wp-admin/css/colors/blue/xmrlpc.php?p= HTTP/1.1" 301 0 "-" "-"
40.69.206.230 - - [17/Oct/2024:12:28:30 -0400] "GET /wp-admin/css/colors/blue/xmrlpc.php HTTP/1.1" 404 29103 "-" "-"
40.69.206.230 - - [17/Oct/2024:12:28:32 -0400] "GET /wp-admin/xmrlpc.php?p= HTTP/1.1" 301 0 "-" "-"
40.69.206.230 - - [17/Oct/2024:12:28:32 -0400] "GET /wp-admin/xmrlpc.php HTTP/1.1" 404 29230 "-" "-"
40.69.206.230 - - [17/Oct/2024:12:28:34 -0400] "GET /text.php HTTP/1.1" 404 29145 "-" "-"
40.69.206.230 - - [17/Oct/2024:12:28:35 -0400] "GET /wp-admin/network/index.php HTTP/1.1" 302 0 "-" "-"
40.69.206.230 - - [17/Oct/2024:12:28:35 -0400] "GET /wp-login.php?redirect_to=https%3A%2F%2Fthietke365.net%2Fwp-admin%2Fnetwork%2Findex.php&reauth=1 HTTP/1.1" 200 2886 "-" "-"
40.69.206.230 - - [17/Oct/2024:12:28:36 -0400] "GET /makeasmtp.php HTTP/1.1" 404 29095 "-" "-"
162.213.251.195 - - [17/Oct/2024:12:33:26 -0400] "POST /wp-cron.php?doing_wp_cron=1729182806.5444650650024414062500 HTTP/1.1" 200 0 "-" "WordPress/6.6.2; https://thietke365.net"
51.178.138.74 - - [17/Oct/2024:12:33:18 -0400] "POST /wp-login.php HTTP/1.1" 200 3082 "-" "Mozilla/5.0 (Windows NT 10.0; Win64; x64) AppleWebKit/537.36 (KHTML, like Gecko) Chrome/72.0.3626.109 Safari/537.36"
205.185.125.171 - - [17/Oct/2024:12:34:12 -0400] "GET /wp-login.php HTTP/1.1" 200 2879 "-" "Mozilla/5.0 (Macintosh; Intel Mac OS X 10_9_3) AppleWebKit/537.76.4 (KHTML, like Gecko) Version/7.0.4 Safari/537.76.4"
205.185.125.171 - - [17/Oct/2024:12:34:13 -0400] "POST /wp-login.php HTTP/1.1" 200 3034 "-" "Mozilla/5.0 (Macintosh; Intel Mac OS X 10_9_3) AppleWebKit/537.76.4 (KHTML, like Gecko) Version/7.0.4 Safari/537.76.4"
162.213.251.195 - - [17/Oct/2024:12:35:31 -0400] "POST /wp-cron.php?doing_wp_cron=1729182931.7051870822906494140625 HTTP/1.1" 200 0 "-" "WordPress/6.6.2; https://thietke365.net"
152.231.106.118 - - [17/Oct/2024:12:35:31 -0400] "POST /wp-login.php HTTP/1.1" 200 3066 "-" "Mozilla/5.0 (Windows NT 6.1; WOW64) AppleWebKit/537.36 (KHTML, like Gecko) Chrome/48.0.2564.116 Safari/537.36"
208.113.147.106 - - [17/Oct/2024:12:35:54 -0400] "POST /wp-login.php HTTP/1.1" 200 3014 "-" "Mozilla/5.0 (Windows NT 6.1; Win64; x64) AppleWebKit/537.36 (KHTML, like Gecko) Chrome/78.0.3904.97 Safari/537.36"
31.184.209.12 - - [17/Oct/2024:12:36:04 -0400] "POST /wp-login.php HTTP/1.1" 200 3013 "-" "Mozilla/5.0 (Windows NT 10.0; Win64; x64) AppleWebKit/537.36 (KHTML, like Gecko) Chrome/86.0.4240.193 Safari/537.36"
31.25.91.6 - - [17/Oct/2024:12:37:34 -0400] "POST /xmlrpc.php HTTP/1.1" 200 218 "-" "Mozilla/5.0 (Windows NT 10.0; Win64; x64; rv:62.0) Gecko/20100101 Firefox/62.0"
173.254.30.226 - - [17/Oct/2024:12:37:39 -0400] "POST /xmlrpc.php HTTP/1.1" 200 218 "-" "Mozilla/5.0 (Windows NT 10.0; Win64; x64) AppleWebKit/537.36 (KHTML, like Gecko) Chrome/78.0.3904.108 Safari/537.36"
41.185.64.77 - - [17/Oct/2024:12:37:34 -0400] "POST /xmlrpc.php HTTP/1.1" 200 218 "-" "Mozilla/5.0 (Windows NT 6.0; rv:34.0) Gecko/20100101 Firefox/34.0"
162.213.251.195 - - [17/Oct/2024:12:37:50 -0400] "POST /wp-cron.php?doing_wp_cron=1729183068.6454789638519287109375 HTTP/1.1" 200 0 "-" "WordPress/6.6.2; https://thietke365.net"
162.253.17.205 - - [17/Oct/2024:12:37:51 -0400] "POST /xmlrpc.php HTTP/1.1" 200 218 "-" "Mozilla/5.0 (Windows NT 10.0; Win64; x64) AppleWebKit/537.36 (KHTML, like Gecko) Chrome/79.0.3945.130 Safari/537.36"
2607:f298:5:117a::c52:6513 - - [17/Oct/2024:12:37:58 -0400] "POST /xmlrpc.php HTTP/1.1" 200 218 "-" "Mozilla/5.0 (Windows NT 10.0; Win64; x64) AppleWebKit/537.36 (KHTML, like Gecko) Chrome/60.0.3112.113 Safari/537.36"
45.159.223.66 - - [17/Oct/2024:12:38:06 -0400] "POST /xmlrpc.php HTTP/1.1" 200 218 "-" "Mozilla/5.0 (Windows NT 10.0; Win64; x64) AppleWebKit/537.36 (KHTML, like Gecko) Chrome/72.0.3626.121 Safari/537.36"
58.64.45.178 - - [17/Oct/2024:12:38:07 -0400] "POST /xmlrpc.php HTTP/1.1" 200 218 "-" "Mozilla/5.0 (Windows NT 6.1; WOW64; rv:40.0) Gecko/20100101 Firefox/40.1"
213.199.53.161 - - [17/Oct/2024:12:38:14 -0400] "POST /xmlrpc.php HTTP/1.1" 200 218 "-" "Mozilla/5.0 (Windows NT 10.0; Win64; x64) AppleWebKit/537.36 (KHTML, like Gecko) Chrome/79.0.3945.130 Safari/537.36"
125.227.29.250 - - [17/Oct/2024:12:38:15 -0400] "POST /xmlrpc.php HTTP/1.1" 200 218 "-" "Mozilla/5.0 (Windows NT 6.1; WOW64; rv:40.0) Gecko/20100101 Firefox/40.1"
168.138.157.156 - - [17/Oct/2024:12:38:23 -0400] "POST /xmlrpc.php HTTP/1.1" 200 218 "-" "Mozilla/5.0 (Windows NT 10.0; Win64; x64) AppleWebKit/537.36 (KHTML, like Gecko) Chrome/74.0.3729.169 Safari/537.36"
45.159.223.66 - - [17/Oct/2024:12:38:24 -0400] "POST /xmlrpc.php HTTP/1.1" 200 218 "-" "Mozilla/5.0 (Windows NT 10.0; Win64; x64) AppleWebKit/537.36 (KHTML, like Gecko) Chrome/74.0.3729.131 Safari/537.36"
77.111.127.76 - - [17/Oct/2024:12:39:59 -0400] "POST /xmlrpc.php HTTP/1.1" 200 218 "-" "Mozilla/5.0 (Windows NT 10.0; WOW64) AppleWebKit/537.36 (KHTML, like Gecko) Chrome/72.0.3626.121 Safari/537.36"
162.213.251.195 - - [17/Oct/2024:12:40:00 -0400] "POST /wp-cron.php?doing_wp_cron=1729183199.4718430042266845703125 HTTP/1.1" 200 0 "-" "WordPress/6.6.2; https://thietke365.net"
213.8.103.81 - - [17/Oct/2024:12:39:54 -0400] "POST /xmlrpc.php HTTP/1.1" 200 218 "-" "Mozilla/5.0 (Windows NT 10.0; Win64; x64) AppleWebKit/537.36 (KHTML, like Gecko) Chrome/83.0.4103.116 Safari/537.36"
158.180.238.53 - - [17/Oct/2024:12:40:12 -0400] "POST /xmlrpc.php HTTP/1.1" 200 218 "-" "Mozilla/5.0 (iPod; CPU iPhone OS 14_6 like Mac OS X) AppleWebKit/605.1.15 (KHTML, like Gecko) CriOS/91.0.4472.80 Mobile/15E148 Safari/604.1"
184.168.119.144 - - [17/Oct/2024:12:40:14 -0400] "POST /xmlrpc.php HTTP/1.1" 200 218 "-" "Mozilla/5.0 (Linux; Android 6.0.1; RedMi Note 5 Build/RB3N5C; wv) AppleWebKit/537.36 (KHTML, like Gecko) Version/4.0 Chrome/68.0.3440.91 Mobile Safari/537.36"
122.155.167.163 - - [17/Oct/2024:12:40:20 -0400] "POST /xmlrpc.php HTTP/1.1" 200 218 "-" "Mozilla/5.0 (Windows NT 10.0; Win64; x64) AppleWebKit/537.36 (KHTML, like Gecko) Chrome/90.0.4430.93 Safari/537.36"
23.106.181.13 - - [17/Oct/2024:12:40:22 -0400] "POST /xmlrpc.php HTTP/1.1" 200 218 "-" "Mozilla/5.0 (Windows NT 10.0; Win64; x64) AppleWebKit/537.36 (KHTML, like Gecko) Chrome/69.0.3497.100 Safari/537.36"
43.252.229.200 - - [17/Oct/2024:12:40:27 -0400] "POST /xmlrpc.php HTTP/1.1" 200 218 "-" "Mozilla/5.0 (Windows NT 10.0; Win64; x64) AppleWebKit/537.36 (KHTML, like Gecko) Chrome/84.0.4147.135 Safari/537.36"
192.185.4.141 - - [17/Oct/2024:12:40:27 -0400] "POST /xmlrpc.php HTTP/1.1" 200 218 "-" "Mozilla/5.0 (Windows NT 6.1) AppleWebKit/537.36 (KHTML, like Gecko) Chrome/56.0.2924.76 Safari/537.36"
198.187.29.74 - - [17/Oct/2024:12:40:29 -0400] "POST /xmlrpc.php HTTP/1.1" 200 218 "-" "Mozilla/5.0 (Windows NT 5.1; rv:52.0) Gecko/20100101 Firefox/52.0"
45.139.11.105 - - [17/Oct/2024:12:40:34 -0400] "POST /xmlrpc.php HTTP/1.1" 200 218 "-" "Mozilla/5.0 (Windows NT 10.0; Win64; x64) AppleWebKit/537.36 (KHTML, like Gecko) Chrome/85.0.4183.121 Safari/537.36"
163.172.130.141 - - [17/Oct/2024:12:40:36 -0400] "POST /xmlrpc.php HTTP/1.1" 200 218 "-" "Mozilla/5.0 (Windows NT 10.0; Win64; x64) AppleWebKit/537.36 (KHTML, like Gecko) Chrome/80.0.3987.149 Safari/537.36"
162.213.251.195 - - [17/Oct/2024:12:45:35 -0400] "POST /wp-cron.php?doing_wp_cron=1729183535.2965369224548339843750 HTTP/1.1" 200 0 "-" "WordPress/6.6.2; https://thietke365.net"
94.23.68.219 - - [17/Oct/2024:12:45:28 -0400] "POST /wp-login.php HTTP/1.1" 200 3082 "-" "Mozilla/5.0 (Windows NT 10.0; Win64; x64) AppleWebKit/537.36 (KHTML, like Gecko) Chrome/64.0.3282.140 Safari/537.36"
162.213.251.195 - - [17/Oct/2024:12:47:15 -0400] "POST /wp-cron.php?doing_wp_cron=1729183635.2917659282684326171875 HTTP/1.1" 200 0 "-" "WordPress/6.6.2; https://thietke365.net"
87.120.115.14 - - [17/Oct/2024:12:47:11 -0400] "POST /wp-login.php HTTP/1.1" 200 3066 "-" "Mozilla/5.0"
162.213.251.195 - - [17/Oct/2024:12:47:35 -0400] "POST /wp-cron.php?doing_wp_cron=1729183654.9180500507354736328125 HTTP/1.1" 200 0 "-" "WordPress/6.6.2; https://thietke365.net"
179.124.41.135 - - [17/Oct/2024:12:47:34 -0400] "POST /wp-login.php HTTP/1.1" 200 3066 "-" "Mozilla/5.0 (Windows NT 6.1; Win64; x64) AppleWebKit/537.36 (KHTML, like Gecko) Chrome/67.0.3396.87 Safari/537.36"
2001:67c:2070:c8c2::1 - - [17/Oct/2024:12:48:12 -0400] "POST /wp-login.php HTTP/1.1" 200 3013 "-" "Mozilla/5.0 (Windows NT 6.1; Win64; x64) AppleWebKit/537.36 (KHTML, like Gecko) Chrome/66.0.3359.117 Safari/537.36"
66.249.79.165 - - [17/Oct/2024:12:48:47 -0400] "GET /wp-content/uploads/2023/10/noithat1.jpg HTTP/1.1" 200 90496 "-" "Googlebot-Image/1.0"
162.213.251.195 - - [17/Oct/2024:12:53:26 -0400] "POST /wp-cron.php?doing_wp_cron=1729184006.4432361125946044921875 HTTP/1.1" 200 0 "-" "WordPress/6.6.2; https://thietke365.net"
87.120.114.208 - - [17/Oct/2024:12:53:22 -0400] "POST /wp-login.php HTTP/1.1" 200 3066 "-" "Mozilla/5.0"
162.213.251.195 - - [17/Oct/2024:12:57:35 -0400] "POST /wp-cron.php?doing_wp_cron=1729184255.5422089099884033203125 HTTP/1.1" 200 0 "-" "WordPress/6.6.2; https://thietke365.net"
35.212.241.96 - - [17/Oct/2024:12:57:30 -0400] "POST /wp-login.php HTTP/1.1" 200 3092 "-" "Mozilla/5.0 (Windows NT 6.1; WOW64) AppleWebKit/537.36 (KHTML, like Gecko) Chrome/51.0.2704.106 Safari/537.36"
162.213.251.195 - - [17/Oct/2024:12:59:40 -0400] "POST /wp-cron.php?doing_wp_cron=1729184380.3165879249572753906250 HTTP/1.1" 200 0 "-" "WordPress/6.6.2; https://thietke365.net"
8.218.30.127 - - [17/Oct/2024:12:59:36 -0400] "POST /wp-login.php HTTP/1.1" 200 3075 "-" "Mozilla/5.0 (Windows NT 6.0) AppleWebKit/537.36 (KHTML, like Gecko) Chrome/49.0.2623.112 Safari/537.36"
162.213.251.195 - - [17/Oct/2024:13:00:07 -0400] "POST /wp-cron.php?doing_wp_cron=1729184406.9331450462341308593750 HTTP/1.1" 200 0 "-" "WordPress/6.6.2; https://thietke365.net"
2a0b:5484:0:ee::2 - - [17/Oct/2024:13:00:05 -0400] "POST /wp-login.php HTTP/1.1" 200 3014 "-" "Mozilla/5.0 (Windows NT 10.0; Win64; x64) AppleWebKit/537.36 (KHTML, like Gecko) Chrome/62.0.3202.89 Safari/537.36"
143.198.227.241 - - [17/Oct/2024:13:00:20 -0400] "POST /wp-login.php HTTP/1.1" 200 3013 "-" "Mozilla/5.0 (Windows NT 6.1; Win64; x64) AppleWebKit/537.36 (KHTML, like Gecko) Chrome/66.0.3359.117 Safari/537.36"
2407:1c00:6101:fc30:: - - [17/Oct/2024:13:09:28 -0400] "POST /wp-login.php HTTP/1.1" 200 0 "-" "Mozilla/5.0 (Windows NT 6.1; WOW64) AppleWebKit/537.36 (KHTML, like Gecko) Chrome/63.0.3239.132 Safari/537.36"
162.213.251.195 - - [17/Oct/2024:13:09:42 -0400] "POST /wp-cron.php?doing_wp_cron=1729184982.3426411151885986328125 HTTP/1.1" 200 0 "-" "WordPress/6.6.2; https://thietke365.net"
162.213.251.195 - - [17/Oct/2024:13:11:37 -0400] "POST /wp-cron.php?doing_wp_cron=1729185097.4243030548095703125000 HTTP/1.1" 200 0 "-" "WordPress/6.6.2; https://thietke365.net"
2001:67c:2070:c893::1 - - [17/Oct/2024:13:11:33 -0400] "POST /wp-login.php HTTP/1.1" 200 3066 "-" "Mozilla/5.0 (Windows NT 6.1; WOW64) AppleWebKit/537.36 (KHTML, like Gecko) Chrome/47.0.2526.111 Safari/537.36 MVisionPlayer/1.0.0.0"
171.244.0.91 - - [17/Oct/2024:13:12:01 -0400] "POST /wp-login.php HTTP/1.1" 200 3014 "-" "Mozilla/5.0 (Windows NT 6.1) AppleWebKit/537.36 (KHTML, like Gecko) Chrome/63.0.3239.84 Safari/537.36"
94.23.68.219 - - [17/Oct/2024:13:12:12 -0400] "POST /wp-login.php HTTP/1.1" 200 3013 "-" "Mozilla/5.0 (Windows NT 6.1; Win64; x64) AppleWebKit/537.36 (KHTML, like Gecko) Chrome/66.0.3359.117 Safari/537.36"
162.213.251.195 - - [17/Oct/2024:13:20:48 -0400] "POST /wp-cron.php?doing_wp_cron=1729185647.6468710899353027343750 HTTP/1.1" 200 0 "-" "WordPress/6.6.2; https://thietke365.net"
216.244.66.249 - - [17/Oct/2024:13:20:31 -0400] "GET /robots.txt HTTP/1.1" 200 111 "-" "Mozilla/5.0 (compatible; DotBot/1.2; +https://opensiteexplorer.org/dotbot; [email protected])"
143.244.160.172 - - [17/Oct/2024:13:21:19 -0400] "POST /wp-login.php HTTP/1.1" 200 3082 "-" "Mozilla/5.0 (Windows NT 6.3; Win64; x64) AppleWebKit/537.36 (KHTML, like Gecko) Chrome/79.0.3945.130 Safari/537.36"
162.213.251.195 - - [17/Oct/2024:13:23:34 -0400] "POST /wp-cron.php?doing_wp_cron=1729185814.2913339138031005859375 HTTP/1.1" 200 0 "-" "WordPress/6.6.2; https://thietke365.net"
87.120.114.208 - - [17/Oct/2024:13:23:30 -0400] "POST /wp-login.php HTTP/1.1" 200 3066 "-" "Mozilla/5.0"
45.119.84.18 - - [17/Oct/2024:13:23:51 -0400] "POST /wp-login.php HTTP/1.1" 200 3014 "-" "Mozilla/5.0 (Windows NT 10.0; Win64; x64) AppleWebKit/537.36 (KHTML, like Gecko) Chrome/78.0.3904.70 Safari/537.36"
2a00:f940:2:4:2::2701 - - [17/Oct/2024:13:24:01 -0400] "POST /wp-login.php HTTP/1.1" 200 3013 "-" "Mozilla/5.0 (Windows NT 6.1; Win64; x64) AppleWebKit/537.36 (KHTML, like Gecko) Chrome/67.0.3396.87 Safari/537.36"
162.213.251.195 - - [17/Oct/2024:13:26:47 -0400] "POST /wp-cron.php?doing_wp_cron=1729186006.8032538890838623046875 HTTP/1.1" 200 0 "-" "WordPress/6.6.2; https://thietke365.net"
124.225.164.130 - - [17/Oct/2024:13:26:42 -0400] "GET / HTTP/1.1" 301 0 "http://www.thietke365.net" "Mozilla/5.0 (iPhone; CPU iPhone OS 13_2_3 like Mac OS X) AppleWebKit/605.1.15 (KHTML, like Gecko) Version/13.0.3 Mobile/15E148 Safari/604.1"
124.225.164.130 - - [17/Oct/2024:13:26:49 -0400] "GET / HTTP/1.1" 200 38463 "https://www.thietke365.net/" "Mozilla/5.0 (iPhone; CPU iPhone OS 13_2_3 like Mac OS X) AppleWebKit/605.1.15 (KHTML, like Gecko) Version/13.0.3 Mobile/15E148 Safari/604.1"
162.213.251.195 - - [17/Oct/2024:13:30:17 -0400] "POST /wp-cron.php?doing_wp_cron=1729186217.6432340145111083984375 HTTP/1.1" 200 0 "-" "WordPress/6.6.2; https://thietke365.net"
191.98.133.194 - - [17/Oct/2024:13:30:13 -0400] "POST /xmlrpc.php HTTP/1.1" 200 218 "-" "Mozilla/5.0 (Windows; U; Windows NT 5.1; en-US; rv:1.7.5) Gecko/20041107 Firefox/1.0"
2603:3:6101:8c20:: - - [17/Oct/2024:13:30:19 -0400] "POST /xmlrpc.php HTTP/1.1" 200 218 "-" "Mozilla/5.0 (Windows NT 6.1; WOW64; rv:50.0) Gecko/20100101 Firefox/50.0"
162.213.251.195 - - [17/Oct/2024:13:30:26 -0400] "POST /wp-cron.php?doing_wp_cron=1729186225.8280439376831054687500 HTTP/1.1" 200 0 "-" "WordPress/6.6.2; https://thietke365.net"
34.127.43.254 - - [17/Oct/2024:13:30:24 -0400] "POST /xmlrpc.php HTTP/1.1" 200 218 "-" "Mozilla/5.0 (Windows NT 10.0; Win64; x64; rv:60.0) Gecko/20100101 Firefox/60.0"
103.11.103.158 - - [17/Oct/2024:13:30:32 -0400] "POST /xmlrpc.php HTTP/1.1" 200 218 "-" "Mozilla/5.0 (Windows NT 10.0; Win64; x64; rv:78.0) Gecko/20100101 Firefox/78.0"
5.76.204.23 - - [17/Oct/2024:13:30:51 -0400] "GET /wp-login.php HTTP/1.1" 200 2879 "https://thietke365.net/wp-login.php" "Mozilla/5.0 (X11; Ubuntu; Linux x86_64; rv:63.0) Gecko/20100101 Firefox/63.0"
5.76.204.23 - - [17/Oct/2024:13:30:54 -0400] "POST /wp-login.php HTTP/1.1" 200 3081 "https://kystpark6.dk/wp-login.php" "Mozilla/5.0 (X11; Ubuntu; Linux x86_64; rv:63.0) Gecko/20100101 Firefox/63.0"
162.213.251.195 - - [17/Oct/2024:13:33:11 -0400] "POST /wp-cron.php?doing_wp_cron=1729186391.1896669864654541015625 HTTP/1.1" 200 0 "-" "WordPress/6.6.2; https://thietke365.net"
143.244.139.242 - - [17/Oct/2024:13:33:07 -0400] "POST /wp-login.php HTTP/1.1" 200 3082 "-" "Mozilla/5.0 (Windows NT 6.1) AppleWebKit/537.36 (KHTML, like Gecko) Chrome/80.0.3987.132 Safari/537.36"
162.213.251.195 - - [17/Oct/2024:13:35:18 -0400] "POST /wp-cron.php?doing_wp_cron=1729186517.5054659843444824218750 HTTP/1.1" 200 0 "-" "WordPress/6.6.2; https://thietke365.net"
143.244.139.242 - - [17/Oct/2024:13:35:13 -0400] "POST /wp-login.php HTTP/1.1" 200 3066 "-" "Mozilla/5.0 (Windows NT 10.0; Win64; x64) AppleWebKit/537.36 (KHTML, like Gecko) Chrome/62.0.3202.89 Safari/537.36"
128.199.148.65 - - [17/Oct/2024:13:35:39 -0400] "POST /wp-login.php HTTP/1.1" 200 3014 "-" "Mozilla/5.0 (Windows NT 6.1; Win64; x64) AppleWebKit/537.36 (KHTML, like Gecko) Chrome/81.0.4044.122 Safari/537.36"
162.213.251.195 - - [17/Oct/2024:13:35:42 -0400] "POST /wp-cron.php?doing_wp_cron=1729186540.9814739227294921875000 HTTP/1.1" 200 0 "-" "WordPress/6.6.2; https://thietke365.net"
103.159.239.202 - - [17/Oct/2024:13:35:50 -0400] "POST /wp-login.php HTTP/1.1" 200 3013 "-" "Mozilla/5.0 (Windows NT 6.1; WOW64) AppleWebKit/537.36 (KHTML, like Gecko) Chrome/46.0.2490.86 Safari/537.36"
125.141.133.100 - - [17/Oct/2024:13:37:41 -0400] "POST /xmlrpc.php HTTP/1.1" 200 218 "-" "Mozilla/5.0 (Windows NT 10.0; Win64; x64; rv:63.0) Gecko/20100101 Firefox/63.0"
185.107.113.197 - - [17/Oct/2024:13:37:47 -0400] "POST /xmlrpc.php HTTP/1.1" 200 218 "-" "Mozilla/5.0 (Linux; Android 6.0.1; RedMi Note 5 Build/RB3N5C; wv) AppleWebKit/537.36 (KHTML, like Gecko) Version/4.0 Chrome/68.0.3440.91 Mobile Safari/537.36"
162.213.251.195 - - [17/Oct/2024:13:37:48 -0400] "POST /wp-cron.php?doing_wp_cron=1729186666.3935799598693847656250 HTTP/1.1" 200 0 "-" "WordPress/6.6.2; https://thietke365.net"
2a05:cd01:0:1:250:56ff:febb:ed0a - - [17/Oct/2024:13:37:48 -0400] "POST /xmlrpc.php HTTP/1.1" 200 218 "-" "Mozilla/5.0 (Windows NT 6.0; rv:34.0) Gecko/20100101 Firefox/34.0"
194.233.66.19 - - [17/Oct/2024:13:37:54 -0400] "POST /xmlrpc.php HTTP/1.1" 200 218 "-" "Mozilla/5.0 (iPad; CPU OS 14_6 like Mac OS X) AppleWebKit/605.1.15 (KHTML, like Gecko) CriOS/91.0.4472.80 Mobile/15E148 Safari/604.1"
51.195.166.8 - - [17/Oct/2024:13:37:58 -0400] "POST /xmlrpc.php HTTP/1.1" 200 218 "-" "Mozilla/5.0 (Windows NT 6.0; rv:34.0) Gecko/20100101 Firefox/34.0"
172.96.185.68 - - [17/Oct/2024:13:38:00 -0400] "POST /xmlrpc.php HTTP/1.1" 200 218 "-" "Mozilla/5.0 (Windows NT 10.0; Win64; x64; rv:61.0) Gecko/20100101 Firefox/61.0"
194.127.118.185 - - [17/Oct/2024:13:38:04 -0400] "POST /xmlrpc.php HTTP/1.1" 200 218 "-" "Mozilla/5.0 (Windows NT 10.0; WOW64; rv:52.0) Gecko/20100101 Firefox/52.0"
43.252.229.200 - - [17/Oct/2024:13:38:15 -0400] "POST /xmlrpc.php HTTP/1.1" 200 218 "-" "Mozilla/5.0 (Windows NT 10.0; Win64; x64) AppleWebKit/537.36 (KHTML, like Gecko) Chrome/65.0.3325.181 Safari/537.36"
164.90.152.42 - - [17/Oct/2024:13:38:17 -0400] "POST /xmlrpc.php HTTP/1.1" 200 218 "-" "Mozilla/5.0 (Linux; Android 10; LM-Q720) AppleWebKit/537.36 (KHTML, like Gecko) Chrome/91.0.4472.114 Mobile Safari/537.36"
172.96.185.68 - - [17/Oct/2024:13:38:20 -0400] "POST /xmlrpc.php HTTP/1.1" 200 218 "-" "Mozilla/5.0 (Windows NT 5.1; rv:40.0) Gecko/20100101 Firefox/40.0"
78.135.76.132 - - [17/Oct/2024:13:38:26 -0400] "POST /xmlrpc.php HTTP/1.1" 200 218 "-" "Mozilla/5.0 (Windows NT 6.1; WOW64; rv:41.0) Gecko/20100101 Firefox/41.0"
150.230.215.160 - - [17/Oct/2024:13:43:46 -0400] "GET /.env HTTP/1.1" 403 1242 "-" "Mozilla/5.0 (X11; Linux x86_64) AppleWebKit/537.36 (KHTML, like Gecko) Chrome/81.0.4044.129 Safari/537.36"
162.213.251.195 - - [17/Oct/2024:13:43:56 -0400] "POST /wp-cron.php?doing_wp_cron=1729187035.8578369617462158203125 HTTP/1.1" 200 0 "-" "WordPress/6.6.2; https://thietke365.net"
150.230.215.160 - - [17/Oct/2024:13:43:48 -0400] "POST / HTTP/1.1" 200 38573 "-" "Mozilla/5.0 (X11; Linux x86_64) AppleWebKit/537.36 (KHTML, like Gecko) Chrome/81.0.4044.129 Safari/537.36"
150.230.215.160 - - [17/Oct/2024:13:44:01 -0400] "GET /core/.env HTTP/1.1" 403 1242 "-" "Mozilla/5.0 (X11; Linux x86_64) AppleWebKit/537.36 (KHTML, like Gecko) Chrome/81.0.4044.129 Safari/537.36"
150.230.215.160 - - [17/Oct/2024:13:44:04 -0400] "POST / HTTP/1.1" 200 38605 "-" "Mozilla/5.0 (X11; Linux x86_64) AppleWebKit/537.36 (KHTML, like Gecko) Chrome/81.0.4044.129 Safari/537.36"
150.230.215.160 - - [17/Oct/2024:13:44:08 -0400] "GET /app/.env HTTP/1.1" 403 1242 "-" "Mozilla/5.0 (X11; Linux x86_64) AppleWebKit/537.36 (KHTML, like Gecko) Chrome/81.0.4044.129 Safari/537.36"
150.230.215.160 - - [17/Oct/2024:13:44:09 -0400] "POST / HTTP/1.1" 200 38566 "-" "Mozilla/5.0 (X11; Linux x86_64) AppleWebKit/537.36 (KHTML, like Gecko) Chrome/81.0.4044.129 Safari/537.36"
150.230.215.160 - - [17/Oct/2024:13:44:13 -0400] "GET /public/.env HTTP/1.1" 403 1242 "-" "Mozilla/5.0 (X11; Linux x86_64) AppleWebKit/537.36 (KHTML, like Gecko) Chrome/81.0.4044.129 Safari/537.36"
150.230.215.160 - - [17/Oct/2024:13:44:15 -0400] "POST / HTTP/1.1" 200 38571 "-" "Mozilla/5.0 (X11; Linux x86_64) AppleWebKit/537.36 (KHTML, like Gecko) Chrome/81.0.4044.129 Safari/537.36"
162.213.251.195 - - [17/Oct/2024:13:44:53 -0400] "POST /wp-cron.php?doing_wp_cron=1729187093.2338879108428955078125 HTTP/1.1" 200 0 "-" "WordPress/6.6.2; https://thietke365.net"
87.98.173.252 - - [17/Oct/2024:13:44:52 -0400] "POST /wp-login.php HTTP/1.1" 200 3082 "-" "Mozilla/5.0 (Windows NT 10.0; Win64; x64) AppleWebKit/537.36 (KHTML, like Gecko) Chrome/66.0.3359.117 Safari/537.36"
54.37.224.64 - - [17/Oct/2024:13:46:58 -0400] "POST /wp-login.php HTTP/1.1" 200 0 "-" "Mozilla/5.0 (Windows NT 6.3; WOW64) AppleWebKit/537.36 (KHTML, like Gecko) Chrome/46.0.2490.80 Safari/537.36"
162.213.251.195 - - [17/Oct/2024:13:47:14 -0400] "POST /wp-cron.php?doing_wp_cron=1729187232.7938148975372314453125 HTTP/1.1" 200 0 "-" "WordPress/6.6.2; https://thietke365.net"
54.37.224.64 - - [17/Oct/2024:13:47:24 -0400] "POST /wp-login.php HTTP/1.1" 200 3014 "-" "Mozilla/5.0 (Windows NT 6.1; WOW64) AppleWebKit/537.36 (KHTML, like Gecko) Chrome/36.0.1985.125 Safari/537.36"
103.159.239.202 - - [17/Oct/2024:13:47:33 -0400] "POST /wp-login.php HTTP/1.1" 200 3013 "-" "Mozilla/5.0 (Windows NT 10.0; Win64; x64) AppleWebKit/537.36 (KHTML, like Gecko) Chrome/60.0.3112.101 Safari/537.36"
162.213.251.195 - - [17/Oct/2024:13:51:32 -0400] "POST /wp-cron.php?doing_wp_cron=1729187491.9157340526580810546875 HTTP/1.1" 200 0 "-" "WordPress/6.6.2; https://thietke365.net"
216.244.66.249 - - [17/Oct/2024:13:51:25 -0400] "GET /san-pham/theme-ban-xe-dien/ HTTP/1.1" 200 37548 "-" "Mozilla/5.0 (compatible; DotBot/1.2; +https://opensiteexplorer.org/dotbot; [email protected])"
87.120.115.14 - - [17/Oct/2024:13:51:55 -0400] "POST /wp-login.php HTTP/1.1" 200 3075 "-" "Mozilla/5.0"
162.213.251.195 - - [17/Oct/2024:13:53:58 -0400] "POST /wp-cron.php?doing_wp_cron=1729187638.5748360157012939453125 HTTP/1.1" 200 0 "-" "WordPress/6.6.2; https://thietke365.net"
87.120.114.208 - - [17/Oct/2024:13:53:54 -0400] "POST /wp-login.php HTTP/1.1" 200 3066 "-" "Mozilla/5.0"
66.249.79.169 - - [17/Oct/2024:13:55:04 -0400] "GET /wp-content/uploads/2023/10/dienthoai5.jpg HTTP/1.1" 200 229864 "-" "Googlebot-Image/1.0"
162.213.251.195 - - [17/Oct/2024:13:55:21 -0400] "POST /wp-cron.php?doing_wp_cron=1729187721.1445729732513427734375 HTTP/1.1" 200 0 "-" "WordPress/6.6.2; https://thietke365.net"
43.130.31.48 - - [17/Oct/2024:13:55:20 -0400] "GET / HTTP/1.1" 301 0 "http://www.thietke365.net" "Mozilla/5.0 (iPhone; CPU iPhone OS 13_2_3 like Mac OS X) AppleWebKit/605.1.15 (KHTML, like Gecko) Version/13.0.3 Mobile/15E148 Safari/604.1"
162.213.251.195 - - [17/Oct/2024:13:55:24 -0400] "POST /wp-cron.php?doing_wp_cron=1729187723.8240199089050292968750 HTTP/1.1" 200 0 "-" "WordPress/6.6.2; https://thietke365.net"
43.130.31.48 - - [17/Oct/2024:13:55:23 -0400] "GET / HTTP/1.1" 200 38472 "https://www.thietke365.net/" "Mozilla/5.0 (iPhone; CPU iPhone OS 13_2_3 like Mac OS X) AppleWebKit/605.1.15 (KHTML, like Gecko) Version/13.0.3 Mobile/15E148 Safari/604.1"
162.213.251.195 - - [17/Oct/2024:13:56:37 -0400] "POST /wp-cron.php?doing_wp_cron=1729187797.3303968906402587890625 HTTP/1.1" 200 0 "-" "WordPress/6.6.2; https://thietke365.net"
62.173.149.72 - - [17/Oct/2024:13:56:36 -0400] "POST /wp-login.php HTTP/1.1" 200 3082 "-" "Mozilla/5.0 (Windows NT 6.1; WOW64) AppleWebKit/537.36 (KHTML, like Gecko) Chrome/48.0.2564.109 Safari/537.36"
162.213.251.195 - - [17/Oct/2024:13:58:47 -0400] "POST /wp-cron.php?doing_wp_cron=1729187927.3407790660858154296875 HTTP/1.1" 200 0 "-" "WordPress/6.6.2; https://thietke365.net"
87.98.173.252 - - [17/Oct/2024:13:58:41 -0400] "POST /wp-login.php HTTP/1.1" 200 3066 "-" "Mozilla/5.0 (Windows NT 6.1) AppleWebKit/537.36 (KHTML, like Gecko) Chrome/63.0.3239.84 Safari/537.36"
143.198.227.241 - - [17/Oct/2024:14:08:23 -0400] "POST /wp-login.php HTTP/1.1" 200 0 "-" "Mozilla/5.0 (Windows NT 6.1; WOW64) AppleWebKit/537.36 (KHTML, like Gecko) Chrome/51.0.2704.106 Safari/537.36"
162.213.251.195 - - [17/Oct/2024:14:08:36 -0400] "POST /wp-cron.php?doing_wp_cron=1729188516.1870419979095458984375 HTTP/1.1" 200 0 "-" "WordPress/6.6.2; https://thietke365.net"
162.213.251.195 - - [17/Oct/2024:14:10:30 -0400] "POST /wp-cron.php?doing_wp_cron=1729188630.1097259521484375000000 HTTP/1.1" 200 0 "-" "WordPress/6.6.2; https://thietke365.net"
2001:41d0:305:2100::2c65 - - [17/Oct/2024:14:10:26 -0400] "POST /wp-login.php HTTP/1.1" 200 3075 "-" "Mozilla/5.0 (Windows NT 6.1; WOW64) AppleWebKit/537.36 (KHTML, like Gecko) Chrome/63.0.3239.132 Safari/537.36"
2001:41d0:303:2e08:: - - [17/Oct/2024:14:10:53 -0400] "POST /wp-login.php HTTP/1.1" 200 3014 "-" "Mozilla/5.0 (Windows NT 6.1) AppleWebKit/537.36 (KHTML, like Gecko) Chrome/62.0.3202.94 Safari/537.36"
2001:67c:2070:c85b::1 - - [17/Oct/2024:14:11:03 -0400] "POST /wp-login.php HTTP/1.1" 200 3013 "-" "Mozilla/5.0 (Windows; U; Windows NT 5.1; en-US) AppleWebKit/533.4 (KHTML, like Gecko) Chrome/5.0.375.99 Safari/533.4"
162.213.251.195 - - [17/Oct/2024:14:14:23 -0400] "POST /wp-cron.php?doing_wp_cron=1729188862.8065350055694580078125 HTTP/1.1" 200 0 "-" "WordPress/6.6.2; https://thietke365.net"
8.215.9.89 - - [17/Oct/2024:14:14:19 -0400] "GET / HTTP/1.1" 200 38386 "-" "Mozilla/5.0 (Windows NT 10.0; Win64; x64) AppleWebKit/537.36 (KHTML, like Gecko) Chrome/58.0.3029.110 Safari/537.3"
8.215.9.89 - - [17/Oct/2024:14:14:27 -0400] "GET /xmlrpc.php HTTP/1.1" 405 46 "-" "python-httpx/0.27.2"
5.62.20.30 - - [17/Oct/2024:14:18:09 -0400] "GET //wp-includes/ID3/license.txt HTTP/1.1" 200 414 "-" "Mozilla/5.0 (Windows NT 10.0; Win64; x64) AppleWebKit/537.36 (KHTML, like Gecko) Chrome/95.0.4638.69 Safari/537.36"
162.213.251.195 - - [17/Oct/2024:14:18:22 -0400] "POST /wp-cron.php?doing_wp_cron=1729189101.5006940364837646484375 HTTP/1.1" 200 0 "-" "WordPress/6.6.2; https://thietke365.net"
5.62.20.30 - - [17/Oct/2024:14:18:09 -0400] "GET //feed/ HTTP/1.1" 301 0 "-" "Mozilla/5.0 (Windows NT 10.0; Win64; x64) AppleWebKit/537.36 (KHTML, like Gecko) Chrome/95.0.4638.69 Safari/537.36"
162.213.251.195 - - [17/Oct/2024:14:18:25 -0400] "POST /wp-cron.php?doing_wp_cron=1729189104.7437040805816650390625 HTTP/1.1" 200 0 "-" "WordPress/6.6.2; https://thietke365.net"
5.62.20.30 - - [17/Oct/2024:14:18:24 -0400] "GET //blog/wp-includes/wlwmanifest.xml HTTP/1.1" 301 0 "-" "Mozilla/5.0 (Windows NT 10.0; Win64; x64) AppleWebKit/537.36 (KHTML, like Gecko) Chrome/95.0.4638.69 Safari/537.36"
5.62.20.30 - - [17/Oct/2024:14:18:26 -0400] "GET //web/wp-includes/wlwmanifest.xml HTTP/1.1" 301 0 "-" "Mozilla/5.0 (Windows NT 10.0; Win64; x64) AppleWebKit/537.36 (KHTML, like Gecko) Chrome/95.0.4638.69 Safari/537.36"
5.62.20.30 - - [17/Oct/2024:14:18:27 -0400] "GET //wordpress/wp-includes/wlwmanifest.xml HTTP/1.1" 301 0 "-" "Mozilla/5.0 (Windows NT 10.0; Win64; x64) AppleWebKit/537.36 (KHTML, like Gecko) Chrome/95.0.4638.69 Safari/537.36"
5.62.20.30 - - [17/Oct/2024:14:18:28 -0400] "GET //wp/wp-includes/wlwmanifest.xml HTTP/1.1" 301 0 "-" "Mozilla/5.0 (Windows NT 10.0; Win64; x64) AppleWebKit/537.36 (KHTML, like Gecko) Chrome/95.0.4638.69 Safari/537.36"
5.62.20.30 - - [17/Oct/2024:14:18:30 -0400] "GET //2020/wp-includes/wlwmanifest.xml HTTP/1.1" 301 0 "-" "Mozilla/5.0 (Windows NT 10.0; Win64; x64) AppleWebKit/537.36 (KHTML, like Gecko) Chrome/95.0.4638.69 Safari/537.36"
5.62.20.30 - - [17/Oct/2024:14:18:31 -0400] "GET //2019/wp-includes/wlwmanifest.xml HTTP/1.1" 301 0 "-" "Mozilla/5.0 (Windows NT 10.0; Win64; x64) AppleWebKit/537.36 (KHTML, like Gecko) Chrome/95.0.4638.69 Safari/537.36"
5.62.20.30 - - [17/Oct/2024:14:18:32 -0400] "GET //2021/wp-includes/wlwmanifest.xml HTTP/1.1" 301 0 "-" "Mozilla/5.0 (Windows NT 10.0; Win64; x64) AppleWebKit/537.36 (KHTML, like Gecko) Chrome/95.0.4638.69 Safari/537.36"
5.62.20.30 - - [17/Oct/2024:14:18:33 -0400] "GET //shop/wp-includes/wlwmanifest.xml HTTP/1.1" 301 0 "-" "Mozilla/5.0 (Windows NT 10.0; Win64; x64) AppleWebKit/537.36 (KHTML, like Gecko) Chrome/95.0.4638.69 Safari/537.36"
5.62.20.30 - - [17/Oct/2024:14:18:34 -0400] "GET //wp1/wp-includes/wlwmanifest.xml HTTP/1.1" 301 0 "-" "Mozilla/5.0 (Windows NT 10.0; Win64; x64) AppleWebKit/537.36 (KHTML, like Gecko) Chrome/95.0.4638.69 Safari/537.36"
5.62.20.30 - - [17/Oct/2024:14:18:35 -0400] "GET //test/wp-includes/wlwmanifest.xml HTTP/1.1" 301 0 "-" "Mozilla/5.0 (Windows NT 10.0; Win64; x64) AppleWebKit/537.36 (KHTML, like Gecko) Chrome/95.0.4638.69 Safari/537.36"
5.62.20.30 - - [17/Oct/2024:14:18:36 -0400] "GET //site/wp-includes/wlwmanifest.xml HTTP/1.1" 301 0 "-" "Mozilla/5.0 (Windows NT 10.0; Win64; x64) AppleWebKit/537.36 (KHTML, like Gecko) Chrome/95.0.4638.69 Safari/537.36"
5.62.20.30 - - [17/Oct/2024:14:18:37 -0400] "GET //cms/wp-includes/wlwmanifest.xml HTTP/1.1" 301 0 "-" "Mozilla/5.0 (Windows NT 10.0; Win64; x64) AppleWebKit/537.36 (KHTML, like Gecko) Chrome/95.0.4638.69 Safari/537.36"
216.244.66.249 - - [17/Oct/2024:14:18:59 -0400] "GET /robots.txt HTTP/1.1" 200 111 "-" "Mozilla/5.0 (compatible; DotBot/1.2; +https://opensiteexplorer.org/dotbot; [email protected])"
162.213.251.195 - - [17/Oct/2024:14:20:05 -0400] "POST /wp-cron.php?doing_wp_cron=1729189204.2766950130462646484375 HTTP/1.1" 200 0 "-" "WordPress/6.6.2; https://thietke365.net"
2400:6180:100:d0::c21:3001 - - [17/Oct/2024:14:20:02 -0400] "POST /wp-login.php HTTP/1.1" 200 3082 "-" "Mozilla/5.0 (Windows NT 6.1) AppleWebKit/537.36 (KHTML, like Gecko) Chrome/65.0.3325.181 Safari/537.36"
162.213.251.195 - - [17/Oct/2024:14:22:05 -0400] "POST /wp-cron.php?doing_wp_cron=1729189324.7165429592132568359375 HTTP/1.1" 200 0 "-" "WordPress/6.6.2; https://thietke365.net"
200.234.226.20 - - [17/Oct/2024:14:22:00 -0400] "POST /wp-login.php HTTP/1.1" 200 3066 "-" "Mozilla/5.0 (Windows NT 6.1; WOW64) AppleWebKit/537.36 (KHTML, like Gecko) Chrome/47.0.2526.111 Safari/537.36 MVisionPlayer/1.0.0.0"
202.92.4.47 - - [17/Oct/2024:14:22:06 -0400] "GET /.well-known/acme-challenge/RR-GQAXCVBWB_TG6HJVAOQLZE1L8MBF7 HTTP/1.1" 404 1251 "-" "Cpanel-HTTP-Client/1.0"
202.92.4.47 - - [17/Oct/2024:14:22:18 -0400] "GET /.well-known/acme-challenge/3L2KZ31338HS8AD8JEXHEC3S-IVM9CAM HTTP/1.1" 404 1251 "-" "Cpanel-HTTP-Client/1.0"
162.213.251.195 - - [17/Oct/2024:14:22:33 -0400] "POST /wp-cron.php?doing_wp_cron=1729189353.0392909049987792968750 HTTP/1.1" 200 0 "-" "WordPress/6.6.2; https://thietke365.net"
152.231.106.118 - - [17/Oct/2024:14:22:32 -0400] "POST /wp-login.php HTTP/1.1" 200 3022 "-" "Mozilla/5.0 (Windows NT 6.1) AppleWebKit/537.36 (KHTML, like Gecko) Chrome/63.0.3239.84 Safari/537.36"
157.66.26.170 - - [17/Oct/2024:14:22:37 -0400] "POST /wp-login.php HTTP/1.1" 200 3013 "-" "Mozilla/5.0 (Windows NT 6.1; WOW64) AppleWebKit/537.36 (KHTML, like Gecko) Chrome/47.0.2526.111 Safari/537.36"
162.213.251.195 - - [17/Oct/2024:14:23:53 -0400] "POST /wp-cron.php?doing_wp_cron=1729189433.6979920864105224609375 HTTP/1.1" 200 0 "-" "WordPress/6.6.2; https://thietke365.net"
87.120.114.208 - - [17/Oct/2024:14:23:53 -0400] "POST /wp-login.php HTTP/1.1" 200 3075 "-" "Mozilla/5.0"
162.213.251.195 - - [17/Oct/2024:14:29:38 -0400] "POST /wp-cron.php?doing_wp_cron=1729189778.4885630607604980468750 HTTP/1.1" 200 0 "-" "WordPress/6.6.2; https://thietke365.net"
216.244.66.249 - - [17/Oct/2024:14:29:33 -0400] "GET /san-pham/theme-wordpress-ban-nhan-sam/ HTTP/1.1" 200 37763 "-" "Mozilla/5.0 (compatible; DotBot/1.2; +https://opensiteexplorer.org/dotbot; [email protected])"
162.213.251.195 - - [17/Oct/2024:14:31:39 -0400] "POST /wp-cron.php?doing_wp_cron=1729189898.7756619453430175781250 HTTP/1.1" 200 0 "-" "WordPress/6.6.2; https://thietke365.net"
51.159.36.119 - - [17/Oct/2024:14:31:35 -0400] "POST /wp-login.php HTTP/1.1" 200 3092 "-" "Mozilla/5.0 (Windows NT 10.0; Win64; x64) AppleWebKit/537.36 (KHTML, like Gecko) Chrome/64.0.3282.167 Safari/537.36"
216.244.66.249 - - [17/Oct/2024:14:31:45 -0400] "GET /san-pham/theme-wordpress-ban-yen-sao/ HTTP/1.1" 200 37981 "-" "Mozilla/5.0 (compatible; DotBot/1.2; +https://opensiteexplorer.org/dotbot; [email protected])"
63.250.38.202 - - [17/Oct/2024:14:32:17 -0400] "POST /xmlrpc.php HTTP/1.1" 200 218 "-" "Mozilla/5.0 (Windows NT 6.1; WOW64; rv:38.0) Gecko/20100101 Firefox/38.0"
85.128.143.15 - - [17/Oct/2024:14:32:18 -0400] "POST /xmlrpc.php HTTP/1.1" 200 218 "-" "Mozilla/5.0 (Windows NT 10.0; Win64; x64) AppleWebKit/537.36 (KHTML, like Gecko) Chrome/81.0.4044.138 Safari/537.36"
198.71.229.169 - - [17/Oct/2024:14:32:21 -0400] "POST /xmlrpc.php HTTP/1.1" 200 218 "-" "Mozilla/5.0 (Windows NT 10.0; Win64; x64) AppleWebKit/537.36 (KHTML, like Gecko) Chrome/83.0.4103.116 Safari/537.36"
162.213.251.195 - - [17/Oct/2024:14:32:24 -0400] "POST /wp-cron.php?doing_wp_cron=1729189943.8006830215454101562500 HTTP/1.1" 200 0 "-" "WordPress/6.6.2; https://thietke365.net"
2001:1810:41c1:45:0:4:d837:9234 - - [17/Oct/2024:14:32:23 -0400] "POST /xmlrpc.php HTTP/1.1" 200 218 "-" "Mozilla/5.0 (Linux; Android 10; LM-Q720) AppleWebKit/537.36 (KHTML, like Gecko) Chrome/91.0.4472.114 Mobile Safari/537.36"
142.93.252.11 - - [17/Oct/2024:14:32:26 -0400] "POST /xmlrpc.php HTTP/1.1" 200 218 "-" "Mozilla/5.0 (Windows; U; Windows NT 5.1; en-US; rv:1.7.10) Gecko/20050716 Firefox/1.0.6"
185.165.29.235 - - [17/Oct/2024:14:32:29 -0400] "POST /xmlrpc.php HTTP/1.1" 200 218 "-" "Mozilla/5.0 (Windows NT 10.0; WOW64; rv:54.0) Gecko/20100101 Firefox/54.0"
43.157.64.163 - - [17/Oct/2024:14:32:32 -0400] "POST /xmlrpc.php HTTP/1.1" 200 218 "-" "Mozilla/5.0 (Windows NT 6.1; Win64; x64) AppleWebKit/537.36 (KHTML, like Gecko) Chrome/79.0.3945.88 Safari/537.36"
34.78.20.23 - - [17/Oct/2024:14:32:33 -0400] "POST /xmlrpc.php HTTP/1.1" 200 218 "-" "Mozilla/5.0 (Windows NT 5.1; rv:7.0.1) Gecko/20100101 Firefox/7.0.1"
216.244.66.249 - - [17/Oct/2024:14:32:34 -0400] "GET /san-pham/theme-wordpress-shop-do-cong-nghe/ HTTP/1.1" 200 37901 "-" "Mozilla/5.0 (compatible; DotBot/1.2; +https://opensiteexplorer.org/dotbot; [email protected])"
66.29.132.7 - - [17/Oct/2024:14:32:37 -0400] "POST /xmlrpc.php HTTP/1.1" 200 218 "-" "Mozilla/5.0 (Windows NT 10.0; Win64; x64) AppleWebKit/537.36 (KHTML, like Gecko) Chrome/89.0.4389.90 Safari/537.36"
198.71.229.169 - - [17/Oct/2024:14:32:41 -0400] "POST /xmlrpc.php HTTP/1.1" 200 218 "-" "Mozilla/5.0 (Windows; U; Windows NT 5.1; en-US; rv:1.7.5) Gecko/20041107 Firefox/1.0"
204.93.183.38 - - [17/Oct/2024:14:32:42 -0400] "POST /xmlrpc.php HTTP/1.1" 200 218 "-" "Mozilla/5.0 (Windows NT 10.0; Win64; x64; rv:59.0) Gecko/20100101 Firefox/59.0"
162.213.251.195 - - [17/Oct/2024:14:33:34 -0400] "POST /wp-cron.php?doing_wp_cron=1729190014.6306080818176269531250 HTTP/1.1" 200 0 "-" "WordPress/6.6.2; https://thietke365.net"
82.157.173.147 - - [17/Oct/2024:14:33:34 -0400] "POST /wp-login.php HTTP/1.1" 200 3066 "-" "Mozilla/5.0 (Windows NT 10.0; WOW64) AppleWebKit/537.36 (KHTML, like Gecko) Chrome/53.0.2785.143 Safari/537.36"
2001:67c:2070:c92e::1 - - [17/Oct/2024:14:34:01 -0400] "POST /wp-login.php HTTP/1.1" 200 3022 "-" "Mozilla/5.0 (Windows NT 10.0; Win64; x64) AppleWebKit/537.36 (KHTML, like Gecko) Chrome/60.0.3112.101 Safari/537.36"
148.72.214.194 - - [17/Oct/2024:14:34:10 -0400] "POST /wp-login.php HTTP/1.1" 200 3024 "-" "Mozilla/5.0 (Windows NT 6.1) AppleWebKit/537.36 (KHTML, like Gecko) Chrome/63.0.3239.84 Safari/537.36"
162.213.251.195 - - [17/Oct/2024:14:37:53 -0400] "POST /wp-cron.php?doing_wp_cron=1729190273.3847761154174804687500 HTTP/1.1" 200 0 "-" "WordPress/6.6.2; https://thietke365.net"
