40.69.62.1 - - [17/Oct/2024:17:42:40 -0400] "GET /wp-content/index.php HTTP/1.1" 200 0 "-" "-"
40.69.62.1 - - [17/Oct/2024:17:42:40 -0400] "GET /readme.php HTTP/1.1" 404 29151 "-" "-"
40.69.62.1 - - [17/Oct/2024:17:42:42 -0400] "GET /wp-admin/about.php HTTP/1.1" 302 0 "-" "-"
40.69.62.1 - - [17/Oct/2024:17:42:43 -0400] "GET /wp-login.php?redirect_to=https%3A%2F%2Fthietke365.net%2Fwp-admin%2Fabout.php&reauth=1 HTTP/1.1" 200 2887 "-" "-"
40.69.62.1 - - [17/Oct/2024:17:42:44 -0400] "GET /wp-content/themes/404.php HTTP/1.1" 404 29060 "-" "-"
40.69.62.1 - - [17/Oct/2024:17:42:45 -0400] "GET /wp-admin/index.php HTTP/1.1" 302 0 "-" "-"
40.69.62.1 - - [17/Oct/2024:17:42:46 -0400] "GET /wp-login.php?redirect_to=https%3A%2F%2Fthietke365.net%2Fwp-admin%2Findex.php&reauth=1 HTTP/1.1" 200 2885 "-" "-"
40.69.62.1 - - [17/Oct/2024:17:42:46 -0400] "GET /wp-content/themes.php HTTP/1.1" 404 29092 "-" "-"
40.69.62.1 - - [17/Oct/2024:17:42:48 -0400] "GET /wp-content/dropdown.php HTTP/1.1" 404 29150 "-" "-"
40.69.62.1 - - [17/Oct/2024:17:42:49 -0400] "GET /wp-includes/404.php HTTP/1.1" 404 29177 "-" "-"
40.69.62.1 - - [17/Oct/2024:17:42:50 -0400] "GET /wp-content/upgrade/index.php HTTP/1.1" 301 0 "-" "-"
40.69.62.1 - - [17/Oct/2024:17:42:51 -0400] "GET /wp-content/upgrade/ HTTP/1.1" 200 545 "-" "-"
40.69.62.1 - - [17/Oct/2024:17:42:52 -0400] "GET /cgi-bin/file.php HTTP/1.1" 404 29120 "-" "-"
40.69.62.1 - - [17/Oct/2024:17:42:53 -0400] "GET /.well-known/index.php HTTP/1.1" 301 0 "-" "-"
40.69.62.1 - - [17/Oct/2024:17:42:54 -0400] "GET /.well-known/ HTTP/1.1" 200 616 "-" "-"
40.69.62.1 - - [17/Oct/2024:17:42:54 -0400] "GET /wp-content/cloud.php HTTP/1.1" 404 29163 "-" "-"
40.69.62.1 - - [17/Oct/2024:17:42:55 -0400] "GET /.well-known/acme-challenge/index.php HTTP/1.1" 301 0 "-" "-"
40.69.62.1 - - [17/Oct/2024:17:42:56 -0400] "GET /.well-known/acme-challenge/ HTTP/1.1" 404 29055 "-" "-"
40.69.62.1 - - [17/Oct/2024:17:42:58 -0400] "GET /cgi-bin/404.php HTTP/1.1" 404 29177 "-" "-"
40.69.62.1 - - [17/Oct/2024:17:43:01 -0400] "GET /wp-includes/function.php HTTP/1.1" 404 29184 "-" "-"
40.69.62.1 - - [17/Oct/2024:17:43:03 -0400] "GET /file.php HTTP/1.1" 404 29098 "-" "-"
40.69.62.1 - - [17/Oct/2024:17:43:05 -0400] "GET /.well-known/acme-challenge/autoload_classmap.php HTTP/1.1" 404 29004 "-" "-"
40.69.62.1 - - [17/Oct/2024:17:43:06 -0400] "GET /wp-includes/themes.php HTTP/1.1" 404 29120 "-" "-"
40.69.62.1 - - [17/Oct/2024:17:43:07 -0400] "GET /wp-includes/wp-login.php HTTP/1.1" 404 29172 "-" "-"
40.69.62.1 - - [17/Oct/2024:17:43:08 -0400] "GET /wp-content/file.php HTTP/1.1" 404 29127 "-" "-"
40.69.62.1 - - [17/Oct/2024:17:43:10 -0400] "GET /wp-trackback.php HTTP/1.1" 404 112 "-" "-"
40.69.62.1 - - [17/Oct/2024:17:43:11 -0400] "GET /wp-includes/SimplePie/wp-login.php HTTP/1.1" 404 29076 "-" "-"
40.69.62.1 - - [17/Oct/2024:17:43:13 -0400] "GET /cgi-bin/index.php HTTP/1.1" 404 1251 "-" "-"
40.69.62.1 - - [17/Oct/2024:17:43:13 -0400] "GET /wp-admin/themes.php HTTP/1.1" 302 0 "-" "-"
40.69.62.1 - - [17/Oct/2024:17:43:15 -0400] "GET /wp-login.php?redirect_to=https%3A%2F%2Fthietke365.net%2Fwp-admin%2Fthemes.php&reauth=1 HTTP/1.1" 200 2889 "-" "-"
40.69.62.1 - - [17/Oct/2024:17:43:16 -0400] "GET /.well-known/cloud.php HTTP/1.1" 404 29148 "-" "-"
40.69.62.1 - - [17/Oct/2024:17:43:18 -0400] "GET /.well-known/wp-load.php HTTP/1.1" 404 29113 "-" "-"
40.69.62.1 - - [17/Oct/2024:17:43:19 -0400] "GET /.well-known/file.php HTTP/1.1" 404 29150 "-" "-"
40.69.62.1 - - [17/Oct/2024:17:43:20 -0400] "GET /.well-known/makeasmtp.php HTTP/1.1" 404 29193 "-" "-"
40.69.62.1 - - [17/Oct/2024:17:43:21 -0400] "GET /wp-includes/index.php HTTP/1.1" 301 0 "-" "-"
40.69.62.1 - - [17/Oct/2024:17:43:22 -0400] "GET /wp-includes/ HTTP/1.1" 200 7118 "-" "-"
162.213.251.195 - - [17/Oct/2024:17:43:24 -0400] "POST /wp-cron.php?doing_wp_cron=1729201404.4553279876708984375000 HTTP/1.1" 200 0 "-" "WordPress/6.6.2; https://thietke365.net"
40.69.62.1 - - [17/Oct/2024:17:43:23 -0400] "GET /.well-known/acme-challenge/admin.php HTTP/1.1" 404 29053 "-" "-"
40.69.62.1 - - [17/Oct/2024:17:43:25 -0400] "GET /wp-admin/404.php HTTP/1.1" 404 29150 "-" "-"
40.69.62.1 - - [17/Oct/2024:17:43:28 -0400] "GET /.well-known/acme-challenge/makeasmtp.php HTTP/1.1" 404 29186 "-" "-"
40.69.62.1 - - [17/Oct/2024:17:43:29 -0400] "GET /radio.php HTTP/1.1" 404 29169 "-" "-"
40.69.62.1 - - [17/Oct/2024:17:43:30 -0400] "GET /wp-content/themes/index.php HTTP/1.1" 301 0 "-" "-"
40.69.62.1 - - [17/Oct/2024:17:43:31 -0400] "GET /wp-content/themes/ HTTP/1.1" 200 730 "-" "-"
40.69.62.1 - - [17/Oct/2024:17:43:31 -0400] "GET /wp-includes/admin.php HTTP/1.1" 404 29118 "-" "-"
40.69.62.1 - - [17/Oct/2024:17:43:32 -0400] "GET /wp-includes/system_log.php?p= HTTP/1.1" 301 0 "-" "-"
40.69.62.1 - - [17/Oct/2024:17:43:33 -0400] "GET /wp-includes/system_log.php HTTP/1.1" 404 29124 "-" "-"
40.69.62.1 - - [17/Oct/2024:17:43:34 -0400] "GET /wp-includes/wp-activate.php HTTP/1.1" 404 29059 "-" "-"
40.69.62.1 - - [17/Oct/2024:17:43:35 -0400] "GET /wp-includes/makeasmtp.php HTTP/1.1" 404 29161 "-" "-"
40.69.62.1 - - [17/Oct/2024:17:43:36 -0400] "GET /wp-admin/user/index.php HTTP/1.1" 302 0 "-" "-"
40.69.62.1 - - [17/Oct/2024:17:43:37 -0400] "GET /wp-login.php?redirect_to=https%3A%2F%2Fthietke365.net%2Fwp-admin%2Fuser%2Findex.php&reauth=1 HTTP/1.1" 200 2900 "-" "-"
40.69.62.1 - - [17/Oct/2024:17:43:37 -0400] "GET /link.php HTTP/1.1" 404 29019 "-" "-"
40.69.62.1 - - [17/Oct/2024:17:43:38 -0400] "GET /wp-content/autoload_classmap.php HTTP/1.1" 404 29156 "-" "-"
40.69.62.1 - - [17/Oct/2024:17:43:39 -0400] "GET /cgi-bin/themes.php HTTP/1.1" 404 29181 "-" "-"
40.69.62.1 - - [17/Oct/2024:17:43:40 -0400] "GET /wp-content/themes/admin.php HTTP/1.1" 404 29190 "-" "-"
40.69.62.1 - - [17/Oct/2024:17:43:41 -0400] "GET /wp-admin/css/wp-login.php HTTP/1.1" 404 29045 "-" "-"
40.69.62.1 - - [17/Oct/2024:17:43:43 -0400] "GET /function.php HTTP/1.1" 404 29155 "-" "-"
40.69.62.1 - - [17/Oct/2024:17:43:44 -0400] "GET /wp-admin/images/wp-login.php HTTP/1.1" 404 29107 "-" "-"
40.69.62.1 - - [17/Oct/2024:17:43:45 -0400] "GET /log.php HTTP/1.1" 404 29194 "-" "-"
40.69.62.1 - - [17/Oct/2024:17:43:46 -0400] "GET /wp-admin/wp-signup.php HTTP/1.1" 404 29167 "-" "-"
40.69.62.1 - - [17/Oct/2024:17:43:47 -0400] "GET /wp-content/themes/themes.php HTTP/1.1" 404 29150 "-" "-"
40.69.62.1 - - [17/Oct/2024:17:43:48 -0400] "GET /.well-known/radio.php HTTP/1.1" 404 29203 "-" "-"
40.69.62.1 - - [17/Oct/2024:17:43:49 -0400] "GET /wp-mail.php HTTP/1.1" 403 971 "-" "-"
40.69.62.1 - - [17/Oct/2024:17:43:49 -0400] "GET /.well-known/pki-validation/index.php HTTP/1.1" 404 1251 "-" "-"
40.69.62.1 - - [17/Oct/2024:17:43:50 -0400] "GET /.well-known/admin.php HTTP/1.1" 404 29117 "-" "-"
40.69.62.1 - - [17/Oct/2024:17:43:51 -0400] "GET /cgi-bin/wp-login.php HTTP/1.1" 404 29145 "-" "-"
40.69.62.1 - - [17/Oct/2024:17:43:52 -0400] "GET /wp-links-opml.php HTTP/1.1" 200 186 "-" "-"
40.69.62.1 - - [17/Oct/2024:17:43:53 -0400] "GET /.well-known/acme-challenge/radio.php HTTP/1.1" 404 29197 "-" "-"
40.69.62.1 - - [17/Oct/2024:17:43:55 -0400] "GET /wp-admin/images/file.php HTTP/1.1" 404 29202 "-" "-"
40.69.62.1 - - [17/Oct/2024:17:43:56 -0400] "GET /wp-content/upgrade/function.php HTTP/1.1" 404 29200 "-" "-"
40.69.62.1 - - [17/Oct/2024:17:43:58 -0400] "GET /wp-admin/user/themes.php HTTP/1.1" 404 29158 "-" "-"
40.69.62.1 - - [17/Oct/2024:17:43:59 -0400] "GET /cgi-bin/radio.php HTTP/1.1" 404 29140 "-" "-"
40.69.62.1 - - [17/Oct/2024:17:44:00 -0400] "GET /wp-admin/css/license.php HTTP/1.1" 404 29080 "-" "-"
40.69.62.1 - - [17/Oct/2024:17:44:01 -0400] "GET /wp-content/radio.php HTTP/1.1" 404 29116 "-" "-"
40.69.62.1 - - [17/Oct/2024:17:44:02 -0400] "GET /wp-content/plugins/about.php HTTP/1.1" 404 29199 "-" "-"
40.69.62.1 - - [17/Oct/2024:17:44:03 -0400] "GET /wp-admin/autoload_classmap.php HTTP/1.1" 404 29182 "-" "-"
40.69.62.1 - - [17/Oct/2024:17:44:04 -0400] "GET /.well-known/wp-login.php HTTP/1.1" 404 29185 "-" "-"
40.69.62.1 - - [17/Oct/2024:17:44:05 -0400] "GET /wp-includes/wp-load.php HTTP/1.1" 404 29116 "-" "-"
40.69.62.1 - - [17/Oct/2024:17:44:06 -0400] "GET /wp-admin/file.php HTTP/1.1" 404 29149 "-" "-"
40.69.62.1 - - [17/Oct/2024:17:44:07 -0400] "GET /.well-known/dropdown.php HTTP/1.1" 404 29152 "-" "-"
40.69.62.1 - - [17/Oct/2024:17:44:08 -0400] "GET /wp-content/plugins/dropdown.php HTTP/1.1" 404 29183 "-" "-"
40.69.62.1 - - [17/Oct/2024:17:44:09 -0400] "GET /wp-admin/includes/index.php HTTP/1.1" 301 0 "-" "-"
40.69.62.1 - - [17/Oct/2024:17:44:10 -0400] "GET /wp-admin/includes/ HTTP/1.1" 200 3567 "-" "-"
40.69.62.1 - - [17/Oct/2024:17:44:10 -0400] "GET /wp-signup.php HTTP/1.1" 302 0 "-" "-"
40.69.62.1 - - [17/Oct/2024:17:44:11 -0400] "GET /wp-login.php?action=register HTTP/1.1" 302 0 "-" "-"
40.69.62.1 - - [17/Oct/2024:17:44:11 -0400] "GET /wp-login.php?registration=disabled HTTP/1.1" 200 2960 "-" "-"
40.69.62.1 - - [17/Oct/2024:17:44:12 -0400] "GET /wp-includes/images/css.php HTTP/1.1" 404 29143 "-" "-"
40.69.62.1 - - [17/Oct/2024:17:44:13 -0400] "GET /chosen.php HTTP/1.1" 404 29176 "-" "-"
40.69.62.1 - - [17/Oct/2024:17:44:14 -0400] "GET /wp-content/cong.php HTTP/1.1" 404 29191 "-" "-"
40.69.62.1 - - [17/Oct/2024:17:44:15 -0400] "GET /mah.php HTTP/1.1" 404 29220 "-" "-"
40.69.62.1 - - [17/Oct/2024:17:44:16 -0400] "GET /ova-tools.php HTTP/1.1" 404 29119 "-" "-"
40.69.62.1 - - [17/Oct/2024:17:44:16 -0400] "GET /wp-includes/Requests/about.php HTTP/1.1" 404 29142 "-" "-"
40.69.62.1 - - [17/Oct/2024:17:44:17 -0400] "GET /wp-includes/style-engine/about.php HTTP/1.1" 404 29159 "-" "-"
40.69.62.1 - - [17/Oct/2024:17:44:18 -0400] "GET /wp-includes/rest-api/about.php HTTP/1.1" 404 29131 "-" "-"
40.69.62.1 - - [17/Oct/2024:17:44:19 -0400] "GET /wp-includes/SimplePie/about.php HTTP/1.1" 404 29205 "-" "-"
40.69.62.1 - - [17/Oct/2024:17:44:20 -0400] "GET /wp-content/banners/about.php HTTP/1.1" 404 29181 "-" "-"
40.69.62.1 - - [17/Oct/2024:17:44:21 -0400] "GET /wp-admin/license.php HTTP/1.1" 404 29198 "-" "-"
40.69.62.1 - - [17/Oct/2024:17:44:22 -0400] "GET /wp-content/about.php HTTP/1.1" 404 29182 "-" "-"
162.213.251.195 - - [17/Oct/2024:17:44:24 -0400] "POST /wp-cron.php?doing_wp_cron=1729201463.7285649776458740234375 HTTP/1.1" 200 0 "-" "WordPress/6.6.2; https://thietke365.net"
40.69.62.1 - - [17/Oct/2024:17:44:23 -0400] "GET /.well-known/about.php HTTP/1.1" 404 29208 "-" "-"
40.69.62.1 - - [17/Oct/2024:17:44:24 -0400] "GET /wp-includes/Text/about.php HTTP/1.1" 404 29188 "-" "-"
40.69.62.1 - - [17/Oct/2024:17:44:25 -0400] "GET /wp-includes/ID3/about.php HTTP/1.1" 404 29164 "-" "-"
40.69.62.1 - - [17/Oct/2024:17:44:26 -0400] "GET /img/about.php HTTP/1.1" 404 29139 "-" "-"
40.69.62.1 - - [17/Oct/2024:17:44:27 -0400] "GET /wp-content/languages/about.php HTTP/1.1" 404 29132 "-" "-"
40.69.62.1 - - [17/Oct/2024:17:44:28 -0400] "GET /wp-includes/customize/about.php HTTP/1.1" 404 29116 "-" "-"
40.69.62.1 - - [17/Oct/2024:17:44:29 -0400] "GET /wp-includes.bak/html-api/about.php HTTP/1.1" 404 29251 "-" "-"
40.69.62.1 - - [17/Oct/2024:17:44:30 -0400] "GET /wp-includes/widgets/about.php HTTP/1.1" 404 29275 "-" "-"
40.69.62.1 - - [17/Oct/2024:17:44:31 -0400] "GET /wp-includes/IXR/about.php HTTP/1.1" 404 29148 "-" "-"
40.69.62.1 - - [17/Oct/2024:17:44:32 -0400] "GET /wp-admin/js/about.php HTTP/1.1" 404 29141 "-" "-"
40.69.62.1 - - [17/Oct/2024:17:44:33 -0400] "GET /.well-known/pki-validation/about.php HTTP/1.1" 404 1251 "-" "-"
40.69.62.1 - - [17/Oct/2024:17:44:33 -0400] "GET /wp-includes/pomo/about.php HTTP/1.1" 404 29143 "-" "-"
40.69.62.1 - - [17/Oct/2024:17:44:34 -0400] "GET /wp-includes/block-patterns/about.php HTTP/1.1" 404 29113 "-" "-"
40.69.62.1 - - [17/Oct/2024:17:44:35 -0400] "GET /wp-content/updraft/about.php HTTP/1.1" 404 29081 "-" "-"
40.69.62.1 - - [17/Oct/2024:17:44:36 -0400] "GET /wp-content/upgrade-temp-backup/about.php HTTP/1.1" 404 29226 "-" "-"
40.69.62.1 - - [17/Oct/2024:17:44:37 -0400] "GET /wp-content/themes/about.php HTTP/1.1" 404 29124 "-" "-"
40.69.62.1 - - [17/Oct/2024:17:44:38 -0400] "GET /wp-admin/includes/about.php HTTP/1.1" 404 29163 "-" "-"
40.69.62.1 - - [17/Oct/2024:17:44:39 -0400] "GET /images/about.php HTTP/1.1" 404 29236 "-" "-"
40.69.62.1 - - [17/Oct/2024:17:44:40 -0400] "GET /wp-content/blogs.dir/about.php HTTP/1.1" 404 29162 "-" "-"
40.69.62.1 - - [17/Oct/2024:17:44:41 -0400] "GET /wp-includes/images/about.php HTTP/1.1" 404 29163 "-" "-"
40.69.62.1 - - [17/Oct/2024:17:44:42 -0400] "GET /wp-includes/about.php HTTP/1.1" 404 29122 "-" "-"
40.69.62.1 - - [17/Oct/2024:17:44:43 -0400] "GET /cgi-bin/about.php HTTP/1.1" 404 29177 "-" "-"
40.69.62.1 - - [17/Oct/2024:17:44:44 -0400] "GET /wp-content/gallery/about.php HTTP/1.1" 404 29149 "-" "-"
40.69.62.1 - - [17/Oct/2024:17:44:45 -0400] "GET /wp-includes/blocks/about.php HTTP/1.1" 404 29149 "-" "-"
40.69.62.1 - - [17/Oct/2024:17:44:46 -0400] "GET /wp-admin/css/about.php HTTP/1.1" 404 29183 "-" "-"
40.69.62.1 - - [17/Oct/2024:17:44:46 -0400] "GET /wp-admin/images/about.php HTTP/1.1" 404 29182 "-" "-"
40.69.62.1 - - [17/Oct/2024:17:44:47 -0400] "GET /.well-known/pki-validation/cloud.php HTTP/1.1" 404 1251 "-" "-"
40.69.62.1 - - [17/Oct/2024:17:44:48 -0400] "GET /.well-known/acme-challenge/cloud.php HTTP/1.1" 404 29146 "-" "-"
40.69.62.1 - - [17/Oct/2024:17:44:49 -0400] "GET /wp-admin/network/cloud.php HTTP/1.1" 404 29142 "-" "-"
40.69.62.1 - - [17/Oct/2024:17:44:50 -0400] "GET /cloud.php HTTP/1.1" 404 29155 "-" "-"
40.69.62.1 - - [17/Oct/2024:17:44:51 -0400] "GET /cgi-bin/cloud.php HTTP/1.1" 404 29150 "-" "-"
40.69.62.1 - - [17/Oct/2024:17:44:52 -0400] "GET /wp-content/updates.php HTTP/1.1" 404 29177 "-" "-"
40.69.62.1 - - [17/Oct/2024:17:44:53 -0400] "GET /css/cloud.php HTTP/1.1" 404 29148 "-" "-"
40.69.62.1 - - [17/Oct/2024:17:44:54 -0400] "GET /wp-admin/user/cloud.php HTTP/1.1" 404 29125 "-" "-"
40.69.62.1 - - [17/Oct/2024:17:44:55 -0400] "GET /img/cloud.php HTTP/1.1" 404 29201 "-" "-"
40.69.62.1 - - [17/Oct/2024:17:44:56 -0400] "GET /wp-admin/css/colors/coffee/cloud.php HTTP/1.1" 404 29204 "-" "-"
40.69.62.1 - - [17/Oct/2024:17:44:57 -0400] "GET /wp-admin/images/cloud.php HTTP/1.1" 404 29178 "-" "-"
40.69.62.1 - - [17/Oct/2024:17:44:58 -0400] "GET /avaa.php HTTP/1.1" 404 29106 "-" "-"
40.69.62.1 - - [17/Oct/2024:17:44:59 -0400] "GET /images/cloud.php HTTP/1.1" 404 29183 "-" "-"
40.69.62.1 - - [17/Oct/2024:17:45:00 -0400] "GET /wp-admin/js/widgets/cloud.php HTTP/1.1" 404 29211 "-" "-"
40.69.62.1 - - [17/Oct/2024:17:45:01 -0400] "GET /wp-includes/Requests/Text/admin.php HTTP/1.1" 404 28980 "-" "-"
40.69.62.1 - - [17/Oct/2024:17:45:05 -0400] "GET /wp-admin/css/colors/cloud.php HTTP/1.1" 404 29146 "-" "-"
40.69.62.1 - - [17/Oct/2024:17:45:07 -0400] "GET /wp-admin/includes/cloud.php HTTP/1.1" 404 29047 "-" "-"
40.69.62.1 - - [17/Oct/2024:17:45:09 -0400] "GET /wp-admin/css/colors/blue/cloud.php HTTP/1.1" 404 29085 "-" "-"
40.69.62.1 - - [17/Oct/2024:17:45:11 -0400] "GET /wp-admin/cloud.php HTTP/1.1" 404 29168 "-" "-"
40.69.62.1 - - [17/Oct/2024:17:45:13 -0400] "GET /updates.php HTTP/1.1" 404 29125 "-" "-"
40.69.62.1 - - [17/Oct/2024:17:45:14 -0400] "GET /libraries/legacy/updates.php HTTP/1.1" 404 29115 "-" "-"
40.69.62.1 - - [17/Oct/2024:17:45:15 -0400] "GET /libraries/phpmailer/updates.php HTTP/1.1" 404 29163 "-" "-"
40.69.62.1 - - [17/Oct/2024:17:45:16 -0400] "GET /libraries/vendor/updates.php HTTP/1.1" 404 29083 "-" "-"
40.69.62.1 - - [17/Oct/2024:17:45:17 -0400] "GET /alfanew.php HTTP/1.1" 404 29081 "-" "-"
40.69.62.1 - - [17/Oct/2024:17:45:18 -0400] "GET /wp-content/plugins/Cache/Cache.php HTTP/1.1" 404 29129 "-" "-"
40.69.62.1 - - [17/Oct/2024:17:45:20 -0400] "GET /wp-admin/js/widgets/about.php7 HTTP/1.1" 404 29033 "-" "-"
40.69.62.1 - - [17/Oct/2024:17:45:21 -0400] "GET /wp-p.php7 HTTP/1.1" 404 29187 "-" "-"
162.213.251.195 - - [17/Oct/2024:17:45:23 -0400] "POST /wp-cron.php?doing_wp_cron=1729201523.2009479999542236328125 HTTP/1.1" 200 0 "-" "WordPress/6.6.2; https://thietke365.net"
40.69.62.1 - - [17/Oct/2024:17:45:22 -0400] "GET /wp-admin/repeater.php HTTP/1.1" 404 29150 "-" "-"
40.69.62.1 - - [17/Oct/2024:17:45:24 -0400] "GET /wp-includes/repeater.php HTTP/1.1" 404 29155 "-" "-"
40.69.62.1 - - [17/Oct/2024:17:45:25 -0400] "GET /wp-content/repeater.php HTTP/1.1" 404 29189 "-" "-"
40.69.62.1 - - [17/Oct/2024:17:45:26 -0400] "GET /wsoyanz.php HTTP/1.1" 404 29176 "-" "-"
40.69.62.1 - - [17/Oct/2024:17:45:27 -0400] "GET /yanz.php HTTP/1.1" 404 29065 "-" "-"
40.69.62.1 - - [17/Oct/2024:17:45:28 -0400] "GET /wp-content/plugins/seoo/wsoyanz.php HTTP/1.1" 404 29126 "-" "-"
40.69.62.1 - - [17/Oct/2024:17:45:29 -0400] "GET /wp-content/plugins/seoo/wsoyanz1.php HTTP/1.1" 404 29060 "-" "-"
40.69.62.1 - - [17/Oct/2024:17:45:30 -0400] "GET /cache-compat.php HTTP/1.1" 404 29174 "-" "-"
40.69.62.1 - - [17/Oct/2024:17:45:31 -0400] "GET /ajax-actions.php HTTP/1.1" 404 29168 "-" "-"
40.69.62.1 - - [17/Oct/2024:17:45:32 -0400] "GET /wp-admin/ajax-actions.php HTTP/1.1" 404 29084 "-" "-"
40.69.62.1 - - [17/Oct/2024:17:45:34 -0400] "GET /wp-consar.php HTTP/1.1" 404 29070 "-" "-"
40.69.62.1 - - [17/Oct/2024:17:45:36 -0400] "GET /repeater.php HTTP/1.1" 404 29158 "-" "-"
40.69.62.1 - - [17/Oct/2024:17:45:37 -0400] "GET /admin-post.php HTTP/1.1" 404 29130 "-" "-"
40.69.62.1 - - [17/Oct/2024:17:45:38 -0400] "GET /wp-admin/maint/maint/ajax-actions.php HTTP/1.1" 404 29120 "-" "-"
40.69.62.1 - - [17/Oct/2024:17:45:39 -0400] "GET /wp-admin/dropdown.php HTTP/1.1" 404 29188 "-" "-"
40.69.62.1 - - [17/Oct/2024:17:45:40 -0400] "GET /wp-admin/css/index.php HTTP/1.1" 301 0 "-" "-"
40.69.62.1 - - [17/Oct/2024:17:45:40 -0400] "GET /wp-admin/css/ HTTP/1.1" 200 2830 "-" "-"
40.69.62.1 - - [17/Oct/2024:17:45:41 -0400] "GET /dropdown.php HTTP/1.1" 404 29110 "-" "-"
40.69.62.1 - - [17/Oct/2024:17:45:42 -0400] "GET /about.php HTTP/1.1" 404 29098 "-" "-"
40.69.62.1 - - [17/Oct/2024:17:45:43 -0400] "GET /about.php7 HTTP/1.1" 404 29081 "-" "-"
40.69.62.1 - - [17/Oct/2024:17:45:44 -0400] "GET /alfanew.php7 HTTP/1.1" 404 29205 "-" "-"
40.69.62.1 - - [17/Oct/2024:17:45:45 -0400] "GET /adminfuns.php7 HTTP/1.1" 404 29167 "-" "-"
40.69.62.1 - - [17/Oct/2024:17:45:46 -0400] "GET /ebs.php7 HTTP/1.1" 404 29092 "-" "-"
40.69.62.1 - - [17/Oct/2024:17:45:47 -0400] "GET /ws.php7 HTTP/1.1" 404 29025 "-" "-"
40.69.62.1 - - [17/Oct/2024:17:45:48 -0400] "GET /alfanew2.php7 HTTP/1.1" 404 29070 "-" "-"
40.69.62.1 - - [17/Oct/2024:17:45:51 -0400] "GET /alfa-rex2.php7 HTTP/1.1" 404 29017 "-" "-"
40.69.62.1 - - [17/Oct/2024:17:45:52 -0400] "GET /wp-admin/images/index.php HTTP/1.1" 301 0 "-" "-"
40.69.62.1 - - [17/Oct/2024:17:45:53 -0400] "GET /wp-admin/images/ HTTP/1.1" 200 2400 "-" "-"
40.69.62.1 - - [17/Oct/2024:17:45:53 -0400] "GET /wp-admin/css/colors/index.php HTTP/1.1" 301 0 "-" "-"
40.69.62.1 - - [17/Oct/2024:17:45:54 -0400] "GET /wp-admin/css/colors/ HTTP/1.1" 200 1112 "-" "-"
40.69.62.1 - - [17/Oct/2024:17:45:55 -0400] "GET /wp-content/themes/seotheme/mar.php HTTP/1.1" 404 29043 "-" "-"
40.69.62.1 - - [17/Oct/2024:17:45:57 -0400] "GET /wp-content/plugins/seoplugins/mar.php HTTP/1.1" 404 29015 "-" "-"
40.69.62.1 - - [17/Oct/2024:17:45:58 -0400] "GET /.well-known/pki-validation/xmrlpc.php?p= HTTP/1.1" 404 1251 "-" "-"
40.69.62.1 - - [17/Oct/2024:17:45:59 -0400] "GET /.well-known/acme-challenge/xmrlpc.php?p= HTTP/1.1" 301 0 "-" "-"
40.69.62.1 - - [17/Oct/2024:17:45:59 -0400] "GET /.well-known/acme-challenge/xmrlpc.php HTTP/1.1" 404 29145 "-" "-"
40.69.62.1 - - [17/Oct/2024:17:46:00 -0400] "GET /wp-admin/network/xmrlpc.php?p= HTTP/1.1" 301 0 "-" "-"
40.69.62.1 - - [17/Oct/2024:17:46:01 -0400] "GET /wp-admin/network/xmrlpc.php HTTP/1.1" 404 29114 "-" "-"
40.69.62.1 - - [17/Oct/2024:17:46:02 -0400] "GET /xmrlpc.php?p= HTTP/1.1" 301 0 "-" "-"
40.69.62.1 - - [17/Oct/2024:17:46:03 -0400] "GET /xmrlpc.php HTTP/1.1" 404 29108 "-" "-"
40.69.62.1 - - [17/Oct/2024:17:46:04 -0400] "GET /cgi-bin/xmrlpc.php?p= HTTP/1.1" 301 0 "-" "-"
40.69.62.1 - - [17/Oct/2024:17:46:04 -0400] "GET /cgi-bin/xmrlpc.php HTTP/1.1" 404 29178 "-" "-"
40.69.62.1 - - [17/Oct/2024:17:46:05 -0400] "GET /css/xmrlpc.php?p= HTTP/1.1" 301 0 "-" "-"
40.69.62.1 - - [17/Oct/2024:17:46:06 -0400] "GET /css/xmrlpc.php HTTP/1.1" 404 29198 "-" "-"
40.69.62.1 - - [17/Oct/2024:17:46:07 -0400] "GET /wp-admin/user/xmrlpc.php?p= HTTP/1.1" 301 0 "-" "-"
40.69.62.1 - - [17/Oct/2024:17:46:08 -0400] "GET /wp-admin/user/xmrlpc.php HTTP/1.1" 404 29073 "-" "-"
40.69.62.1 - - [17/Oct/2024:17:46:09 -0400] "GET /img/xmrlpc.php?p= HTTP/1.1" 301 0 "-" "-"
40.69.62.1 - - [17/Oct/2024:17:46:09 -0400] "GET /img/xmrlpc.php HTTP/1.1" 404 29211 "-" "-"
162.213.251.195 - - [17/Oct/2024:17:46:11 -0400] "POST /wp-cron.php?doing_wp_cron=1729201571.3066449165344238281250 HTTP/1.1" 200 0 "-" "WordPress/6.6.2; https://thietke365.net"
40.69.62.1 - - [17/Oct/2024:17:46:10 -0400] "GET /wp-admin/css/colors/coffee/xmrlpc.php?p= HTTP/1.1" 301 0 "-" "-"
40.69.62.1 - - [17/Oct/2024:17:46:11 -0400] "GET /wp-admin/css/colors/coffee/xmrlpc.php HTTP/1.1" 404 29165 "-" "-"
40.69.62.1 - - [17/Oct/2024:17:46:13 -0400] "GET /wp-admin/images/xmrlpc.php?p= HTTP/1.1" 301 0 "-" "-"
40.69.62.1 - - [17/Oct/2024:17:46:13 -0400] "GET /wp-admin/images/xmrlpc.php HTTP/1.1" 404 29044 "-" "-"
40.69.62.1 - - [17/Oct/2024:17:46:15 -0400] "GET /images/xmrlpc.php?p= HTTP/1.1" 301 0 "-" "-"
40.69.62.1 - - [17/Oct/2024:17:46:16 -0400] "GET /images/xmrlpc.php HTTP/1.1" 404 29252 "-" "-"
40.69.62.1 - - [17/Oct/2024:17:46:17 -0400] "GET /wp-admin/js/widgets/xmrlpc.php?p= HTTP/1.1" 301 0 "-" "-"
40.69.62.1 - - [17/Oct/2024:17:46:17 -0400] "GET /wp-admin/js/widgets/xmrlpc.php HTTP/1.1" 404 29166 "-" "-"
40.69.62.1 - - [17/Oct/2024:17:46:19 -0400] "GET /wp-admin/css/colors/xmrlpc.php?p= HTTP/1.1" 301 0 "-" "-"
40.69.62.1 - - [17/Oct/2024:17:46:20 -0400] "GET /wp-admin/css/colors/xmrlpc.php HTTP/1.1" 404 29158 "-" "-"
40.69.62.1 - - [17/Oct/2024:17:46:21 -0400] "GET /wp-admin/includes/xmrlpc.php?p= HTTP/1.1" 301 0 "-" "-"
40.69.62.1 - - [17/Oct/2024:17:46:22 -0400] "GET /wp-admin/includes/xmrlpc.php HTTP/1.1" 404 29198 "-" "-"
162.213.251.195 - - [17/Oct/2024:17:46:24 -0400] "POST /wp-cron.php?doing_wp_cron=1729201584.3223989009857177734375 HTTP/1.1" 200 0 "-" "WordPress/6.6.2; https://thietke365.net"
40.69.62.1 - - [17/Oct/2024:17:46:23 -0400] "GET /wp-admin/css/colors/blue/xmrlpc.php?p= HTTP/1.1" 301 0 "-" "-"
40.69.62.1 - - [17/Oct/2024:17:46:25 -0400] "GET /wp-admin/css/colors/blue/xmrlpc.php HTTP/1.1" 404 29158 "-" "-"
40.69.62.1 - - [17/Oct/2024:17:46:26 -0400] "GET /wp-admin/xmrlpc.php?p= HTTP/1.1" 301 0 "-" "-"
40.69.62.1 - - [17/Oct/2024:17:46:27 -0400] "GET /wp-admin/xmrlpc.php HTTP/1.1" 404 29172 "-" "-"
40.69.62.1 - - [17/Oct/2024:17:46:28 -0400] "GET /text.php HTTP/1.1" 404 29196 "-" "-"
40.69.62.1 - - [17/Oct/2024:17:46:29 -0400] "GET /wp-admin/network/index.php HTTP/1.1" 302 0 "-" "-"
40.69.62.1 - - [17/Oct/2024:17:46:30 -0400] "GET /wp-login.php?redirect_to=https%3A%2F%2Fthietke365.net%2Fwp-admin%2Fnetwork%2Findex.php&reauth=1 HTTP/1.1" 200 2886 "-" "-"
40.69.62.1 - - [17/Oct/2024:17:46:30 -0400] "GET /makeasmtp.php HTTP/1.1" 404 29144 "-" "-"
162.213.251.195 - - [17/Oct/2024:17:47:24 -0400] "POST /wp-cron.php?doing_wp_cron=1729201643.9909019470214843750000 HTTP/1.1" 200 0 "-" "WordPress/6.6.2; https://thietke365.net"
72.47.238.247 - - [17/Oct/2024:17:47:23 -0400] "POST /xmlrpc.php HTTP/1.1" 200 218 "-" "Mozilla/5.0 (Windows NT 6.1; Win64; x64) AppleWebKit/537.36 (KHTML, like Gecko) Chrome/74.0.3729.169 Safari/537.36"
85.236.153.43 - - [17/Oct/2024:17:47:24 -0400] "POST /xmlrpc.php HTTP/1.1" 200 218 "-" "Mozilla/5.0 (Windows NT 10.0; Win64; x64; rv:67.0) Gecko/20100101 Firefox/67.0"
40.84.159.58 - - [17/Oct/2024:17:47:33 -0400] "POST /xmlrpc.php HTTP/1.1" 200 218 "-" "Mozilla/5.0 (Linux; Android 10) AppleWebKit/537.36 (KHTML, like Gecko) Chrome/91.0.4472.114 Mobile Safari/537.36"
209.87.158.67 - - [17/Oct/2024:17:47:34 -0400] "POST /xmlrpc.php HTTP/1.1" 200 218 "-" "Mozilla/5.0 (iPhone; CPU iPhone OS 14_6 like Mac OS X) AppleWebKit/605.1.15 (KHTML, like Gecko) CriOS/91.0.4472.80 Mobile/15E148 Safari/604.1"
103.29.180.82 - - [17/Oct/2024:17:47:38 -0400] "POST /xmlrpc.php HTTP/1.1" 200 218 "-" "Mozilla/5.0 (Windows NT 10.0; Win64; x64) AppleWebKit/537.36 (KHTML, like Gecko) Chrome/74.0.3729.157 Safari/537.36"
51.38.78.211 - - [17/Oct/2024:17:47:41 -0400] "POST /xmlrpc.php HTTP/1.1" 200 218 "-" "Mozilla/5.0 (Windows NT 10.0; Win64; x64) AppleWebKit/537.36 (KHTML, like Gecko) Chrome/79.0.3945.130 Safari/537.36"
41.185.64.77 - - [17/Oct/2024:17:47:51 -0400] "POST /xmlrpc.php HTTP/1.1" 200 218 "-" "Mozilla/5.0 (Windows; U; Windows NT 5.1; en-US; rv:1.7.5) Gecko/20041107 Firefox/1.0"
178.79.183.248 - - [17/Oct/2024:17:48:05 -0400] "GET / HTTP/1.1" 200 10026 "-" "Mozilla/5.0 (Windows NT 10.0; Win64; x64) AppleWebKit/537.36 (KHTML, like Gecko) Chrome/83.0.4103.116 Safari/537.36"
178.79.183.248 - - [17/Oct/2024:17:48:07 -0400] "GET / HTTP/1.1" 200 13424 "http://thietke365.net" "Mozilla/5.0 (Windows NT 10.0; Win64; x64) AppleWebKit/537.36 (KHTML, like Gecko) Chrome/83.0.4103.116 Safari/537.36"
162.213.251.195 - - [17/Oct/2024:17:49:02 -0400] "POST /wp-cron.php?doing_wp_cron=1729201741.8366858959197998046875 HTTP/1.1" 200 0 "-" "WordPress/6.6.2; https://thietke365.net"
118.179.82.165 - - [17/Oct/2024:17:49:01 -0400] "POST /wp-login.php HTTP/1.1" 200 3092 "-" "Mozilla/5.0 (Windows NT 6.1; WOW64) AppleWebKit/537.36 (KHTML, like Gecko) Chrome/63.0.3239.132 Safari/537.36"
162.213.251.195 - - [17/Oct/2024:17:51:06 -0400] "POST /wp-cron.php?doing_wp_cron=1729201865.8408279418945312500000 HTTP/1.1" 200 0 "-" "WordPress/6.6.2; https://thietke365.net"
2407:1c00:6300:7a30:: - - [17/Oct/2024:17:51:01 -0400] "POST /wp-login.php HTTP/1.1" 200 3066 "-" "Mozilla/5.0 (Windows NT 6.3; Win64; x64) AppleWebKit/537.36 (KHTML, like Gecko) Chrome/62.0.3202.94 Safari/537.36"
162.213.251.195 - - [17/Oct/2024:17:51:30 -0400] "POST /wp-cron.php?doing_wp_cron=1729201889.6831510066986083984375 HTTP/1.1" 200 0 "-" "WordPress/6.6.2; https://thietke365.net"
176.31.75.53 - - [17/Oct/2024:17:51:29 -0400] "POST /wp-login.php HTTP/1.1" 200 3014 "-" "Mozilla/5.0 (Windows NT 6.3; Win64; x64) AppleWebKit/537.36 (KHTML, like Gecko) Chrome/65.0.3325.181 Safari/537.36"
2001:67c:2070:c8c2::1 - - [17/Oct/2024:17:51:38 -0400] "POST /wp-login.php HTTP/1.1" 200 3013 "-" "Mozilla/5.0 (Windows NT 6.1) AppleWebKit/537.36 (KHTML, like Gecko) Chrome/80.0.3987.132 Safari/537.36"
87.120.114.208 - - [17/Oct/2024:17:52:42 -0400] "POST /wp-login.php HTTP/1.1" 200 3066 "-" "Mozilla/5.0"
162.213.251.195 - - [17/Oct/2024:17:52:45 -0400] "POST /wp-cron.php?doing_wp_cron=1729201964.1186408996582031250000 HTTP/1.1" 200 0 "-" "WordPress/6.6.2; https://thietke365.net"
162.213.251.195 - - [17/Oct/2024:17:57:50 -0400] "POST /wp-cron.php?doing_wp_cron=1729202269.9247069358825683593750 HTTP/1.1" 200 0 "-" "WordPress/6.6.2; https://thietke365.net"
107.189.29.12 - - [17/Oct/2024:17:57:43 -0400] "GET /wp-login.php HTTP/1.1" 200 2889 "http://www.google.com.hk" "Mozilla/5.0 (Windows NT 6.1; WOW64) AppleWebKit/537.36 (KHTML, like Gecko) Chrome/42.0.2311.90 Safari/537.36"
162.213.251.195 - - [17/Oct/2024:18:02:48 -0400] "POST /wp-cron.php?doing_wp_cron=1729202568.0237529277801513671875 HTTP/1.1" 200 0 "-" "WordPress/6.6.2; https://thietke365.net"
216.244.66.249 - - [17/Oct/2024:18:02:41 -0400] "GET /robots.txt HTTP/1.1" 200 111 "-" "Mozilla/5.0 (compatible; DotBot/1.2; +https://opensiteexplorer.org/dotbot; [email protected])"
107.189.29.12 - - [17/Oct/2024:18:02:49 -0400] "GET /?author=1 HTTP/1.1" 301 0 "http://www.google.com.hk" "Mozilla/5.0 (Windows NT 6.1; WOW64) AppleWebKit/537.36 (KHTML, like Gecko) Chrome/42.0.2311.90 Safari/537.36"
107.189.29.12 - - [17/Oct/2024:18:02:49 -0400] "GET /author/admin/ HTTP/1.1" 200 30967 "http://www.google.com.hk" "Mozilla/5.0 (Windows NT 6.1; WOW64) AppleWebKit/537.36 (KHTML, like Gecko) Chrome/42.0.2311.90 Safari/537.36"
54.36.182.232 - - [17/Oct/2024:18:03:11 -0400] "POST /wp-login.php HTTP/1.1" 200 3066 "-" "Mozilla/5.0 (Windows NT 6.3; Win64; x64) AppleWebKit/537.36 (KHTML, like Gecko) Chrome/79.0.3945.130 Safari/537.36"
162.213.251.195 - - [17/Oct/2024:18:03:40 -0400] "POST /wp-cron.php?doing_wp_cron=1729202620.4510619640350341796875 HTTP/1.1" 200 0 "-" "WordPress/6.6.2; https://thietke365.net"
2001:67c:2070:c893::1 - - [17/Oct/2024:18:03:39 -0400] "POST /wp-login.php HTTP/1.1" 200 3014 "-" "Mozilla/5.0 (Windows NT 10.0; Win64; x64) AppleWebKit/537.36 (KHTML, like Gecko) Chrome/73.0.3683.86 Safari/537.36"
31.184.209.12 - - [17/Oct/2024:18:03:48 -0400] "POST /wp-login.php HTTP/1.1" 200 3013 "-" "Mozilla/5.0 (Windows NT 10.0; Win64; x64) AppleWebKit/537.36 (KHTML, like Gecko) Chrome/60.0.3112.101 Safari/537.36"
162.213.251.195 - - [17/Oct/2024:18:06:25 -0400] "POST /wp-cron.php?doing_wp_cron=1729202784.8490529060363769531250 HTTP/1.1" 200 0 "-" "WordPress/6.6.2; https://thietke365.net"
107.189.29.12 - - [17/Oct/2024:18:06:21 -0400] "GET /wp-login.php?wp_lang=e HTTP/1.1" 200 2066 "-" "Mozilla/5.0 (Windows NT 6.1; WOW64) AppleWebKit/537.36 (KHTML, like Gecko) Chrome/36.0.1985.125 Safari/537.36"
107.189.29.12 - - [17/Oct/2024:18:06:25 -0400] "POST /wp-login.php?wp_lang=e HTTP/1.1" 200 2214 "-" "Mozilla/5.0 (Windows NT 6.1; WOW64) AppleWebKit/537.36 (KHTML, like Gecko) Chrome/36.0.1985.125 Safari/537.36"
107.189.29.12 - - [17/Oct/2024:18:06:27 -0400] "GET /?author=2 HTTP/1.1" 404 29118 "http://www.google.com.hk" "Mozilla/5.0 (Windows NT 6.1; WOW64) AppleWebKit/537.36 (KHTML, like Gecko) Chrome/42.0.2311.90 Safari/537.36"
162.213.251.195 - - [17/Oct/2024:18:09:49 -0400] "POST /wp-cron.php?doing_wp_cron=1729202989.4989540576934814453125 HTTP/1.1" 200 0 "-" "WordPress/6.6.2; https://thietke365.net"
107.189.29.12 - - [17/Oct/2024:18:09:46 -0400] "GET /wp-login.php HTTP/1.1" 200 2879 "http://www.google.com.hk" "Mozilla/5.0 (Windows NT 6.1; WOW64) AppleWebKit/537.36 (KHTML, like Gecko) Chrome/42.0.2311.90 Safari/537.36"
162.213.251.195 - - [17/Oct/2024:18:12:26 -0400] "POST /wp-cron.php?doing_wp_cron=1729203145.9555470943450927734375 HTTP/1.1" 200 0 "-" "WordPress/6.6.2; https://thietke365.net"
107.189.29.12 - - [17/Oct/2024:18:12:22 -0400] "GET /?author=1 HTTP/1.1" 301 0 "http://www.google.com.hk" "Mozilla/5.0 (Windows NT 6.1; WOW64) AppleWebKit/537.36 (KHTML, like Gecko) Chrome/42.0.2311.90 Safari/537.36"
107.189.29.12 - - [17/Oct/2024:18:12:26 -0400] "GET /author/admin/ HTTP/1.1" 200 31043 "http://www.google.com.hk" "Mozilla/5.0 (Windows NT 6.1; WOW64) AppleWebKit/537.36 (KHTML, like Gecko) Chrome/42.0.2311.90 Safari/537.36"
20.253.155.235 - - [17/Oct/2024:18:13:03 -0400] "POST /wp-login.php HTTP/1.1" 200 3092 "-" "Mozilla/5.0 (Windows NT 10.0; Win64; x64) AppleWebKit/537.36 (KHTML, like Gecko) Chrome/54.0.2840.99 Safari/537.36"
162.213.251.195 - - [17/Oct/2024:18:15:15 -0400] "POST /wp-cron.php?doing_wp_cron=1729203315.4483489990234375000000 HTTP/1.1" 200 0 "-" "WordPress/6.6.2; https://thietke365.net"
107.189.29.12 - - [17/Oct/2024:18:15:05 -0400] "GET /wp-login.php?wp_lang=e HTTP/1.1" 200 2066 "-" "Mozilla/5.0 (Macintosh; Intel Mac OS X 10_9_4 AppleWebKit/537.36 (KHTML, like Gecko) Chrome/36.0.1985.125 Safari/537.36"
103.28.52.66 - - [17/Oct/2024:18:15:15 -0400] "POST /wp-login.php HTTP/1.1" 200 3066 "-" "Mozilla/5.0 (Windows NT 6.3; Win64; x64) AppleWebKit/537.36 (KHTML, like Gecko) Chrome/77.0.3865.90 Safari/537.36"
107.189.29.12 - - [17/Oct/2024:18:15:17 -0400] "GET /wp-login.php?wp_lang=e HTTP/1.1" 200 2066 "-" "Mozilla/5.0 (Macintosh; Intel Mac OS X 10_9_4 AppleWebKit/537.36 (KHTML, like Gecko) Chrome/36.0.1985.125 Safari/537.36"
107.189.29.12 - - [17/Oct/2024:18:15:20 -0400] "GET /?author=2 HTTP/1.1" 404 29063 "http://www.google.com.hk" "Mozilla/5.0 (Windows NT 6.1; WOW64) AppleWebKit/537.36 (KHTML, like Gecko) Chrome/42.0.2311.90 Safari/537.36"
162.213.251.195 - - [17/Oct/2024:18:15:39 -0400] "POST /wp-cron.php?doing_wp_cron=1729203339.1166260242462158203125 HTTP/1.1" 200 0 "-" "WordPress/6.6.2; https://thietke365.net"
167.86.103.104 - - [17/Oct/2024:18:15:38 -0400] "POST /wp-login.php HTTP/1.1" 200 3022 "-" "Mozilla/5.0 (Windows NT 6.1) AppleWebKit/537.36 (KHTML, like Gecko) Chrome/56.0.2924.87 Safari/537.36"
162.213.251.195 - - [17/Oct/2024:18:21:30 -0400] "POST /wp-cron.php?doing_wp_cron=1729203690.0646150112152099609375 HTTP/1.1" 200 0 "-" "WordPress/6.6.2; https://thietke365.net"
216.244.66.249 - - [17/Oct/2024:18:21:18 -0400] "GET /san-pham/theme-worpress-bat-dong-san-17/ HTTP/1.1" 200 37429 "-" "Mozilla/5.0 (compatible; DotBot/1.2; +https://opensiteexplorer.org/dotbot; [email protected])"
162.213.251.195 - - [17/Oct/2024:18:22:31 -0400] "POST /wp-cron.php?doing_wp_cron=1729203751.5382421016693115234375 HTTP/1.1" 200 0 "-" "WordPress/6.6.2; https://thietke365.net"
87.120.114.208 - - [17/Oct/2024:18:22:30 -0400] "POST /wp-login.php HTTP/1.1" 200 3066 "-" "Mozilla/5.0"
66.249.79.171 - - [17/Oct/2024:18:25:04 -0400] "GET /wp-content/uploads/2024/07/screencapture-20803banmaytinh07-webdmo-net-2024-07-10-14_19_54.png HTTP/1.1" 200 1459165 "-" "Googlebot-Image/1.0"
2a03:6f00:1::5c35:606f - - [17/Oct/2024:18:25:05 -0400] "POST /wp-login.php HTTP/1.1" 200 0 "-" "Mozilla/5.0 (Windows NT 6.1; WOW64) AppleWebKit/537.36 (KHTML, like Gecko) Chrome/36.0.1985.125 Safari/537.36"
162.213.251.195 - - [17/Oct/2024:18:25:17 -0400] "POST /wp-cron.php?doing_wp_cron=1729203917.4759790897369384765625 HTTP/1.1" 200 0 "-" "WordPress/6.6.2; https://thietke365.net"
162.213.251.195 - - [17/Oct/2024:18:27:15 -0400] "POST /wp-cron.php?doing_wp_cron=1729204035.2563951015472412109375 HTTP/1.1" 200 0 "-" "WordPress/6.6.2; https://thietke365.net"
173.205.81.73 - - [17/Oct/2024:18:27:11 -0400] "POST /wp-login.php HTTP/1.1" 200 3075 "-" "Mozilla/5.0 (Windows NT 6.1; Win64; x64) AppleWebKit/537.36 (KHTML, like Gecko) Chrome/66.0.3359.117 Safari/537.36"
162.213.251.195 - - [17/Oct/2024:18:27:45 -0400] "POST /wp-cron.php?doing_wp_cron=1729204065.6667981147766113281250 HTTP/1.1" 200 0 "-" "WordPress/6.6.2; https://thietke365.net"
2001:41d0:2:3ea5:: - - [17/Oct/2024:18:27:45 -0400] "POST /wp-login.php HTTP/1.1" 200 3014 "-" "Mozilla/5.0 (Windows NT 6.1; WOW64) AppleWebKit/537.36 (KHTML, like Gecko) Chrome/46.0.2490.86 Safari/537.36"
119.45.26.99 - - [17/Oct/2024:18:27:52 -0400] "POST /wp-login.php HTTP/1.1" 200 3013 "-" "Mozilla/5.0 (Windows NT 6.3; WOW64) AppleWebKit/537.36 (KHTML, like Gecko) Chrome/46.0.2490.80 Safari/537.36"
162.213.251.195 - - [17/Oct/2024:18:30:32 -0400] "POST /wp-cron.php?doing_wp_cron=1729204232.5035910606384277343750 HTTP/1.1" 200 0 "-" "WordPress/6.6.2; https://thietke365.net"
216.244.66.249 - - [17/Oct/2024:18:30:29 -0400] "GET /san-pham/theme-wordpress-phong-tap-gym-2/ HTTP/1.1" 200 37743 "-" "Mozilla/5.0 (compatible; DotBot/1.2; +https://opensiteexplorer.org/dotbot; [email protected])"
162.213.251.195 - - [17/Oct/2024:18:33:17 -0400] "POST /wp-cron.php?doing_wp_cron=1729204396.9464979171752929687500 HTTP/1.1" 200 0 "-" "WordPress/6.6.2; https://thietke365.net"
87.120.115.14 - - [17/Oct/2024:18:33:13 -0400] "POST /wp-login.php HTTP/1.1" 200 3066 "-" "Mozilla/5.0"
162.213.251.195 - - [17/Oct/2024:18:37:08 -0400] "POST /wp-cron.php?doing_wp_cron=1729204628.3766849040985107421875 HTTP/1.1" 200 0 "-" "WordPress/6.6.2; https://thietke365.net"
192.3.231.174 - - [17/Oct/2024:18:37:04 -0400] "POST /wp-login.php HTTP/1.1" 200 3092 "-" "Mozilla/5.0 (Windows NT 6.1; WOW64) AppleWebKit/537.36 (KHTML, like Gecko) Chrome/52.0.2743.116 Safari/537.36"
162.213.251.195 - - [17/Oct/2024:18:37:31 -0400] "POST /wp-cron.php?doing_wp_cron=1729204651.3554050922393798828125 HTTP/1.1" 200 0 "-" "WordPress/6.6.2; https://thietke365.net"
216.244.66.249 - - [17/Oct/2024:18:37:30 -0400] "GET /tu-khoa-san-pham/trai-cay/feed/ HTTP/1.1" 200 771 "-" "Mozilla/5.0 (compatible; DotBot/1.2; +https://opensiteexplorer.org/dotbot; [email protected])"
162.213.251.195 - - [17/Oct/2024:18:39:15 -0400] "POST /wp-cron.php?doing_wp_cron=1729204754.7870719432830810546875 HTTP/1.1" 200 0 "-" "WordPress/6.6.2; https://thietke365.net"
2a03:b0c0:3:d0::ece:d001 - - [17/Oct/2024:18:39:11 -0400] "POST /wp-login.php HTTP/1.1" 200 3066 "-" "Mozilla/5.0 (Windows NT 10.0; Win64; x64) AppleWebKit/537.36 (KHTML, like Gecko) Chrome/72.0.3626.109 Safari/537.36"
162.213.251.195 - - [17/Oct/2024:18:39:51 -0400] "POST /wp-cron.php?doing_wp_cron=1729204790.8230640888214111328125 HTTP/1.1" 200 0 "-" "WordPress/6.6.2; https://thietke365.net"
200.234.226.20 - - [17/Oct/2024:18:39:50 -0400] "POST /wp-login.php HTTP/1.1" 200 3013 "-" "Mozilla/5.0 (Windows NT 10.0; Win64; x64) AppleWebKit/537.36 (KHTML, like Gecko) Chrome/64.0.3282.167 Safari/537.36"
2a00:b6e0:1:20:13::1 - - [17/Oct/2024:18:49:09 -0400] "POST /xmlrpc.php HTTP/1.1" 200 218 "-" "Mozilla/5.0 (Windows NT 10.0; Win64; x64) AppleWebKit/537.36 (KHTML, like Gecko) Chrome/90.0.4430.212 Safari/537.36"
162.213.251.195 - - [17/Oct/2024:18:49:10 -0400] "POST /wp-cron.php?doing_wp_cron=1729205349.9812829494476318359375 HTTP/1.1" 200 0 "-" "WordPress/6.6.2; https://thietke365.net"
162.213.251.195 - - [17/Oct/2024:18:49:10 -0400] "POST /wp-cron.php?doing_wp_cron=1729205349.9807970523834228515625 HTTP/1.1" 200 0 "-" "WordPress/6.6.2; https://thietke365.net"
82.165.89.159 - - [17/Oct/2024:18:49:04 -0400] "POST /xmlrpc.php HTTP/1.1" 200 218 "-" "Mozilla/5.0 (Macintosh; Intel Mac OS X 10_10; rv:33.0) Gecko/20100101 Firefox/33.0"
51.89.153.66 - - [17/Oct/2024:18:49:05 -0400] "POST /wp-login.php HTTP/1.1" 200 3092 "-" "Mozilla/5.0 (Windows NT 6.1) AppleWebKit/537.36 (KHTML, like Gecko) Chrome/70.0.3538.77 Safari/537.36"
185.221.181.80 - - [17/Oct/2024:18:49:14 -0400] "POST /xmlrpc.php HTTP/1.1" 200 218 "-" "Mozilla/5.0 (Linux; Android 10; LM-Q720) AppleWebKit/537.36 (KHTML, like Gecko) Chrome/91.0.4472.114 Mobile Safari/537.36"
162.213.251.195 - - [17/Oct/2024:18:49:28 -0400] "POST /wp-cron.php?doing_wp_cron=1729205368.3531498908996582031250 HTTP/1.1" 200 0 "-" "WordPress/6.6.2; https://thietke365.net"
2001:19f0:5:64a1:5400:2ff:fe96:4067 - - [17/Oct/2024:18:49:27 -0400] "POST /xmlrpc.php HTTP/1.1" 200 218 "-" "Mozilla/5.0 (Windows NT 10.0; Win64; x64) AppleWebKit/537.36 (KHTML, like Gecko) Chrome/72.0.3626.121 Safari/537.36"
152.44.47.183 - - [17/Oct/2024:18:49:31 -0400] "POST /xmlrpc.php HTTP/1.1" 200 218 "-" "Mozilla/5.0 (Windows NT 10.0; WOW64) AppleWebKit/537.36 (KHTML, like Gecko) Chrome/72.0.3626.121 Safari/537.36"
66.29.132.7 - - [17/Oct/2024:18:49:31 -0400] "POST /xmlrpc.php HTTP/1.1" 200 218 "-" "Mozilla/5.0 (Windows NT 6.1; WOW64; rv:18.0) Gecko/20100101 Firefox/18.0"
151.80.151.125 - - [17/Oct/2024:18:49:35 -0400] "POST /xmlrpc.php HTTP/1.1" 200 218 "-" "Mozilla/5.0 (Windows NT 6.1; Win64; x64) AppleWebKit/537.36 (KHTML, like Gecko) Chrome/60.0.3112.90 Safari/537.36"
2a05:cd01:0:1:250:56ff:febb:ed0a - - [17/Oct/2024:18:49:38 -0400] "POST /xmlrpc.php HTTP/1.1" 200 218 "-" "Mozilla/5.0 (Linux; Android 10) AppleWebKit/537.36 (KHTML, like Gecko) Chrome/91.0.4472.114 Mobile Safari/537.36"
103.68.251.116 - - [17/Oct/2024:18:49:46 -0400] "POST /xmlrpc.php HTTP/1.1" 200 218 "-" "Mozilla/5.0 (Windows NT 6.0; rv:34.0) Gecko/20100101 Firefox/34.0"
162.213.251.195 - - [17/Oct/2024:18:51:18 -0400] "POST /wp-cron.php?doing_wp_cron=1729205478.6485209465026855468750 HTTP/1.1" 200 0 "-" "WordPress/6.6.2; https://thietke365.net"
135.125.183.119 - - [17/Oct/2024:18:51:12 -0400] "POST /wp-login.php HTTP/1.1" 200 3066 "-" "Mozilla/5.0 (Windows NT 6.1; WOW64) AppleWebKit/537.36 (KHTML, like Gecko) Chrome/46.0.2490.86 Safari/537.36"
162.213.251.195 - - [17/Oct/2024:18:51:41 -0400] "POST /wp-cron.php?doing_wp_cron=1729205500.8986189365386962890625 HTTP/1.1" 200 0 "-" "WordPress/6.6.2; https://thietke365.net"
200.234.226.20 - - [17/Oct/2024:18:51:40 -0400] "POST /wp-login.php HTTP/1.1" 200 3022 "-" "Mozilla/5.0 (Windows NT 6.1) AppleWebKit/537.36 (KHTML, like Gecko) Chrome/58.0.3029.110 Safari/537.36"
87.98.173.252 - - [17/Oct/2024:18:51:50 -0400] "POST /wp-login.php HTTP/1.1" 200 3013 "-" "Mozilla/5.0 (Windows NT 6.1; Win64; x64) AppleWebKit/537.36 (KHTML, like Gecko) Chrome/79.0.3945.117 Safari/537.36"
87.120.114.208 - - [17/Oct/2024:18:52:16 -0400] "POST /wp-login.php HTTP/1.1" 200 3075 "-" "Mozilla/5.0"
198.12.228.149 - - [17/Oct/2024:18:54:09 -0400] "POST /xmlrpc.php HTTP/1.1" 200 218 "-" "Mozilla/5.0 (Windows NT 6.1; WOW64; rv:17.0) Gecko/20100101 Firefox/17.0"
77.111.127.76 - - [17/Oct/2024:18:54:09 -0400] "POST /xmlrpc.php HTTP/1.1" 200 218 "-" "Mozilla/5.0 (Windows NT 10.0; Win64; x64) AppleWebKit/537.36 (KHTML, like Gecko) Chrome/79.0.3945.88 Safari/537.36"
162.213.251.195 - - [17/Oct/2024:18:54:10 -0400] "POST /wp-cron.php?doing_wp_cron=1729205650.2068119049072265625000 HTTP/1.1" 200 0 "-" "WordPress/6.6.2; https://thietke365.net"
163.172.100.242 - - [17/Oct/2024:18:54:06 -0400] "POST /xmlrpc.php HTTP/1.1" 200 218 "-" "Mozilla/5.0 (iPad; CPU OS 14_6 like Mac OS X) AppleWebKit/605.1.15 (KHTML, like Gecko) CriOS/91.0.4472.80 Mobile/15E148 Safari/604.1"
216.244.66.249 - - [17/Oct/2024:18:54:17 -0400] "GET /robots.txt HTTP/1.1" 200 111 "-" "Mozilla/5.0 (compatible; DotBot/1.2; +https://opensiteexplorer.org/dotbot; [email protected])"
162.213.251.195 - - [17/Oct/2024:18:54:17 -0400] "POST /wp-cron.php?doing_wp_cron=1729205657.4490931034088134765625 HTTP/1.1" 200 0 "-" "WordPress/6.6.2; https://thietke365.net"
37.9.175.181 - - [17/Oct/2024:18:54:17 -0400] "POST /xmlrpc.php HTTP/1.1" 200 218 "-" "Mozilla/5.0 (Windows NT 10.0; Win64; x64; rv:61.0) Gecko/20100101 Firefox/61.0"
183.56.195.224 - - [17/Oct/2024:18:54:19 -0400] "POST /xmlrpc.php HTTP/1.1" 200 218 "-" "Mozilla/5.0 (Windows NT 6.1; Win64; x64; rv:61.0) Gecko/20100101 Firefox/61.0"
162.213.251.195 - - [17/Oct/2024:18:54:24 -0400] "POST /wp-cron.php?doing_wp_cron=1729205664.6184110641479492187500 HTTP/1.1" 200 0 "-" "WordPress/6.6.2; https://thietke365.net"
198.71.229.169 - - [17/Oct/2024:18:54:24 -0400] "POST /xmlrpc.php HTTP/1.1" 200 218 "-" "Mozilla/5.0 (Linux; Android 10; SM-A205U) AppleWebKit/537.36 (KHTML, like Gecko) Chrome/91.0.4472.114 Mobile Safari/537.36"
146.88.232.85 - - [17/Oct/2024:18:54:27 -0400] "POST /xmlrpc.php HTTP/1.1" 200 218 "-" "Mozilla/5.0 (Windows NT 10.0; Win64; x64; rv:61.0) Gecko/20100101 Firefox/61.0"
2a01:4f9:c012:c31::1 - - [17/Oct/2024:18:54:35 -0400] "POST /xmlrpc.php HTTP/1.1" 200 218 "-" "Mozilla/5.0 (Windows NT 6.1; Win64; x64) AppleWebKit/537.36 (KHTML, like Gecko) Chrome/60.0.3112.90 Safari/537.36"
216.244.66.249 - - [17/Oct/2024:18:58:44 -0400] "GET /wp-content/uploads/2023/10/cuacuon.jpg HTTP/1.1" 200 229489 "-" "Mozilla/5.0 (compatible; DotBot/1.2; +https://opensiteexplorer.org/dotbot; [email protected])"
162.213.251.195 - - [17/Oct/2024:19:01:13 -0400] "POST /wp-cron.php?doing_wp_cron=1729206073.4838969707489013671875 HTTP/1.1" 200 0 "-" "WordPress/6.6.2; https://thietke365.net"
51.178.138.74 - - [17/Oct/2024:19:01:06 -0400] "POST /wp-login.php HTTP/1.1" 200 3092 "-" "Mozilla/5.0 (Windows NT 10.0; WOW64) AppleWebKit/537.36 (KHTML, like Gecko) Chrome/79.0.3945.130 Safari/537.36"
162.213.251.195 - - [17/Oct/2024:19:03:17 -0400] "POST /wp-cron.php?doing_wp_cron=1729206197.1366970539093017578125 HTTP/1.1" 200 0 "-" "WordPress/6.6.2; https://thietke365.net"
134.209.100.10 - - [17/Oct/2024:19:03:14 -0400] "POST /wp-login.php HTTP/1.1" 200 3066 "-" "Mozilla/5.0 (Windows NT 6.1; WOW64) AppleWebKit/537.36 (KHTML, like Gecko) Chrome/32.0.1700.107 Safari/537.36"
162.213.251.195 - - [17/Oct/2024:19:03:42 -0400] "POST /wp-cron.php?doing_wp_cron=1729206222.2562499046325683593750 HTTP/1.1" 200 0 "-" "WordPress/6.6.2; https://thietke365.net"
2001:41d0:2:3ea5:: - - [17/Oct/2024:19:03:41 -0400] "POST /wp-login.php HTTP/1.1" 200 3014 "-" "Mozilla/5.0 (Windows NT 6.1; Win64; x64) AppleWebKit/537.36 (KHTML, like Gecko) Chrome/55.0.2883.87 Safari/537.36"
45.195.204.97 - - [17/Oct/2024:19:03:51 -0400] "POST /wp-login.php HTTP/1.1" 200 3013 "-" "Mozilla/5.0 (Windows NT 6.3; Win64; x64) AppleWebKit/537.36 (KHTML, like Gecko) Chrome/62.0.3202.94 Safari/537.36"
162.213.251.195 - - [17/Oct/2024:19:13:16 -0400] "POST /wp-cron.php?doing_wp_cron=1729206796.5553889274597167968750 HTTP/1.1" 200 0 "-" "WordPress/6.6.2; https://thietke365.net"
193.164.17.45 - - [17/Oct/2024:19:13:08 -0400] "POST /wp-login.php HTTP/1.1" 200 3092 "-" "Mozilla/5.0 (Windows NT 6.1; WOW64) AppleWebKit/537.36 (KHTML, like Gecko) Chrome/41.0.2272.101 Safari/537.36"
162.213.251.195 - - [17/Oct/2024:19:15:17 -0400] "POST /wp-cron.php?doing_wp_cron=1729206917.4212260246276855468750 HTTP/1.1" 200 0 "-" "WordPress/6.6.2; https://thietke365.net"
51.132.229.198 - - [17/Oct/2024:19:15:14 -0400] "POST /wp-login.php HTTP/1.1" 200 3066 "-" "Mozilla/5.0 (Windows NT 6.1; WOW64) AppleWebKit/537.36 (KHTML, like Gecko) Chrome/63.0.3239.132 Safari/537.36"
162.213.251.195 - - [17/Oct/2024:19:15:44 -0400] "POST /wp-cron.php?doing_wp_cron=1729206944.2732210159301757812500 HTTP/1.1" 200 0 "-" "WordPress/6.6.2; https://thietke365.net"
2402:1f00:8100:400::1276 - - [17/Oct/2024:19:15:43 -0400] "POST /wp-login.php HTTP/1.1" 200 3014 "-" "Mozilla/5.0 (Windows NT 6.3; Win64; x64) AppleWebKit/537.36 (KHTML, like Gecko) Chrome/79.0.3945.88 Safari/537.36"
2a01:4b80:1:1:1c00:d4ff:fe00:3c57 - - [17/Oct/2024:19:15:53 -0400] "POST /wp-login.php HTTP/1.1" 200 3013 "-" "Mozilla/5.0 (Windows NT 6.1) AppleWebKit/537.36 (KHTML, like Gecko) Chrome/62.0.3202.94 Safari/537.36"
162.213.251.195 - - [17/Oct/2024:19:19:20 -0400] "POST /wp-cron.php?doing_wp_cron=1729207159.9969570636749267578125 HTTP/1.1" 200 0 "-" "WordPress/6.6.2; https://thietke365.net"
216.244.66.249 - - [17/Oct/2024:19:19:16 -0400] "GET /san-pham/theme-wordpress-ban-tra-sua/ HTTP/1.1" 200 37842 "-" "Mozilla/5.0 (compatible; DotBot/1.2; +https://opensiteexplorer.org/dotbot; [email protected])"
162.213.251.195 - - [17/Oct/2024:19:19:40 -0400] "POST /wp-cron.php?doing_wp_cron=1729207180.4787039756774902343750 HTTP/1.1" 200 0 "-" "WordPress/6.6.2; https://thietke365.net"
216.244.66.249 - - [17/Oct/2024:19:19:39 -0400] "GET /san-pham/theme-wordpress-dich-vu-vien-thong-01/ HTTP/1.1" 200 37828 "-" "Mozilla/5.0 (compatible; DotBot/1.2; +https://opensiteexplorer.org/dotbot; [email protected])"
87.120.114.208 - - [17/Oct/2024:19:19:52 -0400] "POST /wp-login.php HTTP/1.1" 200 3075 "-" "Mozilla/5.0"
162.213.251.195 - - [17/Oct/2024:19:23:28 -0400] "POST /wp-cron.php?doing_wp_cron=1729207407.7082219123840332031250 HTTP/1.1" 200 0 "-" "WordPress/6.6.2; https://thietke365.net"
216.244.66.249 - - [17/Oct/2024:19:23:22 -0400] "GET /danh-muc-san-pham/doanh-nghiep/page/2/ HTTP/1.1" 200 35749 "-" "Mozilla/5.0 (compatible; DotBot/1.2; +https://opensiteexplorer.org/dotbot; [email protected])"
162.213.251.195 - - [17/Oct/2024:19:25:16 -0400] "POST /wp-cron.php?doing_wp_cron=1729207515.9800560474395751953125 HTTP/1.1" 200 0 "-" "WordPress/6.6.2; https://thietke365.net"
68.178.164.152 - - [17/Oct/2024:19:25:12 -0400] "POST /wp-login.php HTTP/1.1" 200 3082 "-" "Mozilla/5.0 (Windows NT 6.1; WOW64) AppleWebKit/537.36 (KHTML, like Gecko) Chrome/48.0.2564.116 Safari/537.36"
162.213.251.195 - - [17/Oct/2024:19:26:44 -0400] "POST /wp-cron.php?doing_wp_cron=1729207604.1040220260620117187500 HTTP/1.1" 200 0 "-" "WordPress/6.6.2; https://thietke365.net"
87.120.115.14 - - [17/Oct/2024:19:26:41 -0400] "POST /wp-login.php HTTP/1.1" 200 3066 "-" "Mozilla/5.0"
213.136.93.164 - - [17/Oct/2024:19:27:19 -0400] "POST /wp-login.php HTTP/1.1" 200 3066 "-" "Mozilla/5.0 (Windows NT 6.1; Win64; x64) AppleWebKit/537.36 (KHTML, like Gecko) Chrome/78.0.3904.97 Safari/537.36"
128.199.248.146 - - [17/Oct/2024:19:27:19 -0400] "POST /xmlrpc.php HTTP/1.1" 200 218 "-" "Mozilla/5.0 (Windows NT 6.1) AppleWebKit/537.36 (KHTML, like Gecko) Chrome/56.0.2924.76 Safari/537.36"
162.213.251.195 - - [17/Oct/2024:19:27:30 -0400] "POST /wp-cron.php?doing_wp_cron=1729207650.4627280235290527343750 HTTP/1.1" 200 0 "-" "WordPress/6.6.2; https://thietke365.net"
94.136.168.2 - - [17/Oct/2024:19:27:30 -0400] "POST /xmlrpc.php HTTP/1.1" 200 218 "-" "Mozilla/5.0 (Linux; Android 10) AppleWebKit/537.36 (KHTML, like Gecko) Chrome/91.0.4472.114 Mobile Safari/537.36"
198.12.228.149 - - [17/Oct/2024:19:27:37 -0400] "POST /xmlrpc.php HTTP/1.1" 200 218 "-" "Mozilla/5.0 (Windows NT 10.0; Win64; x64) AppleWebKit/537.36 (KHTML, like Gecko) Chrome/69.0.3497.100 Safari/537.36"
2001:67c:2070:c8c2::1 - - [17/Oct/2024:19:27:47 -0400] "POST /wp-login.php HTTP/1.1" 200 3022 "-" "Mozilla/5.0 (Windows NT 6.1) AppleWebKit/537.36 (KHTML, like Gecko) Chrome/70.0.3538.102 Safari/537.36"
87.98.173.252 - - [17/Oct/2024:19:27:57 -0400] "POST /wp-login.php HTTP/1.1" 200 3024 "-" "Mozilla/5.0 (Windows NT 10.0; WOW64) AppleWebKit/537.36 (KHTML, like Gecko) Chrome/47.0.2526.106 Safari/537.36"
162.213.251.195 - - [17/Oct/2024:19:30:04 -0400] "POST /wp-cron.php?doing_wp_cron=1729207803.8920431137084960937500 HTTP/1.1" 200 0 "-" "WordPress/6.6.2; https://thietke365.net"
205.210.31.89 - - [17/Oct/2024:19:30:00 -0400] "GET / HTTP/1.1" 200 38635 "-" "Expanse, a Palo Alto Networks company, searches across the global IPv4 space multiple times per day to identify customers' presences on the Internet. If you would like to be excluded from our scans, please send IP addresses/domains to: [email protected]"
162.213.251.195 - - [17/Oct/2024:19:34:00 -0400] "POST /wp-cron.php?doing_wp_cron=1729208040.6520130634307861328125 HTTP/1.1" 200 0 "-" "WordPress/6.6.2; https://thietke365.net"
45.227.254.34 - - [17/Oct/2024:19:33:57 -0400] "POST /wp-content/plugins/easyrotator-for-wordpress/c.php HTTP/1.1" 404 29185 "-" "Mozilla/5.0 (Macintosh; Intel Mac OS X 10_15_7) AppleWebKit/537.36 (KHTML, like Gecko) Chrome/120.0.0.0 Safari/537.36"
162.213.251.195 - - [17/Oct/2024:19:37:20 -0400] "POST /wp-cron.php?doing_wp_cron=1729208239.8458130359649658203125 HTTP/1.1" 200 0 "-" "WordPress/6.6.2; https://thietke365.net"
