403Webshell
Server IP : 172.67.158.161  /  Your IP : 3.133.141.137
Web Server : LiteSpeed
System : Linux business53.web-hosting.com 4.18.0-553.lve.el8.x86_64 #1 SMP Mon May 27 15:27:34 UTC 2024 x86_64
User : giankuin ( 1871)
PHP Version : 7.4.33
Disable Function : NONE
MySQL : OFF  |  cURL : ON  |  WGET : ON  |  Perl : ON  |  Python : ON  |  Sudo : OFF  |  Pkexec : OFF
Directory :  /home/giankuin/access-logs/

Upload File :
current_dir [ Writeable ] document_root [ Writeable ]

 

Command :


[ Back ]     

Current File : /home/giankuin/access-logs/thietke365.net.giandon24h.com-ssl_log
162.213.251.195 - - [17/Oct/2024:08:21:27 -0400] "POST /wp-cron.php?doing_wp_cron=1729167686.9298760890960693359375 HTTP/1.1" 200 0 "-" "WordPress/6.6.2; https://thietke365.net"
87.120.114.208 - - [17/Oct/2024:08:21:15 -0400] "POST /wp-login.php HTTP/1.1" 200 3066 "-" "Mozilla/5.0"
202.92.4.47 - - [17/Oct/2024:08:27:30 -0400] "GET /.well-known/acme-challenge/XJY93YNUD9K4Z0PPV__6BYHEBW4Q7XDV HTTP/1.1" 404 1251 "-" "Cpanel-HTTP-Client/1.0"
202.92.4.47 - - [17/Oct/2024:08:27:42 -0400] "GET /.well-known/acme-challenge/OEI5MMC1U2WLGHU1W42YDHREQL-C3CS- HTTP/1.1" 404 1251 "-" "Cpanel-HTTP-Client/1.0"
217.160.61.34 - - [17/Oct/2024:08:28:00 -0400] "POST /xmlrpc.php HTTP/1.1" 200 218 "-" "Mozilla/5.0 (Windows NT 10.0; Win64; x64) AppleWebKit/537.36 (KHTML, like Gecko) Chrome/81.0.4044.138 Safari/537.36"
203.161.63.25 - - [17/Oct/2024:08:28:05 -0400] "POST /xmlrpc.php HTTP/1.1" 200 218 "-" "Mozilla/5.0 (Windows NT 6.1; WOW64; rv:41.0) Gecko/20100101 Firefox/41.0"
162.213.251.195 - - [17/Oct/2024:08:28:11 -0400] "POST /wp-cron.php?doing_wp_cron=1729168090.9984259605407714843750 HTTP/1.1" 200 0 "-" "WordPress/6.6.2; https://thietke365.net"
103.127.96.130 - - [17/Oct/2024:08:27:59 -0400] "POST /xmlrpc.php HTTP/1.1" 200 218 "-" "Mozilla/5.0 (Windows NT 10.0; Win64; x64; rv:79.0) Gecko/20100101 Firefox/79.0"
2607:f130:0:153::37de:76cb - - [17/Oct/2024:08:28:14 -0400] "POST /xmlrpc.php HTTP/1.1" 200 218 "-" "Mozilla/5.0 (Windows NT 10.0; Win64; x64; rv:79.0) Gecko/20100101 Firefox/79.0"
162.213.251.195 - - [17/Oct/2024:08:28:27 -0400] "POST /wp-cron.php?doing_wp_cron=1729168107.4587719440460205078125 HTTP/1.1" 200 0 "-" "WordPress/6.6.2; https://thietke365.net"
124.217.254.215 - - [17/Oct/2024:08:28:26 -0400] "POST /xmlrpc.php HTTP/1.1" 200 218 "-" "Mozilla/5.0 (Windows NT 10.0; Win64; x64; rv:58.0) Gecko/20100101 Firefox/58.0"
200.55.240.238 - - [17/Oct/2024:08:28:32 -0400] "POST /xmlrpc.php HTTP/1.1" 200 218 "-" "Mozilla/5.0 (Windows NT 10.0; Win64; x64) AppleWebKit/537.36 (KHTML, like Gecko) Chrome/63.0.3239.132 Safari/537.36"
103.127.96.130 - - [17/Oct/2024:08:28:37 -0400] "POST /xmlrpc.php HTTP/1.1" 200 218 "-" "Mozilla/5.0 (Windows NT 10.0; Win64; x64) AppleWebKit/537.36 (KHTML, like Gecko) Chrome/74.0.3729.157 Safari/537.36"
77.111.127.76 - - [17/Oct/2024:08:28:41 -0400] "POST /xmlrpc.php HTTP/1.1" 200 218 "-" "Mozilla/5.0 (Windows NT 10.0; Win64; x64) AppleWebKit/537.36 (KHTML, like Gecko) Chrome/60.0.3112.113 Safari/537.36"
162.213.251.195 - - [17/Oct/2024:08:33:03 -0400] "POST /wp-cron.php?doing_wp_cron=1729168382.7962250709533691406250 HTTP/1.1" 200 0 "-" "WordPress/6.6.2; https://thietke365.net"
216.244.66.249 - - [17/Oct/2024:08:32:59 -0400] "GET /robots.txt HTTP/1.1" 200 111 "-" "Mozilla/5.0 (compatible; DotBot/1.2; +https://opensiteexplorer.org/dotbot; [email protected])"
162.213.251.195 - - [17/Oct/2024:08:37:33 -0400] "POST /wp-cron.php?doing_wp_cron=1729168653.3742361068725585937500 HTTP/1.1" 200 0 "-" "WordPress/6.6.2; https://thietke365.net"
162.213.251.195 - - [17/Oct/2024:08:37:33 -0400] "POST /wp-cron.php?doing_wp_cron=1729168653.3702089786529541015625 HTTP/1.1" 200 0 "-" "WordPress/6.6.2; https://thietke365.net"
198.54.114.55 - - [17/Oct/2024:08:37:21 -0400] "POST /xmlrpc.php HTTP/1.1" 200 218 "-" "Mozilla/5.0 (Windows NT 10.0; Win64; x64; rv:59.0) Gecko/20100101 Firefox/59.0"
52.136.236.15 - - [17/Oct/2024:08:37:19 -0400] "POST /xmlrpc.php HTTP/1.1" 200 218 "-" "Mozilla/5.0 (Windows NT 10.0; Win64; x64) AppleWebKit/537.36 (KHTML, like Gecko) Chrome/74.0.3729.157 Safari/537.36"
47.244.50.243 - - [17/Oct/2024:08:37:39 -0400] "POST /xmlrpc.php HTTP/1.1" 200 218 "-" "Mozilla/5.0 (Linux; Android 10; SM-N960U) AppleWebKit/537.36 (KHTML, like Gecko) Chrome/91.0.4472.114 Mobile Safari/537.36"
151.80.151.125 - - [17/Oct/2024:08:37:41 -0400] "POST /xmlrpc.php HTTP/1.1" 200 218 "-" "Mozilla/5.0 (Linux; Android 10; LM-X420) AppleWebKit/537.36 (KHTML, like Gecko) Chrome/91.0.4472.114 Mobile Safari/537.36"
38.54.94.206 - - [17/Oct/2024:08:37:48 -0400] "POST /xmlrpc.php HTTP/1.1" 200 218 "-" "Mozilla/5.0 (Windows NT 10.0; Win64; x64) AppleWebKit/537.36 (KHTML, like Gecko) Chrome/84.0.4147.135 Safari/537.36"
2603:3:6101:8c20:: - - [17/Oct/2024:08:38:00 -0400] "POST /xmlrpc.php HTTP/1.1" 200 218 "-" "Mozilla/5.0 (Windows NT 10.0; Win64; x64) AppleWebKit/537.36 (KHTML, like Gecko) Chrome/83.0.4103.116 Safari/537.36"
103.247.244.12 - - [17/Oct/2024:08:38:05 -0400] "POST /xmlrpc.php HTTP/1.1" 200 218 "-" "Mozilla/5.0 (Windows NT 10.0; Win64; x64; rv:59.0) Gecko/20100101 Firefox/59.0"
162.213.251.195 - - [17/Oct/2024:08:44:09 -0400] "POST /wp-cron.php?doing_wp_cron=1729169049.3072750568389892578125 HTTP/1.1" 200 0 "-" "WordPress/6.6.2; https://thietke365.net"
216.244.66.249 - - [17/Oct/2024:08:44:02 -0400] "GET /san-pham/theme-wordpress-flatsome-ban-bikini/ HTTP/1.1" 200 37721 "-" "Mozilla/5.0 (compatible; DotBot/1.2; +https://opensiteexplorer.org/dotbot; [email protected])"
162.213.251.195 - - [17/Oct/2024:08:48:55 -0400] "POST /wp-cron.php?doing_wp_cron=1729169335.1811408996582031250000 HTTP/1.1" 200 0 "-" "WordPress/6.6.2; https://thietke365.net"
216.244.66.249 - - [17/Oct/2024:08:48:48 -0400] "GET /san-pham/theme-wordpress-flatsome-ban-laptop-01/ HTTP/1.1" 200 37872 "-" "Mozilla/5.0 (compatible; DotBot/1.2; +https://opensiteexplorer.org/dotbot; [email protected])"
162.213.251.195 - - [17/Oct/2024:08:50:15 -0400] "POST /wp-cron.php?doing_wp_cron=1729169415.5879089832305908203125 HTTP/1.1" 200 0 "-" "WordPress/6.6.2; https://thietke365.net"
216.244.66.249 - - [17/Oct/2024:08:50:15 -0400] "GET /mau-giao-dien/page/1/ HTTP/1.1" 301 0 "-" "Mozilla/5.0 (compatible; DotBot/1.2; +https://opensiteexplorer.org/dotbot; [email protected])"
162.213.251.195 - - [17/Oct/2024:08:51:18 -0400] "POST /wp-cron.php?doing_wp_cron=1729169478.2820019721984863281250 HTTP/1.1" 200 0 "-" "WordPress/6.6.2; https://thietke365.net"
216.244.66.249 - - [17/Oct/2024:08:51:17 -0400] "GET /san-pham/theme-wordpress-bat-dong-san-42/ HTTP/1.1" 200 37494 "-" "Mozilla/5.0 (compatible; DotBot/1.2; +https://opensiteexplorer.org/dotbot; [email protected])"
162.213.251.195 - - [17/Oct/2024:08:51:31 -0400] "POST /wp-cron.php?doing_wp_cron=1729169491.3833510875701904296875 HTTP/1.1" 200 0 "-" "WordPress/6.6.2; https://thietke365.net"
87.120.114.208 - - [17/Oct/2024:08:51:31 -0400] "POST /wp-login.php HTTP/1.1" 200 3066 "-" "Mozilla/5.0"
162.213.251.195 - - [17/Oct/2024:08:58:00 -0400] "POST /wp-cron.php?doing_wp_cron=1729169880.6822350025177001953125 HTTP/1.1" 200 0 "-" "WordPress/6.6.2; https://thietke365.net"
216.244.66.249 - - [17/Oct/2024:08:57:54 -0400] "GET /san-pham/theme-wordpress-ban-son-dep/ HTTP/1.1" 200 37808 "-" "Mozilla/5.0 (compatible; DotBot/1.2; +https://opensiteexplorer.org/dotbot; [email protected])"
162.213.251.195 - - [17/Oct/2024:09:01:24 -0400] "POST /wp-cron.php?doing_wp_cron=1729170084.1238510608673095703125 HTTP/1.1" 200 0 "-" "WordPress/6.6.2; https://thietke365.net"
216.244.66.249 - - [17/Oct/2024:09:01:18 -0400] "GET /san-pham/theme-wordpress-sinh-trac-van-tay/ HTTP/1.1" 200 37898 "-" "Mozilla/5.0 (compatible; DotBot/1.2; +https://opensiteexplorer.org/dotbot; [email protected])"
162.213.251.195 - - [17/Oct/2024:09:02:29 -0400] "POST /wp-cron.php?doing_wp_cron=1729170148.9606950283050537109375 HTTP/1.1" 200 0 "-" "WordPress/6.6.2; https://thietke365.net"
87.120.115.14 - - [17/Oct/2024:09:02:27 -0400] "POST /wp-login.php HTTP/1.1" 200 3066 "-" "Mozilla/5.0"
162.213.251.195 - - [17/Oct/2024:09:06:13 -0400] "POST /wp-cron.php?doing_wp_cron=1729170372.9838759899139404296875 HTTP/1.1" 200 0 "-" "WordPress/6.6.2; https://thietke365.net"
216.244.66.249 - - [17/Oct/2024:09:06:08 -0400] "GET /san-pham/theme-doanh-nghiep-luat-01/ HTTP/1.1" 200 38611 "-" "Mozilla/5.0 (compatible; DotBot/1.2; +https://opensiteexplorer.org/dotbot; [email protected])"
162.213.251.195 - - [17/Oct/2024:09:22:01 -0400] "POST /wp-cron.php?doing_wp_cron=1729171321.0347940921783447265625 HTTP/1.1" 200 0 "-" "WordPress/6.6.2; https://thietke365.net"
87.120.114.208 - - [17/Oct/2024:09:21:45 -0400] "POST /wp-login.php HTTP/1.1" 200 3066 "-" "Mozilla/5.0"
162.213.251.195 - - [17/Oct/2024:09:33:53 -0400] "POST /wp-cron.php?doing_wp_cron=1729172032.9002010822296142578125 HTTP/1.1" 200 0 "-" "WordPress/6.6.2; https://thietke365.net"
137.184.48.26 - - [17/Oct/2024:09:33:52 -0400] "POST /xmlrpc.php HTTP/1.1" 200 218 "-" "Mozilla/5.0 (X11; Linux x86_64) AppleWebKit/537.36 (KHTML, like Gecko) Chrome/91.0.4472.114 Safari/537.36"
95.217.116.231 - - [17/Oct/2024:09:33:42 -0400] "POST /xmlrpc.php HTTP/1.1" 200 218 "-" "Mozilla/5.0 (Windows NT 10.0; Win64; x64; rv:62.0) Gecko/20100101 Firefox/62.0"
66.29.133.23 - - [17/Oct/2024:09:33:58 -0400] "POST /xmlrpc.php HTTP/1.1" 200 218 "-" "Mozilla/5.0 (Linux; Android 10) AppleWebKit/537.36 (KHTML, like Gecko) Chrome/91.0.4472.114 Mobile Safari/537.36"
77.111.127.76 - - [17/Oct/2024:09:34:03 -0400] "POST /xmlrpc.php HTTP/1.1" 200 218 "-" "Mozilla/5.0 (Windows NT 6.1; WOW64; rv:43.0) Gecko/20100101 Firefox/43.0"
158.180.238.53 - - [17/Oct/2024:09:34:11 -0400] "POST /xmlrpc.php HTTP/1.1" 200 218 "-" "Mozilla/5.0 (Windows NT 6.3; Win64; x64; rv:73.0) Gecko/20100101 Firefox/73.0"
66.29.133.23 - - [17/Oct/2024:09:34:16 -0400] "POST /xmlrpc.php HTTP/1.1" 200 218 "-" "Mozilla/5.0 (Windows NT 6.1; Win64; x64; rv:57.0) Gecko/20100101 Firefox/57.0"
63.250.40.100 - - [17/Oct/2024:09:34:18 -0400] "POST /xmlrpc.php HTTP/1.1" 200 218 "-" "Mozilla/5.0 (Windows NT 6.1; Win64; x64) AppleWebKit/537.36 (KHTML, like Gecko) Chrome/74.0.3729.169 Safari/537.36"
162.213.251.195 - - [17/Oct/2024:09:34:25 -0400] "POST /wp-cron.php?doing_wp_cron=1729172065.0556271076202392578125 HTTP/1.1" 200 0 "-" "WordPress/6.6.2; https://thietke365.net"
172.96.185.68 - - [17/Oct/2024:09:34:24 -0400] "POST /xmlrpc.php HTTP/1.1" 200 218 "-" "Mozilla/5.0 (Windows NT 6.1) AppleWebKit/537.36 (KHTML, like Gecko) Chrome/56.0.2924.76 Safari/537.36"
162.213.251.195 - - [17/Oct/2024:09:37:19 -0400] "POST /wp-cron.php?doing_wp_cron=1729172238.9026989936828613281250 HTTP/1.1" 200 0 "-" "WordPress/6.6.2; https://thietke365.net"
43.229.135.121 - - [17/Oct/2024:09:37:14 -0400] "POST /xmlrpc.php HTTP/1.1" 200 218 "-" "Mozilla/5.0 (iPad; CPU OS 14_6 like Mac OS X) AppleWebKit/605.1.15 (KHTML, like Gecko) CriOS/91.0.4472.80 Mobile/15E148 Safari/604.1"
162.213.251.195 - - [17/Oct/2024:09:37:28 -0400] "POST /wp-cron.php?doing_wp_cron=1729172248.0978040695190429687500 HTTP/1.1" 200 0 "-" "WordPress/6.6.2; https://thietke365.net"
51.145.159.13 - - [17/Oct/2024:09:37:27 -0400] "POST /xmlrpc.php HTTP/1.1" 200 218 "-" "Mozilla/5.0 (Linux; Android 10; SM-A102U) AppleWebKit/537.36 (KHTML, like Gecko) Chrome/91.0.4472.114 Mobile Safari/537.36"
2a02:4780:d:808f::1 - - [17/Oct/2024:09:37:29 -0400] "POST /xmlrpc.php HTTP/1.1" 200 218 "-" "Mozilla/5.0 (Windows NT 10.0; Win64; x64) AppleWebKit/537.36 (KHTML, like Gecko) Chrome/90.0.4430.212 Safari/537.36"
2604:2dc0:202:300::1d - - [17/Oct/2024:09:37:34 -0400] "POST /xmlrpc.php HTTP/1.1" 200 218 "-" "Mozilla/5.0 (Windows NT 10.0; Win64; x64; rv:60.0) Gecko/20100101 Firefox/60.0"
193.202.110.30 - - [17/Oct/2024:09:37:35 -0400] "POST /xmlrpc.php HTTP/1.1" 200 218 "-" "Mozilla/5.0 (Windows NT 10.0; Win64; x64; rv:66.0) Gecko/20100101 Firefox/66.0"
2603:3:6101:8c20:: - - [17/Oct/2024:09:37:41 -0400] "POST /xmlrpc.php HTTP/1.1" 200 218 "-" "Mozilla/5.0 (Linux; Android 10; LM-X420) AppleWebKit/537.36 (KHTML, like Gecko) Chrome/91.0.4472.114 Mobile Safari/537.36"
2a01:7e01::f03c:93ff:fe36:5deb - - [17/Oct/2024:09:37:50 -0400] "POST /xmlrpc.php HTTP/1.1" 200 218 "-" "Mozilla/5.0 (Windows NT 6.1; WOW64; rv:42.0) Gecko/20100101 Firefox/42.0"
162.213.251.195 - - [17/Oct/2024:09:51:54 -0400] "POST /wp-cron.php?doing_wp_cron=1729173114.6388309001922607421875 HTTP/1.1" 200 0 "-" "WordPress/6.6.2; https://thietke365.net"
87.120.114.208 - - [17/Oct/2024:09:51:45 -0400] "POST /wp-login.php HTTP/1.1" 200 3075 "-" "Mozilla/5.0"
162.213.251.195 - - [17/Oct/2024:09:59:18 -0400] "POST /wp-cron.php?doing_wp_cron=1729173558.5836160182952880859375 HTTP/1.1" 200 0 "-" "WordPress/6.6.2; https://thietke365.net"
87.120.115.14 - - [17/Oct/2024:09:59:03 -0400] "POST /wp-login.php HTTP/1.1" 200 3066 "-" "Mozilla/5.0"
162.213.251.195 - - [17/Oct/2024:10:20:06 -0400] "POST /wp-cron.php?doing_wp_cron=1729174805.8805830478668212890625 HTTP/1.1" 200 0 "-" "WordPress/6.6.2; https://thietke365.net"
2607:5300:60:7e27::1 - - [17/Oct/2024:10:19:51 -0400] "GET / HTTP/1.1" 200 38542 "-" "Mozilla/5.0 (Windows NT 10.0; Win64; x64) AppleWebKit/537.36 (KHTML, like Gecko) Chrome/118.0.0.0 Safari/537.36"
162.213.251.195 - - [17/Oct/2024:10:21:02 -0400] "POST /wp-cron.php?doing_wp_cron=1729174862.4521870613098144531250 HTTP/1.1" 200 0 "-" "WordPress/6.6.2; https://thietke365.net"
47.254.201.151 - - [17/Oct/2024:10:21:01 -0400] "POST /xmlrpc.php HTTP/1.1" 200 218 "-" "Mozilla/5.0 (Linux; Android 10; SM-A102U) AppleWebKit/537.36 (KHTML, like Gecko) Chrome/91.0.4472.114 Mobile Safari/537.36"
171.244.129.243 - - [17/Oct/2024:10:21:05 -0400] "POST /xmlrpc.php HTTP/1.1" 200 218 "-" "Mozilla/5.0 (Windows NT 10.0; Win64; x64) AppleWebKit/537.36 (KHTML, like Gecko) Chrome/88.0.4324.190 Safari/537.36"
47.90.159.146 - - [17/Oct/2024:10:21:05 -0400] "POST /xmlrpc.php HTTP/1.1" 200 218 "-" "Mozilla/5.0 (iPod; CPU iPhone OS 14_6 like Mac OS X) AppleWebKit/605.1.15 (KHTML, like Gecko) CriOS/91.0.4472.80 Mobile/15E148 Safari/604.1"
122.155.167.163 - - [17/Oct/2024:10:21:05 -0400] "POST /xmlrpc.php HTTP/1.1" 200 218 "-" "Mozilla/5.0 (Windows NT 10.0; Win64; x64; rv:78.0) Gecko/20100101 Firefox/78.0"
160.30.136.55 - - [17/Oct/2024:10:21:06 -0400] "POST /xmlrpc.php HTTP/1.1" 200 218 "-" "Mozilla/5.0 (Windows NT 5.1; rv:52.0) Gecko/20100101 Firefox/52.0"
178.62.46.243 - - [17/Oct/2024:10:21:11 -0400] "POST /xmlrpc.php HTTP/1.1" 200 218 "-" "Mozilla/5.0 (Windows NT 10.0; Win64; x64; rv:84.0) Gecko/20100101 Firefox/84.0"
118.89.200.37 - - [17/Oct/2024:10:21:13 -0400] "POST /xmlrpc.php HTTP/1.1" 200 218 "-" "Mozilla/5.0 (Windows NT 10.0; Win64; x64) AppleWebKit/537.36 (KHTML, like Gecko) Chrome/85.0.4183.121 Safari/537.36"
52.136.236.15 - - [17/Oct/2024:10:21:14 -0400] "POST /xmlrpc.php HTTP/1.1" 200 218 "-" "Mozilla/5.0 (Windows NT 6.2; Win64; x64) AppleWebKit/537.36 (KHTML, like Gecko) Chrome/60.0.3112.90 Safari/537.36"
163.172.130.141 - - [17/Oct/2024:10:21:16 -0400] "POST /xmlrpc.php HTTP/1.1" 200 218 "-" "Mozilla/5.0 (Windows NT 5.1; rv:7.0.1) Gecko/20100101 Firefox/7.0.1"
2a01:4f8:c17:a978::1 - - [17/Oct/2024:10:21:17 -0400] "POST /xmlrpc.php HTTP/1.1" 200 218 "-" "Mozilla/5.0 (Windows NT 10.0; Win64; x64) AppleWebKit/537.36 (KHTML, like Gecko) Chrome/90.0.4430.93 Safari/537.36"
45.156.184.42 - - [17/Oct/2024:10:21:18 -0400] "POST /xmlrpc.php HTTP/1.1" 200 218 "-" "Mozilla/5.0 (Windows; U; Windows NT 5.1; en-US; rv:1.7.5) Gecko/20041107 Firefox/1.0"
217.76.58.114 - - [17/Oct/2024:10:21:19 -0400] "POST /xmlrpc.php HTTP/1.1" 200 218 "-" "Mozilla/5.0 (Windows NT 10.0; Win64; x64) AppleWebKit/537.36 (KHTML, like Gecko) Chrome/79.0.3945.88 Safari/537.36"
217.142.224.248 - - [17/Oct/2024:10:21:19 -0400] "POST /xmlrpc.php HTTP/1.1" 200 218 "-" "Mozilla/5.0 (Windows NT 10.0; Win64; x64) AppleWebKit/537.36 (KHTML, like Gecko) Chrome/79.0.3945.130 Safari/537.36"
23.106.181.13 - - [17/Oct/2024:10:21:20 -0400] "POST /xmlrpc.php HTTP/1.1" 200 218 "-" "Mozilla/5.0 (iPad; CPU OS 14_6 like Mac OS X) AppleWebKit/605.1.15 (KHTML, like Gecko) CriOS/91.0.4472.80 Mobile/15E148 Safari/604.1"
162.213.251.195 - - [17/Oct/2024:10:21:28 -0400] "POST /wp-cron.php?doing_wp_cron=1729174888.5285370349884033203125 HTTP/1.1" 200 0 "-" "WordPress/6.6.2; https://thietke365.net"
144.6.170.105 - - [17/Oct/2024:10:21:27 -0400] "POST /xmlrpc.php HTTP/1.1" 200 218 "-" "Mozilla/5.0 (Windows NT 10.0; Win64; x64) AppleWebKit/537.36 (KHTML, like Gecko) Chrome/67.0.3396.99 Safari/537.36"
58.64.45.178 - - [17/Oct/2024:10:21:28 -0400] "POST /xmlrpc.php HTTP/1.1" 200 218 "-" "Mozilla/5.0 (Windows NT 10.0; Win64; x64) AppleWebKit/537.36 (KHTML, like Gecko) Chrome/64.0.3282.186 Safari/537.36"
2603:3:6102:8050:: - - [17/Oct/2024:10:21:28 -0400] "POST /xmlrpc.php HTTP/1.1" 200 218 "-" "Mozilla/5.0 (Windows NT 10.0; Win64; x64) AppleWebKit/537.36 (KHTML, like Gecko) Chrome/81.0.4044.138 Safari/537.36"
200.55.240.238 - - [17/Oct/2024:10:21:28 -0400] "POST /xmlrpc.php HTTP/1.1" 200 218 "-" "Mozilla/5.0 (X11; Ubuntu; Linux i686; rv:24.0) Gecko/20100101 Firefox/24.0"
87.120.114.208 - - [17/Oct/2024:10:21:58 -0400] "POST /wp-login.php HTTP/1.1" 200 3066 "-" "Mozilla/5.0"
162.213.251.195 - - [17/Oct/2024:10:29:49 -0400] "POST /wp-cron.php?doing_wp_cron=1729175388.8921248912811279296875 HTTP/1.1" 200 0 "-" "WordPress/6.6.2; https://thietke365.net"
216.244.66.249 - - [17/Oct/2024:10:29:40 -0400] "GET /robots.txt HTTP/1.1" 200 111 "-" "Mozilla/5.0 (compatible; DotBot/1.2; +https://opensiteexplorer.org/dotbot; [email protected])"
162.213.251.195 - - [17/Oct/2024:10:38:28 -0400] "POST /wp-cron.php?doing_wp_cron=1729175907.8012990951538085937500 HTTP/1.1" 200 0 "-" "WordPress/6.6.2; https://thietke365.net"
145.239.10.137 - - [17/Oct/2024:10:38:21 -0400] "GET /sitemap.php HTTP/1.1" 404 29152 "https://thietke365.net/sitemap.php" "Mozilla/5.0 (iPhone; CPU iPhone OS 17_5_1 like Mac OS X) AppleWebKit/605.1.15 (KHTML, like Gecko) Version/17.5 Mobile/15E148 Safari/604.1"
145.239.10.137 - - [17/Oct/2024:10:38:21 -0400] "GET /element.php HTTP/1.1" 404 29076 "https://thietke365.net/element.php" "Mozilla/5.0 (iPhone; CPU iPhone OS 17_5_1 like Mac OS X) AppleWebKit/605.1.15 (KHTML, like Gecko) Version/17.5 Mobile/15E148 Safari/604.1"
145.239.10.137 - - [17/Oct/2024:10:38:21 -0400] "GET /alfa.php HTTP/1.1" 404 29055 "https://thietke365.net/alfa.php" "Mozilla/5.0 (iPhone; CPU iPhone OS 17_5_1 like Mac OS X) AppleWebKit/605.1.15 (KHTML, like Gecko) Version/17.5 Mobile/15E148 Safari/604.1"
162.213.251.195 - - [17/Oct/2024:10:52:34 -0400] "POST /wp-cron.php?doing_wp_cron=1729176754.2309589385986328125000 HTTP/1.1" 200 0 "-" "WordPress/6.6.2; https://thietke365.net"
87.120.114.208 - - [17/Oct/2024:10:52:22 -0400] "POST /wp-login.php HTTP/1.1" 200 3066 "-" "Mozilla/5.0"
162.213.251.195 - - [17/Oct/2024:10:55:28 -0400] "POST /wp-cron.php?doing_wp_cron=1729176928.4278309345245361328125 HTTP/1.1" 200 0 "-" "WordPress/6.6.2; https://thietke365.net"
87.120.115.14 - - [17/Oct/2024:10:55:18 -0400] "POST /wp-login.php HTTP/1.1" 200 3066 "-" "Mozilla/5.0"
162.213.251.195 - - [17/Oct/2024:10:57:47 -0400] "POST /wp-cron.php?doing_wp_cron=1729177067.0529119968414306640625 HTTP/1.1" 200 0 "-" "WordPress/6.6.2; https://thietke365.net"
31.135.241.21 - - [17/Oct/2024:10:57:43 -0400] "POST /wp-login.php HTTP/1.1" 200 3071 "-" "Mozilla/5.0 (Windows NT 6.1; Win64; x64) AppleWebKit/537.36 (KHTML, like Gecko) Chrome/78.0.3904.97 Safari/537.36"
162.213.251.195 - - [17/Oct/2024:10:59:53 -0400] "POST /wp-cron.php?doing_wp_cron=1729177193.6081819534301757812500 HTTP/1.1" 200 0 "-" "WordPress/6.6.2; https://thietke365.net"
2a01:4b80:1:1:1c00:d4ff:fe00:3c57 - - [17/Oct/2024:10:59:50 -0400] "POST /wp-login.php HTTP/1.1" 200 3066 "-" "Mozilla/5.0 (Windows NT 6.1; WOW64) AppleWebKit/537.36 (KHTML, like Gecko) Chrome/52.0.2743.116 Safari/537.36"
2001:41d0:401:3000::13f9 - - [17/Oct/2024:11:00:19 -0400] "POST /wp-login.php HTTP/1.1" 200 3081 "-" "Mozilla/5.0 (Windows NT 6.1; Win64; x64) AppleWebKit/537.36 (KHTML, like Gecko) Chrome/55.0.2883.87 Safari/537.36"
162.213.251.195 - - [17/Oct/2024:11:00:30 -0400] "POST /wp-cron.php?doing_wp_cron=1729177229.8301999568939208984375 HTTP/1.1" 200 0 "-" "WordPress/6.6.2; https://thietke365.net"
134.209.100.10 - - [17/Oct/2024:11:00:29 -0400] "POST /wp-login.php HTTP/1.1" 200 3066 "-" "Mozilla/5.0 (Windows NT 6.1; WOW64) AppleWebKit/537.36 (KHTML, like Gecko) Chrome/63.0.3239.132 Safari/537.36"
66.249.79.171 - - [17/Oct/2024:11:00:47 -0400] "GET /robots.txt HTTP/1.1" 200 111 "-" "Mozilla/5.0 (compatible; Googlebot/2.1; +http://www.google.com/bot.html)"
66.249.79.169 - - [17/Oct/2024:11:00:49 -0400] "GET /wp-content/uploads/2024/07/screencapture-21213dienthoai08-webdmo-net-2024-07-11-10_03_10.png HTTP/1.1" 200 1179218 "-" "Googlebot-Image/1.0"
162.213.251.195 - - [17/Oct/2024:11:04:30 -0400] "POST /wp-cron.php?doing_wp_cron=1729177469.8311059474945068359375 HTTP/1.1" 200 0 "-" "WordPress/6.6.2; https://thietke365.net"
216.244.66.249 - - [17/Oct/2024:11:04:19 -0400] "GET /san-pham/theme-doanh-nghiep-luat-02/ HTTP/1.1" 200 37583 "-" "Mozilla/5.0 (compatible; DotBot/1.2; +https://opensiteexplorer.org/dotbot; [email protected])"
216.244.66.249 - - [17/Oct/2024:11:05:03 -0400] "GET /tu-khoa-san-pham/hai-san/ HTTP/1.1" 200 31875 "-" "Mozilla/5.0 (compatible; DotBot/1.2; +https://opensiteexplorer.org/dotbot; [email protected])"
162.213.251.195 - - [17/Oct/2024:11:07:52 -0400] "POST /wp-cron.php?doing_wp_cron=1729177672.2736580371856689453125 HTTP/1.1" 200 0 "-" "WordPress/6.6.2; https://thietke365.net"
138.246.253.24 - - [17/Oct/2024:11:07:45 -0400] "GET /robots.txt HTTP/1.1" 200 111 "-" "Mozilla/5.0 (Windows NT 10.0; Win64; x64) AppleWebKit/537.36 (KHTML, like Gecko) Chrome/103.0.5060.134 Safari/537.36"
162.213.251.195 - - [17/Oct/2024:11:09:50 -0400] "POST /wp-cron.php?doing_wp_cron=1729177790.1686251163482666015625 HTTP/1.1" 200 0 "-" "WordPress/6.6.2; https://thietke365.net"
79.232.60.37 - - [17/Oct/2024:11:09:47 -0400] "POST /wp-login.php HTTP/1.1" 200 3072 "-" "Mozilla/5.0 (Windows NT 6.1; WOW64) AppleWebKit/537.36 (KHTML, like Gecko) Chrome/51.0.2704.106 Safari/537.36"
162.213.251.195 - - [17/Oct/2024:11:11:53 -0400] "POST /wp-cron.php?doing_wp_cron=1729177913.3080921173095703125000 HTTP/1.1" 200 0 "-" "WordPress/6.6.2; https://thietke365.net"
122.114.61.125 - - [17/Oct/2024:11:11:49 -0400] "POST /wp-login.php HTTP/1.1" 200 3067 "-" "Mozilla/5.0 (Windows NT 6.1) AppleWebKit/537.36 (KHTML, like Gecko) Chrome/59.0.3071.115 Safari/537.36"
141.94.247.170 - - [17/Oct/2024:11:12:17 -0400] "POST /wp-login.php HTTP/1.1" 200 3072 "-" "Mozilla/5.0 (Windows NT 6.0) AppleWebKit/537.36 (KHTML, like Gecko) Chrome/49.0.2623.112 Safari/537.36"
162.213.251.195 - - [17/Oct/2024:11:12:29 -0400] "POST /wp-cron.php?doing_wp_cron=1729177949.1442871093750000000000 HTTP/1.1" 200 0 "-" "WordPress/6.6.2; https://thietke365.net"
154.0.173.95 - - [17/Oct/2024:11:12:28 -0400] "POST /wp-login.php HTTP/1.1" 200 3067 "-" "Mozilla/5.0 (Windows NT 6.1; Win64; x64) AppleWebKit/537.36 (KHTML, like Gecko) Chrome/55.0.2883.87 Safari/537.36"
162.213.251.195 - - [17/Oct/2024:11:16:28 -0400] "POST /wp-cron.php?doing_wp_cron=1729178188.0045089721679687500000 HTTP/1.1" 200 0 "-" "WordPress/6.6.2; https://thietke365.net"
104.244.76.114 - - [17/Oct/2024:11:16:25 -0400] "GET /wp-login.php HTTP/1.1" 200 2889 "-" "Mozilla/5.0 (Windows NT 6.1; rv:30.0) Gecko/20100101 Firefox/30.0"
104.244.76.114 - - [17/Oct/2024:11:16:28 -0400] "POST /wp-login.php HTTP/1.1" 200 3024 "-" "Mozilla/5.0 (Windows NT 6.1; rv:30.0) Gecko/20100101 Firefox/30.0"
54.36.182.232 - - [17/Oct/2024:11:21:38 -0400] "POST /wp-login.php HTTP/1.1" 200 0 "-" "Mozilla/5.0 (Windows NT 10.0; Win64; x64) AppleWebKit/537.36 (KHTML, like Gecko) Chrome/73.0.3683.86 Safari/537.36"
162.213.251.195 - - [17/Oct/2024:11:21:53 -0400] "POST /wp-cron.php?doing_wp_cron=1729178511.2044019699096679687500 HTTP/1.1" 200 0 "-" "WordPress/6.6.2; https://thietke365.net"
87.120.114.208 - - [17/Oct/2024:11:22:34 -0400] "POST /wp-login.php HTTP/1.1" 200 3066 "-" "Mozilla/5.0"
2a06:6440:0:2c40::1 - - [17/Oct/2024:11:24:13 -0400] "POST /wp-login.php HTTP/1.1" 200 0 "-" "Mozilla/5.0 (Windows NT 6.1; WOW64) AppleWebKit/537.36 (KHTML, like Gecko) Chrome/51.0.2704.106 Safari/537.36"
162.213.251.195 - - [17/Oct/2024:11:24:24 -0400] "POST /wp-cron.php?doing_wp_cron=1729178663.9250049591064453125000 HTTP/1.1" 200 0 "-" "WordPress/6.6.2; https://thietke365.net"
8.217.8.87 - - [17/Oct/2024:11:24:24 -0400] "POST /wp-login.php HTTP/1.1" 200 3013 "-" "Mozilla/5.0 (Windows NT 10.0; WOW64) AppleWebKit/537.36 (KHTML, like Gecko) Chrome/55.0.2883.87 Safari/537.36"
202.92.4.47 - - [17/Oct/2024:11:25:46 -0400] "GET /.well-known/acme-challenge/RJB0W0OY6XETCW6B_99-VZ9S8PSL3Q_3 HTTP/1.1" 404 1251 "-" "Cpanel-HTTP-Client/1.0"
202.92.4.47 - - [17/Oct/2024:11:25:54 -0400] "GET /.well-known/acme-challenge/AAZE614BQ4R29NR16N2X_UNFBP4_69U6 HTTP/1.1" 404 1251 "-" "Cpanel-HTTP-Client/1.0"
103.117.20.190 - - [17/Oct/2024:11:30:02 -0400] "POST /xmlrpc.php HTTP/1.1" 200 218 "-" "Mozilla/5.0 (Windows NT 10.0; Win64; x64) AppleWebKit/537.36 (KHTML, like Gecko) Chrome/88.0.4324.104 Safari/537.36"
212.27.63.153 - - [17/Oct/2024:11:29:57 -0400] "POST /xmlrpc.php HTTP/1.1" 200 218 "-" "Mozilla/5.0 (Windows NT 10.0; Win64; x64) AppleWebKit/537.36 (KHTML, like Gecko) Chrome/69.0.3497.100 Safari/537.36"
162.213.251.195 - - [17/Oct/2024:11:30:05 -0400] "POST /wp-cron.php?doing_wp_cron=1729179004.3772730827331542968750 HTTP/1.1" 200 0 "-" "WordPress/6.6.2; https://thietke365.net"
162.213.251.195 - - [17/Oct/2024:11:30:05 -0400] "POST /wp-cron.php?doing_wp_cron=1729179004.3758940696716308593750 HTTP/1.1" 200 0 "-" "WordPress/6.6.2; https://thietke365.net"
103.139.103.154 - - [17/Oct/2024:11:29:57 -0400] "POST /xmlrpc.php HTTP/1.1" 200 218 "-" "Mozilla/5.0 (Windows NT 6.1) AppleWebKit/537.36 (KHTML, like Gecko) Chrome/56.0.2924.76 Safari/537.36"
202.29.240.28 - - [17/Oct/2024:11:30:07 -0400] "POST /xmlrpc.php HTTP/1.1" 200 218 "-" "Mozilla/5.0 (Windows NT 6.3; Win64; x64) AppleWebKit/537.36 (KHTML, like Gecko) Chrome/60.0.3112.113 Safari/537.36"
199.108.99.54 - - [17/Oct/2024:11:30:11 -0400] "POST /xmlrpc.php HTTP/1.1" 200 218 "-" "Mozilla/5.0 (iPhone; CPU iPhone OS 14_6 like Mac OS X) AppleWebKit/605.1.15 (KHTML, like Gecko) CriOS/91.0.4472.80 Mobile/15E148 Safari/604.1"
191.98.133.194 - - [17/Oct/2024:11:30:16 -0400] "POST /xmlrpc.php HTTP/1.1" 200 218 "-" "Mozilla/5.0 (Linux; Android 10; LM-Q720) AppleWebKit/537.36 (KHTML, like Gecko) Chrome/91.0.4472.114 Mobile Safari/537.36"
35.223.243.25 - - [17/Oct/2024:11:30:17 -0400] "POST /xmlrpc.php HTTP/1.1" 200 218 "-" "Mozilla/5.0 (Windows NT 10.0; Win64; x64) AppleWebKit/537.36 (KHTML, like Gecko) Chrome/60.0.3112.113 Safari/537.36"
41.111.178.66 - - [17/Oct/2024:11:30:25 -0400] "POST /xmlrpc.php HTTP/1.1" 200 218 "-" "Mozilla/5.0 (Windows NT 10.0; Win64; x64) AppleWebKit/537.36 (KHTML, like Gecko) Chrome/90.0.4430.212 Safari/537.36"
23.106.181.13 - - [17/Oct/2024:11:30:26 -0400] "POST /xmlrpc.php HTTP/1.1" 200 218 "-" "Mozilla/5.0 (Windows NT 6.1; WOW64; rv:17.0) Gecko/20100101 Firefox/17.0"
203.161.63.25 - - [17/Oct/2024:11:30:27 -0400] "POST /xmlrpc.php HTTP/1.1" 200 218 "-" "Mozilla/5.0 (Windows NT 10.0; Win64; x64) AppleWebKit/537.36 (KHTML, like Gecko) Chrome/84.0.4147.135 Safari/537.36"
45.40.166.67 - - [17/Oct/2024:11:30:27 -0400] "POST /xmlrpc.php HTTP/1.1" 200 218 "-" "Mozilla/5.0 (Windows NT 10.0; Win64; x64) AppleWebKit/537.36 (KHTML, like Gecko) Chrome/90.0.4430.212 Safari/537.36"
125.141.133.100 - - [17/Oct/2024:11:30:30 -0400] "POST /xmlrpc.php HTTP/1.1" 200 218 "-" "Mozilla/5.0 (Windows NT 10.0; Win64; x64; rv:85.0) Gecko/20100101 Firefox/85.0"
162.241.252.191 - - [17/Oct/2024:11:30:33 -0400] "POST /xmlrpc.php HTTP/1.1" 200 218 "-" "Mozilla/5.0 (Windows NT 10.0; Win64; x64) AppleWebKit/537.36 (KHTML, like Gecko) Chrome/70.0.3538.102 Safari/537.36"
63.250.40.100 - - [17/Oct/2024:11:30:34 -0400] "POST /xmlrpc.php HTTP/1.1" 200 218 "-" "Mozilla/5.0 (Windows NT 10.0; Win64; x64) AppleWebKit/537.36 (KHTML, like Gecko) Chrome/69.0.3497.100 Safari/537.36"
23.106.181.13 - - [17/Oct/2024:11:30:40 -0400] "POST /xmlrpc.php HTTP/1.1" 200 218 "-" "Mozilla/5.0 (Windows NT 6.1; Win64; x64) AppleWebKit/537.36 (KHTML, like Gecko) Chrome/79.0.3945.88 Safari/537.36"
37.75.250.14 - - [17/Oct/2024:11:30:44 -0400] "POST /xmlrpc.php HTTP/1.1" 200 218 "-" "Mozilla/5.0 (Windows NT 10.0; Win64; x64) AppleWebKit/537.36 (KHTML, like Gecko) Chrome/90.0.4430.212 Safari/537.36"
168.138.157.156 - - [17/Oct/2024:11:30:49 -0400] "POST /xmlrpc.php HTTP/1.1" 200 218 "-" "Mozilla/5.0 (Windows NT 10.0; Win64; x64) AppleWebKit/537.36 (KHTML, like Gecko) Chrome/79.0.3945.117 Safari/537.36"
84.205.244.133 - - [17/Oct/2024:11:30:56 -0400] "POST /xmlrpc.php HTTP/1.1" 200 218 "-" "Mozilla/5.0 (Windows NT 10.0; Win64; x64) AppleWebKit/537.36 (KHTML, like Gecko) Chrome/87.0.4280.141 Safari/537.36"
41.193.5.58 - - [17/Oct/2024:11:30:57 -0400] "POST /xmlrpc.php HTTP/1.1" 200 218 "-" "Mozilla/5.0 (Windows NT 10.0; Win64; x64; rv:62.0) Gecko/20100101 Firefox/62.0"
162.213.251.195 - - [17/Oct/2024:11:33:42 -0400] "POST /wp-cron.php?doing_wp_cron=1729179221.6084320545196533203125 HTTP/1.1" 200 0 "-" "WordPress/6.6.2; https://thietke365.net"
162.144.135.175 - - [17/Oct/2024:11:33:35 -0400] "POST /wp-login.php HTTP/1.1" 200 3092 "-" "Mozilla/5.0 (Windows NT 10.0; Win64; x64) AppleWebKit/537.36 (KHTML, like Gecko) Chrome/86.0.4240.193 Safari/537.36"
162.213.251.195 - - [17/Oct/2024:11:35:44 -0400] "POST /wp-cron.php?doing_wp_cron=1729179344.5047879219055175781250 HTTP/1.1" 200 0 "-" "WordPress/6.6.2; https://thietke365.net"
157.66.26.170 - - [17/Oct/2024:11:35:40 -0400] "POST /wp-login.php HTTP/1.1" 200 3066 "-" "Mozilla/5.0 (Windows NT 10.0; Win64; x64) AppleWebKit/537.36 (KHTML, like Gecko) Chrome/72.0.3626.109 Safari/537.36"
154.0.173.95 - - [17/Oct/2024:11:36:08 -0400] "POST /wp-login.php HTTP/1.1" 200 3014 "-" "Mozilla/5.0 (Windows NT 10.0; WOW64) AppleWebKit/537.36 (KHTML, like Gecko) Chrome/55.0.2883.87 Safari/537.36"
217.182.158.226 - - [17/Oct/2024:11:36:19 -0400] "POST /wp-login.php HTTP/1.1" 200 3013 "-" "Mozilla/5.0 (Windows NT 6.1; Win64; x64) AppleWebKit/537.36 (KHTML, like Gecko) Chrome/79.0.3945.117 Safari/537.36"
188.166.1.163 - - [17/Oct/2024:11:45:29 -0400] "POST /wp-login.php HTTP/1.1" 200 0 "-" "Mozilla/5.0 (Windows NT 6.1; WOW64) AppleWebKit/537.36 (KHTML, like Gecko) Chrome/47.0.2526.111 Safari/537.36"
162.213.251.195 - - [17/Oct/2024:11:45:46 -0400] "POST /wp-cron.php?doing_wp_cron=1729179945.4567239284515380859375 HTTP/1.1" 200 0 "-" "WordPress/6.6.2; https://thietke365.net"
162.213.251.195 - - [17/Oct/2024:11:48:06 -0400] "POST /wp-cron.php?doing_wp_cron=1729180085.9423289299011230468750 HTTP/1.1" 200 0 "-" "WordPress/6.6.2; https://thietke365.net"
94.23.68.219 - - [17/Oct/2024:11:48:01 -0400] "POST /wp-login.php HTTP/1.1" 200 3014 "-" "Mozilla/5.0 (Windows NT 10.0; WOW64) AppleWebKit/537.36 (KHTML, like Gecko) Chrome/47.0.2526.106 Safari/537.36"
49.232.145.205 - - [17/Oct/2024:11:48:13 -0400] "POST /wp-login.php HTTP/1.1" 200 3013 "-" "Mozilla/5.0 (Windows NT 6.1; Win64; x64) AppleWebKit/537.36 (KHTML, like Gecko) Chrome/78.0.3904.97 Safari/537.36"
162.213.251.195 - - [17/Oct/2024:11:50:37 -0400] "POST /wp-cron.php?doing_wp_cron=1729180236.7660090923309326171875 HTTP/1.1" 200 0 "-" "WordPress/6.6.2; https://thietke365.net"
216.244.66.249 - - [17/Oct/2024:11:50:32 -0400] "GET /san-pham/theme-wordpress-ban-iphone/ HTTP/1.1" 200 37715 "-" "Mozilla/5.0 (compatible; DotBot/1.2; +https://opensiteexplorer.org/dotbot; [email protected])"
162.213.251.195 - - [17/Oct/2024:11:51:28 -0400] "POST /wp-cron.php?doing_wp_cron=1729180288.0128190517425537109375 HTTP/1.1" 200 0 "-" "WordPress/6.6.2; https://thietke365.net"
87.120.115.14 - - [17/Oct/2024:11:51:27 -0400] "POST /wp-login.php HTTP/1.1" 200 3075 "-" "Mozilla/5.0"
162.213.251.195 - - [17/Oct/2024:11:52:46 -0400] "POST /wp-cron.php?doing_wp_cron=1729180366.0977029800415039062500 HTTP/1.1" 200 0 "-" "WordPress/6.6.2; https://thietke365.net"
87.120.114.208 - - [17/Oct/2024:11:52:45 -0400] "POST /wp-login.php HTTP/1.1" 200 3066 "-" "Mozilla/5.0"
162.213.251.195 - - [17/Oct/2024:11:55:42 -0400] "POST /wp-cron.php?doing_wp_cron=1729180541.6503379344940185546875 HTTP/1.1" 200 0 "-" "WordPress/6.6.2; https://thietke365.net"
45.61.187.219 - - [17/Oct/2024:11:55:35 -0400] "GET /wp-login.php HTTP/1.1" 200 2889 "-" "Mozilla/5.0 (compatible; MSIE 9.0; Windows NT 6.1; WOW64; Trident/5.0)"
45.61.187.219 - - [17/Oct/2024:11:55:42 -0400] "POST /wp-login.php HTTP/1.1" 200 3024 "-" "Mozilla/5.0 (compatible; MSIE 9.0; Windows NT 6.1; WOW64; Trident/5.0)"
216.244.66.249 - - [17/Oct/2024:11:56:05 -0400] "GET /san-pham/theme-wordpress-ban-bia-da/ HTTP/1.1" 200 37685 "-" "Mozilla/5.0 (compatible; DotBot/1.2; +https://opensiteexplorer.org/dotbot; [email protected])"
162.213.251.195 - - [17/Oct/2024:11:57:19 -0400] "POST /wp-cron.php?doing_wp_cron=1729180639.2467319965362548828125 HTTP/1.1" 200 0 "-" "WordPress/6.6.2; https://thietke365.net"
47.244.50.243 - - [17/Oct/2024:11:57:18 -0400] "POST /wp-login.php HTTP/1.1" 200 3082 "-" "Mozilla/5.0 (Windows NT 10.0; WOW64) AppleWebKit/537.36 (KHTML, like Gecko) Chrome/53.0.2785.143 Safari/537.36"
162.213.251.195 - - [17/Oct/2024:11:57:47 -0400] "POST /wp-cron.php?doing_wp_cron=1729180666.8042180538177490234375 HTTP/1.1" 200 0 "-" "WordPress/6.6.2; https://thietke365.net"
216.244.66.249 - - [17/Oct/2024:11:57:46 -0400] "GET /mau-giao-dien/page/22/ HTTP/1.1" 200 35676 "-" "Mozilla/5.0 (compatible; DotBot/1.2; +https://opensiteexplorer.org/dotbot; [email protected])"
216.244.66.249 - - [17/Oct/2024:11:58:16 -0400] "GET /san-pham/theme-wordpress-dich-vu-lam-ho-ca-koi/ HTTP/1.1" 200 37801 "-" "Mozilla/5.0 (compatible; DotBot/1.2; +https://opensiteexplorer.org/dotbot; [email protected])"
162.213.251.195 - - [17/Oct/2024:11:58:46 -0400] "POST /wp-cron.php?doing_wp_cron=1729180725.8665699958801269531250 HTTP/1.1" 200 0 "-" "WordPress/6.6.2; https://thietke365.net"
216.244.66.249 - - [17/Oct/2024:11:58:45 -0400] "GET /san-pham/theme-wordpress-ban-may-tinh-04/ HTTP/1.1" 200 37668 "-" "Mozilla/5.0 (compatible; DotBot/1.2; +https://opensiteexplorer.org/dotbot; [email protected])"
162.213.251.195 - - [17/Oct/2024:11:59:24 -0400] "POST /wp-cron.php?doing_wp_cron=1729180764.6025149822235107421875 HTTP/1.1" 200 0 "-" "WordPress/6.6.2; https://thietke365.net"
2001:41d0:2:3ea5:: - - [17/Oct/2024:11:59:23 -0400] "POST /wp-login.php HTTP/1.1" 200 3066 "-" "Mozilla/5.0 (Windows; U; Windows NT 5.1; en-US) AppleWebKit/533.4 (KHTML, like Gecko) Chrome/5.0.375.99 Safari/533.4"
8.218.30.127 - - [17/Oct/2024:11:59:50 -0400] "POST /wp-login.php HTTP/1.1" 200 3014 "-" "Mozilla/5.0 (Windows NT 6.1; Win64; x64) AppleWebKit/537.36 (KHTML, like Gecko) Chrome/67.0.3396.87 Safari/537.36"
157.245.131.229 - - [17/Oct/2024:12:00:03 -0400] "POST /wp-login.php HTTP/1.1" 200 3013 "-" "Mozilla/5.0 (Windows NT 6.1; Win64; x64) AppleWebKit/537.36 (KHTML, like Gecko) Chrome/55.0.2883.87 Safari/537.36"
66.249.79.165 - - [17/Oct/2024:12:05:47 -0400] "GET /wp-content/uploads/2023/10/bds5.jpg HTTP/1.1" 200 273781 "-" "Googlebot-Image/1.0"
51.38.41.215 - - [17/Oct/2024:12:09:18 -0400] "POST /wp-login.php HTTP/1.1" 200 0 "-" "Mozilla/5.0 (Windows NT 6.1; Win64; x64) AppleWebKit/537.36 (KHTML, like Gecko) Chrome/55.0.2883.87 Safari/537.36"
162.213.251.195 - - [17/Oct/2024:12:09:34 -0400] "POST /wp-cron.php?doing_wp_cron=1729181373.8308639526367187500000 HTTP/1.1" 200 0 "-" "WordPress/6.6.2; https://thietke365.net"
66.249.79.167 - - [17/Oct/2024:12:10:09 -0400] "GET /wp-content/uploads/2023/10/baby1.jpg HTTP/1.1" 200 246199 "-" "Googlebot-Image/1.0"
162.213.251.195 - - [17/Oct/2024:12:11:34 -0400] "POST /wp-cron.php?doing_wp_cron=1729181494.1284430027008056640625 HTTP/1.1" 200 0 "-" "WordPress/6.6.2; https://thietke365.net"
51.178.138.74 - - [17/Oct/2024:12:11:25 -0400] "POST /wp-login.php HTTP/1.1" 200 0 "-" "Mozilla/5.0 (Windows NT 6.1) AppleWebKit/537.36 (KHTML, like Gecko) Chrome/58.0.3029.110 Safari/537.36"
195.94.230.222 - - [17/Oct/2024:12:11:53 -0400] "POST /wp-login.php HTTP/1.1" 200 3014 "-" "Mozilla/5.0 (Windows NT 6.3; WOW64) AppleWebKit/537.36 (KHTML, like Gecko) Chrome/46.0.2490.80 Safari/537.36"
195.94.230.222 - - [17/Oct/2024:12:12:03 -0400] "POST /wp-login.php HTTP/1.1" 200 3013 "-" "Mozilla/5.0 (Windows NT 6.1) AppleWebKit/537.36 (KHTML, like Gecko) Chrome/63.0.3239.84 Safari/537.36"
193.164.17.45 - - [17/Oct/2024:12:21:18 -0400] "POST /wp-login.php HTTP/1.1" 200 0 "-" "Mozilla/5.0 (Windows NT 6.3; Win64; x64) AppleWebKit/537.36 (KHTML, like Gecko) Chrome/68.0.3440.106 Safari/537.36"
162.213.251.195 - - [17/Oct/2024:12:21:30 -0400] "POST /wp-cron.php?doing_wp_cron=1729182090.4971299171447753906250 HTTP/1.1" 200 0 "-" "WordPress/6.6.2; https://thietke365.net"
162.213.251.195 - - [17/Oct/2024:12:22:53 -0400] "POST /wp-cron.php?doing_wp_cron=1729182172.9974520206451416015625 HTTP/1.1" 200 0 "-" "WordPress/6.6.2; https://thietke365.net"
40.69.206.230 - - [17/Oct/2024:12:22:52 -0400] "GET /index.php HTTP/1.1" 301 0 "-" "-"
40.69.206.230 - - [17/Oct/2024:12:22:53 -0400] "GET / HTTP/1.1" 200 38470 "-" "-"
40.69.206.230 - - [17/Oct/2024:12:22:55 -0400] "GET /cgi-bin/xmrlpc.php HTTP/1.1" 404 29173 "-" "-"
40.69.206.230 - - [17/Oct/2024:12:22:57 -0400] "GET /404.php HTTP/1.1" 404 29114 "-" "-"
40.69.206.230 - - [17/Oct/2024:12:22:58 -0400] "GET /wp-configs.php HTTP/1.1" 404 29154 "-" "-"
87.120.114.208 - - [17/Oct/2024:12:23:00 -0400] "POST /wp-login.php HTTP/1.1" 200 3066 "-" "Mozilla/5.0"
40.69.206.230 - - [17/Oct/2024:12:23:00 -0400] "GET /simple.php HTTP/1.1" 404 29045 "-" "-"
40.69.206.230 - - [17/Oct/2024:12:23:01 -0400] "GET /themes.php HTTP/1.1" 404 29103 "-" "-"
40.69.206.230 - - [17/Oct/2024:12:23:02 -0400] "GET /ini.php HTTP/1.1" 404 29147 "-" "-"
40.69.206.230 - - [17/Oct/2024:12:23:04 -0400] "GET /autoload_classmap.php HTTP/1.1" 404 29201 "-" "-"
40.69.206.230 - - [17/Oct/2024:12:23:05 -0400] "GET /as.php HTTP/1.1" 404 29134 "-" "-"
40.69.206.230 - - [17/Oct/2024:12:23:06 -0400] "GET /admin/upload/css.php HTTP/1.1" 404 29154 "-" "-"
40.69.206.230 - - [17/Oct/2024:12:23:07 -0400] "GET /.well-known/pki-validation/afnew.php HTTP/1.1" 404 1251 "-" "-"
40.69.206.230 - - [17/Oct/2024:12:23:07 -0400] "GET /lufix.php HTTP/1.1" 404 29128 "-" "-"
40.69.206.230 - - [17/Oct/2024:12:23:09 -0400] "GET /media.php HTTP/1.1" 404 29122 "-" "-"
40.69.206.230 - - [17/Oct/2024:12:23:10 -0400] "GET /simple.php HTTP/1.1" 404 29102 "-" "-"
40.69.206.230 - - [17/Oct/2024:12:23:11 -0400] "GET /contact.php HTTP/1.1" 404 29089 "-" "-"
40.69.206.230 - - [17/Oct/2024:12:23:12 -0400] "GET /byp.php HTTP/1.1" 404 29090 "-" "-"
40.69.206.230 - - [17/Oct/2024:12:23:13 -0400] "GET /upload.php HTTP/1.1" 404 29113 "-" "-"
40.69.206.230 - - [17/Oct/2024:12:23:14 -0400] "GET /wp-content/themes/sketch/404.php HTTP/1.1" 404 29182 "-" "-"
40.69.206.230 - - [17/Oct/2024:12:23:16 -0400] "GET /test.php HTTP/1.1" 404 29069 "-" "-"
40.69.206.230 - - [17/Oct/2024:12:23:17 -0400] "GET /cong.php HTTP/1.1" 404 29112 "-" "-"
40.69.206.230 - - [17/Oct/2024:12:23:18 -0400] "GET /about/function.php HTTP/1.1" 404 29072 "-" "-"
40.69.206.230 - - [17/Oct/2024:12:23:19 -0400] "GET /filemanager/dialog.php HTTP/1.1" 404 29169 "-" "-"
40.69.206.230 - - [17/Oct/2024:12:23:20 -0400] "GET /bak.php HTTP/1.1" 404 29137 "-" "-"
40.69.206.230 - - [17/Oct/2024:12:23:21 -0400] "GET /wp-info.php HTTP/1.1" 404 29081 "-" "-"
162.213.251.195 - - [17/Oct/2024:12:23:23 -0400] "POST /wp-cron.php?doing_wp_cron=1729182203.1296300888061523437500 HTTP/1.1" 200 0 "-" "WordPress/6.6.2; https://thietke365.net"
40.69.206.230 - - [17/Oct/2024:12:23:22 -0400] "GET /files/index.php HTTP/1.1" 301 0 "-" "-"
40.69.206.230 - - [17/Oct/2024:12:23:23 -0400] "GET /files/ HTTP/1.1" 404 29104 "-" "-"
40.69.206.230 - - [17/Oct/2024:12:23:25 -0400] "GET /css.php HTTP/1.1" 404 29148 "-" "-"
64.227.141.213 - - [17/Oct/2024:12:23:25 -0400] "POST /wp-login.php HTTP/1.1" 200 3066 "-" "Mozilla/5.0 (Windows NT 6.3; WOW64) AppleWebKit/537.36 (KHTML, like Gecko) Chrome/47.0.2526.106 Safari/537.36"
40.69.206.230 - - [17/Oct/2024:12:23:26 -0400] "GET /css/index.php HTTP/1.1" 301 0 "-" "-"
40.69.206.230 - - [17/Oct/2024:12:23:26 -0400] "GET /css/ HTTP/1.1" 404 29186 "-" "-"
40.69.206.230 - - [17/Oct/2024:12:23:27 -0400] "GET /wp-includes/bak.php HTTP/1.1" 404 29150 "-" "-"
40.69.206.230 - - [17/Oct/2024:12:23:29 -0400] "GET /alfa-rex.php7 HTTP/1.1" 404 28999 "-" "-"
40.69.206.230 - - [17/Oct/2024:12:23:31 -0400] "GET /wp-admin/wp-login.php HTTP/1.1" 404 29169 "-" "-"
40.69.206.230 - - [17/Oct/2024:12:23:33 -0400] "GET /wp-includes/cloud.php HTTP/1.1" 404 29026 "-" "-"
40.69.206.230 - - [17/Oct/2024:12:23:34 -0400] "GET /wp-content/index.php HTTP/1.1" 200 0 "-" "-"
40.69.206.230 - - [17/Oct/2024:12:23:34 -0400] "GET /readme.php HTTP/1.1" 404 29091 "-" "-"
162.213.251.195 - - [17/Oct/2024:12:23:36 -0400] "POST /wp-admin/admin-ajax.php?action=as_async_request_queue_runner&nonce=3a526e2573 HTTP/1.1" 200 0 "-" "WordPress/6.6.2; https://thietke365.net"
40.69.206.230 - - [17/Oct/2024:12:23:35 -0400] "GET /wp-admin/about.php HTTP/1.1" 302 0 "-" "-"
40.69.206.230 - - [17/Oct/2024:12:23:37 -0400] "GET /wp-login.php?redirect_to=https%3A%2F%2Fthietke365.net%2Fwp-admin%2Fabout.php&reauth=1 HTTP/1.1" 200 2887 "-" "-"
40.69.206.230 - - [17/Oct/2024:12:23:38 -0400] "GET /wp-content/themes/404.php HTTP/1.1" 404 29194 "-" "-"
40.69.206.230 - - [17/Oct/2024:12:23:40 -0400] "GET /wp-admin/index.php HTTP/1.1" 302 0 "-" "-"
40.69.206.230 - - [17/Oct/2024:12:23:40 -0400] "GET /wp-login.php?redirect_to=https%3A%2F%2Fthietke365.net%2Fwp-admin%2Findex.php&reauth=1 HTTP/1.1" 200 2885 "-" "-"
40.69.206.230 - - [17/Oct/2024:12:23:41 -0400] "GET /wp-content/themes.php HTTP/1.1" 404 29130 "-" "-"
40.69.206.230 - - [17/Oct/2024:12:23:42 -0400] "GET /wp-content/dropdown.php HTTP/1.1" 404 29101 "-" "-"
40.69.206.230 - - [17/Oct/2024:12:23:44 -0400] "GET /wp-includes/404.php HTTP/1.1" 404 29143 "-" "-"
40.69.206.230 - - [17/Oct/2024:12:23:45 -0400] "GET /wp-content/upgrade/index.php HTTP/1.1" 301 0 "-" "-"
40.69.206.230 - - [17/Oct/2024:12:23:46 -0400] "GET /wp-content/upgrade/ HTTP/1.1" 200 545 "-" "-"
40.69.206.230 - - [17/Oct/2024:12:23:46 -0400] "GET /cgi-bin/file.php HTTP/1.1" 404 29081 "-" "-"
66.249.79.165 - - [17/Oct/2024:12:23:47 -0400] "GET /wp-content/uploads/2023/10/maytinh6.jpg HTTP/1.1" 200 298114 "-" "Googlebot-Image/1.0"
40.69.206.230 - - [17/Oct/2024:12:23:48 -0400] "GET /.well-known/index.php HTTP/1.1" 301 0 "-" "-"
40.69.206.230 - - [17/Oct/2024:12:23:48 -0400] "GET /.well-known/ HTTP/1.1" 200 616 "-" "-"
40.69.206.230 - - [17/Oct/2024:12:23:49 -0400] "GET /wp-content/cloud.php HTTP/1.1" 404 29228 "-" "-"
40.69.206.230 - - [17/Oct/2024:12:23:50 -0400] "GET /.well-known/acme-challenge/index.php HTTP/1.1" 301 0 "-" "-"
40.69.206.230 - - [17/Oct/2024:12:23:51 -0400] "GET /.well-known/acme-challenge/ HTTP/1.1" 404 29062 "-" "-"
40.69.206.230 - - [17/Oct/2024:12:23:53 -0400] "GET /cgi-bin/404.php HTTP/1.1" 404 29134 "-" "-"
40.69.206.230 - - [17/Oct/2024:12:23:54 -0400] "GET /wp-includes/function.php HTTP/1.1" 404 29120 "-" "-"
40.69.206.230 - - [17/Oct/2024:12:23:56 -0400] "GET /file.php HTTP/1.1" 404 29111 "-" "-"
40.69.206.230 - - [17/Oct/2024:12:23:57 -0400] "GET /.well-known/acme-challenge/autoload_classmap.php HTTP/1.1" 404 29185 "-" "-"
143.244.139.242 - - [17/Oct/2024:12:23:57 -0400] "POST /wp-login.php HTTP/1.1" 200 3014 "-" "Mozilla/5.0 (Windows NT 10.0; WOW64) AppleWebKit/537.36 (KHTML, like Gecko) Chrome/79.0.3945.130 Safari/537.36"
40.69.206.230 - - [17/Oct/2024:12:23:58 -0400] "GET /wp-includes/themes.php HTTP/1.1" 404 29165 "-" "-"
40.69.206.230 - - [17/Oct/2024:12:23:59 -0400] "GET /wp-includes/wp-login.php HTTP/1.1" 404 29151 "-" "-"
40.69.206.230 - - [17/Oct/2024:12:24:00 -0400] "GET /wp-content/file.php HTTP/1.1" 404 29046 "-" "-"
40.69.206.230 - - [17/Oct/2024:12:24:02 -0400] "GET /wp-trackback.php HTTP/1.1" 404 112 "-" "-"
40.69.206.230 - - [17/Oct/2024:12:24:04 -0400] "GET /wp-includes/SimplePie/wp-login.php HTTP/1.1" 404 29071 "-" "-"
40.69.206.230 - - [17/Oct/2024:12:24:06 -0400] "GET /cgi-bin/index.php HTTP/1.1" 404 1251 "-" "-"
40.69.206.230 - - [17/Oct/2024:12:24:06 -0400] "GET /wp-admin/themes.php HTTP/1.1" 302 0 "-" "-"
40.69.206.230 - - [17/Oct/2024:12:24:07 -0400] "GET /wp-login.php?redirect_to=https%3A%2F%2Fthietke365.net%2Fwp-admin%2Fthemes.php&reauth=1 HTTP/1.1" 200 2889 "-" "-"
40.69.206.230 - - [17/Oct/2024:12:24:08 -0400] "GET /.well-known/cloud.php HTTP/1.1" 404 28995 "-" "-"
40.69.206.230 - - [17/Oct/2024:12:24:10 -0400] "GET /.well-known/wp-load.php HTTP/1.1" 404 28983 "-" "-"
40.69.206.230 - - [17/Oct/2024:12:24:12 -0400] "GET /.well-known/file.php HTTP/1.1" 404 29141 "-" "-"
40.69.206.230 - - [17/Oct/2024:12:24:13 -0400] "GET /.well-known/makeasmtp.php HTTP/1.1" 404 28972 "-" "-"
40.69.206.230 - - [17/Oct/2024:12:24:14 -0400] "GET /wp-includes/index.php HTTP/1.1" 301 0 "-" "-"
40.69.206.230 - - [17/Oct/2024:12:24:16 -0400] "GET /wp-includes/ HTTP/1.1" 200 7141 "-" "-"
40.69.206.230 - - [17/Oct/2024:12:24:16 -0400] "GET /.well-known/acme-challenge/admin.php HTTP/1.1" 404 29104 "-" "-"
40.69.206.230 - - [17/Oct/2024:12:24:18 -0400] "GET /wp-admin/404.php HTTP/1.1" 404 29135 "-" "-"
40.69.206.230 - - [17/Oct/2024:12:24:19 -0400] "GET /.well-known/acme-challenge/makeasmtp.php HTTP/1.1" 404 29090 "-" "-"
40.69.206.230 - - [17/Oct/2024:12:24:20 -0400] "GET /radio.php HTTP/1.1" 404 29162 "-" "-"
40.69.206.230 - - [17/Oct/2024:12:24:21 -0400] "GET /wp-content/themes/index.php HTTP/1.1" 301 0 "-" "-"
40.69.206.230 - - [17/Oct/2024:12:24:22 -0400] "GET /wp-content/themes/ HTTP/1.1" 200 730 "-" "-"
162.213.251.195 - - [17/Oct/2024:12:24:24 -0400] "POST /wp-cron.php?doing_wp_cron=1729182263.7105340957641601562500 HTTP/1.1" 200 0 "-" "WordPress/6.6.2; https://thietke365.net"
40.69.206.230 - - [17/Oct/2024:12:24:23 -0400] "GET /wp-includes/admin.php HTTP/1.1" 404 29111 "-" "-"
40.69.206.230 - - [17/Oct/2024:12:24:24 -0400] "GET /wp-includes/system_log.php?p= HTTP/1.1" 301 0 "-" "-"
40.69.206.230 - - [17/Oct/2024:12:24:25 -0400] "GET /wp-includes/system_log.php HTTP/1.1" 404 29137 "-" "-"
40.69.206.230 - - [17/Oct/2024:12:24:26 -0400] "GET /wp-includes/wp-activate.php HTTP/1.1" 404 29172 "-" "-"
40.69.206.230 - - [17/Oct/2024:12:24:27 -0400] "GET /wp-includes/makeasmtp.php HTTP/1.1" 404 29191 "-" "-"
40.69.206.230 - - [17/Oct/2024:12:24:28 -0400] "GET /wp-admin/user/index.php HTTP/1.1" 302 0 "-" "-"
40.69.206.230 - - [17/Oct/2024:12:24:29 -0400] "GET /wp-login.php?redirect_to=https%3A%2F%2Fthietke365.net%2Fwp-admin%2Fuser%2Findex.php&reauth=1 HTTP/1.1" 200 2891 "-" "-"
40.69.206.230 - - [17/Oct/2024:12:24:30 -0400] "GET /link.php HTTP/1.1" 404 29089 "-" "-"
40.69.206.230 - - [17/Oct/2024:12:24:31 -0400] "GET /wp-content/autoload_classmap.php HTTP/1.1" 404 29052 "-" "-"
40.69.206.230 - - [17/Oct/2024:12:24:32 -0400] "GET /cgi-bin/themes.php HTTP/1.1" 404 29155 "-" "-"
40.69.206.230 - - [17/Oct/2024:12:24:33 -0400] "GET /wp-content/themes/admin.php HTTP/1.1" 404 29119 "-" "-"
40.69.206.230 - - [17/Oct/2024:12:24:34 -0400] "GET /wp-admin/css/wp-login.php HTTP/1.1" 404 29154 "-" "-"
40.69.206.230 - - [17/Oct/2024:12:24:35 -0400] "GET /function.php HTTP/1.1" 404 29132 "-" "-"
40.69.206.230 - - [17/Oct/2024:12:24:36 -0400] "GET /wp-admin/images/wp-login.php HTTP/1.1" 404 29203 "-" "-"
40.69.206.230 - - [17/Oct/2024:12:24:37 -0400] "GET /log.php HTTP/1.1" 404 29196 "-" "-"
40.69.206.230 - - [17/Oct/2024:12:24:38 -0400] "GET /wp-admin/wp-signup.php HTTP/1.1" 404 29073 "-" "-"
40.69.206.230 - - [17/Oct/2024:12:24:40 -0400] "GET /wp-content/themes/themes.php HTTP/1.1" 404 29191 "-" "-"
40.69.206.230 - - [17/Oct/2024:12:24:42 -0400] "GET /.well-known/radio.php HTTP/1.1" 404 29161 "-" "-"
40.69.206.230 - - [17/Oct/2024:12:24:43 -0400] "GET /wp-mail.php HTTP/1.1" 403 971 "-" "-"
40.69.206.230 - - [17/Oct/2024:12:24:44 -0400] "GET /.well-known/pki-validation/index.php HTTP/1.1" 404 1251 "-" "-"
40.69.206.230 - - [17/Oct/2024:12:24:44 -0400] "GET /.well-known/admin.php HTTP/1.1" 404 29160 "-" "-"
40.69.206.230 - - [17/Oct/2024:12:24:45 -0400] "GET /cgi-bin/wp-login.php HTTP/1.1" 404 29141 "-" "-"
40.69.206.230 - - [17/Oct/2024:12:24:46 -0400] "GET /wp-links-opml.php HTTP/1.1" 200 186 "-" "-"
40.69.206.230 - - [17/Oct/2024:12:24:47 -0400] "GET /.well-known/acme-challenge/radio.php HTTP/1.1" 404 29176 "-" "-"
40.69.206.230 - - [17/Oct/2024:12:24:48 -0400] "GET /wp-admin/images/file.php HTTP/1.1" 404 29146 "-" "-"
40.69.206.230 - - [17/Oct/2024:12:24:50 -0400] "GET /wp-content/upgrade/function.php HTTP/1.1" 404 29117 "-" "-"
40.69.206.230 - - [17/Oct/2024:12:24:50 -0400] "GET /wp-admin/user/themes.php HTTP/1.1" 404 29187 "-" "-"
40.69.206.230 - - [17/Oct/2024:12:24:51 -0400] "GET /cgi-bin/radio.php HTTP/1.1" 404 29180 "-" "-"
40.69.206.230 - - [17/Oct/2024:12:24:52 -0400] "GET /wp-admin/css/license.php HTTP/1.1" 404 29201 "-" "-"
40.69.206.230 - - [17/Oct/2024:12:24:53 -0400] "GET /wp-content/radio.php HTTP/1.1" 404 29145 "-" "-"
40.69.206.230 - - [17/Oct/2024:12:24:54 -0400] "GET /wp-content/plugins/about.php HTTP/1.1" 404 29085 "-" "-"
40.69.206.230 - - [17/Oct/2024:12:24:55 -0400] "GET /wp-admin/autoload_classmap.php HTTP/1.1" 404 29194 "-" "-"
40.69.206.230 - - [17/Oct/2024:12:24:56 -0400] "GET /.well-known/wp-login.php HTTP/1.1" 404 29135 "-" "-"
40.69.206.230 - - [17/Oct/2024:12:24:58 -0400] "GET /wp-includes/wp-load.php HTTP/1.1" 404 29135 "-" "-"
40.69.206.230 - - [17/Oct/2024:12:24:59 -0400] "GET /wp-admin/file.php HTTP/1.1" 404 29242 "-" "-"
40.69.206.230 - - [17/Oct/2024:12:25:00 -0400] "GET /.well-known/dropdown.php HTTP/1.1" 404 29202 "-" "-"
