67.227.227.190 - - [21/Oct/2024:17:28:07 -0400] "POST /xmlrpc.php HTTP/1.1" 200 218 "-" "Mozilla/5.0 (Windows NT 5.1; rv:33.0) Gecko/20100101 Firefox/33.0"
146.88.237.31 - - [21/Oct/2024:17:28:10 -0400] "POST /xmlrpc.php HTTP/1.1" 200 218 "-" "Mozilla/5.0 (Windows NT 10.0; Win64; x64) AppleWebKit/537.36 (KHTML, like Gecko) Chrome/90.0.4430.212 Safari/537.36"
134.122.116.64 - - [21/Oct/2024:17:28:12 -0400] "POST /xmlrpc.php HTTP/1.1" 200 218 "-" "Mozilla/5.0 (Windows; U; Windows NT 5.1; en-US; rv:1.7.12) Gecko/20050915 Firefox/1.0.7"
43.252.229.200 - - [21/Oct/2024:17:28:14 -0400] "POST /xmlrpc.php HTTP/1.1" 200 218 "-" "Mozilla/5.0 (Windows NT 6.1; WOW64; rv:43.0) Gecko/20100101 Firefox/43.0"
2406:da1a:821:4000:7acc:8abf:a3:5a8e - - [21/Oct/2024:17:28:18 -0400] "POST /xmlrpc.php HTTP/1.1" 200 218 "-" "Mozilla/5.0 (Windows NT 10.0; Win64; x64; rv:65.0) Gecko/20100101 Firefox/65.0"
162.213.251.195 - - [21/Oct/2024:17:28:25 -0400] "POST /wp-cron.php?doing_wp_cron=1729546104.5274620056152343750000 HTTP/1.1" 200 0 "-" "WordPress/6.6.2; https://thietke365.net"
185.31.242.148 - - [21/Oct/2024:17:28:23 -0400] "POST /xmlrpc.php HTTP/1.1" 200 218 "-" "Mozilla/5.0 (Windows NT 10.0; Win64; x64; rv:84.0) Gecko/20100101 Firefox/84.0"
178.33.248.195 - - [21/Oct/2024:17:28:25 -0400] "POST /xmlrpc.php HTTP/1.1" 200 218 "-" "Mozilla/5.0 (Windows NT 6.1; WOW64; rv:52.0) Gecko/20100101 Firefox/52.0"
185.66.69.128 - - [21/Oct/2024:17:28:27 -0400] "POST /xmlrpc.php HTTP/1.1" 200 218 "-" "Mozilla/5.0 (Windows NT 6.1; WOW64; rv:44.0) Gecko/20100101 Firefox/44.0"
2a02:4780:28:153::1 - - [21/Oct/2024:17:28:28 -0400] "POST /xmlrpc.php HTTP/1.1" 200 218 "-" "Mozilla/5.0 (Windows NT 10.0; Win64; x64) AppleWebKit/537.36 (KHTML, like Gecko) Chrome/87.0.4280.88 Safari/537.36"
202.92.4.47 - - [21/Oct/2024:17:29:59 -0400] "GET /.well-known/acme-challenge/HZ5H3Z42G1I696OBC_JT_8BP-5UP4SRH HTTP/1.1" 404 1251 "-" "Cpanel-HTTP-Client/1.0"
202.92.4.47 - - [21/Oct/2024:17:30:12 -0400] "GET /.well-known/acme-challenge/Q--QKB4OFA-NBHMNH5-UZYYNZC-LEI6R HTTP/1.1" 404 1251 "-" "Cpanel-HTTP-Client/1.0"
162.213.251.195 - - [21/Oct/2024:17:32:53 -0400] "POST /wp-cron.php?doing_wp_cron=1729546372.2072780132293701171875 HTTP/1.1" 200 0 "-" "WordPress/6.6.2; https://thietke365.net"
54.36.148.105 - - [21/Oct/2024:17:32:47 -0400] "GET /robots.txt HTTP/1.1" 200 111 "-" "Mozilla/5.0 (compatible; AhrefsBot/7.0; +http://ahrefs.com/robot/)"
162.213.251.195 - - [21/Oct/2024:17:38:21 -0400] "POST /wp-cron.php?doing_wp_cron=1729546700.8819100856781005859375 HTTP/1.1" 200 0 "-" "WordPress/6.6.2; https://thietke365.net"
39.98.44.15 - - [21/Oct/2024:17:38:15 -0400] "POST /wp-login.php HTTP/1.1" 200 3013 "-" "Mozilla/5.0 (Windows NT 6.1) AppleWebKit/537.36 (KHTML, like Gecko) Chrome/80.0.3987.149 Safari/537.36"
162.213.251.195 - - [21/Oct/2024:17:39:27 -0400] "POST /wp-cron.php?doing_wp_cron=1729546766.5428159236907958984375 HTTP/1.1" 200 0 "-" "WordPress/6.6.2; https://thietke365.net"
103.237.145.122 - - [21/Oct/2024:17:39:25 -0400] "POST /wp-login.php HTTP/1.1" 200 3013 "-" "Mozilla/5.0 (Windows NT 10.0; WOW64) AppleWebKit/537.36 (KHTML, like Gecko) Chrome/57.0.2987.133 Safari/537.36"
2a03:6f00:1::5c35:606f - - [21/Oct/2024:17:39:59 -0400] "POST /wp-login.php HTTP/1.1" 200 3066 "-" "Mozilla/5.0 (Windows NT 6.3; Win64; x64) AppleWebKit/537.36 (KHTML, like Gecko) Chrome/65.0.3325.181 Safari/537.36"
162.213.251.195 - - [21/Oct/2024:17:41:13 -0400] "POST /wp-cron.php?doing_wp_cron=1729546873.2027359008789062500000 HTTP/1.1" 200 0 "-" "WordPress/6.6.2; https://thietke365.net"
92.205.19.74 - - [21/Oct/2024:17:41:12 -0400] "POST /wp-login.php HTTP/1.1" 200 3066 "-" "Mozilla/5.0 (Windows NT 10.0; Win64; x64) AppleWebKit/537.36 (KHTML, like Gecko) Chrome/60.0.3112.101 Safari/537.36"
162.213.251.195 - - [21/Oct/2024:17:41:53 -0400] "POST /wp-cron.php?doing_wp_cron=1729546913.1450440883636474609375 HTTP/1.1" 200 0 "-" "WordPress/6.6.2; https://thietke365.net"
66.249.77.129 - - [21/Oct/2024:17:41:52 -0400] "GET /page-sitemap.xml HTTP/1.1" 200 740 "-" "Mozilla/5.0 (compatible; Googlebot/2.1; +http://www.google.com/bot.html)"
87.120.114.208 - - [21/Oct/2024:17:56:32 -0400] "POST /wp-login.php HTTP/1.1" 200 0 "-" "Mozilla/5.0"
162.213.251.195 - - [21/Oct/2024:17:56:52 -0400] "POST /wp-cron.php?doing_wp_cron=1729547811.4516079425811767578125 HTTP/1.1" 200 0 "-" "WordPress/6.6.2; https://thietke365.net"
138.68.103.121 - - [21/Oct/2024:18:02:32 -0400] "POST /wp-login.php HTTP/1.1" 200 0 "-" "Mozilla/5.0 (Windows NT 10.0; Win64; x64) AppleWebKit/537.36 (KHTML, like Gecko) Chrome/64.0.3282.167 Safari/537.36"
162.213.251.195 - - [21/Oct/2024:18:02:42 -0400] "POST /wp-cron.php?doing_wp_cron=1729548161.7678139209747314453125 HTTP/1.1" 200 0 "-" "WordPress/6.6.2; https://thietke365.net"
162.213.251.195 - - [21/Oct/2024:18:02:43 -0400] "POST /wp-admin/admin-ajax.php HTTP/1.1" 200 0 "-" "WordPress/6.6.2; https://thietke365.net"
162.213.251.195 - - [21/Oct/2024:18:02:48 -0400] "POST /wp-admin/admin-ajax.php?action=as_async_request_queue_runner&nonce=671c7b06b0 HTTP/1.1" 200 0 "-" "WordPress/6.6.2; https://thietke365.net"
162.213.251.195 - - [21/Oct/2024:18:02:49 -0400] "POST /wp-admin/admin-ajax.php HTTP/1.1" 200 0 "-" "WordPress/6.6.2; https://thietke365.net"
162.213.251.195 - - [21/Oct/2024:18:03:50 -0400] "POST /wp-cron.php?doing_wp_cron=1729548229.7866408824920654296875 HTTP/1.1" 200 0 "-" "WordPress/6.6.2; https://thietke365.net"
74.81.38.26 - - [21/Oct/2024:18:03:49 -0400] "POST /wp-login.php HTTP/1.1" 200 3013 "-" "Mozilla/5.0 (Windows NT 10.0; Win64; x64) AppleWebKit/537.36 (KHTML, like Gecko) Chrome/64.0.3282.167 Safari/537.36"
139.59.43.165 - - [21/Oct/2024:18:04:18 -0400] "POST /wp-login.php HTTP/1.1" 200 3066 "-" "Mozilla/5.0 (Windows NT 6.1; WOW64) AppleWebKit/537.36 (KHTML, like Gecko) Chrome/41.0.2272.101 Safari/537.36"
103.106.239.174 - - [21/Oct/2024:18:05:41 -0400] "GET /rex/index.php HTTP/1.1" 200 2146 "-" "python-requests/2.32.0"
23.109.154.164 - - [21/Oct/2024:18:08:47 -0400] "POST /xmlrpc.php HTTP/1.1" 200 218 "-" "Mozilla/5.0 (Windows NT 6.1; Win64; x64; rv:61.0) Gecko/20100101 Firefox/61.0"
198.23.49.170 - - [21/Oct/2024:18:08:42 -0400] "POST /xmlrpc.php HTTP/1.1" 200 218 "-" "Mozilla/5.0 (Linux; Android 10) AppleWebKit/537.36 (KHTML, like Gecko) Chrome/91.0.4472.114 Mobile Safari/537.36"
162.213.251.195 - - [21/Oct/2024:18:08:49 -0400] "POST /wp-cron.php?doing_wp_cron=1729548529.1173439025878906250000 HTTP/1.1" 200 0 "-" "WordPress/6.6.2; https://thietke365.net"
163.172.130.141 - - [21/Oct/2024:18:08:46 -0400] "POST /xmlrpc.php HTTP/1.1" 200 218 "-" "Mozilla/5.0 (Windows; U; Windows NT 5.1; en-US; rv:1.7.12) Gecko/20050915 Firefox/1.0.7"
209.38.220.98 - - [21/Oct/2024:18:08:53 -0400] "POST /xmlrpc.php HTTP/1.1" 200 218 "-" "Mozilla/5.0 (Windows NT 5.1; rv:30.0) Gecko/20100101 Firefox/30.0"
162.213.251.195 - - [21/Oct/2024:18:08:54 -0400] "POST /wp-admin/admin-ajax.php?action=as_async_request_queue_runner&nonce=671c7b06b0 HTTP/1.1" 200 0 "-" "WordPress/6.6.2; https://thietke365.net"
162.213.251.195 - - [21/Oct/2024:18:08:51 -0400] "POST /wp-admin/admin-ajax.php HTTP/1.1" 200 0 "-" "WordPress/6.6.2; https://thietke365.net"
146.190.51.156 - - [21/Oct/2024:18:08:57 -0400] "POST /xmlrpc.php HTTP/1.1" 200 218 "-" "Mozilla/5.0 (Windows NT 6.3; Win64; x64) AppleWebKit/537.36 (KHTML, like Gecko) Chrome/60.0.3112.113 Safari/537.36"
162.213.251.195 - - [21/Oct/2024:18:08:58 -0400] "POST /wp-cron.php?doing_wp_cron=1729548537.9787499904632568359375 HTTP/1.1" 200 0 "-" "WordPress/6.6.2; https://thietke365.net"
167.99.229.202 - - [21/Oct/2024:18:08:56 -0400] "POST /xmlrpc.php HTTP/1.1" 200 218 "-" "Mozilla/5.0 (Windows NT 10.0; Win64; x64) AppleWebKit/537.36 (KHTML, like Gecko) Chrome/79.0.3945.117 Safari/537.36"
203.161.54.74 - - [21/Oct/2024:18:09:00 -0400] "POST /xmlrpc.php HTTP/1.1" 200 218 "-" "Mozilla/5.0 (X11; Ubuntu; Linux i686; rv:24.0) Gecko/20100101 Firefox/24.0"
42.194.238.39 - - [21/Oct/2024:18:09:08 -0400] "POST /xmlrpc.php HTTP/1.1" 200 218 "-" "Mozilla/5.0 (Windows NT 6.1; WOW64; rv:54.0) Gecko/20100101 Firefox/54.0"
2001:19f0:4400:673d:5400:4ff:fe39:cfee - - [21/Oct/2024:18:09:10 -0400] "POST /xmlrpc.php HTTP/1.1" 200 218 "-" "Mozilla/5.0 (Windows NT 10.0; Win64; x64) AppleWebKit/537.36 (KHTML, like Gecko) Chrome/88.0.4324.104 Safari/537.36"
62.116.200.98 - - [21/Oct/2024:18:09:19 -0400] "POST /xmlrpc.php HTTP/1.1" 200 218 "-" "Mozilla/5.0 (Windows; U; Windows NT 5.1; en-US; rv:1.7.10) Gecko/20050716 Firefox/1.0.6"
77.111.127.76 - - [21/Oct/2024:18:09:20 -0400] "POST /xmlrpc.php HTTP/1.1" 200 218 "-" "Mozilla/5.0 (Linux; Android 10; LM-Q710(FGN)) AppleWebKit/537.36 (KHTML, like Gecko) Chrome/91.0.4472.114 Mobile Safari/537.36"
162.213.251.195 - - [21/Oct/2024:18:27:06 -0400] "POST /wp-cron.php?doing_wp_cron=1729549625.5098369121551513671875 HTTP/1.1" 200 0 "-" "WordPress/6.6.2; https://thietke365.net"
87.120.114.208 - - [21/Oct/2024:18:26:51 -0400] "POST /wp-login.php HTTP/1.1" 200 3066 "-" "Mozilla/5.0"
162.213.251.195 - - [21/Oct/2024:18:28:34 -0400] "POST /wp-cron.php?doing_wp_cron=1729549714.4079461097717285156250 HTTP/1.1" 200 0 "-" "WordPress/6.6.2; https://thietke365.net"
2001:41d0:2:3ea5:: - - [21/Oct/2024:18:28:30 -0400] "POST /wp-login.php HTTP/1.1" 200 3013 "-" "Mozilla/5.0 (Windows NT 10.0; Win64; x64) AppleWebKit/537.36 (KHTML, like Gecko) Chrome/64.0.3282.167 Safari/537.36"
141.94.247.170 - - [21/Oct/2024:18:28:46 -0400] "POST /wp-login.php HTTP/1.1" 200 3066 "-" "Mozilla/5.0 (Windows NT 6.1; Win64; x64) AppleWebKit/537.36 (KHTML, like Gecko) Chrome/78.0.3904.97 Safari/537.36"
66.249.77.135 - - [21/Oct/2024:18:48:21 -0400] "GET /wp-content/themes/flatsome/assets/?ND HTTP/1.1" 200 657 "-" "Mozilla/5.0 (Linux; Android 6.0.1; Nexus 5X Build/MMB29P) AppleWebKit/537.36 (KHTML, like Gecko) Chrome/130.0.6723.58 Mobile Safari/537.36 (compatible; Googlebot/2.1; +http://www.google.com/bot.html)"
51.159.36.119 - - [21/Oct/2024:18:51:28 -0400] "POST /wp-login.php HTTP/1.1" 200 0 "-" "Mozilla/5.0 (Windows NT 10.0; Win64; x64) AppleWebKit/537.36 (KHTML, like Gecko) Chrome/73.0.3683.75 Safari/537.36"
162.213.251.195 - - [21/Oct/2024:18:51:45 -0400] "POST /wp-cron.php?doing_wp_cron=1729551104.5273449420928955078125 HTTP/1.1" 200 0 "-" "WordPress/6.6.2; https://thietke365.net"
162.213.251.195 - - [21/Oct/2024:18:53:07 -0400] "POST /wp-cron.php?doing_wp_cron=1729551187.2459809780120849609375 HTTP/1.1" 200 0 "-" "WordPress/6.6.2; https://thietke365.net"
185.50.25.42 - - [21/Oct/2024:18:53:06 -0400] "POST /wp-login.php HTTP/1.1" 200 3013 "-" "Mozilla/5.0 (Windows NT 10.0; Win64; x64) AppleWebKit/537.36 (KHTML, like Gecko) Chrome/62.0.3202.89 Safari/537.36"
51.38.41.215 - - [21/Oct/2024:18:53:14 -0400] "POST /wp-login.php HTTP/1.1" 200 3066 "-" "Mozilla/5.0 (Windows NT 6.1) AppleWebKit/537.36 (KHTML, like Gecko) Chrome/58.0.3029.110 Safari/537.36"
162.213.251.195 - - [21/Oct/2024:18:54:59 -0400] "POST /wp-cron.php?doing_wp_cron=1729551298.7386701107025146484375 HTTP/1.1" 200 0 "-" "WordPress/6.6.2; https://thietke365.net"
185.50.25.6 - - [21/Oct/2024:18:54:49 -0400] "POST /wp-login.php HTTP/1.1" 200 0 "-" "Mozilla/5.0 (Windows NT 6.1; WOW64) AppleWebKit/537.36 (KHTML, like Gecko) Chrome/46.0.2490.86 Safari/537.36"
162.213.251.195 - - [21/Oct/2024:18:57:17 -0400] "POST /wp-cron.php?doing_wp_cron=1729551437.2001380920410156250000 HTTP/1.1" 200 0 "-" "WordPress/6.6.2; https://thietke365.net"
87.120.114.208 - - [21/Oct/2024:18:57:13 -0400] "POST /wp-login.php HTTP/1.1" 200 3066 "-" "Mozilla/5.0"
162.213.251.195 - - [21/Oct/2024:18:58:38 -0400] "POST /wp-cron.php?doing_wp_cron=1729551518.1821451187133789062500 HTTP/1.1" 200 0 "-" "WordPress/6.6.2; https://thietke365.net"
216.244.66.249 - - [21/Oct/2024:18:58:37 -0400] "GET /robots.txt HTTP/1.1" 200 111 "-" "Mozilla/5.0 (compatible; DotBot/1.2; +https://opensiteexplorer.org/dotbot; [email protected])"
66.249.77.135 - - [21/Oct/2024:19:01:06 -0400] "GET /wp-content/uploads/2023/10/nuochoa.jpg HTTP/1.1" 200 238375 "-" "Googlebot-Image/1.0"
66.249.77.142 - - [21/Oct/2024:19:07:43 -0400] "GET /wp-content/uploads/2023/10/dienthoai5.jpg HTTP/1.1" 200 229864 "-" "Googlebot-Image/1.0"
162.213.251.195 - - [21/Oct/2024:19:07:58 -0400] "POST /wp-cron.php?doing_wp_cron=1729552078.1789960861206054687500 HTTP/1.1" 200 0 "-" "WordPress/6.6.2; https://thietke365.net"
66.249.77.128 - - [21/Oct/2024:19:07:43 -0400] "GET /robots.txt HTTP/1.1" 200 111 "-" "Mozilla/5.0 (compatible; Googlebot/2.1; +http://www.google.com/bot.html)"
162.213.251.195 - - [21/Oct/2024:19:09:17 -0400] "POST /wp-cron.php?doing_wp_cron=1729552156.8069519996643066406250 HTTP/1.1" 200 0 "-" "WordPress/6.6.2; https://thietke365.net"
216.244.66.249 - - [21/Oct/2024:19:09:15 -0400] "GET /san-pham/theme-wordpress-ban-giay-the-thao/ HTTP/1.1" 200 37613 "-" "Mozilla/5.0 (compatible; DotBot/1.2; +https://opensiteexplorer.org/dotbot; [email protected])"
162.213.251.195 - - [21/Oct/2024:19:27:14 -0400] "POST /wp-cron.php?doing_wp_cron=1729553233.8974940776824951171875 HTTP/1.1" 200 0 "-" "WordPress/6.6.2; https://thietke365.net"
87.120.114.208 - - [21/Oct/2024:19:27:06 -0400] "POST /wp-login.php HTTP/1.1" 200 3066 "-" "Mozilla/5.0"
162.213.251.195 - - [21/Oct/2024:19:11:36 -0400] "POST /wp-cron.php?doing_wp_cron=1729552294.9329750537872314453125 HTTP/1.1" 200 0 "-" "WordPress/6.6.2; https://thietke365.net"
216.244.66.249 - - [21/Oct/2024:19:11:31 -0400] "GET /san-pham/theme-wordpress-du-lich-09/ HTTP/1.1" 200 37746 "-" "Mozilla/5.0 (compatible; DotBot/1.2; +https://opensiteexplorer.org/dotbot; [email protected])"
216.244.66.249 - - [21/Oct/2024:19:12:29 -0400] "GET /san-pham/theme-wordpress-ban-camera/ HTTP/1.1" 200 37685 "-" "Mozilla/5.0 (compatible; DotBot/1.2; +https://opensiteexplorer.org/dotbot; [email protected])"
162.213.251.195 - - [21/Oct/2024:19:13:11 -0400] "POST /wp-cron.php?doing_wp_cron=1729552390.7181270122528076171875 HTTP/1.1" 200 0 "-" "WordPress/6.6.2; https://thietke365.net"
216.244.66.249 - - [21/Oct/2024:19:13:10 -0400] "GET /san-pham/theme-wordpress-bat-dong-san-22/ HTTP/1.1" 200 37440 "-" "Mozilla/5.0 (compatible; DotBot/1.2; +https://opensiteexplorer.org/dotbot; [email protected])"
162.213.251.195 - - [21/Oct/2024:19:16:02 -0400] "POST /wp-cron.php?doing_wp_cron=1729552561.8829920291900634765625 HTTP/1.1" 200 0 "-" "WordPress/6.6.2; https://thietke365.net"
15.235.212.14 - - [21/Oct/2024:19:15:58 -0400] "POST /wp-login.php HTTP/1.1" 200 3013 "-" "Mozilla/5.0 (Windows NT 6.1; WOW64) AppleWebKit/537.36 (KHTML, like Gecko) Chrome/48.0.2564.116 Safari/537.36"
162.213.251.195 - - [21/Oct/2024:19:17:41 -0400] "POST /wp-cron.php?doing_wp_cron=1729552660.7194890975952148437500 HTTP/1.1" 200 0 "-" "WordPress/6.6.2; https://thietke365.net"
47.244.50.243 - - [21/Oct/2024:19:17:37 -0400] "POST /wp-login.php HTTP/1.1" 200 3013 "-" "Mozilla/5.0 (Windows NT 6.1; Win64; x64) AppleWebKit/537.36 (KHTML, like Gecko) Chrome/79.0.3945.117 Safari/537.36"
51.38.41.215 - - [21/Oct/2024:19:17:45 -0400] "POST /wp-login.php HTTP/1.1" 200 3074 "-" "Mozilla/5.0 (Windows NT 6.1; Win64; x64) AppleWebKit/537.36 (KHTML, like Gecko) Chrome/78.0.3904.97 Safari/537.36"
162.213.251.195 - - [21/Oct/2024:19:19:28 -0400] "POST /wp-cron.php?doing_wp_cron=1729552768.1813080310821533203125 HTTP/1.1" 200 0 "-" "WordPress/6.6.2; https://thietke365.net"
171.244.0.91 - - [21/Oct/2024:19:19:24 -0400] "POST /wp-login.php HTTP/1.1" 200 3066 "-" "Mozilla/5.0 (Windows NT 10.0; WOW64) AppleWebKit/537.36 (KHTML, like Gecko) Chrome/56.0.2924.87 Safari/537.36"
162.213.251.195 - - [21/Oct/2024:19:21:15 -0400] "POST /wp-cron.php?doing_wp_cron=1729552875.1660020351409912109375 HTTP/1.1" 200 0 "-" "WordPress/6.6.2; https://thietke365.net"
147.185.132.204 - - [21/Oct/2024:19:21:11 -0400] "GET / HTTP/1.1" 200 38455 "-" "Expanse, a Palo Alto Networks company, searches across the global IPv4 space multiple times per day to identify customers' presences on the Internet. If you would like to be excluded from our scans, please send IP addresses/domains to: [email protected]"
162.213.251.195 - - [21/Oct/2024:19:34:34 -0400] "POST /wp-cron.php?doing_wp_cron=1729553673.7476220130920410156250 HTTP/1.1" 200 0 "-" "WordPress/6.6.2; https://thietke365.net"
216.244.66.249 - - [21/Oct/2024:19:34:28 -0400] "GET /danh-muc-san-pham/doanh-nghiep/page/3/ HTTP/1.1" 200 35749 "-" "Mozilla/5.0 (compatible; DotBot/1.2; +https://opensiteexplorer.org/dotbot; [email protected])"
216.244.66.249 - - [21/Oct/2024:19:35:07 -0400] "GET /san-pham/theme-wordpress-cho-tot/ HTTP/1.1" 200 37776 "-" "Mozilla/5.0 (compatible; DotBot/1.2; +https://opensiteexplorer.org/dotbot; [email protected])"
162.213.251.195 - - [21/Oct/2024:19:40:37 -0400] "POST /wp-cron.php?doing_wp_cron=1729554037.2317268848419189453125 HTTP/1.1" 200 0 "-" "WordPress/6.6.2; https://thietke365.net"
94.23.68.219 - - [21/Oct/2024:19:40:32 -0400] "POST /wp-login.php HTTP/1.1" 200 3013 "-" "Mozilla/5.0 (Windows NT 6.1) AppleWebKit/537.36 (KHTML, like Gecko) Chrome/80.0.3987.149 Safari/537.36"
162.213.251.195 - - [21/Oct/2024:19:42:16 -0400] "POST /wp-cron.php?doing_wp_cron=1729554136.6249010562896728515625 HTTP/1.1" 200 0 "-" "WordPress/6.6.2; https://thietke365.net"
143.244.139.242 - - [21/Oct/2024:19:42:12 -0400] "POST /wp-login.php HTTP/1.1" 200 3013 "-" "Mozilla/5.0 (Windows NT 6.1; Win64; x64) AppleWebKit/537.36 (KHTML, like Gecko) Chrome/66.0.3359.117 Safari/537.36"
2a01:4b80:1:1:1c00:d4ff:fe00:3c57 - - [21/Oct/2024:19:42:20 -0400] "POST /wp-login.php HTTP/1.1" 200 3074 "-" "Mozilla/5.0 (Windows NT 6.0) AppleWebKit/537.36 (KHTML, like Gecko) Chrome/49.0.2623.112 Safari/537.36"
162.213.251.195 - - [21/Oct/2024:19:47:40 -0400] "POST /wp-cron.php?doing_wp_cron=1729554460.4953310489654541015625 HTTP/1.1" 200 0 "-" "WordPress/6.6.2; https://thietke365.net"
216.244.66.249 - - [21/Oct/2024:19:47:37 -0400] "GET /san-pham/theme-wordpress-ban-giay-the-thao/ HTTP/1.1" 200 37650 "-" "Mozilla/5.0 (compatible; DotBot/1.2; +https://opensiteexplorer.org/dotbot; [email protected])"
162.213.251.195 - - [21/Oct/2024:19:50:22 -0400] "POST /wp-cron.php?doing_wp_cron=1729554622.2105329036712646484375 HTTP/1.1" 200 0 "-" "WordPress/6.6.2; https://thietke365.net"
216.244.66.249 - - [21/Oct/2024:19:50:18 -0400] "GET /san-pham/theme-wordpress-du-lich-09/ HTTP/1.1" 200 37615 "-" "Mozilla/5.0 (compatible; DotBot/1.2; +https://opensiteexplorer.org/dotbot; [email protected])"
162.213.251.195 - - [21/Oct/2024:19:51:52 -0400] "POST /wp-cron.php?doing_wp_cron=1729554712.1539039611816406250000 HTTP/1.1" 200 0 "-" "WordPress/6.6.2; https://thietke365.net"
216.244.66.249 - - [21/Oct/2024:19:51:49 -0400] "GET /san-pham/theme-wordpress-ban-camera/ HTTP/1.1" 200 37823 "-" "Mozilla/5.0 (compatible; DotBot/1.2; +https://opensiteexplorer.org/dotbot; [email protected])"
68.65.122.212 - - [21/Oct/2024:19:52:06 -0400] "POST /xmlrpc.php HTTP/1.1" 200 218 "-" "Mozilla/5.0 (Windows NT 10.0; Win64; x64; rv:79.0) Gecko/20100101 Firefox/79.0"
134.122.116.64 - - [21/Oct/2024:19:52:06 -0400] "POST /xmlrpc.php HTTP/1.1" 200 218 "-" "Mozilla/5.0 (Linux; Android 10; SM-A205U) AppleWebKit/537.36 (KHTML, like Gecko) Chrome/91.0.4472.114 Mobile Safari/537.36"
23.109.154.164 - - [21/Oct/2024:19:52:09 -0400] "POST /xmlrpc.php HTTP/1.1" 200 218 "-" "Mozilla/5.0 (Windows NT 10.0; Win64; x64; rv:78.0) Gecko/20100101 Firefox/78.0"
163.172.100.242 - - [21/Oct/2024:19:52:14 -0400] "POST /xmlrpc.php HTTP/1.1" 200 218 "-" "Mozilla/5.0 (Windows NT 6.1; Win64; x64) AppleWebKit/537.36 (KHTML, like Gecko) Chrome/74.0.3729.169 Safari/537.36"
52.174.41.248 - - [21/Oct/2024:19:52:16 -0400] "POST /xmlrpc.php HTTP/1.1" 200 218 "-" "Mozilla/5.0 (Windows NT 10.0; Win64; x64; rv:63.0) Gecko/20100101 Firefox/63.0"
163.172.130.141 - - [21/Oct/2024:19:52:16 -0400] "POST /xmlrpc.php HTTP/1.1" 200 218 "-" "Mozilla/5.0 (Windows NT 6.1; rv:52.0) Gecko/20100101 Firefox/52.0"
216.244.66.249 - - [21/Oct/2024:19:52:20 -0400] "GET /san-pham/theme-wordpress-bat-dong-san-22/ HTTP/1.1" 200 37609 "-" "Mozilla/5.0 (compatible; DotBot/1.2; +https://opensiteexplorer.org/dotbot; [email protected])"
47.251.65.37 - - [21/Oct/2024:19:52:24 -0400] "POST /xmlrpc.php HTTP/1.1" 200 218 "-" "Mozilla/5.0 (Windows NT 6.1; Win64; x64) AppleWebKit/537.36 (KHTML, like Gecko) Chrome/63.0.3239.132 Safari/537.36"
162.213.251.195 - - [21/Oct/2024:19:52:25 -0400] "POST /wp-cron.php?doing_wp_cron=1729554744.7151610851287841796875 HTTP/1.1" 200 0 "-" "WordPress/6.6.2; https://thietke365.net"
185.31.242.148 - - [21/Oct/2024:19:52:24 -0400] "POST /xmlrpc.php HTTP/1.1" 200 218 "-" "Mozilla/5.0 (Windows NT 5.1; rv:40.0) Gecko/20100101 Firefox/40.0"
194.127.118.185 - - [21/Oct/2024:19:52:25 -0400] "POST /xmlrpc.php HTTP/1.1" 200 218 "-" "Mozilla/5.0 (Windows NT 10.0; WOW64; rv:54.0) Gecko/20100101 Firefox/54.0"
23.109.154.164 - - [21/Oct/2024:19:52:29 -0400] "POST /xmlrpc.php HTTP/1.1" 200 218 "-" "Mozilla/5.0 (Windows NT 6.1; Win64; x64; rv:57.0) Gecko/20100101 Firefox/57.0"
94.46.178.8 - - [21/Oct/2024:19:52:30 -0400] "POST /xmlrpc.php HTTP/1.1" 200 218 "-" "Mozilla/5.0 (Macintosh; Intel Mac OS X 10_10; rv:33.0) Gecko/20100101 Firefox/33.0"
2001:19f0:4400:673d:5400:4ff:fe39:cfee - - [21/Oct/2024:19:52:31 -0400] "POST /xmlrpc.php HTTP/1.1" 200 218 "-" "Mozilla/5.0 (Windows; U; Windows NT 5.1; en-US; rv:1.7.10) Gecko/20050716 Firefox/1.0.6"
178.62.46.243 - - [21/Oct/2024:19:52:37 -0400] "POST /xmlrpc.php HTTP/1.1" 200 218 "-" "Mozilla/5.0 (X11; Linux x86_64) AppleWebKit/537.36 (KHTML, like Gecko) Chrome/44.0.2403.157 Safari/537.36"
162.213.251.195 - - [21/Oct/2024:19:56:59 -0400] "POST /wp-cron.php?doing_wp_cron=1729555019.2985270023345947265625 HTTP/1.1" 200 0 "-" "WordPress/6.6.2; https://thietke365.net"
87.120.114.208 - - [21/Oct/2024:19:56:53 -0400] "POST /wp-login.php HTTP/1.1" 200 3074 "-" "Mozilla/5.0"
162.213.251.195 - - [21/Oct/2024:20:05:27 -0400] "POST /wp-cron.php?doing_wp_cron=1729555527.2894139289855957031250 HTTP/1.1" 200 0 "-" "WordPress/6.6.2; https://thietke365.net"
2a01:4f8:10a:119d::2 - - [21/Oct/2024:20:05:19 -0400] "POST /wp-login.php HTTP/1.1" 200 3012 "-" "Mozilla/5.0 (Windows NT 6.1; Win64; x64) AppleWebKit/537.36 (KHTML, like Gecko) Chrome/78.0.3904.97 Safari/537.36"
2001:bc8:710:11b0:dc00:ff:fe2b:e3ef - - [21/Oct/2024:20:06:07 -0400] "POST /xmlrpc.php HTTP/1.1" 200 218 "-" "Mozilla/5.0 (iPhone; CPU iPhone OS 14_6 like Mac OS X) AppleWebKit/605.1.15 (KHTML, like Gecko) CriOS/91.0.4472.80 Mobile/15E148 Safari/604.1"
2a00:b6e0:1:20:14::1 - - [21/Oct/2024:20:06:19 -0400] "POST /xmlrpc.php HTTP/1.1" 200 218 "-" "Mozilla/5.0 (Windows NT 6.3; Win64; x64; rv:73.0) Gecko/20100101 Firefox/73.0"
194.127.118.185 - - [21/Oct/2024:20:06:20 -0400] "POST /xmlrpc.php HTTP/1.1" 200 218 "-" "Mozilla/5.0 (Windows NT 6.1; WOW64; rv:38.0) Gecko/20100101 Firefox/38.0"
162.213.251.195 - - [21/Oct/2024:20:06:24 -0400] "POST /wp-cron.php?doing_wp_cron=1729555583.7266900539398193359375 HTTP/1.1" 200 0 "-" "WordPress/6.6.2; https://thietke365.net"
146.88.232.85 - - [21/Oct/2024:20:06:22 -0400] "POST /xmlrpc.php HTTP/1.1" 200 218 "-" "Mozilla/5.0 (Windows NT 10.0; Win64; x64) AppleWebKit/537.36 (KHTML, like Gecko) Chrome/80.0.3987.132 Safari/537.36"
193.2.67.162 - - [21/Oct/2024:20:06:26 -0400] "POST /xmlrpc.php HTTP/1.1" 200 218 "-" "Mozilla/5.0 (Windows NT 10.0; Win64; x64) AppleWebKit/537.36 (KHTML, like Gecko) Chrome/88.0.4324.190 Safari/537.36"
37.221.212.128 - - [21/Oct/2024:20:06:27 -0400] "POST /xmlrpc.php HTTP/1.1" 200 218 "-" "Mozilla/5.0 (Windows NT 10.0; Win64; x64; rv:59.0) Gecko/20100101 Firefox/59.0"
134.122.116.64 - - [21/Oct/2024:20:06:28 -0400] "POST /xmlrpc.php HTTP/1.1" 200 218 "-" "Mozilla/5.0 (Linux; Android 10; SM-A102U) AppleWebKit/537.36 (KHTML, like Gecko) Chrome/91.0.4472.114 Mobile Safari/537.36"
2a00:b6e0:1:20:14::1 - - [21/Oct/2024:20:06:37 -0400] "POST /xmlrpc.php HTTP/1.1" 200 218 "-" "Mozilla/5.0 (Windows NT 6.1; WOW64; rv:17.0) Gecko/20100101 Firefox/17.0"
67.227.227.190 - - [21/Oct/2024:20:06:37 -0400] "POST /xmlrpc.php HTTP/1.1" 200 218 "-" "Mozilla/5.0 (Windows NT 6.2; Win64; x64) AppleWebKit/537.36 (KHTML, like Gecko) Chrome/60.0.3112.90 Safari/537.36"
39.105.205.117 - - [21/Oct/2024:20:06:51 -0400] "POST /wp-login.php HTTP/1.1" 200 3012 "-" "Mozilla/5.0 (Windows NT 10.0; Win64; x64) AppleWebKit/537.36 (KHTML, like Gecko) Chrome/72.0.3626.109 Safari/537.36"
64.227.141.213 - - [21/Oct/2024:20:07:12 -0400] "POST /wp-login.php HTTP/1.1" 200 3065 "-" "Mozilla/5.0 (Windows NT 6.1) AppleWebKit/537.36 (KHTML, like Gecko) Chrome/61.0.3163.100 Safari/537.36"
162.213.251.195 - - [21/Oct/2024:20:08:56 -0400] "POST /wp-cron.php?doing_wp_cron=1729555735.7335560321807861328125 HTTP/1.1" 200 0 "-" "WordPress/6.6.2; https://thietke365.net"
188.166.42.106 - - [21/Oct/2024:20:08:51 -0400] "POST /wp-login.php HTTP/1.1" 200 3065 "-" "Mozilla/5.0 (Windows NT 6.0) AppleWebKit/537.36 (KHTML, like Gecko) Chrome/49.0.2623.112 Safari/537.36"
134.209.26.51 - - [21/Oct/2024:20:19:45 -0400] "GET / HTTP/1.1" 200 0 "-" "Mozilla/5.0 (Windows NT 10.0; Win64; x64) AppleWebKit/537.36 (KHTML, like Gecko) Chrome/126.0.0.0 Safari/537.36"
162.213.251.195 - - [21/Oct/2024:20:19:54 -0400] "POST /wp-cron.php?doing_wp_cron=1729556393.7126550674438476562500 HTTP/1.1" 200 0 "-" "WordPress/6.6.2; https://thietke365.net"
162.213.251.195 - - [21/Oct/2024:20:20:37 -0400] "POST /wp-cron.php?doing_wp_cron=1729556436.8391840457916259765625 HTTP/1.1" 200 0 "-" "WordPress/6.6.2; https://thietke365.net"
216.244.66.249 - - [21/Oct/2024:20:20:36 -0400] "GET /san-pham/theme-wordpress-ban-giay-the-thao/ HTTP/1.1" 200 37747 "-" "Mozilla/5.0 (compatible; DotBot/1.2; +https://opensiteexplorer.org/dotbot; [email protected])"
162.213.251.195 - - [21/Oct/2024:20:24:07 -0400] "POST /wp-cron.php?doing_wp_cron=1729556646.9381239414215087890625 HTTP/1.1" 200 0 "-" "WordPress/6.6.2; https://thietke365.net"
216.244.66.249 - - [21/Oct/2024:20:24:02 -0400] "GET /san-pham/theme-wordpress-du-lich-09/ HTTP/1.1" 200 37544 "-" "Mozilla/5.0 (compatible; DotBot/1.2; +https://opensiteexplorer.org/dotbot; [email protected])"
52.167.144.66 - - [21/Oct/2024:20:24:11 -0400] "GET /robots.txt HTTP/1.1" 200 111 "-" "Mozilla/5.0 AppleWebKit/537.36 (KHTML, like Gecko; compatible; bingbot/2.0; +http://www.bing.com/bingbot.htm) Chrome/116.0.1938.76 Safari/537.36"
52.167.144.219 - - [21/Oct/2024:20:24:16 -0400] "GET /sitemap_index.xml HTTP/1.1" 200 387 "-" "Mozilla/5.0 AppleWebKit/537.36 (KHTML, like Gecko; compatible; bingbot/2.0; +http://www.bing.com/bingbot.htm) Chrome/116.0.1938.76 Safari/537.36"
202.92.4.47 - - [21/Oct/2024:20:25:05 -0400] "GET /.well-known/acme-challenge/LWLA7R1YP0R3RDZOLIWKVZH218P-AF5N HTTP/1.1" 404 1251 "-" "Cpanel-HTTP-Client/1.0"
202.92.4.47 - - [21/Oct/2024:20:25:23 -0400] "GET /.well-known/acme-challenge/6EE3AIK85GST0JGPBSWUY8OZX3DFB3CG HTTP/1.1" 404 1251 "-" "Cpanel-HTTP-Client/1.0"
162.213.251.195 - - [21/Oct/2024:20:26:36 -0400] "POST /wp-cron.php?doing_wp_cron=1729556795.1247260570526123046875 HTTP/1.1" 200 0 "-" "WordPress/6.6.2; https://thietke365.net"
216.244.66.249 - - [21/Oct/2024:20:26:30 -0400] "GET /san-pham/theme-wordpress-ban-camera/ HTTP/1.1" 200 37800 "-" "Mozilla/5.0 (compatible; DotBot/1.2; +https://opensiteexplorer.org/dotbot; [email protected])"
87.120.114.208 - - [21/Oct/2024:20:27:18 -0400] "POST /wp-login.php HTTP/1.1" 200 3065 "-" "Mozilla/5.0"
162.213.251.195 - - [21/Oct/2024:20:27:37 -0400] "POST /wp-cron.php?doing_wp_cron=1729556856.7487499713897705078125 HTTP/1.1" 200 0 "-" "WordPress/6.6.2; https://thietke365.net"
216.244.66.249 - - [21/Oct/2024:20:27:35 -0400] "GET /san-pham/theme-wordpress-bat-dong-san-22/ HTTP/1.1" 200 37411 "-" "Mozilla/5.0 (compatible; DotBot/1.2; +https://opensiteexplorer.org/dotbot; [email protected])"
162.213.251.195 - - [21/Oct/2024:20:30:45 -0400] "POST /wp-cron.php?doing_wp_cron=1729557044.8164749145507812500000 HTTP/1.1" 200 0 "-" "WordPress/6.6.2; https://thietke365.net"
2400:8500:1301:738:133:130:103:36 - - [21/Oct/2024:20:30:39 -0400] "POST /wp-login.php HTTP/1.1" 200 3012 "-" "Mozilla/5.0 (Windows NT 10.0; Win64; x64) AppleWebKit/537.36 (KHTML, like Gecko) Chrome/73.0.3683.75 Safari/537.36"
162.213.251.195 - - [21/Oct/2024:20:32:34 -0400] "POST /wp-cron.php?doing_wp_cron=1729557153.9979119300842285156250 HTTP/1.1" 200 0 "-" "WordPress/6.6.2; https://thietke365.net"
92.205.19.74 - - [21/Oct/2024:20:32:30 -0400] "POST /wp-login.php HTTP/1.1" 200 3073 "-" "Mozilla/5.0 (Windows NT 6.1; WOW64) AppleWebKit/537.36 (KHTML, like Gecko) Chrome/51.0.2704.106 Safari/537.36"
188.166.42.106 - - [21/Oct/2024:20:32:37 -0400] "POST /wp-login.php HTTP/1.1" 200 3012 "-" "Mozilla/5.0 (Windows NT 6.1; WOW64) AppleWebKit/537.36 (KHTML, like Gecko) Chrome/48.0.2564.116 Safari/537.36"
162.213.251.195 - - [21/Oct/2024:20:34:32 -0400] "POST /wp-cron.php?doing_wp_cron=1729557271.9494841098785400390625 HTTP/1.1" 200 0 "-" "WordPress/6.6.2; https://thietke365.net"
54.37.224.64 - - [21/Oct/2024:20:34:28 -0400] "POST /wp-login.php HTTP/1.1" 200 3065 "-" "Mozilla/5.0 (Windows NT 6.1) AppleWebKit/537.36 (KHTML, like Gecko) Chrome/59.0.3071.115 Safari/537.36"
162.213.251.195 - - [21/Oct/2024:20:44:40 -0400] "POST /wp-cron.php?doing_wp_cron=1729557880.5718770027160644531250 HTTP/1.1" 200 0 "-" "WordPress/6.6.2; https://thietke365.net"
216.244.66.249 - - [21/Oct/2024:20:44:29 -0400] "GET /danh-muc-san-pham/doanh-nghiep/page/3/ HTTP/1.1" 200 35824 "-" "Mozilla/5.0 (compatible; DotBot/1.2; +https://opensiteexplorer.org/dotbot; [email protected])"
216.244.66.249 - - [21/Oct/2024:20:45:13 -0400] "GET /san-pham/theme-wordpress-cho-tot/ HTTP/1.1" 200 37788 "-" "Mozilla/5.0 (compatible; DotBot/1.2; +https://opensiteexplorer.org/dotbot; [email protected])"
162.213.251.195 - - [21/Oct/2024:20:47:16 -0400] "POST /wp-cron.php?doing_wp_cron=1729558036.4135808944702148437500 HTTP/1.1" 200 0 "-" "WordPress/6.6.2; https://thietke365.net"
66.249.77.135 - - [21/Oct/2024:20:47:12 -0400] "GET /cron.php HTTP/1.1" 404 29103 "-" "Mozilla/5.0 (Linux; Android 6.0.1; Nexus 5X Build/MMB29P) AppleWebKit/537.36 (KHTML, like Gecko) Chrome/130.0.6723.58 Mobile Safari/537.36 (compatible; Googlebot/2.1; +http://www.google.com/bot.html)"
47.111.116.44 - - [21/Oct/2024:20:56:11 -0400] "POST /wp-login.php HTTP/1.1" 200 0 "-" "Mozilla/5.0 (Windows NT 10.0; Win64; x64) AppleWebKit/537.36 (KHTML, like Gecko) Chrome/66.0.3359.117 Safari/537.36"
162.213.251.195 - - [21/Oct/2024:20:56:22 -0400] "POST /wp-cron.php?doing_wp_cron=1729558582.6329910755157470703125 HTTP/1.1" 200 0 "-" "WordPress/6.6.2; https://thietke365.net"
162.213.251.195 - - [21/Oct/2024:20:57:34 -0400] "POST /wp-cron.php?doing_wp_cron=1729558654.1857080459594726562500 HTTP/1.1" 200 0 "-" "WordPress/6.6.2; https://thietke365.net"
87.120.114.208 - - [21/Oct/2024:20:57:33 -0400] "POST /wp-login.php HTTP/1.1" 200 3065 "-" "Mozilla/5.0"
167.71.84.137 - - [21/Oct/2024:20:58:05 -0400] "POST /wp-login.php HTTP/1.1" 200 3065 "-" "Mozilla/5.0 (Windows NT 6.1) AppleWebKit/537.36 (KHTML, like Gecko) Chrome/65.0.3325.181 Safari/537.36"
51.132.229.198 - - [21/Oct/2024:20:58:18 -0400] "POST /wp-login.php HTTP/1.1" 200 3012 "-" "Mozilla/5.0 (Windows NT 6.1; Win64; x64) AppleWebKit/537.36 (KHTML, like Gecko) Chrome/80.0.3987.106 Safari/537.36"
162.213.251.195 - - [21/Oct/2024:20:59:50 -0400] "POST /wp-cron.php?doing_wp_cron=1729558790.1201651096343994140625 HTTP/1.1" 200 0 "-" "WordPress/6.6.2; https://thietke365.net"
173.208.148.34 - - [21/Oct/2024:20:59:44 -0400] "GET / HTTP/1.1" 200 38678 "-" "Mozilla/5.0 (Windows NT 10.0; Win64; x64) AppleWebKit/537.36 (KHTML, like Gecko) Chrome/91.0.4472.106 Safari/537.36"
173.208.148.34 - - [21/Oct/2024:20:59:54 -0400] "GET / HTTP/1.1" 200 38554 "-" "Mozilla/5.0 (compatible; Googlebot/2.1; +http://www.google.com/bot.html)"
173.208.148.34 - - [21/Oct/2024:20:59:58 -0400] "GET /index.php?params=1 HTTP/1.1" 301 0 "-" "Mozilla/5.0 (Windows NT 10.0; Win64; x64) AppleWebKit/537.36 (KHTML, like Gecko) Chrome/91.0.4472.106 Safari/537.36"
173.208.148.34 - - [21/Oct/2024:20:59:59 -0400] "GET /?params=1 HTTP/1.1" 200 38787 "-" "Mozilla/5.0 (Windows NT 10.0; Win64; x64) AppleWebKit/537.36 (KHTML, like Gecko) Chrome/91.0.4472.106 Safari/537.36"
216.244.66.249 - - [21/Oct/2024:21:00:02 -0400] "GET /san-pham/theme-wordpress-ban-giay-the-thao/ HTTP/1.1" 200 37794 "-" "Mozilla/5.0 (compatible; DotBot/1.2; +https://opensiteexplorer.org/dotbot; [email protected])"
182.43.230.63 - - [21/Oct/2024:21:00:21 -0400] "POST /wp-login.php HTTP/1.1" 200 3065 "-" "Mozilla/5.0 (Windows NT 6.1) AppleWebKit/537.36 (KHTML, like Gecko) Chrome/80.0.3987.149 Safari/537.36"
162.213.251.195 - - [21/Oct/2024:21:03:36 -0400] "POST /wp-cron.php?doing_wp_cron=1729559016.4923400878906250000000 HTTP/1.1" 200 0 "-" "WordPress/6.6.2; https://thietke365.net"
216.244.66.249 - - [21/Oct/2024:21:03:32 -0400] "GET /san-pham/theme-wordpress-du-lich-09/ HTTP/1.1" 200 37651 "-" "Mozilla/5.0 (compatible; DotBot/1.2; +https://opensiteexplorer.org/dotbot; [email protected])"
162.213.251.195 - - [21/Oct/2024:21:04:47 -0400] "POST /wp-cron.php?doing_wp_cron=1729559087.1795949935913085937500 HTTP/1.1" 200 0 "-" "WordPress/6.6.2; https://thietke365.net"
216.244.66.249 - - [21/Oct/2024:21:04:46 -0400] "GET /san-pham/theme-wordpress-ban-camera/ HTTP/1.1" 200 37764 "-" "Mozilla/5.0 (compatible; DotBot/1.2; +https://opensiteexplorer.org/dotbot; [email protected])"
162.213.251.195 - - [21/Oct/2024:21:05:38 -0400] "POST /wp-cron.php?doing_wp_cron=1729559137.7716178894042968750000 HTTP/1.1" 200 0 "-" "WordPress/6.6.2; https://thietke365.net"
216.244.66.249 - - [21/Oct/2024:21:05:37 -0400] "GET /san-pham/theme-wordpress-bat-dong-san-22/ HTTP/1.1" 200 37392 "-" "Mozilla/5.0 (compatible; DotBot/1.2; +https://opensiteexplorer.org/dotbot; [email protected])"
162.213.251.195 - - [21/Oct/2024:21:07:11 -0400] "POST /wp-cron.php?doing_wp_cron=1729559231.5937008857727050781250 HTTP/1.1" 200 0 "-" "WordPress/6.6.2; https://thietke365.net"
51.75.122.244 - - [21/Oct/2024:21:07:07 -0400] "POST /xmlrpc.php HTTP/1.1" 200 218 "-" "Mozilla/5.0 (Windows NT 10.0; Win64; x64) AppleWebKit/537.36 (KHTML, like Gecko) Chrome/79.0.3945.117 Safari/537.36"
146.88.232.85 - - [21/Oct/2024:21:07:20 -0400] "POST /xmlrpc.php HTTP/1.1" 200 218 "-" "Mozilla/5.0 (Windows NT 6.1; rv:17.0) Gecko/20100101 Firefox/20.6.14"
162.213.251.195 - - [21/Oct/2024:21:07:24 -0400] "POST /wp-cron.php?doing_wp_cron=1729559244.4428269863128662109375 HTTP/1.1" 200 0 "-" "WordPress/6.6.2; https://thietke365.net"
2403:6b80:8:100::6773:a74 - - [21/Oct/2024:21:07:23 -0400] "POST /xmlrpc.php HTTP/1.1" 200 218 "-" "Mozilla/5.0 (Linux; Android 10; LM-X420) AppleWebKit/537.36 (KHTML, like Gecko) Chrome/91.0.4472.114 Mobile Safari/537.36"
209.38.220.98 - - [21/Oct/2024:21:07:34 -0400] "POST /xmlrpc.php HTTP/1.1" 200 218 "-" "Mozilla/5.0 (Windows NT 6.1; WOW64; rv:54.0) Gecko/20100101 Firefox/54.0"
43.163.224.182 - - [21/Oct/2024:21:07:36 -0400] "POST /xmlrpc.php HTTP/1.1" 200 218 "-" "Mozilla/5.0 (Windows NT 6.3; Win64; x64) AppleWebKit/537.36 (KHTML, like Gecko) Chrome/60.0.3112.113 Safari/537.36"
162.213.251.195 - - [21/Oct/2024:21:12:31 -0400] "POST /wp-cron.php?doing_wp_cron=1729559550.8695089817047119140625 HTTP/1.1" 200 0 "-" "WordPress/6.6.2; https://thietke365.net"
40.69.35.121 - - [21/Oct/2024:21:12:26 -0400] "GET /wp-includes/certificates/plugins.php HTTP/1.1" 404 29139 "-" "-"
40.69.35.121 - - [21/Oct/2024:21:12:32 -0400] "GET /wp-admin/user/plugins.php HTTP/1.1" 404 29168 "-" "-"
40.69.35.121 - - [21/Oct/2024:21:12:34 -0400] "GET /.well-known/acme-challenge/plugins.php HTTP/1.1" 404 29136 "-" "-"
40.69.35.121 - - [21/Oct/2024:21:12:36 -0400] "GET /wp-includes/customize/plugins.php HTTP/1.1" 404 29216 "-" "-"
40.69.35.121 - - [21/Oct/2024:21:12:38 -0400] "GET /wp-includes/SimplePie/plugins.php HTTP/1.1" 404 29067 "-" "-"
40.69.35.121 - - [21/Oct/2024:21:12:39 -0400] "GET /wp-admin/css/colors/blue/plugins.php HTTP/1.1" 404 29066 "-" "-"
40.69.35.121 - - [21/Oct/2024:21:12:41 -0400] "GET /wp-content/themes/plugins.php HTTP/1.1" 404 29166 "-" "-"
40.69.35.121 - - [21/Oct/2024:21:12:44 -0400] "GET /wp-includes/ID3/plugins.php HTTP/1.1" 404 29250 "-" "-"
40.69.35.121 - - [21/Oct/2024:21:12:45 -0400] "GET /wp-admin/css/plugins.php HTTP/1.1" 404 29194 "-" "-"
40.69.35.121 - - [21/Oct/2024:21:12:47 -0400] "GET /wp-admin/includes/plugins.php HTTP/1.1" 404 29148 "-" "-"
40.69.35.121 - - [21/Oct/2024:21:12:49 -0400] "GET /wp-admin/network/plugins.php HTTP/1.1" 302 0 "-" "-"
40.69.35.121 - - [21/Oct/2024:21:12:51 -0400] "GET /wp-login.php?redirect_to=https%3A%2F%2Fthietke365.net%2Fwp-admin%2Fnetwork%2Fplugins.php&reauth=1 HTTP/1.1" 200 2888 "-" "-"
40.69.35.121 - - [21/Oct/2024:21:12:52 -0400] "GET /wp-admin/images/plugins.php HTTP/1.1" 404 29061 "-" "-"
40.69.35.121 - - [21/Oct/2024:21:12:53 -0400] "GET /wp-admin/maint/plugins.php HTTP/1.1" 404 29125 "-" "-"
40.69.35.121 - - [21/Oct/2024:21:12:55 -0400] "GET /wp-content/upgrade/plugins.php HTTP/1.1" 404 29140 "-" "-"
40.69.35.121 - - [21/Oct/2024:21:12:56 -0400] "GET /images/plugins.php HTTP/1.1" 404 29197 "-" "-"
40.69.35.121 - - [21/Oct/2024:21:12:57 -0400] "GET /css/plugins.php HTTP/1.1" 404 29133 "-" "-"
40.69.35.121 - - [21/Oct/2024:21:12:58 -0400] "GET /wp-includes/fonts/plugins.php HTTP/1.1" 404 29116 "-" "-"
40.69.35.121 - - [21/Oct/2024:21:13:00 -0400] "GET /wp-includes/pomo/plugins.php HTTP/1.1" 404 29197 "-" "-"
40.69.35.121 - - [21/Oct/2024:21:13:01 -0400] "GET /.tmb/plugins.php HTTP/1.1" 404 29121 "-" "-"
40.69.35.121 - - [21/Oct/2024:21:13:02 -0400] "GET /wp-includes/IXR/plugins.php HTTP/1.1" 404 29152 "-" "-"
40.69.35.121 - - [21/Oct/2024:21:13:04 -0400] "GET /.well-known/pki-validation/plugins.php HTTP/1.1" 404 1251 "-" "-"
40.69.35.121 - - [21/Oct/2024:21:13:04 -0400] "GET /cgi-bin/plugins.php HTTP/1.1" 404 29146 "-" "-"
40.69.35.121 - - [21/Oct/2024:21:13:06 -0400] "GET /wp-includes/random_compat/plugins.php HTTP/1.1" 404 29157 "-" "-"
40.69.35.121 - - [21/Oct/2024:21:13:07 -0400] "GET /wp-content/languages/plugins.php HTTP/1.1" 404 29179 "-" "-"
40.69.35.121 - - [21/Oct/2024:21:13:09 -0400] "GET /index.php HTTP/1.1" 301 0 "-" "-"
40.69.35.121 - - [21/Oct/2024:21:13:09 -0400] "GET / HTTP/1.1" 200 38714 "-" "-"
40.69.35.121 - - [21/Oct/2024:21:13:12 -0400] "GET /cgi-bin/xmrlpc.php HTTP/1.1" 404 29052 "-" "-"
40.69.35.121 - - [21/Oct/2024:21:13:13 -0400] "GET /404.php HTTP/1.1" 404 29192 "-" "-"
40.69.35.121 - - [21/Oct/2024:21:13:15 -0400] "GET /wp-configs.php HTTP/1.1" 404 29115 "-" "-"
40.69.35.121 - - [21/Oct/2024:21:13:16 -0400] "GET /simple.php HTTP/1.1" 404 29135 "-" "-"
40.69.35.121 - - [21/Oct/2024:21:13:17 -0400] "GET /themes.php HTTP/1.1" 404 29161 "-" "-"
40.69.35.121 - - [21/Oct/2024:21:13:19 -0400] "GET /ini.php HTTP/1.1" 404 29131 "-" "-"
40.69.35.121 - - [21/Oct/2024:21:13:20 -0400] "GET /autoload_classmap.php HTTP/1.1" 404 29195 "-" "-"
162.213.251.195 - - [21/Oct/2024:21:13:23 -0400] "POST /wp-cron.php?doing_wp_cron=1729559603.1129109859466552734375 HTTP/1.1" 200 0 "-" "WordPress/6.6.2; https://thietke365.net"
40.69.35.121 - - [21/Oct/2024:21:13:22 -0400] "GET /as.php HTTP/1.1" 404 29094 "-" "-"
40.69.35.121 - - [21/Oct/2024:21:13:24 -0400] "GET /admin/upload/css.php HTTP/1.1" 404 29103 "-" "-"
40.69.35.121 - - [21/Oct/2024:21:13:25 -0400] "GET /.well-known/pki-validation/afnew.php HTTP/1.1" 404 1251 "-" "-"
40.69.35.121 - - [21/Oct/2024:21:13:26 -0400] "GET /lufix.php HTTP/1.1" 404 29070 "-" "-"
40.69.35.121 - - [21/Oct/2024:21:13:27 -0400] "GET /media.php HTTP/1.1" 404 29003 "-" "-"
40.69.35.121 - - [21/Oct/2024:21:13:29 -0400] "GET /contact.php HTTP/1.1" 404 29164 "-" "-"
40.69.35.121 - - [21/Oct/2024:21:13:30 -0400] "GET /byp.php HTTP/1.1" 404 29247 "-" "-"
40.69.35.121 - - [21/Oct/2024:21:13:31 -0400] "GET /upload.php HTTP/1.1" 404 29117 "-" "-"
40.69.35.121 - - [21/Oct/2024:21:13:32 -0400] "GET /wp-content/themes/sketch/404.php HTTP/1.1" 404 29080 "-" "-"
40.69.35.121 - - [21/Oct/2024:21:13:34 -0400] "GET /test.php HTTP/1.1" 404 29052 "-" "-"
40.69.35.121 - - [21/Oct/2024:21:13:35 -0400] "GET /cong.php HTTP/1.1" 404 29121 "-" "-"
40.69.35.121 - - [21/Oct/2024:21:13:37 -0400] "GET /about/function.php HTTP/1.1" 404 29143 "-" "-"
40.69.35.121 - - [21/Oct/2024:21:13:38 -0400] "GET /filemanager/dialog.php HTTP/1.1" 404 29079 "-" "-"
40.69.35.121 - - [21/Oct/2024:21:13:39 -0400] "GET /bak.php HTTP/1.1" 404 29228 "-" "-"
40.69.35.121 - - [21/Oct/2024:21:13:41 -0400] "GET /wp-info.php HTTP/1.1" 404 29131 "-" "-"
40.69.35.121 - - [21/Oct/2024:21:13:43 -0400] "GET /files/index.php HTTP/1.1" 301 0 "-" "-"
40.69.35.121 - - [21/Oct/2024:21:13:43 -0400] "GET /files/ HTTP/1.1" 404 29179 "-" "-"
40.69.35.121 - - [21/Oct/2024:21:13:45 -0400] "GET /css.php HTTP/1.1" 404 29180 "-" "-"
40.69.35.121 - - [21/Oct/2024:21:13:46 -0400] "GET /css/index.php HTTP/1.1" 301 0 "-" "-"
40.69.35.121 - - [21/Oct/2024:21:13:46 -0400] "GET /css/ HTTP/1.1" 404 29173 "-" "-"
40.69.35.121 - - [21/Oct/2024:21:13:48 -0400] "GET /wp-includes/bak.php HTTP/1.1" 404 29146 "-" "-"
40.69.35.121 - - [21/Oct/2024:21:13:50 -0400] "GET /alfa-rex.php7 HTTP/1.1" 404 29166 "-" "-"
40.69.35.121 - - [21/Oct/2024:21:13:51 -0400] "GET /wp-admin/wp-login.php HTTP/1.1" 404 29212 "-" "-"
40.69.35.121 - - [21/Oct/2024:21:13:52 -0400] "GET /wp-includes/cloud.php HTTP/1.1" 404 29148 "-" "-"
40.69.35.121 - - [21/Oct/2024:21:13:53 -0400] "GET /wp-content/index.php HTTP/1.1" 200 0 "-" "-"
40.69.35.121 - - [21/Oct/2024:21:13:54 -0400] "GET /readme.php HTTP/1.1" 404 29101 "-" "-"
40.69.35.121 - - [21/Oct/2024:21:13:55 -0400] "GET /wp-admin/about.php HTTP/1.1" 302 0 "-" "-"
40.69.35.121 - - [21/Oct/2024:21:13:55 -0400] "GET /wp-login.php?redirect_to=https%3A%2F%2Fthietke365.net%2Fwp-admin%2Fabout.php&reauth=1 HTTP/1.1" 200 2897 "-" "-"
40.69.35.121 - - [21/Oct/2024:21:13:56 -0400] "GET /wp-content/themes/404.php HTTP/1.1" 404 29170 "-" "-"
40.69.35.121 - - [21/Oct/2024:21:13:57 -0400] "GET /wp-admin/index.php HTTP/1.1" 302 0 "-" "-"
40.69.35.121 - - [21/Oct/2024:21:13:58 -0400] "GET /wp-login.php?redirect_to=https%3A%2F%2Fthietke365.net%2Fwp-admin%2Findex.php&reauth=1 HTTP/1.1" 200 2894 "-" "-"
40.69.35.121 - - [21/Oct/2024:21:13:59 -0400] "GET /wp-content/themes.php HTTP/1.1" 404 29166 "-" "-"
40.69.35.121 - - [21/Oct/2024:21:14:00 -0400] "GET /wp-content/dropdown.php HTTP/1.1" 404 28970 "-" "-"
40.69.35.121 - - [21/Oct/2024:21:14:02 -0400] "GET /wp-includes/404.php HTTP/1.1" 404 29036 "-" "-"
40.69.35.121 - - [21/Oct/2024:21:14:03 -0400] "GET /wp-content/upgrade/index.php HTTP/1.1" 301 0 "-" "-"
40.69.35.121 - - [21/Oct/2024:21:14:04 -0400] "GET /wp-content/upgrade/ HTTP/1.1" 200 545 "-" "-"
40.69.35.121 - - [21/Oct/2024:21:14:05 -0400] "GET /cgi-bin/file.php HTTP/1.1" 404 29159 "-" "-"
40.69.35.121 - - [21/Oct/2024:21:14:07 -0400] "GET /.well-known/index.php HTTP/1.1" 301 0 "-" "-"
40.69.35.121 - - [21/Oct/2024:21:14:07 -0400] "GET /.well-known/ HTTP/1.1" 200 650 "-" "-"
40.69.35.121 - - [21/Oct/2024:21:14:08 -0400] "GET /wp-content/cloud.php HTTP/1.1" 404 29122 "-" "-"
40.69.35.121 - - [21/Oct/2024:21:14:10 -0400] "GET /.well-known/acme-challenge/index.php HTTP/1.1" 301 0 "-" "-"
40.69.35.121 - - [21/Oct/2024:21:14:11 -0400] "GET /.well-known/acme-challenge/ HTTP/1.1" 404 29137 "-" "-"
40.69.35.121 - - [21/Oct/2024:21:14:12 -0400] "GET /cgi-bin/404.php HTTP/1.1" 404 29138 "-" "-"
40.69.35.121 - - [21/Oct/2024:21:14:14 -0400] "GET /wp-includes/function.php HTTP/1.1" 404 29287 "-" "-"
40.69.35.121 - - [21/Oct/2024:21:14:16 -0400] "GET /file.php HTTP/1.1" 404 29019 "-" "-"
40.69.35.121 - - [21/Oct/2024:21:14:18 -0400] "GET /.well-known/acme-challenge/autoload_classmap.php HTTP/1.1" 404 29109 "-" "-"
40.69.35.121 - - [21/Oct/2024:21:14:19 -0400] "GET /wp-includes/themes.php HTTP/1.1" 404 29118 "-" "-"
40.69.35.121 - - [21/Oct/2024:21:14:20 -0400] "GET /wp-includes/wp-login.php HTTP/1.1" 404 29189 "-" "-"
40.69.35.121 - - [21/Oct/2024:21:14:21 -0400] "GET /wp-content/file.php HTTP/1.1" 404 29200 "-" "-"
162.213.251.195 - - [21/Oct/2024:21:14:23 -0400] "POST /wp-cron.php?doing_wp_cron=1729559663.6144800186157226562500 HTTP/1.1" 200 0 "-" "WordPress/6.6.2; https://thietke365.net"
40.69.35.121 - - [21/Oct/2024:21:14:23 -0400] "GET /wp-trackback.php HTTP/1.1" 404 112 "-" "-"
40.69.35.121 - - [21/Oct/2024:21:14:24 -0400] "GET /wp-includes/SimplePie/wp-login.php HTTP/1.1" 404 29110 "-" "-"
40.69.35.121 - - [21/Oct/2024:21:14:25 -0400] "GET /cgi-bin/index.php HTTP/1.1" 404 1251 "-" "-"
40.69.35.121 - - [21/Oct/2024:21:14:26 -0400] "GET /wp-admin/themes.php HTTP/1.1" 302 0 "-" "-"
40.69.35.121 - - [21/Oct/2024:21:14:26 -0400] "GET /wp-login.php?redirect_to=https%3A%2F%2Fthietke365.net%2Fwp-admin%2Fthemes.php&reauth=1 HTTP/1.1" 200 2888 "-" "-"
40.69.35.121 - - [21/Oct/2024:21:14:27 -0400] "GET /.well-known/cloud.php HTTP/1.1" 404 29184 "-" "-"
40.69.35.121 - - [21/Oct/2024:21:14:29 -0400] "GET /.well-known/wp-load.php HTTP/1.1" 404 29122 "-" "-"
40.69.35.121 - - [21/Oct/2024:21:14:30 -0400] "GET /.well-known/file.php HTTP/1.1" 404 29167 "-" "-"
40.69.35.121 - - [21/Oct/2024:21:14:31 -0400] "GET /.well-known/makeasmtp.php HTTP/1.1" 404 29151 "-" "-"
40.69.35.121 - - [21/Oct/2024:21:14:32 -0400] "GET /wp-includes/index.php HTTP/1.1" 301 0 "-" "-"
40.69.35.121 - - [21/Oct/2024:21:14:33 -0400] "GET /wp-includes/ HTTP/1.1" 200 7147 "-" "-"
40.69.35.121 - - [21/Oct/2024:21:14:34 -0400] "GET /.well-known/acme-challenge/admin.php HTTP/1.1" 404 29049 "-" "-"
40.69.35.121 - - [21/Oct/2024:21:14:35 -0400] "GET /wp-admin/404.php HTTP/1.1" 404 29017 "-" "-"
40.69.35.121 - - [21/Oct/2024:21:14:37 -0400] "GET /.well-known/acme-challenge/makeasmtp.php HTTP/1.1" 404 29066 "-" "-"
40.69.35.121 - - [21/Oct/2024:21:14:38 -0400] "GET /radio.php HTTP/1.1" 404 29154 "-" "-"
40.69.35.121 - - [21/Oct/2024:21:14:39 -0400] "GET /wp-content/themes/index.php HTTP/1.1" 301 0 "-" "-"
40.69.35.121 - - [21/Oct/2024:21:14:40 -0400] "GET /wp-content/themes/ HTTP/1.1" 200 730 "-" "-"
40.69.35.121 - - [21/Oct/2024:21:14:41 -0400] "GET /wp-includes/admin.php HTTP/1.1" 404 29091 "-" "-"
40.69.35.121 - - [21/Oct/2024:21:14:42 -0400] "GET /wp-includes/system_log.php?p= HTTP/1.1" 301 0 "-" "-"
40.69.35.121 - - [21/Oct/2024:21:14:43 -0400] "GET /wp-includes/system_log.php HTTP/1.1" 404 29135 "-" "-"
40.69.35.121 - - [21/Oct/2024:21:14:44 -0400] "GET /wp-includes/wp-activate.php HTTP/1.1" 404 29203 "-" "-"
40.69.35.121 - - [21/Oct/2024:21:14:47 -0400] "GET /wp-includes/makeasmtp.php HTTP/1.1" 404 29104 "-" "-"
40.69.35.121 - - [21/Oct/2024:21:14:48 -0400] "GET /wp-admin/user/index.php HTTP/1.1" 302 0 "-" "-"
40.69.35.121 - - [21/Oct/2024:21:14:48 -0400] "GET /wp-login.php?redirect_to=https%3A%2F%2Fthietke365.net%2Fwp-admin%2Fuser%2Findex.php&reauth=1 HTTP/1.1" 200 2890 "-" "-"
40.69.35.121 - - [21/Oct/2024:21:14:49 -0400] "GET /link.php HTTP/1.1" 404 29151 "-" "-"
40.69.35.121 - - [21/Oct/2024:21:14:51 -0400] "GET /wp-content/autoload_classmap.php HTTP/1.1" 404 29200 "-" "-"
40.69.35.121 - - [21/Oct/2024:21:14:52 -0400] "GET /cgi-bin/themes.php HTTP/1.1" 404 29192 "-" "-"
40.69.35.121 - - [21/Oct/2024:21:14:54 -0400] "GET /wp-content/themes/admin.php HTTP/1.1" 404 29030 "-" "-"
40.69.35.121 - - [21/Oct/2024:21:14:55 -0400] "GET /wp-admin/css/wp-login.php HTTP/1.1" 404 29144 "-" "-"
40.69.35.121 - - [21/Oct/2024:21:14:57 -0400] "GET /function.php HTTP/1.1" 404 29085 "-" "-"
40.69.35.121 - - [21/Oct/2024:21:14:59 -0400] "GET /wp-admin/images/wp-login.php HTTP/1.1" 404 29111 "-" "-"
40.69.35.121 - - [21/Oct/2024:21:15:02 -0400] "GET /log.php HTTP/1.1" 404 29200 "-" "-"
40.69.35.121 - - [21/Oct/2024:21:15:05 -0400] "GET /wp-admin/wp-signup.php HTTP/1.1" 404 29147 "-" "-"
40.69.35.121 - - [21/Oct/2024:21:15:07 -0400] "GET /wp-content/themes/themes.php HTTP/1.1" 404 29106 "-" "-"
40.69.35.121 - - [21/Oct/2024:21:15:08 -0400] "GET /.well-known/radio.php HTTP/1.1" 404 29161 "-" "-"
40.69.35.121 - - [21/Oct/2024:21:15:10 -0400] "GET /wp-mail.php HTTP/1.1" 403 971 "-" "-"
40.69.35.121 - - [21/Oct/2024:21:15:11 -0400] "GET /.well-known/pki-validation/index.php HTTP/1.1" 404 1251 "-" "-"
40.69.35.121 - - [21/Oct/2024:21:15:12 -0400] "GET /.well-known/admin.php HTTP/1.1" 404 29144 "-" "-"
40.69.35.121 - - [21/Oct/2024:21:15:13 -0400] "GET /cgi-bin/wp-login.php HTTP/1.1" 404 29191 "-" "-"
40.69.35.121 - - [21/Oct/2024:21:15:15 -0400] "GET /wp-links-opml.php HTTP/1.1" 200 186 "-" "-"
40.69.35.121 - - [21/Oct/2024:21:15:17 -0400] "GET /.well-known/acme-challenge/radio.php HTTP/1.1" 404 29138 "-" "-"
40.69.35.121 - - [21/Oct/2024:21:15:18 -0400] "GET /wp-admin/images/file.php HTTP/1.1" 404 29026 "-" "-"
40.69.35.121 - - [21/Oct/2024:21:15:20 -0400] "GET /wp-content/upgrade/function.php HTTP/1.1" 404 29115 "-" "-"
162.213.251.195 - - [21/Oct/2024:21:15:24 -0400] "POST /wp-cron.php?doing_wp_cron=1729559724.0869920253753662109375 HTTP/1.1" 200 0 "-" "WordPress/6.6.2; https://thietke365.net"
40.69.35.121 - - [21/Oct/2024:21:15:23 -0400] "GET /wp-admin/user/themes.php HTTP/1.1" 404 29084 "-" "-"
40.69.35.121 - - [21/Oct/2024:21:15:25 -0400] "GET /cgi-bin/radio.php HTTP/1.1" 404 29148 "-" "-"
40.69.35.121 - - [21/Oct/2024:21:15:27 -0400] "GET /wp-admin/css/license.php HTTP/1.1" 404 29161 "-" "-"
40.69.35.121 - - [21/Oct/2024:21:15:29 -0400] "GET /wp-content/radio.php HTTP/1.1" 404 29086 "-" "-"
40.69.35.121 - - [21/Oct/2024:21:15:30 -0400] "GET /wp-content/plugins/about.php HTTP/1.1" 404 29120 "-" "-"
40.69.35.121 - - [21/Oct/2024:21:15:32 -0400] "GET /wp-admin/autoload_classmap.php HTTP/1.1" 404 29182 "-" "-"
40.69.35.121 - - [21/Oct/2024:21:15:33 -0400] "GET /.well-known/wp-login.php HTTP/1.1" 404 29113 "-" "-"
40.69.35.121 - - [21/Oct/2024:21:15:34 -0400] "GET /wp-includes/wp-load.php HTTP/1.1" 404 29113 "-" "-"
40.69.35.121 - - [21/Oct/2024:21:15:35 -0400] "GET /wp-admin/file.php HTTP/1.1" 404 29134 "-" "-"
40.69.35.121 - - [21/Oct/2024:21:15:37 -0400] "GET /.well-known/dropdown.php HTTP/1.1" 404 29019 "-" "-"
