52.156.174.229 - - [21/Oct/2024:13:41:30 -0400] "HEAD /bk HTTP/1.1" 404 0 "-" "Mozilla/5.0 (Windows NT 10.0; Win64; x64) AppleWebKit/537.36 (KHTML, like Gecko) Chrome/74.0.3729.169 Safari/537.36"
52.156.174.229 - - [21/Oct/2024:13:41:32 -0400] "HEAD /backup HTTP/1.1" 404 0 "-" "Mozilla/5.0 (Windows NT 10.0; Win64; x64) AppleWebKit/537.36 (KHTML, like Gecko) Chrome/74.0.3729.169 Safari/537.36"
52.156.174.229 - - [21/Oct/2024:13:41:33 -0400] "HEAD /old HTTP/1.1" 404 0 "-" "Mozilla/5.0 (Windows NT 10.0; Win64; x64) AppleWebKit/537.36 (KHTML, like Gecko) Chrome/74.0.3729.169 Safari/537.36"
52.156.174.229 - - [21/Oct/2024:13:41:34 -0400] "HEAD /new HTTP/1.1" 301 0 "-" "Mozilla/5.0 (Windows NT 10.0; Win64; x64) AppleWebKit/537.36 (KHTML, like Gecko) Chrome/74.0.3729.169 Safari/537.36"
52.156.174.229 - - [21/Oct/2024:13:41:37 -0400] "HEAD /main HTTP/1.1" 404 0 "-" "Mozilla/5.0 (Windows NT 10.0; Win64; x64) AppleWebKit/537.36 (KHTML, like Gecko) Chrome/74.0.3729.169 Safari/537.36"
52.156.174.229 - - [21/Oct/2024:13:41:38 -0400] "HEAD /home HTTP/1.1" 404 0 "-" "Mozilla/5.0 (Windows NT 10.0; Win64; x64) AppleWebKit/537.36 (KHTML, like Gecko) Chrome/74.0.3729.169 Safari/537.36"
103.57.221.27 - - [21/Oct/2024:14:07:17 -0400] "GET /.well-known/acme-challenge/HEF9SZ9I3NKS43WFQKWCCA8FJGYTLQS4 HTTP/1.1" 404 1251 "-" "Cpanel-HTTP-Client/1.0"
103.57.221.27 - - [21/Oct/2024:14:07:23 -0400] "GET /.well-known/acme-challenge/O9Y-HCGJLT6RWPF2GV9BE1QD65N6WZUA HTTP/1.1" 404 1251 "-" "Cpanel-HTTP-Client/1.0"
162.213.251.195 - - [21/Oct/2024:14:30:28 -0400] "POST /wp-cron.php?doing_wp_cron=1729535427.9415140151977539062500 HTTP/1.1" 200 0 "-" "WordPress/6.4.5; https://giandon24h.com"
66.249.66.83 - - [21/Oct/2024:14:30:17 -0400] "GET /Scripts/ueditor/net/controller.ashx HTTP/1.1" 404 22968 "-" "Mozilla/5.0 (Linux; Android 6.0.1; Nexus 5X Build/MMB29P) AppleWebKit/537.36 (KHTML, like Gecko) Chrome/130.0.6723.58 Mobile Safari/537.36 (compatible; GoogleOther)"
162.213.251.195 - - [21/Oct/2024:14:54:55 -0400] "POST /wp-cron.php?doing_wp_cron=1729536895.3053269386291503906250 HTTP/1.1" 200 0 "-" "WordPress/6.4.5; https://giandon24h.com"
66.249.66.76 - - [21/Oct/2024:14:54:45 -0400] "GET /dropdown.php HTTP/1.1" 404 23126 "-" "Mozilla/5.0 (Linux; Android 6.0.1; Nexus 5X Build/MMB29P) AppleWebKit/537.36 (KHTML, like Gecko) Chrome/130.0.6723.58 Mobile Safari/537.36 (compatible; Googlebot/2.1; +http://www.google.com/bot.html)"
176.97.122.93 - - [21/Oct/2024:15:14:35 -0400] "GET / HTTP/1.1" 301 0 "-" "Mozilla/5.0 (X11; U; Linux i686; en-US; rv:0.9.3) Gecko/20010801"
162.213.251.195 - - [21/Oct/2024:16:00:24 -0400] "POST /wp-cron.php?doing_wp_cron=1729540824.4795639514923095703125 HTTP/1.1" 200 0 "-" "WordPress/6.4.5; https://giandon24h.com"
66.249.66.75 - - [21/Oct/2024:16:00:17 -0400] "GET /robots.txt HTTP/1.1" 200 70 "-" "Mozilla/5.0 (compatible; Googlebot/2.1; +http://www.google.com/bot.html)"
66.249.66.75 - - [21/Oct/2024:16:00:25 -0400] "GET /static/Ueditor/controller.ashx HTTP/1.1" 404 23037 "-" "Mozilla/5.0 (Linux; Android 6.0.1; Nexus 5X Build/MMB29P) AppleWebKit/537.36 (KHTML, like Gecko) Chrome/130.0.6723.58 Mobile Safari/537.36 (compatible; GoogleOther)"
162.213.251.195 - - [21/Oct/2024:16:24:46 -0400] "POST /wp-cron.php?doing_wp_cron=1729542286.3274199962615966796875 HTTP/1.1" 200 0 "-" "WordPress/6.4.5; https://giandon24h.com"
66.249.66.165 - - [21/Oct/2024:16:24:45 -0400] "GET /robots.txt HTTP/1.1" 301 0 "-" "Mozilla/5.0 (compatible; Googlebot/2.1; +http://www.google.com/bot.html)"
66.249.66.165 - - [21/Oct/2024:16:24:46 -0400] "GET /simple.php HTTP/1.1" 301 0 "-" "Mozilla/5.0 (Linux; Android 6.0.1; Nexus 5X Build/MMB29P) AppleWebKit/537.36 (KHTML, like Gecko) Chrome/130.0.6723.58 Mobile Safari/537.36 (compatible; Googlebot/2.1; +http://www.google.com/bot.html)"
66.249.66.82 - - [21/Oct/2024:16:24:48 -0400] "GET /simple.php HTTP/1.1" 404 23116 "-" "Mozilla/5.0 (Linux; Android 6.0.1; Nexus 5X Build/MMB29P) AppleWebKit/537.36 (KHTML, like Gecko) Chrome/130.0.6723.58 Mobile Safari/537.36 (compatible; Googlebot/2.1; +http://www.google.com/bot.html)"
162.213.251.195 - - [21/Oct/2024:17:06:40 -0400] "POST /wp-cron.php?doing_wp_cron=1729544799.9811990261077880859375 HTTP/1.1" 200 0 "-" "WordPress/6.4.5; https://giandon24h.com"
203.33.203.148 - - [21/Oct/2024:17:06:36 -0400] "GET / HTTP/1.1" 301 0 "-" "Mozilla/5.0 (iPhone; CPU iPhone OS 13_2_3 like Mac OS X) AppleWebKit/605.1.15 (KHTML, like Gecko) Version/13.0.3 Mobile/15E148 Safari/604.1"
103.57.221.27 - - [21/Oct/2024:17:07:26 -0400] "GET /.well-known/acme-challenge/U-4YKLSG6ULD-6BQFE0ZHTF8Z03XPCDX HTTP/1.1" 404 1251 "-" "Cpanel-HTTP-Client/1.0"
103.57.221.27 - - [21/Oct/2024:17:07:42 -0400] "GET /.well-known/acme-challenge/V19VGW75I_UYDRUL0GRASNZ2RDSBQOC8 HTTP/1.1" 404 1251 "-" "Cpanel-HTTP-Client/1.0"
162.213.251.195 - - [21/Oct/2024:17:30:19 -0400] "POST /wp-cron.php?doing_wp_cron=1729546219.7957201004028320312500 HTTP/1.1" 200 0 "-" "WordPress/6.4.5; https://giandon24h.com"
66.249.66.75 - - [21/Oct/2024:17:30:16 -0400] "GET /Ueditor/net/controller.ashx HTTP/1.1" 404 22959 "-" "Mozilla/5.0 (Linux; Android 6.0.1; Nexus 5X Build/MMB29P) AppleWebKit/537.36 (KHTML, like Gecko) Chrome/130.0.6723.58 Mobile Safari/537.36 (compatible; GoogleOther)"
162.213.251.195 - - [21/Oct/2024:17:32:23 -0400] "POST /wp-cron.php?doing_wp_cron=1729546342.6892399787902832031250 HTTP/1.1" 200 0 "-" "WordPress/6.4.5; https://giandon24h.com"
2a00:6800:3:b9f::1 - - [21/Oct/2024:17:32:19 -0400] "GET / HTTP/1.1" 301 0 "-" "Mozilla/5.0 (Windows NT 10.0; Win64; x64) AppleWebKit/537.36 (KHTML, like Gecko) Chrome/91.0.4472.114 Safari/537.36 Edg/91.0.864.54"
162.213.251.195 - - [21/Oct/2024:17:54:51 -0400] "POST /wp-cron.php?doing_wp_cron=1729547690.2438158988952636718750 HTTP/1.1" 200 0 "-" "WordPress/6.4.5; https://giandon24h.com"
66.249.66.165 - - [21/Oct/2024:17:54:46 -0400] "GET /.vscode/sftp.json HTTP/1.1" 301 0 "-" "Mozilla/5.0 (Linux; Android 6.0.1; Nexus 5X Build/MMB29P) AppleWebKit/537.36 (KHTML, like Gecko) Chrome/130.0.6723.58 Mobile Safari/537.36 (compatible; Googlebot/2.1; +http://www.google.com/bot.html)"
66.249.66.84 - - [21/Oct/2024:17:54:52 -0400] "GET /.vscode/sftp.json HTTP/1.1" 404 23128 "-" "Mozilla/5.0 (Linux; Android 6.0.1; Nexus 5X Build/MMB29P) AppleWebKit/537.36 (KHTML, like Gecko) Chrome/130.0.6723.58 Mobile Safari/537.36 (compatible; Googlebot/2.1; +http://www.google.com/bot.html)"
162.213.251.195 - - [21/Oct/2024:19:00:28 -0400] "POST /wp-cron.php?doing_wp_cron=1729551627.7177610397338867187500 HTTP/1.1" 200 0 "-" "WordPress/6.4.5; https://giandon24h.com"
66.249.66.83 - - [21/Oct/2024:19:00:17 -0400] "GET /Plugin/ueditor/net/controller.ashx HTTP/1.1" 404 23059 "-" "Mozilla/5.0 (Linux; Android 6.0.1; Nexus 5X Build/MMB29P) AppleWebKit/537.36 (KHTML, like Gecko) Chrome/130.0.6723.58 Mobile Safari/537.36 (compatible; GoogleOther)"
103.57.221.27 - - [21/Oct/2024:20:08:18 -0400] "GET /.well-known/acme-challenge/RD-P9IWOFQH22RVYF5E6PJG6N1V9AJQJ HTTP/1.1" 404 1251 "-" "Cpanel-HTTP-Client/1.0"
103.57.221.27 - - [21/Oct/2024:20:08:29 -0400] "GET /.well-known/acme-challenge/SMISC5LDHPDDG-LXZ9X8FYXTA4DSDM-0 HTTP/1.1" 404 1251 "-" "Cpanel-HTTP-Client/1.0"
162.213.251.195 - - [21/Oct/2024:20:30:26 -0400] "POST /wp-cron.php?doing_wp_cron=1729557025.9845740795135498046875 HTTP/1.1" 200 0 "-" "WordPress/6.4.5; https://giandon24h.com"
66.249.66.82 - - [21/Oct/2024:20:30:16 -0400] "GET /robots.txt HTTP/1.1" 200 70 "-" "Mozilla/5.0 (compatible; Googlebot/2.1; +http://www.google.com/bot.html)"
66.249.66.82 - - [21/Oct/2024:20:30:27 -0400] "GET /admin/Ueditor/net/controller.ashx HTTP/1.1" 404 23050 "-" "Mozilla/5.0 (Linux; Android 6.0.1; Nexus 5X Build/MMB29P) AppleWebKit/537.36 (KHTML, like Gecko) Chrome/130.0.6723.58 Mobile Safari/537.36 (compatible; GoogleOther)"
13.201.50.0 - - [21/Oct/2024:20:34:39 -0400] "GET /wp-admin/css/ HTTP/1.1" 200 3483 "binance.com" "Mozilla/5.0 (Windows NT 10.0; Win64; x64) AppleWebKit/537.36 (KHTML, like Gecko) Chrome/90.0.4430.85 Safari/537.36"
13.201.50.0 - - [21/Oct/2024:20:34:51 -0400] "GET /wp-content/uploads/2024/10/ HTTP/1.1" 200 693 "binance.com" "Mozilla/5.0 (Windows NT 10.0; Win64; x64) AppleWebKit/537.36 (KHTML, like Gecko) Chrome/90.0.4430.85 Safari/537.36"
13.201.50.0 - - [21/Oct/2024:20:34:53 -0400] "GET /wp-content/uploads/2024/09/ HTTP/1.1" 200 693 "binance.com" "Mozilla/5.0 (Windows NT 10.0; Win64; x64) AppleWebKit/537.36 (KHTML, like Gecko) Chrome/90.0.4430.85 Safari/537.36"
13.201.50.0 - - [21/Oct/2024:20:34:54 -0400] "GET /wp-content/uploads/ HTTP/1.1" 200 1610 "binance.com" "Mozilla/5.0 (Windows NT 10.0; Win64; x64) AppleWebKit/537.36 (KHTML, like Gecko) Chrome/90.0.4430.85 Safari/537.36"
13.201.50.0 - - [21/Oct/2024:20:34:56 -0400] "GET /wp-content/upgrade/ HTTP/1.1" 200 685 "binance.com" "Mozilla/5.0 (Windows NT 10.0; Win64; x64) AppleWebKit/537.36 (KHTML, like Gecko) Chrome/90.0.4430.85 Safari/537.36"
13.201.50.0 - - [21/Oct/2024:20:34:57 -0400] "GET /wp-content/languages/ HTTP/1.1" 200 3621 "binance.com" "Mozilla/5.0 (Windows NT 10.0; Win64; x64) AppleWebKit/537.36 (KHTML, like Gecko) Chrome/90.0.4430.85 Safari/537.36"
13.201.50.0 - - [21/Oct/2024:20:34:59 -0400] "GET /wp-admin/includes/ HTTP/1.1" 200 4269 "binance.com" "Mozilla/5.0 (Windows NT 10.0; Win64; x64) AppleWebKit/537.36 (KHTML, like Gecko) Chrome/90.0.4430.85 Safari/537.36"
13.201.50.0 - - [21/Oct/2024:20:35:01 -0400] "GET /wp-admin/includes/ HTTP/1.1" 200 4269 "binance.com" "Mozilla/5.0 (Windows NT 10.0; Win64; x64) AppleWebKit/537.36 (KHTML, like Gecko) Chrome/90.0.4430.85 Safari/537.36"
13.201.50.0 - - [21/Oct/2024:20:35:03 -0400] "GET /wp-admin/maint/ HTTP/1.1" 200 774 "binance.com" "Mozilla/5.0 (Windows NT 10.0; Win64; x64) AppleWebKit/537.36 (KHTML, like Gecko) Chrome/90.0.4430.85 Safari/537.36"
13.201.50.0 - - [21/Oct/2024:20:35:05 -0400] "GET /wp-admin/maint/ HTTP/1.1" 200 774 "binance.com" "Mozilla/5.0 (Windows NT 10.0; Win64; x64) AppleWebKit/537.36 (KHTML, like Gecko) Chrome/90.0.4430.85 Safari/537.36"
162.213.251.195 - - [21/Oct/2024:20:35:12 -0400] "POST /wp-cron.php?doing_wp_cron=1729557312.4786319732666015625000 HTTP/1.1" 200 0 "-" "WordPress/6.4.5; https://giandon24h.com"
13.201.50.0 - - [21/Oct/2024:20:35:07 -0400] "GET /wp-admin/network/ HTTP/1.1" 302 0 "binance.com" "Mozilla/5.0 (Windows NT 10.0; Win64; x64) AppleWebKit/537.36 (KHTML, like Gecko) Chrome/90.0.4430.85 Safari/537.36"
13.201.50.0 - - [21/Oct/2024:20:35:17 -0400] "GET /wp-admin/user/ HTTP/1.1" 302 0 "binance.com" "Mozilla/5.0 (Windows NT 10.0; Win64; x64) AppleWebKit/537.36 (KHTML, like Gecko) Chrome/90.0.4430.85 Safari/537.36"
13.201.50.0 - - [21/Oct/2024:20:35:33 -0400] "GET /wp-admin/css/ HTTP/1.1" 200 3483 "binance.com" "Mozilla/5.0 (Windows NT 10.0; Win64; x64) AppleWebKit/537.36 (KHTML, like Gecko) Chrome/90.0.4430.85 Safari/537.36"
13.201.50.0 - - [21/Oct/2024:20:35:35 -0400] "GET /wp-admin/css/colors/ HTTP/1.1" 200 1338 "binance.com" "Mozilla/5.0 (Windows NT 10.0; Win64; x64) AppleWebKit/537.36 (KHTML, like Gecko) Chrome/90.0.4430.85 Safari/537.36"
13.201.50.0 - - [21/Oct/2024:20:35:37 -0400] "GET /wp-admin/css/colors/blue/ HTTP/1.1" 200 886 "binance.com" "Mozilla/5.0 (Windows NT 10.0; Win64; x64) AppleWebKit/537.36 (KHTML, like Gecko) Chrome/90.0.4430.85 Safari/537.36"
13.201.50.0 - - [21/Oct/2024:20:35:49 -0400] "GET /wp-admin/css/colors/coffee/ HTTP/1.1" 200 887 "binance.com" "Mozilla/5.0 (Windows NT 10.0; Win64; x64) AppleWebKit/537.36 (KHTML, like Gecko) Chrome/90.0.4430.85 Safari/537.36"
13.201.50.0 - - [21/Oct/2024:20:35:50 -0400] "GET /wp-admin/css/colors/ectoplasm/ HTTP/1.1" 200 888 "binance.com" "Mozilla/5.0 (Windows NT 10.0; Win64; x64) AppleWebKit/537.36 (KHTML, like Gecko) Chrome/90.0.4430.85 Safari/537.36"
13.201.50.0 - - [21/Oct/2024:20:36:03 -0400] "GET /wp-admin/css/colors/light/ HTTP/1.1" 200 889 "binance.com" "Mozilla/5.0 (Windows NT 10.0; Win64; x64) AppleWebKit/537.36 (KHTML, like Gecko) Chrome/90.0.4430.85 Safari/537.36"
13.201.50.0 - - [21/Oct/2024:20:36:05 -0400] "GET /wp-admin/css/colors/midnight/ HTTP/1.1" 200 894 "binance.com" "Mozilla/5.0 (Windows NT 10.0; Win64; x64) AppleWebKit/537.36 (KHTML, like Gecko) Chrome/90.0.4430.85 Safari/537.36"
13.201.50.0 - - [21/Oct/2024:20:36:06 -0400] "GET /wp-admin/css/colors/modern/ HTTP/1.1" 200 890 "binance.com" "Mozilla/5.0 (Windows NT 10.0; Win64; x64) AppleWebKit/537.36 (KHTML, like Gecko) Chrome/90.0.4430.85 Safari/537.36"
13.201.50.0 - - [21/Oct/2024:20:36:08 -0400] "GET /wp-admin/css/colors/ocean/ HTTP/1.1" 200 888 "binance.com" "Mozilla/5.0 (Windows NT 10.0; Win64; x64) AppleWebKit/537.36 (KHTML, like Gecko) Chrome/90.0.4430.85 Safari/537.36"
162.213.251.195 - - [21/Oct/2024:20:36:10 -0400] "POST /wp-cron.php?doing_wp_cron=1729557370.5671930313110351562500 HTTP/1.1" 200 0 "-" "WordPress/6.4.5; https://giandon24h.com"
13.201.50.0 - - [21/Oct/2024:20:36:09 -0400] "GET /wp-admin/css/colors/sunrise/%20 HTTP/1.1" 301 0 "binance.com" "Mozilla/5.0 (Windows NT 10.0; Win64; x64) AppleWebKit/537.36 (KHTML, like Gecko) Chrome/90.0.4430.85 Safari/537.36"
13.201.50.0 - - [21/Oct/2024:20:36:11 -0400] "GET /wp-admin/css/colors/sunrise/ HTTP/1.1" 200 890 "binance.com" "Mozilla/5.0 (Windows NT 10.0; Win64; x64) AppleWebKit/537.36 (KHTML, like Gecko) Chrome/90.0.4430.85 Safari/537.36"
13.201.50.0 - - [21/Oct/2024:20:36:13 -0400] "GET /wp-admin/images/ HTTP/1.1" 200 3081 "binance.com" "Mozilla/5.0 (Windows NT 10.0; Win64; x64) AppleWebKit/537.36 (KHTML, like Gecko) Chrome/90.0.4430.85 Safari/537.36"
13.201.50.0 - - [21/Oct/2024:20:36:14 -0400] "GET /wp-admin/js/ HTTP/1.1" 200 3558 "binance.com" "Mozilla/5.0 (Windows NT 10.0; Win64; x64) AppleWebKit/537.36 (KHTML, like Gecko) Chrome/90.0.4430.85 Safari/537.36"
13.201.50.0 - - [21/Oct/2024:20:36:16 -0400] "GET /wp-admin/js/widgets/ HTTP/1.1" 200 1505 "binance.com" "Mozilla/5.0 (Windows NT 10.0; Win64; x64) AppleWebKit/537.36 (KHTML, like Gecko) Chrome/90.0.4430.85 Safari/537.36"
13.201.50.0 - - [21/Oct/2024:20:36:17 -0400] "GET /wp-includes/ HTTP/1.1" 200 8338 "binance.com" "Mozilla/5.0 (Windows NT 10.0; Win64; x64) AppleWebKit/537.36 (KHTML, like Gecko) Chrome/90.0.4430.85 Safari/537.36"
13.201.50.0 - - [21/Oct/2024:20:36:18 -0400] "GET /wp-includes/ HTTP/1.1" 200 8338 "binance.com" "Mozilla/5.0 (Windows NT 10.0; Win64; x64) AppleWebKit/537.36 (KHTML, like Gecko) Chrome/90.0.4430.85 Safari/537.36"
13.201.50.0 - - [21/Oct/2024:20:36:19 -0400] "GET /wp-includes/block-editor.php HTTP/1.1" 200 0 "binance.com" "Mozilla/5.0 (Windows NT 10.0; Win64; x64) AppleWebKit/537.36 (KHTML, like Gecko) Chrome/90.0.4430.85 Safari/537.36"
13.201.50.0 - - [21/Oct/2024:20:36:21 -0400] "GET /wp-includes/block-template-utils.php HTTP/1.1" 200 0 "binance.com" "Mozilla/5.0 (Windows NT 10.0; Win64; x64) AppleWebKit/537.36 (KHTML, like Gecko) Chrome/90.0.4430.85 Safari/537.36"
13.201.50.0 - - [21/Oct/2024:20:36:33 -0400] "GET /wp-includes/block-template.php HTTP/1.1" 200 0 "binance.com" "Mozilla/5.0 (Windows NT 10.0; Win64; x64) AppleWebKit/537.36 (KHTML, like Gecko) Chrome/90.0.4430.85 Safari/537.36"
13.201.50.0 - - [21/Oct/2024:20:36:35 -0400] "GET /wp-includes/class-wp-block-editor-context.php HTTP/1.1" 200 0 "binance.com" "Mozilla/5.0 (Windows NT 10.0; Win64; x64) AppleWebKit/537.36 (KHTML, like Gecko) Chrome/90.0.4430.85 Safari/537.36"
13.201.50.0 - - [21/Oct/2024:20:36:39 -0400] "GET /wp-includes/class-wp-block-parser-block.php HTTP/1.1" 200 0 "binance.com" "Mozilla/5.0 (Windows NT 10.0; Win64; x64) AppleWebKit/537.36 (KHTML, like Gecko) Chrome/90.0.4430.85 Safari/537.36"
13.201.50.0 - - [21/Oct/2024:20:36:40 -0400] "GET /wp-includes/class-wp-block-parser-frame.php HTTP/1.1" 200 0 "binance.com" "Mozilla/5.0 (Windows NT 10.0; Win64; x64) AppleWebKit/537.36 (KHTML, like Gecko) Chrome/90.0.4430.85 Safari/537.36"
13.201.50.0 - - [21/Oct/2024:20:36:41 -0400] "GET /wp-includes/class-wp-block-template.php HTTP/1.1" 200 0 "binance.com" "Mozilla/5.0 (Windows NT 10.0; Win64; x64) AppleWebKit/537.36 (KHTML, like Gecko) Chrome/90.0.4430.85 Safari/537.36"
13.201.50.0 - - [21/Oct/2024:20:36:42 -0400] "GET /wp-includes/class-wp-classic-to-block-menu-converter.php HTTP/1.1" 200 0 "binance.com" "Mozilla/5.0 (Windows NT 10.0; Win64; x64) AppleWebKit/537.36 (KHTML, like Gecko) Chrome/90.0.4430.85 Safari/537.36"
13.201.50.0 - - [21/Oct/2024:20:36:43 -0400] "GET /wp-includes/class-wp-dependencies.php HTTP/1.1" 200 0 "binance.com" "Mozilla/5.0 (Windows NT 10.0; Win64; x64) AppleWebKit/537.36 (KHTML, like Gecko) Chrome/90.0.4430.85 Safari/537.36"
13.201.50.0 - - [21/Oct/2024:20:36:44 -0400] "GET /wp-includes/class-wp-duotone.php HTTP/1.1" 200 0 "binance.com" "Mozilla/5.0 (Windows NT 10.0; Win64; x64) AppleWebKit/537.36 (KHTML, like Gecko) Chrome/90.0.4430.85 Safari/537.36"
13.201.50.0 - - [21/Oct/2024:20:36:45 -0400] "GET /wp-includes/class-wp-http.php HTTP/1.1" 500 0 "binance.com" "Mozilla/5.0 (Windows NT 10.0; Win64; x64) AppleWebKit/537.36 (KHTML, like Gecko) Chrome/90.0.4430.85 Safari/537.36"
13.201.50.0 - - [21/Oct/2024:20:36:47 -0400] "GET /wp-includes/class-wp-navigation-fallback.php HTTP/1.1" 200 0 "binance.com" "Mozilla/5.0 (Windows NT 10.0; Win64; x64) AppleWebKit/537.36 (KHTML, like Gecko) Chrome/90.0.4430.85 Safari/537.36"
13.201.50.0 - - [21/Oct/2024:20:36:47 -0400] "GET /wp-includes/class-wp-scripts.php HTTP/1.1" 500 0 "binance.com" "Mozilla/5.0 (Windows NT 10.0; Win64; x64) AppleWebKit/537.36 (KHTML, like Gecko) Chrome/90.0.4430.85 Safari/537.36"
13.201.50.0 - - [21/Oct/2024:20:36:48 -0400] "GET /wp-includes/class-wp-styles.php HTTP/1.1" 500 0 "binance.com" "Mozilla/5.0 (Windows NT 10.0; Win64; x64) AppleWebKit/537.36 (KHTML, like Gecko) Chrome/90.0.4430.85 Safari/537.36"
13.201.50.0 - - [21/Oct/2024:20:36:49 -0400] "GET /wp-includes/class-wp-textdomain-registry.php HTTP/1.1" 200 0 "binance.com" "Mozilla/5.0 (Windows NT 10.0; Win64; x64) AppleWebKit/537.36 (KHTML, like Gecko) Chrome/90.0.4430.85 Safari/537.36"
13.201.50.0 - - [21/Oct/2024:20:36:50 -0400] "GET /wp-includes/class-wp-theme-json-data.php HTTP/1.1" 200 0 "binance.com" "Mozilla/5.0 (Windows NT 10.0; Win64; x64) AppleWebKit/537.36 (KHTML, like Gecko) Chrome/90.0.4430.85 Safari/537.36"
13.201.50.0 - - [21/Oct/2024:20:36:51 -0400] "GET /wp-includes/class-wp-theme-json-resolver.php HTTP/1.1" 200 0 "binance.com" "Mozilla/5.0 (Windows NT 10.0; Win64; x64) AppleWebKit/537.36 (KHTML, like Gecko) Chrome/90.0.4430.85 Safari/537.36"
13.201.50.0 - - [21/Oct/2024:20:36:52 -0400] "GET /wp-includes/class-wp-theme-json-schema.php HTTP/1.1" 200 0 "binance.com" "Mozilla/5.0 (Windows NT 10.0; Win64; x64) AppleWebKit/537.36 (KHTML, like Gecko) Chrome/90.0.4430.85 Safari/537.36"
13.201.50.0 - - [21/Oct/2024:20:36:53 -0400] "GET /wp-includes/class-wp-theme-json.php HTTP/1.1" 200 0 "binance.com" "Mozilla/5.0 (Windows NT 10.0; Win64; x64) AppleWebKit/537.36 (KHTML, like Gecko) Chrome/90.0.4430.85 Safari/537.36"
13.201.50.0 - - [21/Oct/2024:20:36:54 -0400] "GET /wp-includes/class-wpdb.php HTTP/1.1" 200 0 "binance.com" "Mozilla/5.0 (Windows NT 10.0; Win64; x64) AppleWebKit/537.36 (KHTML, like Gecko) Chrome/90.0.4430.85 Safari/537.36"
13.201.50.0 - - [21/Oct/2024:20:36:55 -0400] "GET /wp-includes/fonts.php HTTP/1.1" 200 0 "binance.com" "Mozilla/5.0 (Windows NT 10.0; Win64; x64) AppleWebKit/537.36 (KHTML, like Gecko) Chrome/90.0.4430.85 Safari/537.36"
13.201.50.0 - - [21/Oct/2024:20:36:55 -0400] "GET /wp-includes/global-styles-and-settings.php HTTP/1.1" 200 0 "binance.com" "Mozilla/5.0 (Windows NT 10.0; Win64; x64) AppleWebKit/537.36 (KHTML, like Gecko) Chrome/90.0.4430.85 Safari/537.36"
13.201.50.0 - - [21/Oct/2024:20:36:56 -0400] "GET /wp-includes/https-detection.php HTTP/1.1" 200 0 "binance.com" "Mozilla/5.0 (Windows NT 10.0; Win64; x64) AppleWebKit/537.36 (KHTML, like Gecko) Chrome/90.0.4430.85 Safari/537.36"
13.201.50.0 - - [21/Oct/2024:20:36:57 -0400] "GET /wp-includes/https-migration.php HTTP/1.1" 200 0 "binance.com" "Mozilla/5.0 (Windows NT 10.0; Win64; x64) AppleWebKit/537.36 (KHTML, like Gecko) Chrome/90.0.4430.85 Safari/537.36"
13.201.50.0 - - [21/Oct/2024:20:36:58 -0400] "GET /wp-includes/robots-template.php HTTP/1.1" 200 0 "binance.com" "Mozilla/5.0 (Windows NT 10.0; Win64; x64) AppleWebKit/537.36 (KHTML, like Gecko) Chrome/90.0.4430.85 Safari/537.36"
13.201.50.0 - - [21/Oct/2024:20:36:59 -0400] "GET /wp-includes/style-engine.php HTTP/1.1" 200 0 "binance.com" "Mozilla/5.0 (Windows NT 10.0; Win64; x64) AppleWebKit/537.36 (KHTML, like Gecko) Chrome/90.0.4430.85 Safari/537.36"
13.201.50.0 - - [21/Oct/2024:20:37:00 -0400] "GET /wp-includes/template-canvas.php HTTP/1.1" 500 0 "binance.com" "Mozilla/5.0 (Windows NT 10.0; Win64; x64) AppleWebKit/537.36 (KHTML, like Gecko) Chrome/90.0.4430.85 Safari/537.36"
13.201.50.0 - - [21/Oct/2024:20:37:01 -0400] "GET /wp-includes/theme-previews.php HTTP/1.1" 200 0 "binance.com" "Mozilla/5.0 (Windows NT 10.0; Win64; x64) AppleWebKit/537.36 (KHTML, like Gecko) Chrome/90.0.4430.85 Safari/537.36"
13.201.50.0 - - [21/Oct/2024:20:37:03 -0400] "GET /wp-includes/theme-templates.php HTTP/1.1" 200 0 "binance.com" "Mozilla/5.0 (Windows NT 10.0; Win64; x64) AppleWebKit/537.36 (KHTML, like Gecko) Chrome/90.0.4430.85 Safari/537.36"
13.201.50.0 - - [21/Oct/2024:20:37:04 -0400] "GET /wp-includes/wp-feed.php HTTP/1.1" 200 55 "binance.com" "Mozilla/5.0 (Windows NT 10.0; Win64; x64) AppleWebKit/537.36 (KHTML, like Gecko) Chrome/90.0.4430.85 Safari/537.36"
13.201.50.0 - - [21/Oct/2024:20:37:05 -0400] "GET /wp-includes/ID3/ HTTP/1.1" 200 1649 "binance.com" "Mozilla/5.0 (Windows NT 10.0; Win64; x64) AppleWebKit/537.36 (KHTML, like Gecko) Chrome/90.0.4430.85 Safari/537.36"
13.201.50.0 - - [21/Oct/2024:20:37:06 -0400] "GET /wp-includes/ID3/ HTTP/1.1" 200 1649 "binance.com" "Mozilla/5.0 (Windows NT 10.0; Win64; x64) AppleWebKit/537.36 (KHTML, like Gecko) Chrome/90.0.4430.85 Safari/537.36"
13.201.50.0 - - [21/Oct/2024:20:37:07 -0400] "GET /wp-includes/IXR/ HTTP/1.1" 200 1429 "binance.com" "Mozilla/5.0 (Windows NT 10.0; Win64; x64) AppleWebKit/537.36 (KHTML, like Gecko) Chrome/90.0.4430.85 Safari/537.36"
13.201.50.0 - - [21/Oct/2024:20:37:09 -0400] "GET /wp-includes/IXR/ HTTP/1.1" 200 1429 "binance.com" "Mozilla/5.0 (Windows NT 10.0; Win64; x64) AppleWebKit/537.36 (KHTML, like Gecko) Chrome/90.0.4430.85 Safari/537.36"
13.201.50.0 - - [21/Oct/2024:20:37:09 -0400] "GET /wp-includes/PHPMailer/ HTTP/1.1" 200 876 "binance.com" "Mozilla/5.0 (Windows NT 10.0; Win64; x64) AppleWebKit/537.36 (KHTML, like Gecko) Chrome/90.0.4430.85 Safari/537.36"
13.201.50.0 - - [21/Oct/2024:20:37:10 -0400] "GET /wp-includes/PHPMailer/ HTTP/1.1" 200 876 "binance.com" "Mozilla/5.0 (Windows NT 10.0; Win64; x64) AppleWebKit/537.36 (KHTML, like Gecko) Chrome/90.0.4430.85 Safari/537.36"
13.201.50.0 - - [21/Oct/2024:20:37:11 -0400] "GET /wp-includes/Text/ HTTP/1.1" 200 841 "binance.com" "Mozilla/5.0 (Windows NT 10.0; Win64; x64) AppleWebKit/537.36 (KHTML, like Gecko) Chrome/90.0.4430.85 Safari/537.36"
13.201.50.0 - - [21/Oct/2024:20:37:12 -0400] "GET /wp-includes/Text/ HTTP/1.1" 200 841 "binance.com" "Mozilla/5.0 (Windows NT 10.0; Win64; x64) AppleWebKit/537.36 (KHTML, like Gecko) Chrome/90.0.4430.85 Safari/537.36"
13.201.50.0 - - [21/Oct/2024:20:37:13 -0400] "GET /wp-includes/Text/Diff/ HTTP/1.1" 200 871 "binance.com" "Mozilla/5.0 (Windows NT 10.0; Win64; x64) AppleWebKit/537.36 (KHTML, like Gecko) Chrome/90.0.4430.85 Safari/537.36"
13.201.50.0 - - [21/Oct/2024:20:37:14 -0400] "GET /wp-includes/Text/Diff/ HTTP/1.1" 200 871 "binance.com" "Mozilla/5.0 (Windows NT 10.0; Win64; x64) AppleWebKit/537.36 (KHTML, like Gecko) Chrome/90.0.4430.85 Safari/537.36"
13.201.50.0 - - [21/Oct/2024:20:37:15 -0400] "GET /wp-includes/Text/Diff/Engine/ HTTP/1.1" 200 870 "binance.com" "Mozilla/5.0 (Windows NT 10.0; Win64; x64) AppleWebKit/537.36 (KHTML, like Gecko) Chrome/90.0.4430.85 Safari/537.36"
13.201.50.0 - - [21/Oct/2024:20:37:17 -0400] "GET /wp-includes/Text/Diff/Engine/ HTTP/1.1" 200 870 "binance.com" "Mozilla/5.0 (Windows NT 10.0; Win64; x64) AppleWebKit/537.36 (KHTML, like Gecko) Chrome/90.0.4430.85 Safari/537.36"
13.201.50.0 - - [21/Oct/2024:20:37:18 -0400] "GET /wp-includes/Text/Diff/Renderer/ HTTP/1.1" 200 789 "binance.com" "Mozilla/5.0 (Windows NT 10.0; Win64; x64) AppleWebKit/537.36 (KHTML, like Gecko) Chrome/90.0.4430.85 Safari/537.36"
13.201.50.0 - - [21/Oct/2024:20:37:21 -0400] "GET /wp-includes/Text/Diff/Renderer/ HTTP/1.1" 200 789 "binance.com" "Mozilla/5.0 (Windows NT 10.0; Win64; x64) AppleWebKit/537.36 (KHTML, like Gecko) Chrome/90.0.4430.85 Safari/537.36"
13.201.50.0 - - [21/Oct/2024:20:37:22 -0400] "GET /wp-includes/blocks/ HTTP/1.1" 500 0 "binance.com" "Mozilla/5.0 (Windows NT 10.0; Win64; x64) AppleWebKit/537.36 (KHTML, like Gecko) Chrome/90.0.4430.85 Safari/537.36"
13.201.50.0 - - [21/Oct/2024:20:37:24 -0400] "GET /wp-includes/pomo/ HTTP/1.1" 200 1224 "binance.com" "Mozilla/5.0 (Windows NT 10.0; Win64; x64) AppleWebKit/537.36 (KHTML, like Gecko) Chrome/90.0.4430.85 Safari/537.36"
13.201.50.0 - - [21/Oct/2024:20:37:26 -0400] "GET /wp-includes/pomo/ HTTP/1.1" 200 1224 "binance.com" "Mozilla/5.0 (Windows NT 10.0; Win64; x64) AppleWebKit/537.36 (KHTML, like Gecko) Chrome/90.0.4430.85 Safari/537.36"
13.201.50.0 - - [21/Oct/2024:20:37:27 -0400] "GET /wp-includes/sitemaps/ HTTP/1.1" 200 1326 "binance.com" "Mozilla/5.0 (Windows NT 10.0; Win64; x64) AppleWebKit/537.36 (KHTML, like Gecko) Chrome/90.0.4430.85 Safari/537.36"
13.201.50.0 - - [21/Oct/2024:20:37:29 -0400] "GET /wp-includes/sitemaps/ HTTP/1.1" 200 1326 "binance.com" "Mozilla/5.0 (Windows NT 10.0; Win64; x64) AppleWebKit/537.36 (KHTML, like Gecko) Chrome/90.0.4430.85 Safari/537.36"
13.201.50.0 - - [21/Oct/2024:20:37:30 -0400] "GET /wp-includes/sitemaps/providers/ HTTP/1.1" 200 942 "binance.com" "Mozilla/5.0 (Windows NT 10.0; Win64; x64) AppleWebKit/537.36 (KHTML, like Gecko) Chrome/90.0.4430.85 Safari/537.36"
13.201.50.0 - - [21/Oct/2024:20:37:31 -0400] "GET /wp-includes/sitemaps/providers/ HTTP/1.1" 200 942 "binance.com" "Mozilla/5.0 (Windows NT 10.0; Win64; x64) AppleWebKit/537.36 (KHTML, like Gecko) Chrome/90.0.4430.85 Safari/537.36"
13.201.50.0 - - [21/Oct/2024:20:37:33 -0400] "GET /wp-includes/widgets/ HTTP/1.1" 200 1713 "binance.com" "Mozilla/5.0 (Windows NT 10.0; Win64; x64) AppleWebKit/537.36 (KHTML, like Gecko) Chrome/90.0.4430.85 Safari/537.36"
13.201.50.0 - - [21/Oct/2024:20:37:36 -0400] "GET /wp-includes/widgets/ HTTP/1.1" 200 1713 "binance.com" "Mozilla/5.0 (Windows NT 10.0; Win64; x64) AppleWebKit/537.36 (KHTML, like Gecko) Chrome/90.0.4430.85 Safari/537.36"
13.201.50.0 - - [21/Oct/2024:20:37:38 -0400] "GET /wp-includes/widgets/class-wp-widget-block.php HTTP/1.1" 500 0 "binance.com" "Mozilla/5.0 (Windows NT 10.0; Win64; x64) AppleWebKit/537.36 (KHTML, like Gecko) Chrome/90.0.4430.85 Safari/537.36"
13.201.50.0 - - [21/Oct/2024:20:37:40 -0400] "GET /wp-includes/css/ HTTP/1.1" 200 2242 "binance.com" "Mozilla/5.0 (Windows NT 10.0; Win64; x64) AppleWebKit/537.36 (KHTML, like Gecko) Chrome/90.0.4430.85 Safari/537.36"
13.201.50.0 - - [21/Oct/2024:20:37:43 -0400] "GET /wp-includes/css/dist/ HTTP/1.1" 200 1415 "binance.com" "Mozilla/5.0 (Windows NT 10.0; Win64; x64) AppleWebKit/537.36 (KHTML, like Gecko) Chrome/90.0.4430.85 Safari/537.36"
13.201.50.0 - - [21/Oct/2024:20:37:45 -0400] "GET /wp-includes/fonts/ HTTP/1.1" 200 1325 "binance.com" "Mozilla/5.0 (Windows NT 10.0; Win64; x64) AppleWebKit/537.36 (KHTML, like Gecko) Chrome/90.0.4430.85 Safari/537.36"
13.201.50.0 - - [21/Oct/2024:20:37:46 -0400] "GET /wp-includes/fonts/ HTTP/1.1" 200 1325 "binance.com" "Mozilla/5.0 (Windows NT 10.0; Win64; x64) AppleWebKit/537.36 (KHTML, like Gecko) Chrome/90.0.4430.85 Safari/537.36"
13.201.50.0 - - [21/Oct/2024:20:37:48 -0400] "GET /wp-includes/fonts/class-wp-font-face-resolver.php HTTP/1.1" 200 0 "binance.com" "Mozilla/5.0 (Windows NT 10.0; Win64; x64) AppleWebKit/537.36 (KHTML, like Gecko) Chrome/90.0.4430.85 Safari/537.36"
13.201.50.0 - - [21/Oct/2024:20:37:49 -0400] "GET /wp-includes/fonts/class-wp-font-face.php HTTP/1.1" 200 0 "binance.com" "Mozilla/5.0 (Windows NT 10.0; Win64; x64) AppleWebKit/537.36 (KHTML, like Gecko) Chrome/90.0.4430.85 Safari/537.36"
13.201.50.0 - - [21/Oct/2024:20:37:50 -0400] "GET /wp-includes/images/ HTTP/1.1" 200 1769 "binance.com" "Mozilla/5.0 (Windows NT 10.0; Win64; x64) AppleWebKit/537.36 (KHTML, like Gecko) Chrome/90.0.4430.85 Safari/537.36"
13.201.50.0 - - [21/Oct/2024:20:37:52 -0400] "GET /wp-includes/images/crystal/ HTTP/1.1" 200 1349 "binance.com" "Mozilla/5.0 (Windows NT 10.0; Win64; x64) AppleWebKit/537.36 (KHTML, like Gecko) Chrome/90.0.4430.85 Safari/537.36"
13.201.50.0 - - [21/Oct/2024:20:37:54 -0400] "GET /wp-includes/images/media/ HTTP/1.1" 200 1268 "binance.com" "Mozilla/5.0 (Windows NT 10.0; Win64; x64) AppleWebKit/537.36 (KHTML, like Gecko) Chrome/90.0.4430.85 Safari/537.36"
13.201.50.0 - - [21/Oct/2024:20:37:54 -0400] "GET /wp-includes/images/smilies/ HTTP/1.1" 200 1628 "binance.com" "Mozilla/5.0 (Windows NT 10.0; Win64; x64) AppleWebKit/537.36 (KHTML, like Gecko) Chrome/90.0.4430.85 Safari/537.36"
162.213.251.195 - - [21/Oct/2024:20:37:57 -0400] "POST /wp-cron.php?doing_wp_cron=1729557477.1447529792785644531250 HTTP/1.1" 200 0 "-" "WordPress/6.4.5; https://giandon24h.com"
13.201.50.0 - - [21/Oct/2024:20:37:56 -0400] "GET /wp-includes/images/wlw/ HTTP/1.1" 404 22957 "binance.com" "Mozilla/5.0 (Windows NT 10.0; Win64; x64) AppleWebKit/537.36 (KHTML, like Gecko) Chrome/90.0.4430.85 Safari/537.36"
13.201.50.0 - - [21/Oct/2024:20:37:59 -0400] "GET /wp-includes/js/%20 HTTP/1.1" 301 0 "binance.com" "Mozilla/5.0 (Windows NT 10.0; Win64; x64) AppleWebKit/537.36 (KHTML, like Gecko) Chrome/90.0.4430.85 Safari/537.36"
13.201.50.0 - - [21/Oct/2024:20:37:59 -0400] "GET /wp-includes/js/ HTTP/1.1" 200 3938 "binance.com" "Mozilla/5.0 (Windows NT 10.0; Win64; x64) AppleWebKit/537.36 (KHTML, like Gecko) Chrome/90.0.4430.85 Safari/537.36"
13.201.50.0 - - [21/Oct/2024:20:38:01 -0400] "GET /wp-includes/js/codemirror/ HTTP/1.1" 200 1315 "binance.com" "Mozilla/5.0 (Windows NT 10.0; Win64; x64) AppleWebKit/537.36 (KHTML, like Gecko) Chrome/90.0.4430.85 Safari/537.36"
13.201.50.0 - - [21/Oct/2024:20:38:02 -0400] "GET /wp-includes/js/plupload/ HTTP/1.1" 200 1352 "binance.com" "Mozilla/5.0 (Windows NT 10.0; Win64; x64) AppleWebKit/537.36 (KHTML, like Gecko) Chrome/90.0.4430.85 Safari/537.36"
13.201.50.0 - - [21/Oct/2024:20:38:03 -0400] "GET /.well-known/ HTTP/1.1" 200 806 "binance.com" "Mozilla/5.0 (Windows NT 10.0; Win64; x64) AppleWebKit/537.36 (KHTML, like Gecko) Chrome/90.0.4430.85 Safari/537.36"
162.213.251.195 - - [21/Oct/2024:20:54:51 -0400] "POST /wp-cron.php?doing_wp_cron=1729558491.6340329647064208984375 HTTP/1.1" 200 0 "-" "WordPress/6.4.5; https://giandon24h.com"
66.249.66.165 - - [21/Oct/2024:20:54:45 -0400] "GET /robots.txt HTTP/1.1" 301 0 "-" "Mozilla/5.0 (compatible; Googlebot/2.1; +http://www.google.com/bot.html)"
66.249.66.165 - - [21/Oct/2024:20:54:52 -0400] "GET /wp-includes/customize/amaxx.php HTTP/1.1" 301 0 "-" "Mozilla/5.0 (Linux; Android 6.0.1; Nexus 5X Build/MMB29P) AppleWebKit/537.36 (KHTML, like Gecko) Chrome/130.0.6723.58 Mobile Safari/537.36 (compatible; Googlebot/2.1; +http://www.google.com/bot.html)"
66.249.66.74 - - [21/Oct/2024:20:54:53 -0400] "GET /wp-includes/customize/amaxx.php HTTP/1.1" 404 22999 "-" "Mozilla/5.0 (Linux; Android 6.0.1; Nexus 5X Build/MMB29P) AppleWebKit/537.36 (KHTML, like Gecko) Chrome/130.0.6723.58 Mobile Safari/537.36 (compatible; Googlebot/2.1; +http://www.google.com/bot.html)"
173.208.148.34 - - [21/Oct/2024:20:59:57 -0400] "GET /index.php?params=1 HTTP/1.1" 301 0 "-" "Mozilla/5.0 (Windows NT 10.0; Win64; x64) AppleWebKit/537.36 (KHTML, like Gecko) Chrome/91.0.4472.106 Safari/537.36"
162.213.251.195 - - [21/Oct/2024:21:08:40 -0400] "POST /wp-cron.php?doing_wp_cron=1729559319.9399058818817138671875 HTTP/1.1" 200 0 "-" "WordPress/6.4.5; https://giandon24h.com"
103.40.79.15 - - [21/Oct/2024:21:08:27 -0400] "GET / HTTP/1.1" 301 0 "http://giandon24h.com" "Mozilla/5.0 (Windows NT 10.0; Win64; x64) AppleWebKit/537.36 (KHTML, like Gecko) Chrome/90.0.4430.212 Safari/537.36"
162.213.251.195 - - [21/Oct/2024:21:08:45 -0400] "POST /wp-cron.php HTTP/1.1" 200 0 "-" "WordPress/6.4.5; https://giandon24h.com"
162.213.251.195 - - [21/Oct/2024:21:08:55 -0400] "POST /wp-cron.php?doing_wp_cron=1729559335.4790749549865722656250 HTTP/1.1" 200 0 "-" "WordPress/6.4.5; https://giandon24h.com"
103.40.79.13 - - [21/Oct/2024:21:08:54 -0400] "GET / HTTP/1.1" 301 0 "http://giandon24h.com" "Mozilla/5.0+(compatible;+Googlebot/2.1;++http://www.google.com/bot.html)"
162.213.251.195 - - [21/Oct/2024:22:00:25 -0400] "POST /wp-cron.php?doing_wp_cron=1729562424.8919041156768798828125 HTTP/1.1" 200 0 "-" "WordPress/6.4.5; https://giandon24h.com"
66.249.66.74 - - [21/Oct/2024:22:00:16 -0400] "GET /editor/assetmanager/i_upload_object_FSO.asp HTTP/1.1" 404 23075 "-" "Mozilla/5.0 (Linux; Android 6.0.1; Nexus 5X Build/MMB29P) AppleWebKit/537.36 (KHTML, like Gecko) Chrome/130.0.6723.58 Mobile Safari/537.36 (compatible; GoogleOther)"
164.92.107.174 - - [21/Oct/2024:22:05:26 -0400] "GET / HTTP/1.1" 301 0 "-" "-"
162.213.251.195 - - [21/Oct/2024:22:11:03 -0400] "POST /wp-cron.php?doing_wp_cron=1729563062.9373660087585449218750 HTTP/1.1" 200 0 "-" "WordPress/6.4.5; https://giandon24h.com"
63.141.253.98 - - [21/Oct/2024:22:10:55 -0400] "GET / HTTP/1.1" 301 0 "-" "Mozilla/5.0 (Windows NT 10.0; Win64; x64) AppleWebKit/537.36 (KHTML, like Gecko) Chrome/103.0.0.0 Safari/537.36"
63.141.253.98 - - [21/Oct/2024:22:11:08 -0400] "GET / HTTP/1.1" 301 0 "-" "Googlebot/2.1 (+http://www.googlebot.com/bot.html)"
103.125.146.81 - - [21/Oct/2024:22:19:48 -0400] "GET / HTTP/1.1" 301 0 "-" "Mozilla/5.0 (Windows NT 10.0; Win64; x64) AppleWebKit/537.36 (KHTML, like Gecko) Chrome/130.0.0.0 Safari/537.36"
162.213.251.195 - - [21/Oct/2024:22:24:48 -0400] "POST /wp-cron.php?doing_wp_cron=1729563888.7658259868621826171875 HTTP/1.1" 200 0 "-" "WordPress/6.4.5; https://giandon24h.com"
66.249.66.166 - - [21/Oct/2024:22:24:45 -0400] "GET /wp-content/upgrade/edit.php HTTP/1.1" 301 0 "-" "Mozilla/5.0 (Linux; Android 6.0.1; Nexus 5X Build/MMB29P) AppleWebKit/537.36 (KHTML, like Gecko) Chrome/130.0.6723.58 Mobile Safari/537.36 (compatible; Googlebot/2.1; +http://www.google.com/bot.html)"
66.249.66.83 - - [21/Oct/2024:22:24:49 -0400] "GET /wp-content/upgrade/edit.php HTTP/1.1" 404 23041 "-" "Mozilla/5.0 (Linux; Android 6.0.1; Nexus 5X Build/MMB29P) AppleWebKit/537.36 (KHTML, like Gecko) Chrome/130.0.6723.58 Mobile Safari/537.36 (compatible; Googlebot/2.1; +http://www.google.com/bot.html)"
92.255.85.164 - - [21/Oct/2024:22:56:19 -0400] "GET / HTTP/1.1" 301 0 "http://giandon24h.com/" "Mozilla/5.0 (Windows NT 10.0.0; Win64; x64; ) AppleWebKit/537.36 (KHTML, like Gecko) Chrome/124.0.6367.62 Chrome/124.0.6367.62 Not-A.Brand/99  Safari/537.36"
103.57.221.27 - - [21/Oct/2024:23:07:38 -0400] "GET /.well-known/acme-challenge/UTQND4O8GEN4GSOVASFAR-9N45GV004I HTTP/1.1" 404 1251 "-" "Cpanel-HTTP-Client/1.0"
103.57.221.27 - - [21/Oct/2024:23:07:49 -0400] "GET /.well-known/acme-challenge/I312YXBZYG59F9_QW8H80QVXJFOQ7KOZ HTTP/1.1" 404 1251 "-" "Cpanel-HTTP-Client/1.0"
162.213.251.195 - - [21/Oct/2024:23:30:20 -0400] "POST /wp-cron.php?doing_wp_cron=1729567820.3172650337219238281250 HTTP/1.1" 200 0 "-" "WordPress/6.4.5; https://giandon24h.com"
66.249.66.83 - - [21/Oct/2024:23:30:16 -0400] "GET /Controls/Ueditor/controller.ashx HTTP/1.1" 404 23059 "-" "Mozilla/5.0 (Linux; Android 6.0.1; Nexus 5X Build/MMB29P) AppleWebKit/537.36 (KHTML, like Gecko) Chrome/130.0.6723.58 Mobile Safari/537.36 (compatible; GoogleOther)"
162.213.251.195 - - [21/Oct/2024:23:55:26 -0400] "POST /wp-cron.php?doing_wp_cron=1729569326.4593551158905029296875 HTTP/1.1" 200 0 "-" "WordPress/6.4.5; https://giandon24h.com"
66.249.66.166 - - [21/Oct/2024:23:55:25 -0400] "GET /alfanew.php HTTP/1.1" 301 0 "-" "Mozilla/5.0 (Linux; Android 6.0.1; Nexus 5X Build/MMB29P) AppleWebKit/537.36 (KHTML, like Gecko) Chrome/130.0.6723.58 Mobile Safari/537.36 (compatible; Googlebot/2.1; +http://www.google.com/bot.html)"
66.249.66.74 - - [21/Oct/2024:23:55:27 -0400] "GET /alfanew.php HTTP/1.1" 404 23003 "-" "Mozilla/5.0 (Linux; Android 6.0.1; Nexus 5X Build/MMB29P) AppleWebKit/537.36 (KHTML, like Gecko) Chrome/130.0.6723.58 Mobile Safari/537.36 (compatible; Googlebot/2.1; +http://www.google.com/bot.html)"
162.213.251.195 - - [22/Oct/2024:00:01:50 -0400] "POST /wp-cron.php?doing_wp_cron=1729569709.9377729892730712890625 HTTP/1.1" 200 0 "-" "WordPress/6.4.5; https://giandon24h.com"
43.153.122.30 - - [22/Oct/2024:00:01:46 -0400] "GET / HTTP/1.1" 301 0 "-" "Mozilla/5.0 (iPhone; CPU iPhone OS 13_2_3 like Mac OS X) AppleWebKit/605.1.15 (KHTML, like Gecko) Version/13.0.3 Mobile/15E148 Safari/604.1"
162.213.251.195 - - [22/Oct/2024:01:00:27 -0400] "POST /wp-cron.php?doing_wp_cron=1729573227.1049249172210693359375 HTTP/1.1" 200 0 "-" "WordPress/6.4.5; https://giandon24h.com"
66.249.66.83 - - [22/Oct/2024:01:00:17 -0400] "GET /robots.txt HTTP/1.1" 200 70 "-" "Mozilla/5.0 (compatible; Googlebot/2.1; +http://www.google.com/bot.html)"
66.249.66.82 - - [22/Oct/2024:01:00:27 -0400] "GET /Content/scripts/plugins/Ueditor/controller.ashx HTTP/1.1" 404 22918 "-" "Mozilla/5.0 (Linux; Android 6.0.1; Nexus 5X Build/MMB29P) AppleWebKit/537.36 (KHTML, like Gecko) Chrome/130.0.6723.58 Mobile Safari/537.36 (compatible; GoogleOther)"
162.213.251.195 - - [22/Oct/2024:01:24:50 -0400] "POST /wp-cron.php?doing_wp_cron=1729574689.9296939373016357421875 HTTP/1.1" 200 0 "-" "WordPress/6.4.5; https://giandon24h.com"
66.249.66.168 - - [22/Oct/2024:01:24:45 -0400] "GET /robots.txt HTTP/1.1" 301 0 "-" "Mozilla/5.0 (compatible; Googlebot/2.1; +http://www.google.com/bot.html)"
66.249.66.167 - - [22/Oct/2024:01:24:50 -0400] "GET /wp-includes/IXR/themes.php HTTP/1.1" 301 0 "-" "Mozilla/5.0 (Linux; Android 6.0.1; Nexus 5X Build/MMB29P) AppleWebKit/537.36 (KHTML, like Gecko) Chrome/130.0.6723.58 Mobile Safari/537.36 (compatible; Googlebot/2.1; +http://www.google.com/bot.html)"
66.249.66.82 - - [22/Oct/2024:01:24:51 -0400] "GET /wp-includes/IXR/themes.php HTTP/1.1" 404 22954 "-" "Mozilla/5.0 (Linux; Android 6.0.1; Nexus 5X Build/MMB29P) AppleWebKit/537.36 (KHTML, like Gecko) Chrome/130.0.6723.58 Mobile Safari/537.36 (compatible; Googlebot/2.1; +http://www.google.com/bot.html)"
162.213.251.195 - - [22/Oct/2024:01:54:09 -0400] "POST /wp-cron.php?doing_wp_cron=1729576449.1194219589233398437500 HTTP/1.1" 200 0 "-" "WordPress/6.4.5; https://giandon24h.com"
197.153.58.249 - - [22/Oct/2024:01:54:00 -0400] "GET /uncategorized/h HTTP/1.1" 301 0 "-" "python-requests/2.32.3"
197.153.58.249 - - [22/Oct/2024:01:54:12 -0400] "POST /hinh-thuc-thanh-toan/ HTTP/1.1" 200 25069 "-" "python-requests/2.32.3"
103.57.221.27 - - [22/Oct/2024:02:09:00 -0400] "GET /.well-known/acme-challenge/Y_GAH-QYDVLB712IJZKAGJ3M6WEWWT72 HTTP/1.1" 404 1251 "-" "Cpanel-HTTP-Client/1.0"
103.57.221.27 - - [22/Oct/2024:02:09:11 -0400] "GET /.well-known/acme-challenge/6D-I43IZZRYDRX-2HUYRCOZDRDYQFHBI HTTP/1.1" 404 1251 "-" "Cpanel-HTTP-Client/1.0"
162.213.251.195 - - [22/Oct/2024:02:30:20 -0400] "POST /wp-cron.php?doing_wp_cron=1729578620.4218750000000000000000 HTTP/1.1" 200 0 "-" "WordPress/6.4.5; https://giandon24h.com"
66.249.66.74 - - [22/Oct/2024:02:30:16 -0400] "GET /Plugin/ueditor/controller.ashx HTTP/1.1" 404 23042 "-" "Mozilla/5.0 (Linux; Android 6.0.1; Nexus 5X Build/MMB29P) AppleWebKit/537.36 (KHTML, like Gecko) Chrome/130.0.6723.58 Mobile Safari/537.36 (compatible; GoogleOther)"
162.213.251.195 - - [22/Oct/2024:02:54:49 -0400] "POST /wp-cron.php?doing_wp_cron=1729580089.1714859008789062500000 HTTP/1.1" 200 0 "-" "WordPress/6.4.5; https://giandon24h.com"
66.249.66.164 - - [22/Oct/2024:02:54:45 -0400] "GET / HTTP/1.1" 301 0 "-" "Mozilla/5.0 (Linux; Android 6.0.1; Nexus 5X Build/MMB29P) AppleWebKit/537.36 (KHTML, like Gecko) Chrome/130.0.6723.58 Mobile Safari/537.36 (compatible; Googlebot/2.1; +http://www.google.com/bot.html)"
162.213.251.195 - - [22/Oct/2024:03:47:57 -0400] "POST /wp-cron.php?doing_wp_cron=1729583277.4960649013519287109375 HTTP/1.1" 200 0 "-" "WordPress/6.4.5; https://giandon24h.com"
149.88.19.87 - - [22/Oct/2024:03:47:51 -0400] "GET / HTTP/1.1" 301 0 "-" "Mozilla/5.0 (Windows NT 10.0; Win64; x64; rv:77.0) Gecko/20100101 Firefox/77.0"
162.213.251.195 - - [22/Oct/2024:04:00:29 -0400] "POST /wp-cron.php?doing_wp_cron=1729584028.5740869045257568359375 HTTP/1.1" 200 0 "-" "WordPress/6.4.5; https://giandon24h.com"
66.249.66.82 - - [22/Oct/2024:04:00:16 -0400] "GET /_async/AsyncResponseService HTTP/1.1" 404 23120 "-" "Mozilla/5.0 (Linux; Android 6.0.1; Nexus 5X Build/MMB29P) AppleWebKit/537.36 (KHTML, like Gecko) Chrome/130.0.6723.58 Mobile Safari/537.36 (compatible; GoogleOther)"
66.249.66.165 - - [22/Oct/2024:04:24:46 -0400] "GET /wp-includes/ID3/wp-login.php HTTP/1.1" 301 0 "-" "Mozilla/5.0 (Linux; Android 6.0.1; Nexus 5X Build/MMB29P) AppleWebKit/537.36 (KHTML, like Gecko) Chrome/130.0.6723.58 Mobile Safari/537.36 (compatible; Googlebot/2.1; +http://www.google.com/bot.html)"
162.213.251.195 - - [22/Oct/2024:04:25:02 -0400] "POST /wp-cron.php?doing_wp_cron=1729585500.4490399360656738281250 HTTP/1.1" 200 0 "-" "WordPress/6.4.5; https://giandon24h.com"
66.249.66.84 - - [22/Oct/2024:04:25:05 -0400] "GET /wp-includes/ID3/wp-login.php HTTP/1.1" 404 23090 "-" "Mozilla/5.0 (Linux; Android 6.0.1; Nexus 5X Build/MMB29P) AppleWebKit/537.36 (KHTML, like Gecko) Chrome/130.0.6723.58 Mobile Safari/537.36 (compatible; Googlebot/2.1; +http://www.google.com/bot.html)"
103.57.221.27 - - [22/Oct/2024:05:10:57 -0400] "GET /.well-known/acme-challenge/XD-UZLFIRJ0VLIAT_44VIN5HLA5S_B7K HTTP/1.1" 404 1251 "-" "Cpanel-HTTP-Client/1.0"
103.57.221.27 - - [22/Oct/2024:05:11:03 -0400] "GET /.well-known/acme-challenge/XGIO9GEZWTZDP7YCUWVL93I3WNXG1LMY HTTP/1.1" 404 1251 "-" "Cpanel-HTTP-Client/1.0"
162.213.251.195 - - [22/Oct/2024:05:19:16 -0400] "POST /wp-cron.php?doing_wp_cron=1729588756.4829978942871093750000 HTTP/1.1" 200 0 "-" "WordPress/6.4.5; https://giandon24h.com"
13.94.102.222 - - [22/Oct/2024:05:19:01 -0400] "GET /wp-includes/certificates/plugins.php HTTP/1.1" 404 22957 "-" "-"
13.94.102.222 - - [22/Oct/2024:05:19:19 -0400] "GET /wp-admin/user/plugins.php HTTP/1.1" 404 23091 "-" "-"
13.94.102.222 - - [22/Oct/2024:05:19:20 -0400] "GET /.well-known/acme-challenge/plugins.php HTTP/1.1" 404 23265 "-" "-"
13.94.102.222 - - [22/Oct/2024:05:19:21 -0400] "GET /wp-includes/customize/plugins.php HTTP/1.1" 404 23132 "-" "-"
13.94.102.222 - - [22/Oct/2024:05:19:23 -0400] "GET /wp-includes/SimplePie/plugins.php HTTP/1.1" 404 23049 "-" "-"
13.94.102.222 - - [22/Oct/2024:05:19:25 -0400] "GET /wp-admin/css/colors/blue/plugins.php HTTP/1.1" 404 23062 "-" "-"
13.94.102.222 - - [22/Oct/2024:05:19:26 -0400] "GET /wp-content/themes/plugins.php HTTP/1.1" 404 23261 "-" "-"
13.94.102.222 - - [22/Oct/2024:05:19:28 -0400] "GET /wp-includes/ID3/plugins.php HTTP/1.1" 404 23121 "-" "-"
13.94.102.222 - - [22/Oct/2024:05:19:29 -0400] "GET /wp-admin/css/plugins.php HTTP/1.1" 404 23137 "-" "-"
13.94.102.222 - - [22/Oct/2024:05:19:30 -0400] "GET /wp-admin/includes/plugins.php HTTP/1.1" 404 23129 "-" "-"
13.94.102.222 - - [22/Oct/2024:05:19:32 -0400] "GET /wp-admin/network/plugins.php HTTP/1.1" 302 0 "-" "-"
13.94.102.222 - - [22/Oct/2024:05:19:38 -0400] "GET /wp-admin/images/plugins.php HTTP/1.1" 404 23249 "-" "-"
13.94.102.222 - - [22/Oct/2024:05:19:41 -0400] "GET /wp-admin/maint/plugins.php HTTP/1.1" 404 23260 "-" "-"
162.213.251.195 - - [22/Oct/2024:05:19:43 -0400] "POST /wp-cron.php?doing_wp_cron=1729588782.3495190143585205078125 HTTP/1.1" 200 0 "-" "WordPress/6.4.5; https://giandon24h.com"
13.94.102.222 - - [22/Oct/2024:05:19:44 -0400] "GET /wp-content/upgrade/plugins.php HTTP/1.1" 404 23254 "-" "-"
13.94.102.222 - - [22/Oct/2024:05:19:47 -0400] "GET /images/plugins.php HTTP/1.1" 404 23259 "-" "-"
13.94.102.222 - - [22/Oct/2024:05:19:50 -0400] "GET /css/plugins.php HTTP/1.1" 404 23129 "-" "-"
13.94.102.222 - - [22/Oct/2024:05:19:53 -0400] "GET /wp-includes/fonts/plugins.php HTTP/1.1" 404 23256 "-" "-"
13.94.102.222 - - [22/Oct/2024:05:19:56 -0400] "GET /wp-includes/pomo/plugins.php HTTP/1.1" 404 23253 "-" "-"
13.94.102.222 - - [22/Oct/2024:05:19:59 -0400] "GET /.tmb/plugins.php HTTP/1.1" 404 23118 "-" "-"
13.94.102.222 - - [22/Oct/2024:05:20:01 -0400] "GET /wp-includes/IXR/plugins.php HTTP/1.1" 404 23268 "-" "-"
13.94.102.222 - - [22/Oct/2024:05:20:06 -0400] "GET /.well-known/pki-validation/plugins.php HTTP/1.1" 404 1251 "-" "-"
13.94.102.222 - - [22/Oct/2024:05:20:07 -0400] "GET /cgi-bin/plugins.php HTTP/1.1" 404 23112 "-" "-"
13.94.102.222 - - [22/Oct/2024:05:20:10 -0400] "GET /wp-includes/random_compat/plugins.php HTTP/1.1" 404 23147 "-" "-"
13.94.102.222 - - [22/Oct/2024:05:20:12 -0400] "GET /wp-content/languages/plugins.php HTTP/1.1" 404 23258 "-" "-"
13.94.102.222 - - [22/Oct/2024:05:20:15 -0400] "GET /index.php HTTP/1.1" 301 0 "-" "-"
13.94.102.222 - - [22/Oct/2024:05:20:20 -0400] "GET /cgi-bin/xmrlpc.php HTTP/1.1" 404 23123 "-" "-"
13.94.102.222 - - [22/Oct/2024:05:20:21 -0400] "GET /404.php HTTP/1.1" 404 23033 "-" "-"
13.94.102.222 - - [22/Oct/2024:05:20:24 -0400] "GET /wp-configs.php HTTP/1.1" 404 23112 "-" "-"
13.94.102.222 - - [22/Oct/2024:05:20:26 -0400] "GET /simple.php HTTP/1.1" 404 23252 "-" "-"
13.94.102.222 - - [22/Oct/2024:05:20:27 -0400] "GET /themes.php HTTP/1.1" 404 23025 "-" "-"
13.94.102.222 - - [22/Oct/2024:05:20:29 -0400] "GET /ini.php HTTP/1.1" 404 23129 "-" "-"
13.94.102.222 - - [22/Oct/2024:05:20:32 -0400] "GET /autoload_classmap.php HTTP/1.1" 404 23105 "-" "-"
13.94.102.222 - - [22/Oct/2024:05:20:34 -0400] "GET /as.php HTTP/1.1" 404 23015 "-" "-"
13.94.102.222 - - [22/Oct/2024:05:20:35 -0400] "GET /admin/upload/css.php HTTP/1.1" 404 23249 "-" "-"
13.94.102.222 - - [22/Oct/2024:05:20:37 -0400] "GET /.well-known/pki-validation/afnew.php HTTP/1.1" 404 1251 "-" "-"
13.94.102.222 - - [22/Oct/2024:05:20:37 -0400] "GET /lufix.php HTTP/1.1" 404 23078 "-" "-"
13.94.102.222 - - [22/Oct/2024:05:20:38 -0400] "GET /media.php HTTP/1.1" 404 23245 "-" "-"
13.94.102.222 - - [22/Oct/2024:05:20:40 -0400] "GET /contact.php HTTP/1.1" 404 23256 "-" "-"
162.213.251.195 - - [22/Oct/2024:05:20:44 -0400] "POST /wp-cron.php?doing_wp_cron=1729588844.3066160678863525390625 HTTP/1.1" 200 0 "-" "WordPress/6.4.5; https://giandon24h.com"
13.94.102.222 - - [22/Oct/2024:05:20:42 -0400] "GET /byp.php HTTP/1.1" 404 23041 "-" "-"
13.94.102.222 - - [22/Oct/2024:05:20:46 -0400] "GET /upload.php HTTP/1.1" 404 23108 "-" "-"
13.94.102.222 - - [22/Oct/2024:05:20:47 -0400] "GET /wp-content/themes/sketch/404.php HTTP/1.1" 404 23123 "-" "-"
13.94.102.222 - - [22/Oct/2024:05:20:49 -0400] "GET /test.php HTTP/1.1" 404 23148 "-" "-"
13.94.102.222 - - [22/Oct/2024:05:20:51 -0400] "GET /cong.php HTTP/1.1" 404 23020 "-" "-"
13.94.102.222 - - [22/Oct/2024:05:20:53 -0400] "GET /about/function.php HTTP/1.1" 404 23244 "-" "-"
13.94.102.222 - - [22/Oct/2024:05:20:55 -0400] "GET /filemanager/dialog.php HTTP/1.1" 404 23141 "-" "-"
13.94.102.222 - - [22/Oct/2024:05:20:57 -0400] "GET /bak.php HTTP/1.1" 404 23238 "-" "-"
13.94.102.222 - - [22/Oct/2024:05:20:59 -0400] "GET /wp-info.php HTTP/1.1" 404 23250 "-" "-"
13.94.102.222 - - [22/Oct/2024:05:21:00 -0400] "GET /files/index.php HTTP/1.1" 301 0 "-" "-"
13.94.102.222 - - [22/Oct/2024:05:21:03 -0400] "GET /files/ HTTP/1.1" 404 23257 "-" "-"
13.94.102.222 - - [22/Oct/2024:05:21:07 -0400] "GET /css.php HTTP/1.1" 404 23261 "-" "-"
13.94.102.222 - - [22/Oct/2024:05:21:11 -0400] "GET /css/index.php HTTP/1.1" 301 0 "-" "-"
13.94.102.222 - - [22/Oct/2024:05:21:14 -0400] "GET /css/ HTTP/1.1" 404 23246 "-" "-"
13.94.102.222 - - [22/Oct/2024:05:21:16 -0400] "GET /wp-includes/bak.php HTTP/1.1" 404 23123 "-" "-"
13.94.102.222 - - [22/Oct/2024:05:21:18 -0400] "GET /alfa-rex.php7 HTTP/1.1" 404 23109 "-" "-"
13.94.102.222 - - [22/Oct/2024:05:21:21 -0400] "GET /wp-admin/wp-login.php HTTP/1.1" 404 22998 "-" "-"
13.94.102.222 - - [22/Oct/2024:05:21:22 -0400] "GET /wp-includes/cloud.php HTTP/1.1" 404 23240 "-" "-"
13.94.102.222 - - [22/Oct/2024:05:21:24 -0400] "GET /wp-content/index.php HTTP/1.1" 200 0 "-" "-"
13.94.102.222 - - [22/Oct/2024:05:21:25 -0400] "GET /readme.php HTTP/1.1" 404 23251 "-" "-"
13.94.102.222 - - [22/Oct/2024:05:21:26 -0400] "GET /wp-admin/about.php HTTP/1.1" 302 0 "-" "-"
13.94.102.222 - - [22/Oct/2024:05:21:32 -0400] "GET /wp-content/themes/404.php HTTP/1.1" 404 23117 "-" "-"
13.94.102.222 - - [22/Oct/2024:05:21:34 -0400] "GET /wp-admin/index.php HTTP/1.1" 302 0 "-" "-"
13.94.102.222 - - [22/Oct/2024:05:21:39 -0400] "GET /wp-content/themes.php HTTP/1.1" 404 23044 "-" "-"
162.213.251.195 - - [22/Oct/2024:05:21:44 -0400] "POST /wp-cron.php?doing_wp_cron=1729588903.2118070125579833984375 HTTP/1.1" 200 0 "-" "WordPress/6.4.5; https://giandon24h.com"
13.94.102.222 - - [22/Oct/2024:05:21:41 -0400] "GET /wp-content/dropdown.php HTTP/1.1" 404 23261 "-" "-"
13.94.102.222 - - [22/Oct/2024:05:21:45 -0400] "GET /wp-includes/404.php HTTP/1.1" 404 23250 "-" "-"
13.94.102.222 - - [22/Oct/2024:05:21:46 -0400] "GET /wp-content/upgrade/index.php HTTP/1.1" 301 0 "-" "-"
13.94.102.222 - - [22/Oct/2024:05:21:48 -0400] "GET /wp-content/upgrade/ HTTP/1.1" 200 685 "-" "-"
13.94.102.222 - - [22/Oct/2024:05:21:49 -0400] "GET /cgi-bin/file.php HTTP/1.1" 404 23269 "-" "-"
13.94.102.222 - - [22/Oct/2024:05:21:52 -0400] "GET /.well-known/index.php HTTP/1.1" 301 0 "-" "-"
13.94.102.222 - - [22/Oct/2024:05:21:54 -0400] "GET /.well-known/ HTTP/1.1" 200 806 "-" "-"
13.94.102.222 - - [22/Oct/2024:05:21:54 -0400] "GET /wp-content/cloud.php HTTP/1.1" 404 23032 "-" "-"
13.94.102.222 - - [22/Oct/2024:05:21:56 -0400] "GET /.well-known/acme-challenge/index.php HTTP/1.1" 301 0 "-" "-"
13.94.102.222 - - [22/Oct/2024:05:21:58 -0400] "GET /.well-known/acme-challenge/ HTTP/1.1" 404 23271 "-" "-"
