162.213.251.195 - - [21/Oct/2024:19:25:17 -0400] "POST /wp-cron.php?doing_wp_cron=1729553117.4733319282531738281250 HTTP/1.1" 200 0 "-" "WordPress/6.6.2; https://dietcontrungnhanh.com"
66.249.77.229 - - [21/Oct/2024:19:25:16 -0400] "GET /wp-admin/comment.php?action=spam&c=115 HTTP/1.1" 302 0 "-" "Mozilla/5.0 (Linux; Android 6.0.1; Nexus 5X Build/MMB29P) AppleWebKit/537.36 (KHTML, like Gecko) Chrome/130.0.6723.58 Mobile Safari/537.36 (compatible; Googlebot/2.1; +http://www.google.com/bot.html)"
66.249.77.229 - - [21/Oct/2024:19:25:18 -0400] "GET /wp-login.php?redirect_to=https%3A%2F%2Fdietcontrungnhanh.com%2Fwp-admin%2Fcomment.php%3Faction%3Dspam%26c%3D115&reauth=1 HTTP/1.1" 200 2847 "-" "Mozilla/5.0 (Linux; Android 6.0.1; Nexus 5X Build/MMB29P) AppleWebKit/537.36 (KHTML, like Gecko) Chrome/130.0.6723.58 Mobile Safari/537.36 (compatible; Googlebot/2.1; +http://www.google.com/bot.html)"
162.213.251.195 - - [21/Oct/2024:19:29:55 -0400] "POST /wp-cron.php?doing_wp_cron=1729553395.5525450706481933593750 HTTP/1.1" 200 0 "-" "WordPress/6.6.2; https://dietcontrungnhanh.com"
104.244.76.114 - - [21/Oct/2024:19:29:51 -0400] "GET /wp-login.php HTTP/1.1" 200 2811 "-" "Mozilla/5.0 (Windows NT 6.1; rv:30.0) Gecko/20100101 Firefox/30.0"
162.213.251.195 - - [21/Oct/2024:19:29:57 -0400] "POST /wp-cron.php?doing_wp_cron=1729553397.6424140930175781250000 HTTP/1.1" 200 0 "-" "WordPress/6.6.2; https://dietcontrungnhanh.com"
104.244.76.114 - - [21/Oct/2024:19:29:56 -0400] "POST /wp-login.php HTTP/1.1" 200 3003 "-" "Mozilla/5.0 (Windows NT 6.1; rv:30.0) Gecko/20100101 Firefox/30.0"
162.213.251.195 - - [21/Oct/2024:19:30:08 -0400] "POST /wp-cron.php?doing_wp_cron=1729553407.6544299125671386718750 HTTP/1.1" 200 0 "-" "WordPress/6.6.2; https://dietcontrungnhanh.com"
216.244.66.234 - - [21/Oct/2024:19:30:06 -0400] "GET /robots.txt HTTP/1.1" 200 116 "-" "Mozilla/5.0 (compatible; DotBot/1.2; +https://opensiteexplorer.org/dotbot; [email protected])"
162.213.251.195 - - [21/Oct/2024:19:38:29 -0400] "POST /wp-cron.php?doing_wp_cron=1729553909.3772010803222656250000 HTTP/1.1" 200 0 "-" "WordPress/6.6.2; https://dietcontrungnhanh.com"
66.249.77.225 - - [21/Oct/2024:19:38:17 -0400] "GET /wp-admin/comment.php?action=trash&c=115 HTTP/1.1" 302 0 "-" "Mozilla/5.0 (Linux; Android 6.0.1; Nexus 5X Build/MMB29P) AppleWebKit/537.36 (KHTML, like Gecko) Chrome/130.0.6723.58 Mobile Safari/537.36 (compatible; Googlebot/2.1; +http://www.google.com/bot.html)"
162.213.251.195 - - [21/Oct/2024:19:38:32 -0400] "POST /wp-cron.php?doing_wp_cron=1729553912.0339119434356689453125 HTTP/1.1" 200 0 "-" "WordPress/6.6.2; https://dietcontrungnhanh.com"
66.249.77.226 - - [21/Oct/2024:19:38:31 -0400] "GET /wp-login.php?redirect_to=https%3A%2F%2Fdietcontrungnhanh.com%2Fwp-admin%2Fcomment.php%3Faction%3Dtrash%26c%3D115&reauth=1 HTTP/1.1" 200 2837 "-" "Mozilla/5.0 (Linux; Android 6.0.1; Nexus 5X Build/MMB29P) AppleWebKit/537.36 (KHTML, like Gecko) Chrome/130.0.6723.58 Mobile Safari/537.36 (compatible; Googlebot/2.1; +http://www.google.com/bot.html)"
185.149.146.123 - - [21/Oct/2024:19:39:54 -0400] "GET /.env HTTP/1.1" 403 1242 "-" "Mozilla/5.0 (X11; Linux x86_64)"
162.213.251.195 - - [21/Oct/2024:19:47:27 -0400] "POST /wp-cron.php?doing_wp_cron=1729554447.1772069931030273437500 HTTP/1.1" 200 0 "-" "WordPress/6.6.2; https://dietcontrungnhanh.com"
209.141.58.36 - - [21/Oct/2024:19:47:23 -0400] "GET /wp-login.php HTTP/1.1" 200 2811 "-" "Mozilla/5.0 (Windows NT 6.3; WOW64) AppleWebKit/537.36 (KHTML, like Gecko) Chrome/36.0.1985.143 Safari/537.36"
209.141.58.36 - - [21/Oct/2024:19:47:27 -0400] "POST /wp-login.php HTTP/1.1" 200 2964 "-" "Mozilla/5.0 (Windows NT 6.3; WOW64) AppleWebKit/537.36 (KHTML, like Gecko) Chrome/36.0.1985.143 Safari/537.36"
162.213.251.195 - - [21/Oct/2024:19:47:48 -0400] "POST /wp-cron.php?doing_wp_cron=1729554468.3656260967254638671875 HTTP/1.1" 200 0 "-" "WordPress/6.6.2; https://dietcontrungnhanh.com"
104.244.73.120 - - [21/Oct/2024:19:47:47 -0400] "GET /wp-login.php HTTP/1.1" 200 2811 "-" "Mozilla/5.0 (Macintosh; Intel Mac OS X 10_7_5) AppleWebKit/537.36 (KHTML, like Gecko) Chrome/36.0.1985.125 Safari/537.36"
162.213.251.195 - - [21/Oct/2024:19:47:49 -0400] "POST /wp-cron.php?doing_wp_cron=1729554469.5694410800933837890625 HTTP/1.1" 200 0 "-" "WordPress/6.6.2; https://dietcontrungnhanh.com"
104.244.73.120 - - [21/Oct/2024:19:47:49 -0400] "POST /wp-login.php HTTP/1.1" 200 3006 "-" "Mozilla/5.0 (Macintosh; Intel Mac OS X 10_7_5) AppleWebKit/537.36 (KHTML, like Gecko) Chrome/36.0.1985.125 Safari/537.36"
162.213.251.195 - - [21/Oct/2024:19:48:43 -0400] "POST /wp-cron.php?doing_wp_cron=1729554523.0738050937652587890625 HTTP/1.1" 200 0 "-" "WordPress/6.6.2; https://dietcontrungnhanh.com"
66.249.77.228 - - [21/Oct/2024:19:48:42 -0400] "GET /wp-mails.php HTTP/1.1" 404 16610 "-" "Mozilla/5.0 (Linux; Android 6.0.1; Nexus 5X Build/MMB29P) AppleWebKit/537.36 (KHTML, like Gecko) Chrome/130.0.6723.58 Mobile Safari/537.36 (compatible; Googlebot/2.1; +http://www.google.com/bot.html)"
162.213.251.195 - - [21/Oct/2024:19:49:18 -0400] "POST /wp-cron.php?doing_wp_cron=1729554557.7438769340515136718750 HTTP/1.1" 200 0 "-" "WordPress/6.6.2; https://dietcontrungnhanh.com"
66.249.77.230 - - [21/Oct/2024:19:49:17 -0400] "GET /Site HTTP/1.1" 404 18744 "-" "Mozilla/5.0 (Linux; Android 6.0.1; Nexus 5X Build/MMB29P) AppleWebKit/537.36 (KHTML, like Gecko) Chrome/130.0.6723.58 Mobile Safari/537.36 (compatible; Googlebot/2.1; +http://www.google.com/bot.html)"
162.213.251.195 - - [21/Oct/2024:19:52:46 -0400] "POST /wp-cron.php?doing_wp_cron=1729554766.2058999538421630859375 HTTP/1.1" 200 0 "-" "WordPress/6.6.2; https://dietcontrungnhanh.com"
216.244.66.234 - - [21/Oct/2024:19:52:42 -0400] "GET /san-pham/binh-4-lit-phun-diet-con-trung-04/ HTTP/1.1" 200 27212 "-" "Mozilla/5.0 (compatible; DotBot/1.2; +https://opensiteexplorer.org/dotbot; [email protected])"
162.213.251.195 - - [21/Oct/2024:19:55:16 -0400] "POST /wp-cron.php?doing_wp_cron=1729554916.5085759162902832031250 HTTP/1.1" 200 0 "-" "WordPress/6.6.2; https://dietcontrungnhanh.com"
205.185.125.40 - - [21/Oct/2024:19:55:13 -0400] "GET /wp-login.php HTTP/1.1" 200 2800 "-" "Mozilla/5.0 (Macintosh; Intel Mac OS X 10_9_2) AppleWebKit/537.36 (KHTML, like Gecko) Chrome/35.0.1916.153 Safari/537.36"
205.185.125.40 - - [21/Oct/2024:19:55:17 -0400] "POST /wp-login.php HTTP/1.1" 200 3003 "-" "Mozilla/5.0 (Macintosh; Intel Mac OS X 10_9_2) AppleWebKit/537.36 (KHTML, like Gecko) Chrome/35.0.1916.153 Safari/537.36"
162.213.251.195 - - [21/Oct/2024:19:57:50 -0400] "POST /wp-cron.php?doing_wp_cron=1729555069.7098329067230224609375 HTTP/1.1" 200 0 "-" "WordPress/6.6.2; https://dietcontrungnhanh.com"
124.226.222.66 - - [21/Oct/2024:19:57:47 -0400] "GET / HTTP/1.1" 301 0 "http://www.dietcontrungnhanh.com" "Mozilla/5.0 (iPhone; CPU iPhone OS 13_2_3 like Mac OS X) AppleWebKit/605.1.15 (KHTML, like Gecko) Version/13.0.3 Mobile/15E148 Safari/604.1"
162.213.251.195 - - [21/Oct/2024:19:57:55 -0400] "POST /wp-cron.php?doing_wp_cron=1729555074.8232429027557373046875 HTTP/1.1" 200 0 "-" "WordPress/6.6.2; https://dietcontrungnhanh.com"
124.226.222.66 - - [21/Oct/2024:19:57:54 -0400] "GET / HTTP/1.1" 200 27157 "https://www.dietcontrungnhanh.com/" "Mozilla/5.0 (iPhone; CPU iPhone OS 13_2_3 like Mac OS X) AppleWebKit/605.1.15 (KHTML, like Gecko) Version/13.0.3 Mobile/15E148 Safari/604.1"
162.213.251.195 - - [21/Oct/2024:20:01:20 -0400] "POST /wp-cron.php?doing_wp_cron=1729555279.7540850639343261718750 HTTP/1.1" 200 0 "-" "WordPress/6.6.2; https://dietcontrungnhanh.com"
66.249.77.225 - - [21/Oct/2024:20:01:16 -0400] "GET /wp-admin/comment.php?action=spam&c=2 HTTP/1.1" 302 0 "-" "Mozilla/5.0 (Linux; Android 6.0.1; Nexus 5X Build/MMB29P) AppleWebKit/537.36 (KHTML, like Gecko) Chrome/130.0.6723.58 Mobile Safari/537.36 (compatible; Googlebot/2.1; +http://www.google.com/bot.html)"
162.213.251.195 - - [21/Oct/2024:20:01:21 -0400] "POST /wp-cron.php?doing_wp_cron=1729555281.1146149635314941406250 HTTP/1.1" 200 0 "-" "WordPress/6.6.2; https://dietcontrungnhanh.com"
66.249.77.226 - - [21/Oct/2024:20:01:20 -0400] "GET /wp-login.php?redirect_to=https%3A%2F%2Fdietcontrungnhanh.com%2Fwp-admin%2Fcomment.php%3Faction%3Dspam%26c%3D2&reauth=1 HTTP/1.1" 200 2825 "-" "Mozilla/5.0 (Linux; Android 6.0.1; Nexus 5X Build/MMB29P) AppleWebKit/537.36 (KHTML, like Gecko) Chrome/130.0.6723.58 Mobile Safari/537.36 (compatible; Googlebot/2.1; +http://www.google.com/bot.html)"
162.213.251.195 - - [21/Oct/2024:20:01:29 -0400] "POST /wp-cron.php?doing_wp_cron=1729555288.8104190826416015625000 HTTP/1.1" 200 0 "-" "WordPress/6.6.2; https://dietcontrungnhanh.com"
205.185.125.234 - - [21/Oct/2024:20:01:28 -0400] "GET /wp-login.php HTTP/1.1" 200 2811 "-" "Mozilla/5.0 (Windows NT 6.1; WOW64; Trident/7.0; rv:11.0) like Gecko"
205.185.125.234 - - [21/Oct/2024:20:01:29 -0400] "POST /wp-login.php HTTP/1.1" 200 2997 "-" "Mozilla/5.0 (Windows NT 6.1; WOW64; Trident/7.0; rv:11.0) like Gecko"
162.213.251.195 - - [21/Oct/2024:20:02:22 -0400] "POST /wp-cron.php?doing_wp_cron=1729555342.0450570583343505859375 HTTP/1.1" 200 0 "-" "WordPress/6.6.2; https://dietcontrungnhanh.com"
207.46.13.92 - - [21/Oct/2024:20:02:21 -0400] "GET /sitemap_index.xml HTTP/1.1" 200 366 "-" "Mozilla/5.0 AppleWebKit/537.36 (KHTML, like Gecko; compatible; bingbot/2.0; +http://www.bing.com/bingbot.htm) Chrome/116.0.1938.76 Safari/537.36"
162.213.251.195 - - [21/Oct/2024:20:05:23 -0400] "POST /wp-cron.php?doing_wp_cron=1729555523.6272439956665039062500 HTTP/1.1" 200 0 "-" "WordPress/6.6.2; https://dietcontrungnhanh.com"
209.141.48.88 - - [21/Oct/2024:20:05:17 -0400] "GET /wp-login.php HTTP/1.1" 200 2811 "-" "Mozilla/5.0 (Macintosh; Intel Mac OS X 10.9; rv:31.0) Gecko/20100101 Firefox/31.0"
209.141.48.88 - - [21/Oct/2024:20:05:24 -0400] "POST /wp-login.php HTTP/1.1" 200 2965 "-" "Mozilla/5.0 (Macintosh; Intel Mac OS X 10.9; rv:31.0) Gecko/20100101 Firefox/31.0"
162.213.251.195 - - [21/Oct/2024:20:09:21 -0400] "POST /wp-cron.php?doing_wp_cron=1729555760.8928899765014648437500 HTTP/1.1" 200 0 "-" "WordPress/6.6.2; https://dietcontrungnhanh.com"
45.61.185.127 - - [21/Oct/2024:20:09:17 -0400] "GET /wp-login.php HTTP/1.1" 200 2811 "-" "Mozilla/5.0 (compatible; MSIE 9.0; Windows NT 6.1; WOW64; Trident/5.0)"
45.61.185.127 - - [21/Oct/2024:20:09:21 -0400] "POST /wp-login.php HTTP/1.1" 200 2997 "-" "Mozilla/5.0 (compatible; MSIE 9.0; Windows NT 6.1; WOW64; Trident/5.0)"
162.213.251.195 - - [21/Oct/2024:20:13:22 -0400] "POST /wp-cron.php?doing_wp_cron=1729556002.3535668849945068359375 HTTP/1.1" 200 0 "-" "WordPress/6.6.2; https://dietcontrungnhanh.com"
162.213.251.195 - - [21/Oct/2024:20:13:22 -0400] "POST /wp-cron.php?doing_wp_cron=1729556002.3543839454650878906250 HTTP/1.1" 200 0 "-" "WordPress/6.6.2; https://dietcontrungnhanh.com"
66.249.77.225 - - [21/Oct/2024:20:13:16 -0400] "GET /robots.txt HTTP/1.1" 200 116 "-" "Mozilla/5.0 (compatible; Googlebot/2.1; +http://www.google.com/bot.html)"
66.249.77.227 - - [21/Oct/2024:20:13:16 -0400] "GET /wp-admin/comment.php?action=trash&c=50 HTTP/1.1" 302 0 "-" "Mozilla/5.0 (Linux; Android 6.0.1; Nexus 5X Build/MMB29P) AppleWebKit/537.36 (KHTML, like Gecko) Chrome/130.0.6723.58 Mobile Safari/537.36 (compatible; Googlebot/2.1; +http://www.google.com/bot.html)"
66.249.77.226 - - [21/Oct/2024:20:13:23 -0400] "GET /wp-login.php?redirect_to=https%3A%2F%2Fdietcontrungnhanh.com%2Fwp-admin%2Fcomment.php%3Faction%3Dtrash%26c%3D50&reauth=1 HTTP/1.1" 200 2851 "-" "Mozilla/5.0 (Linux; Android 6.0.1; Nexus 5X Build/MMB29P) AppleWebKit/537.36 (KHTML, like Gecko) Chrome/130.0.6723.58 Mobile Safari/537.36 (compatible; Googlebot/2.1; +http://www.google.com/bot.html)"
162.213.251.195 - - [21/Oct/2024:20:18:48 -0400] "POST /wp-cron.php?doing_wp_cron=1729556328.1155200004577636718750 HTTP/1.1" 200 0 "-" "WordPress/6.6.2; https://dietcontrungnhanh.com"
66.249.77.230 - - [21/Oct/2024:20:18:41 -0400] "GET /wp-admin/comment.php?action=approve&c=41 HTTP/1.1" 302 0 "-" "Mozilla/5.0 (Linux; Android 6.0.1; Nexus 5X Build/MMB29P) AppleWebKit/537.36 (KHTML, like Gecko) Chrome/130.0.6723.58 Mobile Safari/537.36 (compatible; Googlebot/2.1; +http://www.google.com/bot.html)"
162.213.251.195 - - [21/Oct/2024:20:18:50 -0400] "POST /wp-cron.php?doing_wp_cron=1729556329.9965860843658447265625 HTTP/1.1" 200 0 "-" "WordPress/6.6.2; https://dietcontrungnhanh.com"
66.249.77.228 - - [21/Oct/2024:20:18:49 -0400] "GET /wp-login.php?redirect_to=https%3A%2F%2Fdietcontrungnhanh.com%2Fwp-admin%2Fcomment.php%3Faction%3Dapprove%26c%3D41&reauth=1 HTTP/1.1" 200 2832 "-" "Mozilla/5.0 (Linux; Android 6.0.1; Nexus 5X Build/MMB29P) AppleWebKit/537.36 (KHTML, like Gecko) Chrome/130.0.6723.58 Mobile Safari/537.36 (compatible; Googlebot/2.1; +http://www.google.com/bot.html)"
162.213.251.195 - - [21/Oct/2024:20:25:23 -0400] "POST /wp-cron.php?doing_wp_cron=1729556723.5386850833892822265625 HTTP/1.1" 200 0 "-" "WordPress/6.6.2; https://dietcontrungnhanh.com"
66.249.77.228 - - [21/Oct/2024:20:25:16 -0400] "GET /wp-admin/comment.php?action=spam&c=41 HTTP/1.1" 302 0 "-" "Mozilla/5.0 (Linux; Android 6.0.1; Nexus 5X Build/MMB29P) AppleWebKit/537.36 (KHTML, like Gecko) Chrome/130.0.6723.58 Mobile Safari/537.36 (compatible; Googlebot/2.1; +http://www.google.com/bot.html)"
162.213.251.195 - - [21/Oct/2024:20:25:25 -0400] "POST /wp-cron.php?doing_wp_cron=1729556725.2045319080352783203125 HTTP/1.1" 200 0 "-" "WordPress/6.6.2; https://dietcontrungnhanh.com"
66.249.77.228 - - [21/Oct/2024:20:25:24 -0400] "GET /wp-login.php?redirect_to=https%3A%2F%2Fdietcontrungnhanh.com%2Fwp-admin%2Fcomment.php%3Faction%3Dspam%26c%3D41&reauth=1 HTTP/1.1" 200 2833 "-" "Mozilla/5.0 (Linux; Android 6.0.1; Nexus 5X Build/MMB29P) AppleWebKit/537.36 (KHTML, like Gecko) Chrome/130.0.6723.58 Mobile Safari/537.36 (compatible; Googlebot/2.1; +http://www.google.com/bot.html)"
162.213.251.195 - - [21/Oct/2024:20:25:41 -0400] "POST /wp-cron.php?doing_wp_cron=1729556740.6917378902435302734375 HTTP/1.1" 200 0 "-" "WordPress/6.6.2; https://dietcontrungnhanh.com"
104.244.76.114 - - [21/Oct/2024:20:25:40 -0400] "GET /wp-login.php HTTP/1.1" 200 2811 "-" "Mozilla/5.0 (Macintosh; Intel Mac OS X 10_9_0) AppleWebKit/537.36 (KHTML, like Gecko) Chrome/36.0.1985.125 Safari/537.36"
162.213.251.195 - - [21/Oct/2024:20:25:43 -0400] "POST /wp-cron.php?doing_wp_cron=1729556742.6802499294281005859375 HTTP/1.1" 200 0 "-" "WordPress/6.6.2; https://dietcontrungnhanh.com"
104.244.76.114 - - [21/Oct/2024:20:25:41 -0400] "POST /wp-login.php HTTP/1.1" 200 2995 "-" "Mozilla/5.0 (Macintosh; Intel Mac OS X 10_9_0) AppleWebKit/537.36 (KHTML, like Gecko) Chrome/36.0.1985.125 Safari/537.36"
162.213.251.195 - - [21/Oct/2024:20:37:25 -0400] "POST /wp-cron.php?doing_wp_cron=1729557444.7233240604400634765625 HTTP/1.1" 200 0 "-" "WordPress/6.6.2; https://dietcontrungnhanh.com"
66.249.77.228 - - [21/Oct/2024:20:37:16 -0400] "GET /wp-admin/comment.php?action=spam&c=128 HTTP/1.1" 302 0 "-" "Mozilla/5.0 (Linux; Android 6.0.1; Nexus 5X Build/MMB29P) AppleWebKit/537.36 (KHTML, like Gecko) Chrome/130.0.6723.58 Mobile Safari/537.36 (compatible; Googlebot/2.1; +http://www.google.com/bot.html)"
162.213.251.195 - - [21/Oct/2024:20:37:26 -0400] "POST /wp-cron.php?doing_wp_cron=1729557446.0144879817962646484375 HTTP/1.1" 200 0 "-" "WordPress/6.6.2; https://dietcontrungnhanh.com"
66.249.77.228 - - [21/Oct/2024:20:37:25 -0400] "GET /wp-login.php?redirect_to=https%3A%2F%2Fdietcontrungnhanh.com%2Fwp-admin%2Fcomment.php%3Faction%3Dspam%26c%3D128&reauth=1 HTTP/1.1" 200 2851 "-" "Mozilla/5.0 (Linux; Android 6.0.1; Nexus 5X Build/MMB29P) AppleWebKit/537.36 (KHTML, like Gecko) Chrome/130.0.6723.58 Mobile Safari/537.36 (compatible; Googlebot/2.1; +http://www.google.com/bot.html)"
162.213.251.195 - - [21/Oct/2024:20:43:00 -0400] "POST /wp-cron.php?doing_wp_cron=1729557779.7190380096435546875000 HTTP/1.1" 200 0 "-" "WordPress/6.6.2; https://dietcontrungnhanh.com"
199.195.251.210 - - [21/Oct/2024:20:42:56 -0400] "GET /wp-login.php HTTP/1.1" 200 2811 "-" "Mozilla/5.0 (Windows NT 6.3; WOW64; rv:30.0) Gecko/20100101 Firefox/30.0"
162.213.251.195 - - [21/Oct/2024:20:43:08 -0400] "POST /wp-cron.php?doing_wp_cron=1729557787.7351739406585693359375 HTTP/1.1" 200 0 "-" "WordPress/6.6.2; https://dietcontrungnhanh.com"
199.195.251.210 - - [21/Oct/2024:20:43:07 -0400] "POST /wp-login.php HTTP/1.1" 200 3002 "-" "Mozilla/5.0 (Windows NT 6.3; WOW64; rv:30.0) Gecko/20100101 Firefox/30.0"
162.213.251.195 - - [21/Oct/2024:20:45:36 -0400] "POST /wp-cron.php?doing_wp_cron=1729557936.4441730976104736328125 HTTP/1.1" 200 0 "-" "WordPress/6.6.2; https://dietcontrungnhanh.com"
66.249.77.229 - - [21/Oct/2024:20:45:32 -0400] "GET /wp-admin/comment.php?action=approve&c=115 HTTP/1.1" 302 0 "-" "Mozilla/5.0 (Linux; Android 6.0.1; Nexus 5X Build/MMB29P) AppleWebKit/537.36 (KHTML, like Gecko) Chrome/130.0.6723.58 Mobile Safari/537.36 (compatible; Googlebot/2.1; +http://www.google.com/bot.html)"
162.213.251.195 - - [21/Oct/2024:20:45:38 -0400] "POST /wp-cron.php?doing_wp_cron=1729557938.5748651027679443359375 HTTP/1.1" 200 0 "-" "WordPress/6.6.2; https://dietcontrungnhanh.com"
66.249.77.229 - - [21/Oct/2024:20:45:37 -0400] "GET /wp-login.php?redirect_to=https%3A%2F%2Fdietcontrungnhanh.com%2Fwp-admin%2Fcomment.php%3Faction%3Dapprove%26c%3D115&reauth=1 HTTP/1.1" 200 2838 "-" "Mozilla/5.0 (Linux; Android 6.0.1; Nexus 5X Build/MMB29P) AppleWebKit/537.36 (KHTML, like Gecko) Chrome/130.0.6723.58 Mobile Safari/537.36 (compatible; Googlebot/2.1; +http://www.google.com/bot.html)"
162.213.251.195 - - [21/Oct/2024:20:47:33 -0400] "POST /wp-cron.php?doing_wp_cron=1729558052.6731970310211181640625 HTTP/1.1" 200 0 "-" "WordPress/6.6.2; https://dietcontrungnhanh.com"
104.244.76.114 - - [21/Oct/2024:20:47:29 -0400] "GET /wp-login.php HTTP/1.1" 200 2800 "-" "Mozilla/5.0 (Macintosh; Intel Mac OS X 10_9_0) AppleWebKit/537.36 (KHTML, like Gecko) Chrome/36.0.1985.125 Safari/537.36"
162.213.251.195 - - [21/Oct/2024:20:47:35 -0400] "POST /wp-cron.php?doing_wp_cron=1729558054.5991969108581542968750 HTTP/1.1" 200 0 "-" "WordPress/6.6.2; https://dietcontrungnhanh.com"
104.244.76.114 - - [21/Oct/2024:20:47:33 -0400] "POST /wp-login.php HTTP/1.1" 200 3003 "-" "Mozilla/5.0 (Macintosh; Intel Mac OS X 10_9_0) AppleWebKit/537.36 (KHTML, like Gecko) Chrome/36.0.1985.125 Safari/537.36"
162.213.251.195 - - [21/Oct/2024:20:48:05 -0400] "POST /wp-cron.php?doing_wp_cron=1729558084.7346010208129882812500 HTTP/1.1" 200 0 "-" "WordPress/6.6.2; https://dietcontrungnhanh.com"
104.244.73.120 - - [21/Oct/2024:20:48:04 -0400] "GET /wp-login.php HTTP/1.1" 200 2800 "-" "Mozilla/5.0 (Macintosh; Intel Mac OS X 10_9_3) AppleWebKit/537.36 (KHTML, like Gecko) Chrome/36.0.1985.125 Safari/537.36"
162.213.251.195 - - [21/Oct/2024:20:48:06 -0400] "POST /wp-cron.php?doing_wp_cron=1729558086.4247570037841796875000 HTTP/1.1" 200 0 "-" "WordPress/6.6.2; https://dietcontrungnhanh.com"
104.244.73.120 - - [21/Oct/2024:20:48:06 -0400] "POST /wp-login.php HTTP/1.1" 200 3004 "-" "Mozilla/5.0 (Macintosh; Intel Mac OS X 10_9_3) AppleWebKit/537.36 (KHTML, like Gecko) Chrome/36.0.1985.125 Safari/537.36"
162.213.251.195 - - [21/Oct/2024:20:48:30 -0400] "POST /wp-cron.php?doing_wp_cron=1729558110.2340419292449951171875 HTTP/1.1" 200 0 "-" "WordPress/6.6.2; https://dietcontrungnhanh.com"
82.146.46.156 - - [21/Oct/2024:20:48:29 -0400] "GET / HTTP/1.1" 200 23714 "-" "axios/1.7.7"
162.213.251.195 - - [21/Oct/2024:20:48:42 -0400] "POST /wp-cron.php?doing_wp_cron=1729558121.8507709503173828125000 HTTP/1.1" 200 0 "-" "WordPress/6.6.2; https://dietcontrungnhanh.com"
66.249.77.228 - - [21/Oct/2024:20:48:41 -0400] "GET /wp-admin/comment.php?action=trash&c=41 HTTP/1.1" 302 0 "-" "Mozilla/5.0 (Linux; Android 6.0.1; Nexus 5X Build/MMB29P) AppleWebKit/537.36 (KHTML, like Gecko) Chrome/130.0.6723.58 Mobile Safari/537.36 (compatible; Googlebot/2.1; +http://www.google.com/bot.html)"
162.213.251.195 - - [21/Oct/2024:20:48:43 -0400] "POST /wp-cron.php?doing_wp_cron=1729558122.9843499660491943359375 HTTP/1.1" 200 0 "-" "WordPress/6.6.2; https://dietcontrungnhanh.com"
66.249.77.228 - - [21/Oct/2024:20:48:42 -0400] "GET /wp-login.php?redirect_to=https%3A%2F%2Fdietcontrungnhanh.com%2Fwp-admin%2Fcomment.php%3Faction%3Dtrash%26c%3D41&reauth=1 HTTP/1.1" 200 2840 "-" "Mozilla/5.0 (Linux; Android 6.0.1; Nexus 5X Build/MMB29P) AppleWebKit/537.36 (KHTML, like Gecko) Chrome/130.0.6723.58 Mobile Safari/537.36 (compatible; Googlebot/2.1; +http://www.google.com/bot.html)"
162.213.251.195 - - [21/Oct/2024:20:49:17 -0400] "POST /wp-cron.php?doing_wp_cron=1729558157.2030439376831054687500 HTTP/1.1" 200 0 "-" "WordPress/6.6.2; https://dietcontrungnhanh.com"
66.249.77.229 - - [21/Oct/2024:20:49:16 -0400] "GET /wp-admin/admin.php?pag= HTTP/1.1" 302 0 "-" "Mozilla/5.0 (Linux; Android 6.0.1; Nexus 5X Build/MMB29P) AppleWebKit/537.36 (KHTML, like Gecko) Chrome/130.0.6723.58 Mobile Safari/537.36 (compatible; Googlebot/2.1; +http://www.google.com/bot.html)"
66.249.77.230 - - [21/Oct/2024:20:49:17 -0400] "GET /wp-login.php?redirect_to=https%3A%2F%2Fdietcontrungnhanh.com%2Fwp-admin%2Fadmin.php%3Fpag%3D&reauth=1 HTTP/1.1" 200 2833 "-" "Mozilla/5.0 (Linux; Android 6.0.1; Nexus 5X Build/MMB29P) AppleWebKit/537.36 (KHTML, like Gecko) Chrome/130.0.6723.58 Mobile Safari/537.36 (compatible; Googlebot/2.1; +http://www.google.com/bot.html)"
162.213.251.195 - - [21/Oct/2024:21:00:06 -0400] "POST /wp-cron.php?doing_wp_cron=1729558803.2297110557556152343750 HTTP/1.1" 200 0 "-" "WordPress/6.6.2; https://dietcontrungnhanh.com"
173.208.148.34 - - [21/Oct/2024:20:59:43 -0400] "GET / HTTP/1.1" 200 27144 "-" "Mozilla/5.0 (Windows NT 10.0; Win64; x64) AppleWebKit/537.36 (KHTML, like Gecko) Chrome/91.0.4472.106 Safari/537.36"
173.208.148.34 - - [21/Oct/2024:21:00:09 -0400] "GET / HTTP/1.1" 200 27114 "-" "Mozilla/5.0 (compatible; Googlebot/2.1; +http://www.google.com/bot.html)"
173.208.148.34 - - [21/Oct/2024:21:00:14 -0400] "GET /index.php?params=1 HTTP/1.1" 301 0 "-" "Mozilla/5.0 (Windows NT 10.0; Win64; x64) AppleWebKit/537.36 (KHTML, like Gecko) Chrome/91.0.4472.106 Safari/537.36"
173.208.148.34 - - [21/Oct/2024:21:00:16 -0400] "GET /?params=1 HTTP/1.1" 200 27104 "-" "Mozilla/5.0 (Windows NT 10.0; Win64; x64) AppleWebKit/537.36 (KHTML, like Gecko) Chrome/91.0.4472.106 Safari/537.36"
162.213.251.195 - - [21/Oct/2024:21:01:05 -0400] "POST /wp-cron.php?doing_wp_cron=1729558864.3623430728912353515625 HTTP/1.1" 200 0 "-" "WordPress/6.6.2; https://dietcontrungnhanh.com"
216.244.66.234 - - [21/Oct/2024:21:01:03 -0400] "GET /san-pham/binh-4-lit-phun-diet-con-trung-03/ HTTP/1.1" 200 27206 "-" "Mozilla/5.0 (compatible; DotBot/1.2; +https://opensiteexplorer.org/dotbot; [email protected])"
162.213.251.195 - - [21/Oct/2024:21:01:19 -0400] "POST /wp-cron.php?doing_wp_cron=1729558878.8686261177062988281250 HTTP/1.1" 200 0 "-" "WordPress/6.6.2; https://dietcontrungnhanh.com"
216.244.66.234 - - [21/Oct/2024:21:01:18 -0400] "GET /san-pham/binh-4-lit-phun-diet-con-trung-07/ HTTP/1.1" 200 27293 "-" "Mozilla/5.0 (compatible; DotBot/1.2; +https://opensiteexplorer.org/dotbot; [email protected])"
66.249.77.228 - - [21/Oct/2024:21:01:17 -0400] "GET /wp-admin/comment.php?action=spam&c=98 HTTP/1.1" 302 0 "-" "Mozilla/5.0 (Linux; Android 6.0.1; Nexus 5X Build/MMB29P) AppleWebKit/537.36 (KHTML, like Gecko) Chrome/130.0.6723.58 Mobile Safari/537.36 (compatible; Googlebot/2.1; +http://www.google.com/bot.html)"
162.213.251.195 - - [21/Oct/2024:21:01:23 -0400] "POST /wp-cron.php?doing_wp_cron=1729558883.0507650375366210937500 HTTP/1.1" 200 0 "-" "WordPress/6.6.2; https://dietcontrungnhanh.com"
66.249.77.228 - - [21/Oct/2024:21:01:22 -0400] "GET /wp-login.php?redirect_to=https%3A%2F%2Fdietcontrungnhanh.com%2Fwp-admin%2Fcomment.php%3Faction%3Dspam%26c%3D98&reauth=1 HTTP/1.1" 200 2834 "-" "Mozilla/5.0 (Linux; Android 6.0.1; Nexus 5X Build/MMB29P) AppleWebKit/537.36 (KHTML, like Gecko) Chrome/130.0.6723.58 Mobile Safari/537.36 (compatible; Googlebot/2.1; +http://www.google.com/bot.html)"
162.213.251.195 - - [21/Oct/2024:21:04:30 -0400] "POST /wp-cron.php?doing_wp_cron=1729559069.7118608951568603515625 HTTP/1.1" 200 0 "-" "WordPress/6.6.2; https://dietcontrungnhanh.com"
209.141.43.103 - - [21/Oct/2024:21:04:25 -0400] "GET /wp-login.php HTTP/1.1" 200 2811 "-" "Mozilla/5.0 (X11; Ubuntu; Linux x86_64; rv:31.0) Gecko/20100101 Firefox/31.0"
209.141.43.103 - - [21/Oct/2024:21:04:30 -0400] "POST /wp-login.php HTTP/1.1" 200 2965 "-" "Mozilla/5.0 (X11; Ubuntu; Linux x86_64; rv:31.0) Gecko/20100101 Firefox/31.0"
162.213.251.195 - - [21/Oct/2024:21:08:33 -0400] "POST /wp-cron.php?doing_wp_cron=1729559313.4782700538635253906250 HTTP/1.1" 200 0 "-" "WordPress/6.6.2; https://dietcontrungnhanh.com"
103.40.79.11 - - [21/Oct/2024:21:08:28 -0400] "GET / HTTP/1.1" 200 27157 "http://dietcontrungnhanh.com" "Mozilla/5.0 (Windows NT 10.0; Win64; x64) AppleWebKit/537.36 (KHTML, like Gecko) Chrome/90.0.4430.212 Safari/537.36"
162.213.251.195 - - [21/Oct/2024:21:08:48 -0400] "POST /wp-cron.php?doing_wp_cron=1729559328.2061359882354736328125 HTTP/1.1" 200 0 "-" "WordPress/6.6.2; https://dietcontrungnhanh.com"
103.40.79.11 - - [21/Oct/2024:21:08:47 -0400] "GET / HTTP/1.1" 200 27126 "http://dietcontrungnhanh.com" "Mozilla/5.0+(compatible;+Googlebot/2.1;++http://www.google.com/bot.html)"
162.213.251.195 - - [21/Oct/2024:21:13:20 -0400] "POST /wp-cron.php?doing_wp_cron=1729559600.3918271064758300781250 HTTP/1.1" 200 0 "-" "WordPress/6.6.2; https://dietcontrungnhanh.com"
66.249.77.228 - - [21/Oct/2024:21:13:16 -0400] "GET /wp-admin/comment.php?action=approve&c=84 HTTP/1.1" 302 0 "-" "Mozilla/5.0 (Linux; Android 6.0.1; Nexus 5X Build/MMB29P) AppleWebKit/537.36 (KHTML, like Gecko) Chrome/130.0.6723.58 Mobile Safari/537.36 (compatible; Googlebot/2.1; +http://www.google.com/bot.html)"
162.213.251.195 - - [21/Oct/2024:21:13:23 -0400] "POST /wp-cron.php?doing_wp_cron=1729559602.7846980094909667968750 HTTP/1.1" 200 0 "-" "WordPress/6.6.2; https://dietcontrungnhanh.com"
66.249.77.229 - - [21/Oct/2024:21:13:22 -0400] "GET /wp-login.php?redirect_to=https%3A%2F%2Fdietcontrungnhanh.com%2Fwp-admin%2Fcomment.php%3Faction%3Dapprove%26c%3D84&reauth=1 HTTP/1.1" 200 2833 "-" "Mozilla/5.0 (Linux; Android 6.0.1; Nexus 5X Build/MMB29P) AppleWebKit/537.36 (KHTML, like Gecko) Chrome/130.0.6723.58 Mobile Safari/537.36 (compatible; Googlebot/2.1; +http://www.google.com/bot.html)"
162.213.251.195 - - [21/Oct/2024:21:15:41 -0400] "POST /wp-cron.php?doing_wp_cron=1729559741.4591400623321533203125 HTTP/1.1" 200 0 "-" "WordPress/6.6.2; https://dietcontrungnhanh.com"
66.249.77.230 - - [21/Oct/2024:21:15:38 -0400] "GET /888/ HTTP/1.1" 404 18809 "-" "Mozilla/5.0 (Linux; Android 6.0.1; Nexus 5X Build/MMB29P) AppleWebKit/537.36 (KHTML, like Gecko) Chrome/130.0.6723.58 Mobile Safari/537.36 (compatible; Googlebot/2.1; +http://www.google.com/bot.html)"
162.213.251.195 - - [21/Oct/2024:21:16:44 -0400] "POST /wp-cron.php?doing_wp_cron=1729559804.3099560737609863281250 HTTP/1.1" 200 0 "-" "WordPress/6.6.2; https://dietcontrungnhanh.com"
66.249.77.229 - - [21/Oct/2024:21:16:43 -0400] "GET /wp-admin/comment.php?action=trash&c=81 HTTP/1.1" 302 0 "-" "Mozilla/5.0 (Linux; Android 6.0.1; Nexus 5X Build/MMB29P) AppleWebKit/537.36 (KHTML, like Gecko) Chrome/130.0.6723.58 Mobile Safari/537.36 (compatible; Googlebot/2.1; +http://www.google.com/bot.html)"
162.213.251.195 - - [21/Oct/2024:21:16:45 -0400] "POST /wp-cron.php?doing_wp_cron=1729559805.4940319061279296875000 HTTP/1.1" 200 0 "-" "WordPress/6.6.2; https://dietcontrungnhanh.com"
66.249.77.229 - - [21/Oct/2024:21:16:45 -0400] "GET /wp-login.php?redirect_to=https%3A%2F%2Fdietcontrungnhanh.com%2Fwp-admin%2Fcomment.php%3Faction%3Dtrash%26c%3D81&reauth=1 HTTP/1.1" 200 2850 "-" "Mozilla/5.0 (Linux; Android 6.0.1; Nexus 5X Build/MMB29P) AppleWebKit/537.36 (KHTML, like Gecko) Chrome/130.0.6723.58 Mobile Safari/537.36 (compatible; Googlebot/2.1; +http://www.google.com/bot.html)"
162.213.251.195 - - [21/Oct/2024:21:18:45 -0400] "POST /wp-cron.php?doing_wp_cron=1729559924.7050440311431884765625 HTTP/1.1" 200 0 "-" "WordPress/6.6.2; https://dietcontrungnhanh.com"
66.249.77.227 - - [21/Oct/2024:21:18:41 -0400] "GET /wp-admin/comment.php?action=approve&c=93 HTTP/1.1" 302 0 "-" "Mozilla/5.0 (Linux; Android 6.0.1; Nexus 5X Build/MMB29P) AppleWebKit/537.36 (KHTML, like Gecko) Chrome/130.0.6723.58 Mobile Safari/537.36 (compatible; Googlebot/2.1; +http://www.google.com/bot.html)"
162.213.251.195 - - [21/Oct/2024:21:18:46 -0400] "POST /wp-cron.php?doing_wp_cron=1729559926.1473650932312011718750 HTTP/1.1" 200 0 "-" "WordPress/6.6.2; https://dietcontrungnhanh.com"
66.249.77.226 - - [21/Oct/2024:21:18:45 -0400] "GET /wp-login.php?redirect_to=https%3A%2F%2Fdietcontrungnhanh.com%2Fwp-admin%2Fcomment.php%3Faction%3Dapprove%26c%3D93&reauth=1 HTTP/1.1" 200 2842 "-" "Mozilla/5.0 (Linux; Android 6.0.1; Nexus 5X Build/MMB29P) AppleWebKit/537.36 (KHTML, like Gecko) Chrome/130.0.6723.58 Mobile Safari/537.36 (compatible; Googlebot/2.1; +http://www.google.com/bot.html)"
162.213.251.195 - - [21/Oct/2024:21:19:01 -0400] "POST /wp-cron.php?doing_wp_cron=1729559941.5880970954895019531250 HTTP/1.1" 200 0 "-" "WordPress/6.6.2; https://dietcontrungnhanh.com"
45.61.187.219 - - [21/Oct/2024:21:19:01 -0400] "GET /wp-login.php HTTP/1.1" 200 2811 "-" "Mozilla/5.0 (Windows NT 6.2; WOW64; rv:30.0) Gecko/20100101 Firefox/30.0"
162.213.251.195 - - [21/Oct/2024:21:19:03 -0400] "POST /wp-cron.php?doing_wp_cron=1729559943.0086469650268554687500 HTTP/1.1" 200 0 "-" "WordPress/6.6.2; https://dietcontrungnhanh.com"
45.61.187.219 - - [21/Oct/2024:21:19:02 -0400] "POST /wp-login.php HTTP/1.1" 200 2964 "-" "Mozilla/5.0 (Windows NT 6.2; WOW64; rv:30.0) Gecko/20100101 Firefox/30.0"
104.244.73.120 - - [21/Oct/2024:21:23:56 -0400] "GET /wp-login.php HTTP/1.1" 200 0 "-" "Mozilla/5.0 (Macintosh; Intel Mac OS X 10_9_2) AppleWebKit/537.75.14 (KHTML, like Gecko) Version/7.0.3 Safari/537.75.14"
162.213.251.195 - - [21/Oct/2024:21:24:09 -0400] "POST /wp-cron.php?doing_wp_cron=1729560249.1829540729522705078125 HTTP/1.1" 200 0 "-" "WordPress/6.6.2; https://dietcontrungnhanh.com"
162.213.251.195 - - [21/Oct/2024:21:25:18 -0400] "POST /wp-cron.php?doing_wp_cron=1729560318.4822568893432617187500 HTTP/1.1" 200 0 "-" "WordPress/6.6.2; https://dietcontrungnhanh.com"
66.249.77.225 - - [21/Oct/2024:21:25:16 -0400] "GET /wp-admin/comment.php?action=spam&c=75 HTTP/1.1" 302 0 "-" "Mozilla/5.0 (Linux; Android 6.0.1; Nexus 5X Build/MMB29P) AppleWebKit/537.36 (KHTML, like Gecko) Chrome/130.0.6723.58 Mobile Safari/537.36 (compatible; Googlebot/2.1; +http://www.google.com/bot.html)"
162.213.251.195 - - [21/Oct/2024:21:25:20 -0400] "POST /wp-cron.php?doing_wp_cron=1729560320.5162520408630371093750 HTTP/1.1" 200 0 "-" "WordPress/6.6.2; https://dietcontrungnhanh.com"
66.249.77.226 - - [21/Oct/2024:21:25:20 -0400] "GET /wp-login.php?redirect_to=https%3A%2F%2Fdietcontrungnhanh.com%2Fwp-admin%2Fcomment.php%3Faction%3Dspam%26c%3D75&reauth=1 HTTP/1.1" 200 2832 "-" "Mozilla/5.0 (Linux; Android 6.0.1; Nexus 5X Build/MMB29P) AppleWebKit/537.36 (KHTML, like Gecko) Chrome/130.0.6723.58 Mobile Safari/537.36 (compatible; Googlebot/2.1; +http://www.google.com/bot.html)"
162.213.251.195 - - [21/Oct/2024:21:37:24 -0400] "POST /wp-cron.php?doing_wp_cron=1729561044.0458910465240478515625 HTTP/1.1" 200 0 "-" "WordPress/6.6.2; https://dietcontrungnhanh.com"
66.249.77.230 - - [21/Oct/2024:21:37:16 -0400] "GET /wp-admin/comment.php?action=approve&c=85 HTTP/1.1" 302 0 "-" "Mozilla/5.0 (Linux; Android 6.0.1; Nexus 5X Build/MMB29P) AppleWebKit/537.36 (KHTML, like Gecko) Chrome/130.0.6723.58 Mobile Safari/537.36 (compatible; Googlebot/2.1; +http://www.google.com/bot.html)"
162.213.251.195 - - [21/Oct/2024:21:37:25 -0400] "POST /wp-cron.php?doing_wp_cron=1729561045.0403389930725097656250 HTTP/1.1" 200 0 "-" "WordPress/6.6.2; https://dietcontrungnhanh.com"
66.249.77.229 - - [21/Oct/2024:21:37:24 -0400] "GET /wp-login.php?redirect_to=https%3A%2F%2Fdietcontrungnhanh.com%2Fwp-admin%2Fcomment.php%3Faction%3Dapprove%26c%3D85&reauth=1 HTTP/1.1" 200 2841 "-" "Mozilla/5.0 (Linux; Android 6.0.1; Nexus 5X Build/MMB29P) AppleWebKit/537.36 (KHTML, like Gecko) Chrome/130.0.6723.58 Mobile Safari/537.36 (compatible; Googlebot/2.1; +http://www.google.com/bot.html)"
162.213.251.195 - - [21/Oct/2024:21:42:06 -0400] "POST /wp-cron.php?doing_wp_cron=1729561325.6760179996490478515625 HTTP/1.1" 200 0 "-" "WordPress/6.6.2; https://dietcontrungnhanh.com"
66.249.77.229 - - [21/Oct/2024:21:41:52 -0400] "GET /wp-admin/comment.php?action=trash&c=116 HTTP/1.1" 302 0 "-" "Mozilla/5.0 (Linux; Android 6.0.1; Nexus 5X Build/MMB29P) AppleWebKit/537.36 (KHTML, like Gecko) Chrome/130.0.6723.58 Mobile Safari/537.36 (compatible; GoogleOther)"
162.213.251.195 - - [21/Oct/2024:21:43:05 -0400] "POST /wp-cron.php?doing_wp_cron=1729561385.2194850444793701171875 HTTP/1.1" 200 0 "-" "WordPress/6.6.2; https://dietcontrungnhanh.com"
66.249.77.228 - - [21/Oct/2024:21:43:04 -0400] "GET /wp-login.php?redirect_to=https%3A%2F%2Fdietcontrungnhanh.com%2Fwp-admin%2Fcomment.php%3Faction%3Dtrash%26c%3D116&reauth=1 HTTP/1.1" 200 2848 "-" "Mozilla/5.0 (Linux; Android 6.0.1; Nexus 5X Build/MMB29P) AppleWebKit/537.36 (KHTML, like Gecko) Chrome/130.0.6723.58 Mobile Safari/537.36 (compatible; GoogleOther)"
162.213.251.195 - - [21/Oct/2024:21:45:43 -0400] "POST /wp-cron.php?doing_wp_cron=1729561543.0852980613708496093750 HTTP/1.1" 200 0 "-" "WordPress/6.6.2; https://dietcontrungnhanh.com"
66.249.77.229 - - [21/Oct/2024:21:45:39 -0400] "GET /wp-admin/comment.php?action=approve&c=16 HTTP/1.1" 302 0 "-" "Mozilla/5.0 (Linux; Android 6.0.1; Nexus 5X Build/MMB29P) AppleWebKit/537.36 (KHTML, like Gecko) Chrome/130.0.6723.58 Mobile Safari/537.36 (compatible; Googlebot/2.1; +http://www.google.com/bot.html)"
162.213.251.195 - - [21/Oct/2024:21:45:45 -0400] "POST /wp-cron.php?doing_wp_cron=1729561545.2134130001068115234375 HTTP/1.1" 200 0 "-" "WordPress/6.6.2; https://dietcontrungnhanh.com"
66.249.77.228 - - [21/Oct/2024:21:45:44 -0400] "GET /wp-login.php?redirect_to=https%3A%2F%2Fdietcontrungnhanh.com%2Fwp-admin%2Fcomment.php%3Faction%3Dapprove%26c%3D16&reauth=1 HTTP/1.1" 200 2842 "-" "Mozilla/5.0 (Linux; Android 6.0.1; Nexus 5X Build/MMB29P) AppleWebKit/537.36 (KHTML, like Gecko) Chrome/130.0.6723.58 Mobile Safari/537.36 (compatible; Googlebot/2.1; +http://www.google.com/bot.html)"
162.213.251.195 - - [21/Oct/2024:21:48:44 -0400] "POST /wp-cron.php?doing_wp_cron=1729561724.5886290073394775390625 HTTP/1.1" 200 0 "-" "WordPress/6.6.2; https://dietcontrungnhanh.com"
66.249.77.230 - - [21/Oct/2024:21:48:41 -0400] "GET /wp-admin/comment.php?action=trash&c=93 HTTP/1.1" 302 0 "-" "Mozilla/5.0 (Linux; Android 6.0.1; Nexus 5X Build/MMB29P) AppleWebKit/537.36 (KHTML, like Gecko) Chrome/130.0.6723.58 Mobile Safari/537.36 (compatible; Googlebot/2.1; +http://www.google.com/bot.html)"
66.249.77.229 - - [21/Oct/2024:21:48:45 -0400] "GET /wp-admin/comment.php?action=trash&c=85 HTTP/1.1" 302 0 "-" "Mozilla/5.0 (Linux; Android 6.0.1; Nexus 5X Build/MMB29P) AppleWebKit/537.36 (KHTML, like Gecko) Chrome/130.0.6723.58 Mobile Safari/537.36 (compatible; Googlebot/2.1; +http://www.google.com/bot.html)"
162.213.251.195 - - [21/Oct/2024:21:48:50 -0400] "POST /wp-cron.php?doing_wp_cron=1729561730.1031351089477539062500 HTTP/1.1" 200 0 "-" "WordPress/6.6.2; https://dietcontrungnhanh.com"
66.249.77.228 - - [21/Oct/2024:21:48:49 -0400] "GET /wp-login.php?redirect_to=https%3A%2F%2Fdietcontrungnhanh.com%2Fwp-admin%2Fcomment.php%3Faction%3Dtrash%26c%3D93&reauth=1 HTTP/1.1" 200 2841 "-" "Mozilla/5.0 (Linux; Android 6.0.1; Nexus 5X Build/MMB29P) AppleWebKit/537.36 (KHTML, like Gecko) Chrome/130.0.6723.58 Mobile Safari/537.36 (compatible; Googlebot/2.1; +http://www.google.com/bot.html)"
162.213.251.195 - - [21/Oct/2024:21:48:53 -0400] "POST /wp-cron.php?doing_wp_cron=1729561733.6242918968200683593750 HTTP/1.1" 200 0 "-" "WordPress/6.6.2; https://dietcontrungnhanh.com"
66.249.77.228 - - [21/Oct/2024:21:48:53 -0400] "GET /wp-login.php?redirect_to=https%3A%2F%2Fdietcontrungnhanh.com%2Fwp-admin%2Fcomment.php%3Faction%3Dtrash%26c%3D85&reauth=1 HTTP/1.1" 200 2848 "-" "Mozilla/5.0 (Linux; Android 6.0.1; Nexus 5X Build/MMB29P) AppleWebKit/537.36 (KHTML, like Gecko) Chrome/130.0.6723.58 Mobile Safari/537.36 (compatible; Googlebot/2.1; +http://www.google.com/bot.html)"
162.213.251.195 - - [21/Oct/2024:21:49:02 -0400] "POST /wp-cron.php?doing_wp_cron=1729561741.8716990947723388671875 HTTP/1.1" 200 0 "-" "WordPress/6.6.2; https://dietcontrungnhanh.com"
66.249.77.228 - - [21/Oct/2024:21:49:01 -0400] "GET /main.php HTTP/1.1" 404 16601 "-" "Mozilla/5.0 (Linux; Android 6.0.1; Nexus 5X Build/MMB29P) AppleWebKit/537.36 (KHTML, like Gecko) Chrome/130.0.6723.58 Mobile Safari/537.36 (compatible; Googlebot/2.1; +http://www.google.com/bot.html)"
162.213.251.195 - - [21/Oct/2024:21:49:07 -0400] "POST /wp-cron.php?doing_wp_cron=1729561747.6901850700378417968750 HTTP/1.1" 200 0 "-" "WordPress/6.6.2; https://dietcontrungnhanh.com"
66.249.77.228 - - [21/Oct/2024:21:49:07 -0400] "GET /Simple_php_backdoor.php HTTP/1.1" 404 16602 "-" "Mozilla/5.0 (Linux; Android 6.0.1; Nexus 5X Build/MMB29P) AppleWebKit/537.36 (KHTML, like Gecko) Chrome/130.0.6723.58 Mobile Safari/537.36 (compatible; Googlebot/2.1; +http://www.google.com/bot.html)"
162.213.251.195 - - [21/Oct/2024:21:49:17 -0400] "POST /wp-cron.php?doing_wp_cron=1729561757.0572450160980224609375 HTTP/1.1" 200 0 "-" "WordPress/6.6.2; https://dietcontrungnhanh.com"
66.249.77.228 - - [21/Oct/2024:21:49:16 -0400] "GET /wp-admin/comment.php?action=spam&c=43 HTTP/1.1" 302 0 "-" "Mozilla/5.0 (Linux; Android 6.0.1; Nexus 5X Build/MMB29P) AppleWebKit/537.36 (KHTML, like Gecko) Chrome/130.0.6723.58 Mobile Safari/537.36 (compatible; Googlebot/2.1; +http://www.google.com/bot.html)"
162.213.251.195 - - [21/Oct/2024:21:49:25 -0400] "POST /wp-cron.php?doing_wp_cron=1729561765.0133891105651855468750 HTTP/1.1" 200 0 "-" "WordPress/6.6.2; https://dietcontrungnhanh.com"
66.249.77.228 - - [21/Oct/2024:21:49:24 -0400] "GET /wp-login.php?redirect_to=https%3A%2F%2Fdietcontrungnhanh.com%2Fwp-admin%2Fcomment.php%3Faction%3Dspam%26c%3D43&reauth=1 HTTP/1.1" 200 2845 "-" "Mozilla/5.0 (Linux; Android 6.0.1; Nexus 5X Build/MMB29P) AppleWebKit/537.36 (KHTML, like Gecko) Chrome/130.0.6723.58 Mobile Safari/537.36 (compatible; Googlebot/2.1; +http://www.google.com/bot.html)"
162.213.251.195 - - [21/Oct/2024:21:49:29 -0400] "POST /wp-cron.php?doing_wp_cron=1729561769.1369800567626953125000 HTTP/1.1" 200 0 "-" "WordPress/6.6.2; https://dietcontrungnhanh.com"
66.249.77.228 - - [21/Oct/2024:21:49:28 -0400] "GET /dich-vu-diet-gian-tan-goc-tai-nha/ HTTP/1.1" 404 18770 "-" "Mozilla/5.0 (Linux; Android 6.0.1; Nexus 5X Build/MMB29P) AppleWebKit/537.36 (KHTML, like Gecko) Chrome/130.0.6723.58 Mobile Safari/537.36 (compatible; Googlebot/2.1; +http://www.google.com/bot.html)"
162.213.251.195 - - [21/Oct/2024:21:49:33 -0400] "POST /wp-cron.php?doing_wp_cron=1729561773.2802379131317138671875 HTTP/1.1" 200 0 "-" "WordPress/6.6.2; https://dietcontrungnhanh.com"
66.249.77.228 - - [21/Oct/2024:21:49:32 -0400] "GET /ay-1.html HTTP/1.1" 404 18767 "-" "Mozilla/5.0 (Linux; Android 6.0.1; Nexus 5X Build/MMB29P) AppleWebKit/537.36 (KHTML, like Gecko) Chrome/130.0.6723.58 Mobile Safari/537.36 (compatible; Googlebot/2.1; +http://www.google.com/bot.html)"
202.92.5.50 - - [21/Oct/2024:21:53:47 -0400] "GET /.well-known/acme-challenge/BGBIUU2EK1Z6_KJ5R63_VKS91VO2BHCJ HTTP/1.1" 404 1251 "-" "Cpanel-HTTP-Client/1.0"
202.92.5.50 - - [21/Oct/2024:21:54:17 -0400] "GET /.well-known/acme-challenge/DRD-P56DF_BDV6ATD7E_KZY00ZQLITKM HTTP/1.1" 404 1251 "-" "Cpanel-HTTP-Client/1.0"
93.123.109.141 - - [21/Oct/2024:21:56:17 -0400] "GET /wp-content/plugins/dzs-zoomsounds/savepng.php?location=1877.php HTTP/1.1" 403 1242 "-" "Mozilla/5.0 (Windows NT 10.0; Win64; x64) AppleWebKit/537.36 (KHTML, like Gecko) Chrome/85.0.4183.102 Safari/537.36"
93.123.109.141 - - [21/Oct/2024:21:56:19 -0400] "GET /wp-content/themes/seotheme/db.php?u HTTP/1.1" 403 1242 "www.google.com" "Mozlila/5.0 (Linux; Android 7.0; SM-G892A Bulid/NRD90M; wv) AppleWebKit/537.36 (KHTML, like Gecko) Version/4.0 Chrome/60.0.3112.107 Moblie Safari/537.36"
93.123.109.141 - - [21/Oct/2024:21:56:19 -0400] "GET /wp-content/themes/seotheme/db.php?u HTTP/1.1" 403 1242 "www.google.com" "Mozlila/5.0 (Linux; Android 7.0; SM-G892A Bulid/NRD90M; wv) AppleWebKit/537.36 (KHTML, like Gecko) Version/4.0 Chrome/60.0.3112.107 Moblie Safari/537.36"
93.123.109.141 - - [21/Oct/2024:21:56:17 -0400] "POST /wp-plain.php HTTP/1.1" 404 16619 "www.google.com" "Mozilla/5.0 (Linux; Android 7.0; SM-G892A Bulid/NRD90M; wv) AppleWebKit/537.36 (KHTML, like Gecko) Version/4.0 Chrome/60.0.3112.107 Moblie Safari/537.36"
162.213.251.195 - - [21/Oct/2024:21:56:21 -0400] "POST /wp-cron.php?doing_wp_cron=1729562180.7756690979003906250000 HTTP/1.1" 200 0 "-" "WordPress/6.6.2; https://dietcontrungnhanh.com"
162.213.251.195 - - [21/Oct/2024:21:56:21 -0400] "POST /wp-cron.php?doing_wp_cron=1729562180.7820160388946533203125 HTTP/1.1" 200 0 "-" "WordPress/6.6.2; https://dietcontrungnhanh.com"
93.123.109.141 - - [21/Oct/2024:21:56:17 -0400] "POST /ALFA_DATA/alfacgiapi/perl.alfa HTTP/1.1" 404 19704 "www.google.com" "Mozlila/5.0 (Linux; Android 7.0; SM-G892A Bulid/NRD90M; wv) AppleWebKit/537.36 (KHTML, like Gecko) Version/4.0 Chrome/60.0.3112.107 Moblie Safari/537.36"
93.123.109.141 - - [21/Oct/2024:21:56:17 -0400] "GET / HTTP/1.1" 200 0 "-" "Mozlila/5.0 (Linux; Android 7.0; SM-G892A Bulid/NRD90M; wv) AppleWebKit/537.36 (KHTML, like Gecko) Version/4.0 Chrome/60.0.3112.107 Moblie Safari/537.36"
162.213.251.195 - - [21/Oct/2024:21:56:23 -0400] "POST /wp-cron.php?doing_wp_cron=1729562182.8101150989532470703125 HTTP/1.1" 200 0 "-" "WordPress/6.6.2; https://dietcontrungnhanh.com"
93.123.109.141 - - [21/Oct/2024:21:56:22 -0400] "GET /gydjwysm.php?Fox=d3wL7 HTTP/1.1" 404 16625 "www.google.com" "Mozilla/5.0 (Linux; Android 7.0; SM-G892A Bulid/NRD90M; wv) AppleWebKit/537.36 (KHTML, like Gecko) Version/4.0 Chrome/60.0.3112.107 Moblie Safari/537.36"
93.123.109.141 - - [21/Oct/2024:21:56:22 -0400] "POST /alfacgiapi/perl.alfa HTTP/1.1" 404 18828 "www.google.com" "Mozlila/5.0 (Linux; Android 7.0; SM-G892A Bulid/NRD90M; wv) AppleWebKit/537.36 (KHTML, like Gecko) Version/4.0 Chrome/60.0.3112.107 Moblie Safari/537.36"
93.123.109.141 - - [21/Oct/2024:21:56:22 -0400] "GET / HTTP/1.1" 200 27186 "-" "Mozlila/5.0 (Linux; Android 7.0; SM-G892A Bulid/NRD90M; wv) AppleWebKit/537.36 (KHTML, like Gecko) Version/4.0 Chrome/60.0.3112.107 Moblie Safari/537.36"
93.123.109.141 - - [21/Oct/2024:21:56:24 -0400] "GET /wp-content/plugins/apikey/apikey.php?test=hello HTTP/1.1" 403 1242 "-" "Mozlila/5.0 (Linux; Android 7.0; SM-G892A Bulid/NRD90M; wv) AppleWebKit/537.36 (KHTML, like Gecko) Version/4.0 Chrome/60.0.3112.107 Moblie Safari/537.36"
162.213.251.195 - - [21/Oct/2024:21:56:26 -0400] "POST /wp-cron.php?doing_wp_cron=1729562185.8055009841918945312500 HTTP/1.1" 200 0 "-" "WordPress/6.6.2; https://dietcontrungnhanh.com"
93.123.109.141 - - [21/Oct/2024:21:56:24 -0400] "GET /plugins/content/apismtp/apismtp.php?test=hello HTTP/1.1" 404 17503 "-" "Mozlila/5.0 (Linux; Android 7.0; SM-G892A Bulid/NRD90M; wv) AppleWebKit/537.36 (KHTML, like Gecko) Version/4.0 Chrome/60.0.3112.107 Moblie Safari/537.36"
162.213.251.195 - - [21/Oct/2024:21:56:28 -0400] "POST /wp-cron.php?doing_wp_cron=1729562187.7559580802917480468750 HTTP/1.1" 200 0 "-" "WordPress/6.6.2; https://dietcontrungnhanh.com"
93.123.109.141 - - [21/Oct/2024:21:56:27 -0400] "GET /wp-content/plugins/apikey/apikey.php.suspected?test=hello HTTP/1.1" 404 17490 "-" "Mozlila/5.0 (Linux; Android 7.0; SM-G892A Bulid/NRD90M; wv) AppleWebKit/537.36 (KHTML, like Gecko) Version/4.0 Chrome/60.0.3112.107 Moblie Safari/537.36"
162.213.251.195 - - [21/Oct/2024:21:56:30 -0400] "POST /wp-cron.php?doing_wp_cron=1729562190.1601200103759765625000 HTTP/1.1" 200 0 "-" "WordPress/6.6.2; https://dietcontrungnhanh.com"
93.123.109.141 - - [21/Oct/2024:21:56:29 -0400] "GET /plugins/content/apismtp/apismtp.php.suspected?test=hello HTTP/1.1" 404 17486 "-" "Mozlila/5.0 (Linux; Android 7.0; SM-G892A Bulid/NRD90M; wv) AppleWebKit/537.36 (KHTML, like Gecko) Version/4.0 Chrome/60.0.3112.107 Moblie Safari/537.36"
162.213.251.195 - - [21/Oct/2024:22:01:27 -0400] "POST /wp-cron.php?doing_wp_cron=1729562487.0306730270385742187500 HTTP/1.1" 200 0 "-" "WordPress/6.6.2; https://dietcontrungnhanh.com"
66.249.77.229 - - [21/Oct/2024:22:01:16 -0400] "GET /wp-admin/comment.php?action=spam&c=16 HTTP/1.1" 302 0 "-" "Mozilla/5.0 (Linux; Android 6.0.1; Nexus 5X Build/MMB29P) AppleWebKit/537.36 (KHTML, like Gecko) Chrome/130.0.6723.58 Mobile Safari/537.36 (compatible; Googlebot/2.1; +http://www.google.com/bot.html)"
66.249.77.229 - - [21/Oct/2024:22:01:28 -0400] "GET /wp-login.php?redirect_to=https%3A%2F%2Fdietcontrungnhanh.com%2Fwp-admin%2Fcomment.php%3Faction%3Dspam%26c%3D16&reauth=1 HTTP/1.1" 200 2834 "-" "Mozilla/5.0 (Linux; Android 6.0.1; Nexus 5X Build/MMB29P) AppleWebKit/537.36 (KHTML, like Gecko) Chrome/130.0.6723.58 Mobile Safari/537.36 (compatible; Googlebot/2.1; +http://www.google.com/bot.html)"
162.213.251.195 - - [21/Oct/2024:22:04:13 -0400] "POST /wp-cron.php?doing_wp_cron=1729562653.4252529144287109375000 HTTP/1.1" 200 0 "-" "WordPress/6.6.2; https://dietcontrungnhanh.com"
212.50.249.145 - - [21/Oct/2024:22:04:10 -0400] "GET / HTTP/1.1" 200 27098 "-" "Mozilla/5.0 (Windows NT 10.0; Win64; x64) AppleWebKit/537.36 (KHTML, like Gecko) Chrome/129.0.0.0 Safari/537.36"
157.230.109.75 - - [21/Oct/2024:22:04:13 -0400] "GET / HTTP/1.1" 200 27095 "-" "Mozilla/5.0 (Windows NT 10.0; Win64; x64) AppleWebKit/537.36 (KHTML, like Gecko) Chrome/126.0.0.0 Safari/537.36"
212.50.249.145 - - [21/Oct/2024:22:04:17 -0400] "GET /wp-includes/js/jquery/jquery-migrate.min.js?ver=3.4.1 HTTP/1.1" 200 4678 "https://dietcontrungnhanh.com/" "Mozilla/5.0 (Windows NT 10.0; Win64; x64) AppleWebKit/537.36 (KHTML, like Gecko) Chrome/129.0.0.0 Safari/537.36"
212.50.249.145 - - [21/Oct/2024:22:04:17 -0400] "GET /wp-includes/js/jquery/jquery.min.js?ver=3.7.1 HTTP/1.1" 200 29744 "https://dietcontrungnhanh.com/" "Mozilla/5.0 (Windows NT 10.0; Win64; x64) AppleWebKit/537.36 (KHTML, like Gecko) Chrome/129.0.0.0 Safari/537.36"
212.50.249.145 - - [21/Oct/2024:22:04:27 -0400] "GET /wp-includes/js/hoverIntent.min.js?ver=1.10.2 HTTP/1.1" 200 668 "https://dietcontrungnhanh.com/" "Mozilla/5.0 (Windows NT 10.0; Win64; x64) AppleWebKit/537.36 (KHTML, like Gecko) Chrome/129.0.0.0 Safari/537.36"
212.50.249.145 - - [21/Oct/2024:22:04:27 -0400] "GET /wp-includes/js/dist/i18n.min.js?ver=5e580eb46a90c2b997e6 HTTP/1.1" 200 3542 "https://dietcontrungnhanh.com/" "Mozilla/5.0 (Windows NT 10.0; Win64; x64) AppleWebKit/537.36 (KHTML, like Gecko) Chrome/129.0.0.0 Safari/537.36"
212.50.249.145 - - [21/Oct/2024:22:04:27 -0400] "GET /wp-content/plugins/woocommerce/assets/js/js-cookie/js.cookie.min.js?ver=2.1.4-wc.9.1.4 HTTP/1.1" 200 760 "https://dietcontrungnhanh.com/" "Mozilla/5.0 (Windows NT 10.0; Win64; x64) AppleWebKit/537.36 (KHTML, like Gecko) Chrome/129.0.0.0 Safari/537.36"
212.50.249.145 - - [21/Oct/2024:22:04:27 -0400] "GET /wp-content/plugins/woocommerce/assets/js/frontend/woocommerce.min.js?ver=9.1.4 HTTP/1.1" 200 814 "https://dietcontrungnhanh.com/" "Mozilla/5.0 (Windows NT 10.0; Win64; x64) AppleWebKit/537.36 (KHTML, like Gecko) Chrome/129.0.0.0 Safari/537.36"
212.50.249.145 - - [21/Oct/2024:22:04:27 -0400] "GET /wp-content/plugins/contact-form-7/includes/swv/js/index.js?ver=5.9.8 HTTP/1.1" 200 3228 "https://dietcontrungnhanh.com/" "Mozilla/5.0 (Windows NT 10.0; Win64; x64) AppleWebKit/537.36 (KHTML, like Gecko) Chrome/129.0.0.0 Safari/537.36"
212.50.249.145 - - [21/Oct/2024:22:04:27 -0400] "GET /wp-content/plugins/woocommerce/assets/js/sourcebuster/sourcebuster.min.js?ver=9.1.4 HTTP/1.1" 200 4609 "https://dietcontrungnhanh.com/" "Mozilla/5.0 (Windows NT 10.0; Win64; x64) AppleWebKit/537.36 (KHTML, like Gecko) Chrome/129.0.0.0 Safari/537.36"
212.50.249.145 - - [21/Oct/2024:22:04:27 -0400] "GET /wp-content/themes/flatsome/assets/js/chunk.slider.js?ver=3.18.7 HTTP/1.1" 200 12985 "https://dietcontrungnhanh.com/" "Mozilla/5.0 (Windows NT 10.0; Win64; x64) AppleWebKit/537.36 (KHTML, like Gecko) Chrome/129.0.0.0 Safari/537.36"
212.50.249.145 - - [21/Oct/2024:22:04:27 -0400] "GET /wp-content/themes/flatsome/assets/css/icons/fl-icons.woff2?v=3.18.7 HTTP/1.1" 200 7244 "https://dietcontrungnhanh.com/" "Mozilla/5.0 (Windows NT 10.0; Win64; x64) AppleWebKit/537.36 (KHTML, like Gecko) Chrome/129.0.0.0 Safari/537.36"
212.50.249.145 - - [21/Oct/2024:22:04:27 -0400] "GET /wp-content/themes/flatsome/assets/js/flatsome.js?ver=a0a7aee297766598a20e HTTP/1.1" 200 16076 "https://dietcontrungnhanh.com/" "Mozilla/5.0 (Windows NT 10.0; Win64; x64) AppleWebKit/537.36 (KHTML, like Gecko) Chrome/129.0.0.0 Safari/537.36"
212.50.249.145 - - [21/Oct/2024:22:04:27 -0400] "GET /wp-content/plugins/contact-form-7/includes/js/index.js?ver=5.9.8 HTTP/1.1" 200 4002 "https://dietcontrungnhanh.com/" "Mozilla/5.0 (Windows NT 10.0; Win64; x64) AppleWebKit/537.36 (KHTML, like Gecko) Chrome/129.0.0.0 Safari/537.36"
212.50.249.145 - - [21/Oct/2024:22:04:27 -0400] "GET /wp-content/themes/123web-vn/assets/fontsawesome/webfonts/fa-regular-400.woff2 HTTP/1.1" 200 160076 "https://dietcontrungnhanh.com/wp-content/themes/123web-vn/assets/fontsawesome/css/all.min.css?ver=6.6.2" "Mozilla/5.0 (Windows NT 10.0; Win64; x64) AppleWebKit/537.36 (KHTML, like Gecko) Chrome/129.0.0.0 Safari/537.36"
212.50.249.145 - - [21/Oct/2024:22:04:27 -0400] "GET /wp-content/plugins/woocommerce/assets/js/frontend/order-attribution.min.js?ver=9.1.4 HTTP/1.1" 200 1006 "https://dietcontrungnhanh.com/" "Mozilla/5.0 (Windows NT 10.0; Win64; x64) AppleWebKit/537.36 (KHTML, like Gecko) Chrome/129.0.0.0 Safari/537.36"
