20.171.206.208 - - [21/Oct/2024:12:32:12 -0400] "GET /dich-vu-diet-chuot-quan-3/embed/ HTTP/1.1" 200 6602 "-" "Mozilla/5.0 AppleWebKit/537.36 (KHTML, like Gecko; compatible; GPTBot/1.2; +https://openai.com/gptbot)"
162.213.251.195 - - [21/Oct/2024:12:32:15 -0400] "POST /wp-cron.php?doing_wp_cron=1729528335.3786680698394775390625 HTTP/1.1" 200 0 "-" "WordPress/6.6.2; https://dietcontrungnhanh.com"
20.171.206.208 - - [21/Oct/2024:12:32:14 -0400] "GET /hd-mua-hang/embed/ HTTP/1.1" 200 6101 "-" "Mozilla/5.0 AppleWebKit/537.36 (KHTML, like Gecko; compatible; GPTBot/1.2; +https://openai.com/gptbot)"
162.213.251.195 - - [21/Oct/2024:12:32:17 -0400] "POST /wp-cron.php?doing_wp_cron=1729528337.2981100082397460937500 HTTP/1.1" 200 0 "-" "WordPress/6.6.2; https://dietcontrungnhanh.com"
20.171.206.208 - - [21/Oct/2024:12:32:16 -0400] "GET /gioi-thieu/embed/ HTTP/1.1" 200 6380 "-" "Mozilla/5.0 AppleWebKit/537.36 (KHTML, like Gecko; compatible; GPTBot/1.2; +https://openai.com/gptbot)"
162.213.251.195 - - [21/Oct/2024:12:32:19 -0400] "POST /wp-cron.php?doing_wp_cron=1729528338.9611740112304687500000 HTTP/1.1" 200 0 "-" "WordPress/6.6.2; https://dietcontrungnhanh.com"
20.171.206.208 - - [21/Oct/2024:12:32:18 -0400] "GET /dich-vu-diet-muoi-thu-duc/embed/ HTTP/1.1" 200 6512 "-" "Mozilla/5.0 AppleWebKit/537.36 (KHTML, like Gecko; compatible; GPTBot/1.2; +https://openai.com/gptbot)"
162.213.251.195 - - [21/Oct/2024:12:32:20 -0400] "POST /wp-cron.php?doing_wp_cron=1729528340.4515919685363769531250 HTTP/1.1" 200 0 "-" "WordPress/6.6.2; https://dietcontrungnhanh.com"
20.171.206.208 - - [21/Oct/2024:12:32:20 -0400] "GET /dich-vu-diet-chuot-quan-8/embed/ HTTP/1.1" 200 6690 "-" "Mozilla/5.0 AppleWebKit/537.36 (KHTML, like Gecko; compatible; GPTBot/1.2; +https://openai.com/gptbot)"
162.213.251.195 - - [21/Oct/2024:12:32:22 -0400] "POST /wp-cron.php?doing_wp_cron=1729528341.8445880413055419921875 HTTP/1.1" 200 0 "-" "WordPress/6.6.2; https://dietcontrungnhanh.com"
20.171.206.208 - - [21/Oct/2024:12:32:21 -0400] "GET /dich-vu-diet-muoi-quan-go-vap/embed/ HTTP/1.1" 200 6600 "-" "Mozilla/5.0 AppleWebKit/537.36 (KHTML, like Gecko; compatible; GPTBot/1.2; +https://openai.com/gptbot)"
162.213.251.195 - - [21/Oct/2024:12:32:23 -0400] "POST /wp-cron.php?doing_wp_cron=1729528343.2949280738830566406250 HTTP/1.1" 200 0 "-" "WordPress/6.6.2; https://dietcontrungnhanh.com"
20.171.206.208 - - [21/Oct/2024:12:32:22 -0400] "GET /diet-muoi-con-trung-quan-8/embed/ HTTP/1.1" 200 6579 "-" "Mozilla/5.0 AppleWebKit/537.36 (KHTML, like Gecko; compatible; GPTBot/1.2; +https://openai.com/gptbot)"
162.213.251.195 - - [21/Oct/2024:12:32:25 -0400] "POST /wp-cron.php?doing_wp_cron=1729528344.7676179409027099609375 HTTP/1.1" 200 0 "-" "WordPress/6.6.2; https://dietcontrungnhanh.com"
20.171.206.208 - - [21/Oct/2024:12:32:24 -0400] "GET /dich-vu-diet-muoi-quan-binh-thanh/embed/ HTTP/1.1" 200 6579 "-" "Mozilla/5.0 AppleWebKit/537.36 (KHTML, like Gecko; compatible; GPTBot/1.2; +https://openai.com/gptbot)"
20.171.206.208 - - [21/Oct/2024:12:32:25 -0400] "GET /san-pham/binh-4-lit-phun-diet-con-trung-05/embed/ HTTP/1.1" 200 6974 "-" "Mozilla/5.0 AppleWebKit/537.36 (KHTML, like Gecko; compatible; GPTBot/1.2; +https://openai.com/gptbot)"
162.213.251.195 - - [21/Oct/2024:12:32:27 -0400] "POST /wp-cron.php?doing_wp_cron=1729528347.3837759494781494140625 HTTP/1.1" 200 0 "-" "WordPress/6.6.2; https://dietcontrungnhanh.com"
20.171.206.187 - - [21/Oct/2024:12:32:27 -0400] "GET /dich-vu-diet-ruoi-tai-ho-chi-minh/embed/ HTTP/1.1" 200 6769 "-" "Mozilla/5.0 AppleWebKit/537.36 (KHTML, like Gecko; compatible; GPTBot/1.2; +https://openai.com/gptbot)"
162.213.251.195 - - [21/Oct/2024:12:32:28 -0400] "POST /wp-cron.php?doing_wp_cron=1729528348.5975210666656494140625 HTTP/1.1" 200 0 "-" "WordPress/6.6.2; https://dietcontrungnhanh.com"
20.171.206.187 - - [21/Oct/2024:12:32:28 -0400] "GET /san-pham/binh-4-lit-phun-diet-con-trung-03/embed/ HTTP/1.1" 200 6951 "-" "Mozilla/5.0 AppleWebKit/537.36 (KHTML, like Gecko; compatible; GPTBot/1.2; +https://openai.com/gptbot)"
162.213.251.195 - - [21/Oct/2024:12:32:30 -0400] "POST /wp-cron.php?doing_wp_cron=1729528349.7656769752502441406250 HTTP/1.1" 200 0 "-" "WordPress/6.6.2; https://dietcontrungnhanh.com"
20.171.206.187 - - [21/Oct/2024:12:32:29 -0400] "GET /san-pham/binh-4-lit-phun-diet-con-trung-04/embed/ HTTP/1.1" 200 6949 "-" "Mozilla/5.0 AppleWebKit/537.36 (KHTML, like Gecko; compatible; GPTBot/1.2; +https://openai.com/gptbot)"
162.213.251.195 - - [21/Oct/2024:12:32:31 -0400] "POST /wp-cron.php?doing_wp_cron=1729528350.8530220985412597656250 HTTP/1.1" 200 0 "-" "WordPress/6.6.2; https://dietcontrungnhanh.com"
20.171.206.187 - - [21/Oct/2024:12:32:30 -0400] "GET /san-pham/binh-4-lit-phun-diet-con-trung-01/embed/ HTTP/1.1" 200 6925 "-" "Mozilla/5.0 AppleWebKit/537.36 (KHTML, like Gecko; compatible; GPTBot/1.2; +https://openai.com/gptbot)"
162.213.251.195 - - [21/Oct/2024:12:32:32 -0400] "POST /wp-cron.php?doing_wp_cron=1729528352.0480580329895019531250 HTTP/1.1" 200 0 "-" "WordPress/6.6.2; https://dietcontrungnhanh.com"
20.171.206.187 - - [21/Oct/2024:12:32:31 -0400] "GET /dich-vu-diet-gian-tai-huyen-binh-chanh/embed/ HTTP/1.1" 200 6648 "-" "Mozilla/5.0 AppleWebKit/537.36 (KHTML, like Gecko; compatible; GPTBot/1.2; +https://openai.com/gptbot)"
20.171.206.187 - - [21/Oct/2024:12:32:32 -0400] "GET /dich-vu-diet-moi-quan-5-diet-moi-uy-tin-tai-tp-hcm/embed/ HTTP/1.1" 200 6791 "-" "Mozilla/5.0 AppleWebKit/537.36 (KHTML, like Gecko; compatible; GPTBot/1.2; +https://openai.com/gptbot)"
162.213.251.195 - - [21/Oct/2024:12:32:34 -0400] "POST /wp-cron.php?doing_wp_cron=1729528354.0479919910430908203125 HTTP/1.1" 200 0 "-" "WordPress/6.6.2; https://dietcontrungnhanh.com"
20.171.206.187 - - [21/Oct/2024:12:32:33 -0400] "GET /dich-vu-diet-moi-nha-be-giai-phap-toan-dien-danh-bai-moi/embed/ HTTP/1.1" 200 6777 "-" "Mozilla/5.0 AppleWebKit/537.36 (KHTML, like Gecko; compatible; GPTBot/1.2; +https://openai.com/gptbot)"
162.213.251.195 - - [21/Oct/2024:12:32:35 -0400] "POST /wp-cron.php?doing_wp_cron=1729528355.2691140174865722656250 HTTP/1.1" 200 0 "-" "WordPress/6.6.2; https://dietcontrungnhanh.com"
20.171.206.187 - - [21/Oct/2024:12:32:34 -0400] "GET /dich-vu-diet-gian-thu-duc-chuyen-nghiep-hieu-qua/embed/ HTTP/1.1" 200 6757 "-" "Mozilla/5.0 AppleWebKit/537.36 (KHTML, like Gecko; compatible; GPTBot/1.2; +https://openai.com/gptbot)"
162.213.251.195 - - [21/Oct/2024:12:32:36 -0400] "POST /wp-cron.php?doing_wp_cron=1729528356.3478040695190429687500 HTTP/1.1" 200 0 "-" "WordPress/6.6.2; https://dietcontrungnhanh.com"
20.171.206.187 - - [21/Oct/2024:12:32:36 -0400] "GET /dich-vu-diet-moi-quan-3-bao-ve-to-am-tu-moi-nguy-con-trung/embed/ HTTP/1.1" 200 6810 "-" "Mozilla/5.0 AppleWebKit/537.36 (KHTML, like Gecko; compatible; GPTBot/1.2; +https://openai.com/gptbot)"
162.213.251.195 - - [21/Oct/2024:12:32:37 -0400] "POST /wp-cron.php?doing_wp_cron=1729528357.4517469406127929687500 HTTP/1.1" 200 0 "-" "WordPress/6.6.2; https://dietcontrungnhanh.com"
20.171.206.187 - - [21/Oct/2024:12:32:37 -0400] "GET /san-pham/binh-4-lit-phun-diet-con-trung-08/embed/ HTTP/1.1" 200 6946 "-" "Mozilla/5.0 AppleWebKit/537.36 (KHTML, like Gecko; compatible; GPTBot/1.2; +https://openai.com/gptbot)"
162.213.251.195 - - [21/Oct/2024:12:33:47 -0400] "POST /wp-cron.php?doing_wp_cron=1729528426.9347190856933593750000 HTTP/1.1" 200 0 "-" "WordPress/6.6.2; https://dietcontrungnhanh.com"
66.249.77.225 - - [21/Oct/2024:12:33:46 -0400] "GET /style.php HTTP/1.1" 404 16541 "-" "Mozilla/5.0 (Linux; Android 6.0.1; Nexus 5X Build/MMB29P) AppleWebKit/537.36 (KHTML, like Gecko) Chrome/129.0.6668.89 Mobile Safari/537.36 (compatible; Googlebot/2.1; +http://www.google.com/bot.html)"
162.213.251.195 - - [21/Oct/2024:12:39:35 -0400] "POST /wp-cron.php?doing_wp_cron=1729528775.3689858913421630859375 HTTP/1.1" 200 0 "-" "WordPress/6.6.2; https://dietcontrungnhanh.com"
52.169.14.198 - - [21/Oct/2024:12:39:26 -0400] "GET /.well-known/cloud.php HTTP/1.1" 404 16548 "-" "-"
162.213.251.195 - - [21/Oct/2024:12:39:37 -0400] "POST /wp-cron.php?doing_wp_cron=1729528777.6725649833679199218750 HTTP/1.1" 200 0 "-" "WordPress/6.6.2; https://dietcontrungnhanh.com"
52.169.14.198 - - [21/Oct/2024:12:39:37 -0400] "GET /ws.php HTTP/1.1" 404 16561 "-" "-"
52.169.14.198 - - [21/Oct/2024:12:39:39 -0400] "GET /wp-includes/about.php HTTP/1.1" 403 1242 "-" "-"
162.213.251.195 - - [21/Oct/2024:12:39:40 -0400] "POST /wp-cron.php?doing_wp_cron=1729528780.4119861125946044921875 HTTP/1.1" 200 0 "-" "WordPress/6.6.2; https://dietcontrungnhanh.com"
52.169.14.198 - - [21/Oct/2024:12:39:39 -0400] "GET /bak.php HTTP/1.1" 404 16548 "-" "-"
162.213.251.195 - - [21/Oct/2024:12:39:42 -0400] "POST /wp-cron.php?doing_wp_cron=1729528781.9592919349670410156250 HTTP/1.1" 200 0 "-" "WordPress/6.6.2; https://dietcontrungnhanh.com"
52.169.14.198 - - [21/Oct/2024:12:39:41 -0400] "GET /wp-admin/xmrlpc.php?p= HTTP/1.1" 301 0 "-" "-"
52.169.14.198 - - [21/Oct/2024:12:39:42 -0400] "GET /wp-admin/xmrlpc.php HTTP/1.1" 404 16542 "-" "-"
162.213.251.195 - - [21/Oct/2024:12:39:44 -0400] "POST /wp-cron.php?doing_wp_cron=1729528784.2106978893280029296875 HTTP/1.1" 200 0 "-" "WordPress/6.6.2; https://dietcontrungnhanh.com"
52.169.14.198 - - [21/Oct/2024:12:39:43 -0400] "GET /mah.php HTTP/1.1" 404 16548 "-" "-"
66.249.77.225 - - [21/Oct/2024:12:39:44 -0400] "GET /wp-admin/comment.php?action=spam&c=26 HTTP/1.1" 302 0 "-" "Mozilla/5.0 (Linux; Android 6.0.1; Nexus 5X Build/MMB29P) AppleWebKit/537.36 (KHTML, like Gecko) Chrome/129.0.6668.89 Mobile Safari/537.36 (compatible; Googlebot/2.1; +http://www.google.com/bot.html)"
162.213.251.195 - - [21/Oct/2024:12:39:46 -0400] "POST /wp-cron.php?doing_wp_cron=1729528786.3327400684356689453125 HTTP/1.1" 200 0 "-" "WordPress/6.6.2; https://dietcontrungnhanh.com"
52.169.14.198 - - [21/Oct/2024:12:39:45 -0400] "GET /filemanager/dialog.php HTTP/1.1" 404 16552 "-" "-"
66.249.77.225 - - [21/Oct/2024:12:39:46 -0400] "GET /wp-login.php?redirect_to=https%3A%2F%2Fdietcontrungnhanh.com%2Fwp-admin%2Fcomment.php%3Faction%3Dspam%26c%3D26&reauth=1 HTTP/1.1" 200 2834 "-" "Mozilla/5.0 (Linux; Android 6.0.1; Nexus 5X Build/MMB29P) AppleWebKit/537.36 (KHTML, like Gecko) Chrome/129.0.6668.89 Mobile Safari/537.36 (compatible; Googlebot/2.1; +http://www.google.com/bot.html)"
162.213.251.195 - - [21/Oct/2024:12:39:48 -0400] "POST /wp-cron.php?doing_wp_cron=1729528787.8399460315704345703125 HTTP/1.1" 200 0 "-" "WordPress/6.6.2; https://dietcontrungnhanh.com"
52.169.14.198 - - [21/Oct/2024:12:39:47 -0400] "GET /css.php HTTP/1.1" 404 16545 "-" "-"
162.213.251.195 - - [21/Oct/2024:12:39:49 -0400] "POST /wp-cron.php?doing_wp_cron=1729528789.6839718818664550781250 HTTP/1.1" 200 0 "-" "WordPress/6.6.2; https://dietcontrungnhanh.com"
52.169.14.198 - - [21/Oct/2024:12:39:49 -0400] "GET /.well-known/wp-load.php HTTP/1.1" 404 16544 "-" "-"
162.213.251.195 - - [21/Oct/2024:12:39:51 -0400] "POST /wp-cron.php?doing_wp_cron=1729528791.4130809307098388671875 HTTP/1.1" 200 0 "-" "WordPress/6.6.2; https://dietcontrungnhanh.com"
52.169.14.198 - - [21/Oct/2024:12:39:50 -0400] "GET /test.php HTTP/1.1" 404 16523 "-" "-"
52.169.14.198 - - [21/Oct/2024:12:39:52 -0400] "GET /wp-includes/wp-login.php HTTP/1.1" 403 1242 "-" "-"
162.213.251.195 - - [21/Oct/2024:12:39:54 -0400] "POST /wp-cron.php?doing_wp_cron=1729528793.7147119045257568359375 HTTP/1.1" 200 0 "-" "WordPress/6.6.2; https://dietcontrungnhanh.com"
52.169.14.198 - - [21/Oct/2024:12:39:53 -0400] "GET /link.php HTTP/1.1" 404 16536 "-" "-"
52.169.14.198 - - [21/Oct/2024:12:39:55 -0400] "GET /wp-includes/makeasmtp.php HTTP/1.1" 403 1242 "-" "-"
162.213.251.195 - - [21/Oct/2024:12:39:56 -0400] "POST /wp-cron.php?doing_wp_cron=1729528796.6725800037384033203125 HTTP/1.1" 200 0 "-" "WordPress/6.6.2; https://dietcontrungnhanh.com"
52.169.14.198 - - [21/Oct/2024:12:39:56 -0400] "GET /post.php HTTP/1.1" 404 16553 "-" "-"
162.213.251.195 - - [21/Oct/2024:12:39:58 -0400] "POST /wp-cron.php?doing_wp_cron=1729528798.1506578922271728515625 HTTP/1.1" 200 0 "-" "WordPress/6.6.2; https://dietcontrungnhanh.com"
52.169.14.198 - - [21/Oct/2024:12:39:57 -0400] "GET /wp-includes/IXR/about.php HTTP/1.1" 404 17373 "-" "-"
162.213.251.195 - - [21/Oct/2024:12:40:00 -0400] "POST /wp-cron.php?doing_wp_cron=1729528799.7736299037933349609375 HTTP/1.1" 200 0 "-" "WordPress/6.6.2; https://dietcontrungnhanh.com"
52.169.14.198 - - [21/Oct/2024:12:39:59 -0400] "GET /text.php HTTP/1.1" 404 16529 "-" "-"
52.169.14.198 - - [21/Oct/2024:12:40:01 -0400] "GET /wp-admin/includes/cloud.php HTTP/1.1" 403 1242 "-" "-"
162.213.251.195 - - [21/Oct/2024:12:40:04 -0400] "POST /wp-cron.php?doing_wp_cron=1729528803.0493910312652587890625 HTTP/1.1" 200 0 "-" "WordPress/6.6.2; https://dietcontrungnhanh.com"
52.169.14.198 - - [21/Oct/2024:12:40:02 -0400] "GET /admin.php HTTP/1.1" 404 16539 "-" "-"
52.169.14.198 - - [21/Oct/2024:12:40:07 -0400] "GET /wp-content/themes/admin.php HTTP/1.1" 403 1242 "-" "-"
162.213.251.195 - - [21/Oct/2024:12:40:10 -0400] "POST /wp-cron.php?doing_wp_cron=1729528810.4185459613800048828125 HTTP/1.1" 200 0 "-" "WordPress/6.6.2; https://dietcontrungnhanh.com"
52.169.14.198 - - [21/Oct/2024:12:40:09 -0400] "GET /xmrlpc.php HTTP/1.1" 404 16533 "-" "-"
52.169.14.198 - - [21/Oct/2024:12:40:13 -0400] "GET /wp-includes/wp-activate.php HTTP/1.1" 403 1242 "-" "-"
162.213.251.195 - - [21/Oct/2024:12:40:15 -0400] "POST /wp-cron.php?doing_wp_cron=1729528814.9166269302368164062500 HTTP/1.1" 200 0 "-" "WordPress/6.6.2; https://dietcontrungnhanh.com"
52.169.14.198 - - [21/Oct/2024:12:40:14 -0400] "GET /upfile.php HTTP/1.1" 404 16540 "-" "-"
162.213.251.195 - - [21/Oct/2024:12:40:17 -0400] "POST /wp-cron.php?doing_wp_cron=1729528816.8387639522552490234375 HTTP/1.1" 200 0 "-" "WordPress/6.6.2; https://dietcontrungnhanh.com"
52.169.14.198 - - [21/Oct/2024:12:40:16 -0400] "GET /libraries/legacy/updates.php HTTP/1.1" 404 17412 "-" "-"
2001:41d0:203:2611::1 - - [21/Oct/2024:12:40:17 -0400] "GET /robots.txt HTTP/1.1" 200 116 "-" "Mozilla/5.0 (compatible; MJ12bot/v1.4.8; http://mj12bot.com/)"
162.213.251.195 - - [21/Oct/2024:12:40:18 -0400] "POST /wp-cron.php?doing_wp_cron=1729528818.5769569873809814453125 HTTP/1.1" 200 0 "-" "WordPress/6.6.2; https://dietcontrungnhanh.com"
52.169.14.198 - - [21/Oct/2024:12:40:17 -0400] "GET /wp-2019.php HTTP/1.1" 404 16546 "-" "-"
52.169.14.198 - - [21/Oct/2024:12:40:20 -0400] "GET /wp-admin/includes/plugins.php HTTP/1.1" 403 1242 "-" "-"
162.213.251.195 - - [21/Oct/2024:12:40:21 -0400] "POST /wp-cron.php?doing_wp_cron=1729528821.2181301116943359375000 HTTP/1.1" 200 0 "-" "WordPress/6.6.2; https://dietcontrungnhanh.com"
52.169.14.198 - - [21/Oct/2024:12:40:20 -0400] "GET /install.php HTTP/1.1" 404 16564 "-" "-"
162.213.251.195 - - [21/Oct/2024:12:40:22 -0400] "POST /wp-cron.php?doing_wp_cron=1729528822.3508079051971435546875 HTTP/1.1" 200 0 "-" "WordPress/6.6.2; https://dietcontrungnhanh.com"
2001:41d0:203:2611::1 - - [21/Oct/2024:12:40:21 -0400] "GET /dich-vu-lap-dat-%E2%80%A6amera-binh-chanh/ HTTP/1.1" 404 18753 "-" "Mozilla/5.0 (compatible; MJ12bot/v1.4.8; http://mj12bot.com/)"
52.169.14.198 - - [21/Oct/2024:12:40:22 -0400] "GET /wp-admin/autoload_classmap.php HTTP/1.1" 404 16561 "-" "-"
162.213.251.195 - - [21/Oct/2024:12:40:24 -0400] "POST /wp-cron.php?doing_wp_cron=1729528824.4430329799652099609375 HTTP/1.1" 200 0 "-" "WordPress/6.6.2; https://dietcontrungnhanh.com"
52.169.14.198 - - [21/Oct/2024:12:40:23 -0400] "GET /updates.php HTTP/1.1" 404 16537 "-" "-"
162.213.251.195 - - [21/Oct/2024:12:40:26 -0400] "POST /wp-cron.php?doing_wp_cron=1729528826.0320639610290527343750 HTTP/1.1" 200 0 "-" "WordPress/6.6.2; https://dietcontrungnhanh.com"
52.169.14.198 - - [21/Oct/2024:12:40:25 -0400] "GET /wp-admin/js/widgets/about.php7 HTTP/1.1" 404 17407 "-" "-"
162.213.251.195 - - [21/Oct/2024:12:40:27 -0400] "POST /wp-cron.php?doing_wp_cron=1729528827.1443409919738769531250 HTTP/1.1" 200 0 "-" "WordPress/6.6.2; https://dietcontrungnhanh.com"
2001:41d0:203:2611::1 - - [21/Oct/2024:12:40:26 -0400] "GET /diet-con-trung-quan-5/%20 HTTP/1.1" 301 0 "-" "Mozilla/5.0 (compatible; MJ12bot/v1.4.8; http://mj12bot.com/)"
52.169.14.198 - - [21/Oct/2024:12:40:27 -0400] "GET /dropdown.php HTTP/1.1" 404 16534 "-" "-"
162.213.251.195 - - [21/Oct/2024:12:40:28 -0400] "POST /wp-cron.php?doing_wp_cron=1729528828.5584409236907958984375 HTTP/1.1" 200 0 "-" "WordPress/6.6.2; https://dietcontrungnhanh.com"
52.169.14.198 - - [21/Oct/2024:12:40:28 -0400] "GET /wp-content/languages/about.php HTTP/1.1" 404 17367 "-" "-"
162.213.251.195 - - [21/Oct/2024:12:40:30 -0400] "POST /wp-cron.php?doing_wp_cron=1729528830.2038159370422363281250 HTTP/1.1" 200 0 "-" "WordPress/6.6.2; https://dietcontrungnhanh.com"
52.169.14.198 - - [21/Oct/2024:12:40:29 -0400] "GET /wp-conflg.php HTTP/1.1" 404 16561 "-" "-"
162.213.251.195 - - [21/Oct/2024:12:40:32 -0400] "POST /wp-cron.php?doing_wp_cron=1729528831.7546598911285400390625 HTTP/1.1" 200 0 "-" "WordPress/6.6.2; https://dietcontrungnhanh.com"
52.169.14.198 - - [21/Oct/2024:12:40:31 -0400] "GET /wp-includes/SimplePie/about.php HTTP/1.1" 404 17398 "-" "-"
162.213.251.195 - - [21/Oct/2024:12:40:33 -0400] "POST /wp-cron.php?doing_wp_cron=1729528833.1994180679321289062500 HTTP/1.1" 200 0 "-" "WordPress/6.6.2; https://dietcontrungnhanh.com"
2001:41d0:203:2611::1 - - [21/Oct/2024:12:40:32 -0400] "GET /diet-con-trung-quan-5/ HTTP/1.1" 301 0 "-" "Mozilla/5.0 (compatible; MJ12bot/v1.4.8; http://mj12bot.com/)"
52.169.14.198 - - [21/Oct/2024:12:40:33 -0400] "GET /wso112233.php HTTP/1.1" 404 16557 "-" "-"
162.213.251.195 - - [21/Oct/2024:12:40:34 -0400] "POST /wp-cron.php?doing_wp_cron=1729528834.4864261150360107421875 HTTP/1.1" 200 0 "-" "WordPress/6.6.2; https://dietcontrungnhanh.com"
52.169.14.198 - - [21/Oct/2024:12:40:34 -0400] "GET /wp-content/autoload_classmap.php HTTP/1.1" 404 16572 "-" "-"
162.213.251.195 - - [21/Oct/2024:12:40:36 -0400] "POST /wp-cron.php?doing_wp_cron=1729528836.5579330921173095703125 HTTP/1.1" 200 0 "-" "WordPress/6.6.2; https://dietcontrungnhanh.com"
52.169.14.198 - - [21/Oct/2024:12:40:36 -0400] "GET /classsmtps.php HTTP/1.1" 404 16556 "-" "-"
2001:41d0:203:2611::1 - - [21/Oct/2024:12:40:36 -0400] "GET /dich-vu-diet-muoi-quan-5/ HTTP/1.1" 200 28410 "-" "Mozilla/5.0 (compatible; MJ12bot/v1.4.8; http://mj12bot.com/)"
52.169.14.198 - - [21/Oct/2024:12:40:37 -0400] "GET /wp-content/themes/aahana/json.php HTTP/1.1" 403 1242 "-" "-"
162.213.251.195 - - [21/Oct/2024:12:40:38 -0400] "POST /wp-cron.php?doing_wp_cron=1729528838.5089209079742431640625 HTTP/1.1" 200 0 "-" "WordPress/6.6.2; https://dietcontrungnhanh.com"
52.169.14.198 - - [21/Oct/2024:12:40:38 -0400] "GET /wp-activate.php HTTP/1.1" 302 0 "-" "-"
162.213.251.195 - - [21/Oct/2024:12:40:39 -0400] "POST /wp-cron.php?doing_wp_cron=1729528839.4813408851623535156250 HTTP/1.1" 200 0 "-" "WordPress/6.6.2; https://dietcontrungnhanh.com"
52.169.14.198 - - [21/Oct/2024:12:40:39 -0400] "GET /wp-login.php?action=register HTTP/1.1" 302 0 "-" "-"
162.213.251.195 - - [21/Oct/2024:12:40:41 -0400] "POST /wp-cron.php?doing_wp_cron=1729528840.8314371109008789062500 HTTP/1.1" 200 0 "-" "WordPress/6.6.2; https://dietcontrungnhanh.com"
52.169.14.198 - - [21/Oct/2024:12:40:40 -0400] "GET /wp-login.php?registration=disabled HTTP/1.1" 200 2904 "-" "-"
52.169.14.198 - - [21/Oct/2024:12:40:41 -0400] "GET /wp-content/plugins/Cache/Cache.php HTTP/1.1" 403 1242 "-" "-"
162.213.251.195 - - [21/Oct/2024:12:40:42 -0400] "POST /wp-cron.php?doing_wp_cron=1729528842.4166219234466552734375 HTTP/1.1" 200 0 "-" "WordPress/6.6.2; https://dietcontrungnhanh.com"
52.169.14.198 - - [21/Oct/2024:12:40:42 -0400] "GET /images/cloud.php HTTP/1.1" 404 16523 "-" "-"
162.213.251.195 - - [21/Oct/2024:12:40:44 -0400] "POST /wp-cron.php?doing_wp_cron=1729528843.9511489868164062500000 HTTP/1.1" 200 0 "-" "WordPress/6.6.2; https://dietcontrungnhanh.com"
52.169.14.198 - - [21/Oct/2024:12:40:43 -0400] "GET /wp-includes/Requests/Text/admin.php HTTP/1.1" 404 17381 "-" "-"
162.213.251.195 - - [21/Oct/2024:12:40:45 -0400] "POST /wp-cron.php?doing_wp_cron=1729528845.0730569362640380859375 HTTP/1.1" 200 0 "-" "WordPress/6.6.2; https://dietcontrungnhanh.com"
2001:41d0:203:2611::1 - - [21/Oct/2024:12:40:44 -0400] "GET /diet-muoi-phun-m%E2%80%A6con-trung-quan-6/ HTTP/1.1" 404 18747 "-" "Mozilla/5.0 (compatible; MJ12bot/v1.4.8; http://mj12bot.com/)"
52.169.14.198 - - [21/Oct/2024:12:40:45 -0400] "GET /cgi-bin/about.php HTTP/1.1" 404 16542 "-" "-"
162.213.251.195 - - [21/Oct/2024:12:40:47 -0400] "POST /wp-cron.php?doing_wp_cron=1729528847.0744040012359619140625 HTTP/1.1" 200 0 "-" "WordPress/6.6.2; https://dietcontrungnhanh.com"
52.169.14.198 - - [21/Oct/2024:12:40:46 -0400] "GET /wp-admin/css/colors/coffee/cloud.php HTTP/1.1" 404 17392 "-" "-"
162.213.251.195 - - [21/Oct/2024:12:40:49 -0400] "POST /wp-cron.php?doing_wp_cron=1729528849.1201930046081542968750 HTTP/1.1" 200 0 "-" "WordPress/6.6.2; https://dietcontrungnhanh.com"
52.169.14.198 - - [21/Oct/2024:12:40:48 -0400] "GET /cgi-bin/radio.php HTTP/1.1" 404 16532 "-" "-"
162.213.251.195 - - [21/Oct/2024:12:40:50 -0400] "POST /wp-cron.php?doing_wp_cron=1729528850.6048309803009033203125 HTTP/1.1" 200 0 "-" "WordPress/6.6.2; https://dietcontrungnhanh.com"
52.169.14.198 - - [21/Oct/2024:12:40:50 -0400] "GET /wp-admin/css/colors/blue/plugins.php HTTP/1.1" 404 17405 "-" "-"
162.213.251.195 - - [21/Oct/2024:12:40:52 -0400] "POST /wp-cron.php?doing_wp_cron=1729528852.3848950862884521484375 HTTP/1.1" 200 0 "-" "WordPress/6.6.2; https://dietcontrungnhanh.com"
52.169.14.198 - - [21/Oct/2024:12:40:51 -0400] "GET /css/xmrlpc.php?p= HTTP/1.1" 301 0 "-" "-"
162.213.251.195 - - [21/Oct/2024:12:40:53 -0400] "POST /wp-cron.php?doing_wp_cron=1729528853.2350590229034423828125 HTTP/1.1" 200 0 "-" "WordPress/6.6.2; https://dietcontrungnhanh.com"
52.169.14.198 - - [21/Oct/2024:12:40:52 -0400] "GET /css/xmrlpc.php HTTP/1.1" 404 16548 "-" "-"
162.213.251.195 - - [21/Oct/2024:12:40:55 -0400] "POST /wp-cron.php?doing_wp_cron=1729528854.8425168991088867187500 HTTP/1.1" 200 0 "-" "WordPress/6.6.2; https://dietcontrungnhanh.com"
52.169.14.198 - - [21/Oct/2024:12:40:54 -0400] "GET /.well-known/acme-challenge/admin.php HTTP/1.1" 404 17407 "-" "-"
162.213.251.195 - - [21/Oct/2024:12:40:56 -0400] "POST /wp-cron.php?doing_wp_cron=1729528856.3774740695953369140625 HTTP/1.1" 200 0 "-" "WordPress/6.6.2; https://dietcontrungnhanh.com"
52.169.14.198 - - [21/Oct/2024:12:40:55 -0400] "GET /wp-admin/index.php HTTP/1.1" 302 0 "-" "-"
162.213.251.195 - - [21/Oct/2024:12:40:57 -0400] "POST /wp-cron.php?doing_wp_cron=1729528857.6492919921875000000000 HTTP/1.1" 200 0 "-" "WordPress/6.6.2; https://dietcontrungnhanh.com"
52.169.14.198 - - [21/Oct/2024:12:40:57 -0400] "GET /wp-login.php?redirect_to=https%3A%2F%2Fdietcontrungnhanh.com%2Fwp-admin%2Findex.php&reauth=1 HTTP/1.1" 200 2822 "-" "-"
52.169.14.198 - - [21/Oct/2024:12:40:58 -0400] "GET /wp-content/plugins/simple/simple.php HTTP/1.1" 403 1242 "-" "-"
162.213.251.195 - - [21/Oct/2024:12:40:59 -0400] "POST /wp-cron.php?doing_wp_cron=1729528859.1536018848419189453125 HTTP/1.1" 200 0 "-" "WordPress/6.6.2; https://dietcontrungnhanh.com"
52.169.14.198 - - [21/Oct/2024:12:40:58 -0400] "GET /cgi-bin/themes.php HTTP/1.1" 404 16543 "-" "-"
52.169.14.198 - - [21/Oct/2024:12:41:01 -0400] "GET /.well-known/pki-validation/xmrlpc.php?p= HTTP/1.1" 404 1251 "-" "-"
52.169.14.198 - - [21/Oct/2024:12:41:01 -0400] "GET /wp-includes/bak.php HTTP/1.1" 403 1242 "-" "-"
52.169.14.198 - - [21/Oct/2024:12:41:02 -0400] "GET /wp-content/plugins/wp-theme-editor/include.php HTTP/1.1" 403 1242 "-" "-"
52.169.14.198 - - [21/Oct/2024:12:41:02 -0400] "GET /wp-comments-post.php HTTP/1.1" 405 0 "-" "-"
162.213.251.195 - - [21/Oct/2024:12:41:04 -0400] "POST /wp-cron.php?doing_wp_cron=1729528863.8145310878753662109375 HTTP/1.1" 200 0 "-" "WordPress/6.6.2; https://dietcontrungnhanh.com"
52.169.14.198 - - [21/Oct/2024:12:41:03 -0400] "GET /.well-known/acme-challenge/autoload_classmap.php HTTP/1.1" 404 17394 "-" "-"
162.213.251.195 - - [21/Oct/2024:12:41:06 -0400] "POST /wp-cron.php?doing_wp_cron=1729528865.6709449291229248046875 HTTP/1.1" 200 0 "-" "WordPress/6.6.2; https://dietcontrungnhanh.com"
52.169.14.198 - - [21/Oct/2024:12:41:05 -0400] "GET /admin/upload/css.php HTTP/1.1" 404 17378 "-" "-"
20.197.35.86 - - [21/Oct/2024:12:47:16 -0400] "GET /wp-admin/css/ HTTP/1.1" 403 1242 "binance.com" "Mozilla/5.0 (Windows NT 10.0; Win64; x64) AppleWebKit/537.36 (KHTML, like Gecko) Chrome/90.0.4430.85 Safari/537.36"
162.213.251.195 - - [21/Oct/2024:12:52:01 -0400] "POST /wp-cron.php?doing_wp_cron=1729529521.0882089138031005859375 HTTP/1.1" 200 0 "-" "WordPress/6.6.2; https://dietcontrungnhanh.com"
20.171.206.173 - - [21/Oct/2024:12:51:45 -0400] "GET /hoi-dap/embed/ HTTP/1.1" 200 6108 "-" "Mozilla/5.0 AppleWebKit/537.36 (KHTML, like Gecko; compatible; GPTBot/1.2; +https://openai.com/gptbot)"
162.213.251.195 - - [21/Oct/2024:12:52:03 -0400] "POST /wp-cron.php?doing_wp_cron=1729529523.4894089698791503906250 HTTP/1.1" 200 0 "-" "WordPress/6.6.2; https://dietcontrungnhanh.com"
20.171.206.173 - - [21/Oct/2024:12:52:02 -0400] "GET /chinh-sach-bao-hanh/embed/ HTTP/1.1" 200 6364 "-" "Mozilla/5.0 AppleWebKit/537.36 (KHTML, like Gecko; compatible; GPTBot/1.2; +https://openai.com/gptbot)"
162.213.251.195 - - [21/Oct/2024:12:52:21 -0400] "POST /wp-cron.php?doing_wp_cron=1729529541.0791800022125244140625 HTTP/1.1" 200 0 "-" "WordPress/6.6.2; https://dietcontrungnhanh.com"
20.171.206.173 - - [21/Oct/2024:12:52:20 -0400] "GET /chinh-sach-doi-tra-hang/embed/ HTTP/1.1" 200 6455 "-" "Mozilla/5.0 AppleWebKit/537.36 (KHTML, like Gecko; compatible; GPTBot/1.2; +https://openai.com/gptbot)"
162.213.251.195 - - [21/Oct/2024:12:52:37 -0400] "POST /wp-cron.php?doing_wp_cron=1729529557.2307560443878173828125 HTTP/1.1" 200 0 "-" "WordPress/6.6.2; https://dietcontrungnhanh.com"
20.171.206.233 - - [21/Oct/2024:12:52:36 -0400] "GET /gio-hang/embed/ HTTP/1.1" 200 6112 "-" "Mozilla/5.0 AppleWebKit/537.36 (KHTML, like Gecko; compatible; GPTBot/1.2; +https://openai.com/gptbot)"
162.213.251.195 - - [21/Oct/2024:12:52:51 -0400] "POST /wp-cron.php?doing_wp_cron=1729529571.5237660408020019531250 HTTP/1.1" 200 0 "-" "WordPress/6.6.2; https://dietcontrungnhanh.com"
20.171.206.233 - - [21/Oct/2024:12:52:50 -0400] "GET /dich-vu-diet-muoi-quan-12/embed/ HTTP/1.1" 200 6641 "-" "Mozilla/5.0 AppleWebKit/537.36 (KHTML, like Gecko; compatible; GPTBot/1.2; +https://openai.com/gptbot)"
162.213.251.195 - - [21/Oct/2024:12:53:04 -0400] "POST /wp-cron.php?doing_wp_cron=1729529584.2641110420227050781250 HTTP/1.1" 200 0 "-" "WordPress/6.6.2; https://dietcontrungnhanh.com"
20.171.206.233 - - [21/Oct/2024:12:53:03 -0400] "GET /dich-vu-diet-chuot-quan-9/embed/ HTTP/1.1" 200 6718 "-" "Mozilla/5.0 AppleWebKit/537.36 (KHTML, like Gecko; compatible; GPTBot/1.2; +https://openai.com/gptbot)"
162.213.251.195 - - [21/Oct/2024:12:53:16 -0400] "POST /wp-cron.php?doing_wp_cron=1729529596.1304810047149658203125 HTTP/1.1" 200 0 "-" "WordPress/6.6.2; https://dietcontrungnhanh.com"
20.171.206.233 - - [21/Oct/2024:12:53:15 -0400] "GET /dich-vu-diet-muoi-quan-10/embed/ HTTP/1.1" 200 6649 "-" "Mozilla/5.0 AppleWebKit/537.36 (KHTML, like Gecko; compatible; GPTBot/1.2; +https://openai.com/gptbot)"
162.213.251.195 - - [21/Oct/2024:12:53:26 -0400] "POST /wp-cron.php?doing_wp_cron=1729529606.3741910457611083984375 HTTP/1.1" 200 0 "-" "WordPress/6.6.2; https://dietcontrungnhanh.com"
20.171.206.233 - - [21/Oct/2024:12:53:25 -0400] "GET /hd-mua-hang/embed/ HTTP/1.1" 200 6095 "-" "Mozilla/5.0 AppleWebKit/537.36 (KHTML, like Gecko; compatible; GPTBot/1.2; +https://openai.com/gptbot)"
162.213.251.195 - - [21/Oct/2024:12:53:36 -0400] "POST /wp-cron.php?doing_wp_cron=1729529616.2907590866088867187500 HTTP/1.1" 200 0 "-" "WordPress/6.6.2; https://dietcontrungnhanh.com"
20.171.206.236 - - [21/Oct/2024:12:53:35 -0400] "GET /lien-he/embed/ HTTP/1.1" 200 6112 "-" "Mozilla/5.0 AppleWebKit/537.36 (KHTML, like Gecko; compatible; GPTBot/1.2; +https://openai.com/gptbot)"
162.213.251.195 - - [21/Oct/2024:12:53:45 -0400] "POST /wp-cron.php?doing_wp_cron=1729529624.8609399795532226562500 HTTP/1.1" 200 0 "-" "WordPress/6.6.2; https://dietcontrungnhanh.com"
20.171.206.236 - - [21/Oct/2024:12:53:43 -0400] "GET /gioi-thieu/embed/ HTTP/1.1" 200 6381 "-" "Mozilla/5.0 AppleWebKit/537.36 (KHTML, like Gecko; compatible; GPTBot/1.2; +https://openai.com/gptbot)"
162.213.251.195 - - [21/Oct/2024:12:53:52 -0400] "POST /wp-cron.php?doing_wp_cron=1729529632.0097200870513916015625 HTTP/1.1" 200 0 "-" "WordPress/6.6.2; https://dietcontrungnhanh.com"
20.171.206.236 - - [21/Oct/2024:12:53:51 -0400] "GET /dich-vu-diet-chuot-quan-3/embed/ HTTP/1.1" 200 6603 "-" "Mozilla/5.0 AppleWebKit/537.36 (KHTML, like Gecko; compatible; GPTBot/1.2; +https://openai.com/gptbot)"
162.213.251.195 - - [21/Oct/2024:12:53:59 -0400] "POST /wp-cron.php?doing_wp_cron=1729529639.0184481143951416015625 HTTP/1.1" 200 0 "-" "WordPress/6.6.2; https://dietcontrungnhanh.com"
20.171.206.236 - - [21/Oct/2024:12:53:58 -0400] "GET /dich-vu-diet-chuot-quan-8/embed/ HTTP/1.1" 200 6687 "-" "Mozilla/5.0 AppleWebKit/537.36 (KHTML, like Gecko; compatible; GPTBot/1.2; +https://openai.com/gptbot)"
162.213.251.195 - - [21/Oct/2024:12:54:05 -0400] "POST /wp-cron.php?doing_wp_cron=1729529645.3051910400390625000000 HTTP/1.1" 200 0 "-" "WordPress/6.6.2; https://dietcontrungnhanh.com"
20.171.206.236 - - [21/Oct/2024:12:54:04 -0400] "GET /dich-vu-diet-muoi-thu-duc/embed/ HTTP/1.1" 200 6507 "-" "Mozilla/5.0 AppleWebKit/537.36 (KHTML, like Gecko; compatible; GPTBot/1.2; +https://openai.com/gptbot)"
162.213.251.195 - - [21/Oct/2024:12:54:11 -0400] "POST /wp-cron.php?doing_wp_cron=1729529651.0376288890838623046875 HTTP/1.1" 200 0 "-" "WordPress/6.6.2; https://dietcontrungnhanh.com"
20.171.206.236 - - [21/Oct/2024:12:54:10 -0400] "GET /dich-vu-diet-muoi-quan-go-vap/embed/ HTTP/1.1" 200 6601 "-" "Mozilla/5.0 AppleWebKit/537.36 (KHTML, like Gecko; compatible; GPTBot/1.2; +https://openai.com/gptbot)"
162.213.251.195 - - [21/Oct/2024:12:54:16 -0400] "POST /wp-cron.php?doing_wp_cron=1729529655.6165900230407714843750 HTTP/1.1" 200 0 "-" "WordPress/6.6.2; https://dietcontrungnhanh.com"
20.171.206.236 - - [21/Oct/2024:12:54:15 -0400] "GET /diet-muoi-con-trung-quan-8/embed/ HTTP/1.1" 200 6584 "-" "Mozilla/5.0 AppleWebKit/537.36 (KHTML, like Gecko; compatible; GPTBot/1.2; +https://openai.com/gptbot)"
162.213.251.195 - - [21/Oct/2024:12:54:20 -0400] "POST /wp-cron.php?doing_wp_cron=1729529660.2477200031280517578125 HTTP/1.1" 200 0 "-" "WordPress/6.6.2; https://dietcontrungnhanh.com"
20.171.206.236 - - [21/Oct/2024:12:54:19 -0400] "GET /dich-vu-diet-muoi-quan-binh-thanh/embed/ HTTP/1.1" 200 6578 "-" "Mozilla/5.0 AppleWebKit/537.36 (KHTML, like Gecko; compatible; GPTBot/1.2; +https://openai.com/gptbot)"
162.213.251.195 - - [21/Oct/2024:12:54:24 -0400] "POST /wp-cron.php?doing_wp_cron=1729529664.0761539936065673828125 HTTP/1.1" 200 0 "-" "WordPress/6.6.2; https://dietcontrungnhanh.com"
20.171.206.236 - - [21/Oct/2024:12:54:23 -0400] "GET /san-pham/binh-4-lit-phun-diet-con-trung-05/embed/ HTTP/1.1" 200 6976 "-" "Mozilla/5.0 AppleWebKit/537.36 (KHTML, like Gecko; compatible; GPTBot/1.2; +https://openai.com/gptbot)"
162.213.251.195 - - [21/Oct/2024:12:54:28 -0400] "POST /wp-cron.php?doing_wp_cron=1729529668.5576400756835937500000 HTTP/1.1" 200 0 "-" "WordPress/6.6.2; https://dietcontrungnhanh.com"
20.171.206.243 - - [21/Oct/2024:12:54:27 -0400] "GET /dich-vu-diet-ruoi-tai-ho-chi-minh/embed/ HTTP/1.1" 200 6773 "-" "Mozilla/5.0 AppleWebKit/537.36 (KHTML, like Gecko; compatible; GPTBot/1.2; +https://openai.com/gptbot)"
162.213.251.195 - - [21/Oct/2024:12:54:31 -0400] "POST /wp-cron.php?doing_wp_cron=1729529671.1700909137725830078125 HTTP/1.1" 200 0 "-" "WordPress/6.6.2; https://dietcontrungnhanh.com"
20.171.206.243 - - [21/Oct/2024:12:54:30 -0400] "GET /san-pham/binh-4-lit-phun-diet-con-trung-04/embed/ HTTP/1.1" 200 6945 "-" "Mozilla/5.0 AppleWebKit/537.36 (KHTML, like Gecko; compatible; GPTBot/1.2; +https://openai.com/gptbot)"
162.213.251.195 - - [21/Oct/2024:12:54:36 -0400] "POST /wp-cron.php?doing_wp_cron=1729529675.7100288867950439453125 HTTP/1.1" 200 0 "-" "WordPress/6.6.2; https://dietcontrungnhanh.com"
20.171.206.243 - - [21/Oct/2024:12:54:34 -0400] "GET /san-pham/binh-4-lit-phun-diet-con-trung-03/embed/ HTTP/1.1" 200 6941 "-" "Mozilla/5.0 AppleWebKit/537.36 (KHTML, like Gecko; compatible; GPTBot/1.2; +https://openai.com/gptbot)"
162.213.251.195 - - [21/Oct/2024:12:54:38 -0400] "POST /wp-cron.php?doing_wp_cron=1729529678.0645480155944824218750 HTTP/1.1" 200 0 "-" "WordPress/6.6.2; https://dietcontrungnhanh.com"
20.171.206.243 - - [21/Oct/2024:12:54:37 -0400] "GET /san-pham/binh-4-lit-phun-diet-con-trung-01/embed/ HTTP/1.1" 200 6926 "-" "Mozilla/5.0 AppleWebKit/537.36 (KHTML, like Gecko; compatible; GPTBot/1.2; +https://openai.com/gptbot)"
162.213.251.195 - - [21/Oct/2024:12:54:41 -0400] "POST /wp-cron.php?doing_wp_cron=1729529681.2558100223541259765625 HTTP/1.1" 200 0 "-" "WordPress/6.6.2; https://dietcontrungnhanh.com"
20.171.206.243 - - [21/Oct/2024:12:54:40 -0400] "GET /dich-vu-diet-gian-tai-huyen-binh-chanh/embed/ HTTP/1.1" 200 6649 "-" "Mozilla/5.0 AppleWebKit/537.36 (KHTML, like Gecko; compatible; GPTBot/1.2; +https://openai.com/gptbot)"
162.213.251.195 - - [21/Oct/2024:12:54:44 -0400] "POST /wp-cron.php?doing_wp_cron=1729529684.2398068904876708984375 HTTP/1.1" 200 0 "-" "WordPress/6.6.2; https://dietcontrungnhanh.com"
20.171.206.243 - - [21/Oct/2024:12:54:43 -0400] "GET /dich-vu-diet-moi-nha-be-giai-phap-toan-dien-danh-bai-moi/embed/ HTTP/1.1" 200 6773 "-" "Mozilla/5.0 AppleWebKit/537.36 (KHTML, like Gecko; compatible; GPTBot/1.2; +https://openai.com/gptbot)"
162.213.251.195 - - [21/Oct/2024:12:54:47 -0400] "POST /wp-cron.php?doing_wp_cron=1729529687.2924969196319580078125 HTTP/1.1" 200 0 "-" "WordPress/6.6.2; https://dietcontrungnhanh.com"
20.171.206.243 - - [21/Oct/2024:12:54:46 -0400] "GET /dich-vu-diet-gian-thu-duc-chuyen-nghiep-hieu-qua/embed/ HTTP/1.1" 200 6761 "-" "Mozilla/5.0 AppleWebKit/537.36 (KHTML, like Gecko; compatible; GPTBot/1.2; +https://openai.com/gptbot)"
162.213.251.195 - - [21/Oct/2024:12:54:49 -0400] "POST /wp-cron.php?doing_wp_cron=1729529689.5412650108337402343750 HTTP/1.1" 200 0 "-" "WordPress/6.6.2; https://dietcontrungnhanh.com"
20.171.206.243 - - [21/Oct/2024:12:54:49 -0400] "GET /dich-vu-diet-moi-quan-5-diet-moi-uy-tin-tai-tp-hcm/embed/ HTTP/1.1" 200 6788 "-" "Mozilla/5.0 AppleWebKit/537.36 (KHTML, like Gecko; compatible; GPTBot/1.2; +https://openai.com/gptbot)"
162.213.251.195 - - [21/Oct/2024:12:54:52 -0400] "POST /wp-cron.php?doing_wp_cron=1729529691.7140669822692871093750 HTTP/1.1" 200 0 "-" "WordPress/6.6.2; https://dietcontrungnhanh.com"
20.171.206.243 - - [21/Oct/2024:12:54:51 -0400] "GET /dich-vu-diet-moi-quan-3-bao-ve-to-am-tu-moi-nguy-con-trung/embed/ HTTP/1.1" 200 6809 "-" "Mozilla/5.0 AppleWebKit/537.36 (KHTML, like Gecko; compatible; GPTBot/1.2; +https://openai.com/gptbot)"
162.213.251.195 - - [21/Oct/2024:12:54:54 -0400] "POST /wp-cron.php?doing_wp_cron=1729529693.8094460964202880859375 HTTP/1.1" 200 0 "-" "WordPress/6.6.2; https://dietcontrungnhanh.com"
20.171.206.243 - - [21/Oct/2024:12:54:53 -0400] "GET /san-pham/binh-4-lit-phun-diet-con-trung-08/embed/ HTTP/1.1" 200 6947 "-" "Mozilla/5.0 AppleWebKit/537.36 (KHTML, like Gecko; compatible; GPTBot/1.2; +https://openai.com/gptbot)"
162.213.251.195 - - [21/Oct/2024:12:56:47 -0400] "POST /wp-cron.php?doing_wp_cron=1729529806.6129739284515380859375 HTTP/1.1" 200 0 "-" "WordPress/6.6.2; https://dietcontrungnhanh.com"
199.195.251.210 - - [21/Oct/2024:12:56:43 -0400] "GET /wp-login.php HTTP/1.1" 200 2811 "-" "Mozilla/5.0 (X11; Linux x86_64) AppleWebKit/537.36 (KHTML, like Gecko) Chrome/36.0.1985.125 Safari/537.36"
199.195.251.210 - - [21/Oct/2024:12:56:47 -0400] "POST /wp-login.php HTTP/1.1" 200 2955 "-" "Mozilla/5.0 (X11; Linux x86_64) AppleWebKit/537.36 (KHTML, like Gecko) Chrome/36.0.1985.125 Safari/537.36"
162.213.251.195 - - [21/Oct/2024:13:01:28 -0400] "POST /wp-cron.php?doing_wp_cron=1729530087.6052548885345458984375 HTTP/1.1" 200 0 "-" "WordPress/6.6.2; https://dietcontrungnhanh.com"
66.249.77.226 - - [21/Oct/2024:13:01:16 -0400] "GET /wp-admin/comment.php?action=spam&c=55 HTTP/1.1" 302 0 "-" "Mozilla/5.0 (Linux; Android 6.0.1; Nexus 5X Build/MMB29P) AppleWebKit/537.36 (KHTML, like Gecko) Chrome/130.0.6723.58 Mobile Safari/537.36 (compatible; Googlebot/2.1; +http://www.google.com/bot.html)"
162.213.251.195 - - [21/Oct/2024:13:01:31 -0400] "POST /wp-cron.php?doing_wp_cron=1729530091.1848430633544921875000 HTTP/1.1" 200 0 "-" "WordPress/6.6.2; https://dietcontrungnhanh.com"
66.249.77.225 - - [21/Oct/2024:13:01:30 -0400] "GET /wp-login.php?redirect_to=https%3A%2F%2Fdietcontrungnhanh.com%2Fwp-admin%2Fcomment.php%3Faction%3Dspam%26c%3D55&reauth=1 HTTP/1.1" 200 2843 "-" "Mozilla/5.0 (Linux; Android 6.0.1; Nexus 5X Build/MMB29P) AppleWebKit/537.36 (KHTML, like Gecko) Chrome/130.0.6723.58 Mobile Safari/537.36 (compatible; Googlebot/2.1; +http://www.google.com/bot.html)"
162.213.251.195 - - [21/Oct/2024:13:11:08 -0400] "POST /wp-cron.php?doing_wp_cron=1729530668.0843598842620849609375 HTTP/1.1" 200 0 "-" "WordPress/6.6.2; https://dietcontrungnhanh.com"
45.61.185.127 - - [21/Oct/2024:13:10:58 -0400] "GET /wp-login.php HTTP/1.1" 200 2800 "-" "Mozilla/5.0 (Macintosh; Intel Mac OS X 10_9_2) AppleWebKit/537.74.9 (KHTML, like Gecko) Version/7.0.2 Safari/537.74.9"
45.61.185.127 - - [21/Oct/2024:13:11:09 -0400] "POST /wp-login.php HTTP/1.1" 200 2964 "-" "Mozilla/5.0 (Macintosh; Intel Mac OS X 10_9_2) AppleWebKit/537.74.9 (KHTML, like Gecko) Version/7.0.2 Safari/537.74.9"
162.213.251.195 - - [21/Oct/2024:13:12:03 -0400] "POST /wp-cron.php?doing_wp_cron=1729530723.2210500240325927734375 HTTP/1.1" 200 0 "-" "WordPress/6.6.2; https://dietcontrungnhanh.com"
20.171.206.35 - - [21/Oct/2024:13:12:02 -0400] "GET /hoi-dap/embed/ HTTP/1.1" 200 6109 "-" "Mozilla/5.0 AppleWebKit/537.36 (KHTML, like Gecko; compatible; GPTBot/1.2; +https://openai.com/gptbot)"
20.171.206.35 - - [21/Oct/2024:13:12:04 -0400] "GET /chinh-sach-bao-hanh/embed/ HTTP/1.1" 200 6349 "-" "Mozilla/5.0 AppleWebKit/537.36 (KHTML, like Gecko; compatible; GPTBot/1.2; +https://openai.com/gptbot)"
162.213.251.195 - - [21/Oct/2024:13:12:08 -0400] "POST /wp-cron.php?doing_wp_cron=1729530728.1748371124267578125000 HTTP/1.1" 200 0 "-" "WordPress/6.6.2; https://dietcontrungnhanh.com"
20.171.206.35 - - [21/Oct/2024:13:12:07 -0400] "GET /gio-hang/embed/ HTTP/1.1" 200 6112 "-" "Mozilla/5.0 AppleWebKit/537.36 (KHTML, like Gecko; compatible; GPTBot/1.2; +https://openai.com/gptbot)"
162.213.251.195 - - [21/Oct/2024:13:12:10 -0400] "POST /wp-cron.php?doing_wp_cron=1729530730.3282570838928222656250 HTTP/1.1" 200 0 "-" "WordPress/6.6.2; https://dietcontrungnhanh.com"
20.171.206.35 - - [21/Oct/2024:13:12:09 -0400] "GET /chinh-sach-doi-tra-hang/embed/ HTTP/1.1" 200 6459 "-" "Mozilla/5.0 AppleWebKit/537.36 (KHTML, like Gecko; compatible; GPTBot/1.2; +https://openai.com/gptbot)"
162.213.251.195 - - [21/Oct/2024:13:12:12 -0400] "POST /wp-cron.php?doing_wp_cron=1729530732.3976869583129882812500 HTTP/1.1" 200 0 "-" "WordPress/6.6.2; https://dietcontrungnhanh.com"
20.171.206.35 - - [21/Oct/2024:13:12:11 -0400] "GET /dich-vu-diet-muoi-quan-12/embed/ HTTP/1.1" 200 6641 "-" "Mozilla/5.0 AppleWebKit/537.36 (KHTML, like Gecko; compatible; GPTBot/1.2; +https://openai.com/gptbot)"
162.213.251.195 - - [21/Oct/2024:13:12:16 -0400] "POST /wp-cron.php?doing_wp_cron=1729530735.4882690906524658203125 HTTP/1.1" 200 0 "-" "WordPress/6.6.2; https://dietcontrungnhanh.com"
20.171.206.35 - - [21/Oct/2024:13:12:14 -0400] "GET /hd-mua-hang/embed/ HTTP/1.1" 200 6097 "-" "Mozilla/5.0 AppleWebKit/537.36 (KHTML, like Gecko; compatible; GPTBot/1.2; +https://openai.com/gptbot)"
162.213.251.195 - - [21/Oct/2024:13:12:19 -0400] "POST /wp-cron.php?doing_wp_cron=1729530738.6575820446014404296875 HTTP/1.1" 200 0 "-" "WordPress/6.6.2; https://dietcontrungnhanh.com"
20.171.206.35 - - [21/Oct/2024:13:12:17 -0400] "GET /dich-vu-diet-chuot-quan-9/embed/ HTTP/1.1" 200 6716 "-" "Mozilla/5.0 AppleWebKit/537.36 (KHTML, like Gecko; compatible; GPTBot/1.2; +https://openai.com/gptbot)"
162.213.251.195 - - [21/Oct/2024:13:12:22 -0400] "POST /wp-cron.php?doing_wp_cron=1729530741.6607770919799804687500 HTTP/1.1" 200 0 "-" "WordPress/6.6.2; https://dietcontrungnhanh.com"
20.171.206.35 - - [21/Oct/2024:13:12:20 -0400] "GET /dich-vu-diet-muoi-quan-10/embed/ HTTP/1.1" 200 6653 "-" "Mozilla/5.0 AppleWebKit/537.36 (KHTML, like Gecko; compatible; GPTBot/1.2; +https://openai.com/gptbot)"
20.171.206.35 - - [21/Oct/2024:13:12:24 -0400] "GET /lien-he/embed/ HTTP/1.1" 200 6122 "-" "Mozilla/5.0 AppleWebKit/537.36 (KHTML, like Gecko; compatible; GPTBot/1.2; +https://openai.com/gptbot)"
20.171.206.35 - - [21/Oct/2024:13:12:26 -0400] "GET /dich-vu-diet-chuot-quan-3/embed/ HTTP/1.1" 200 6601 "-" "Mozilla/5.0 AppleWebKit/537.36 (KHTML, like Gecko; compatible; GPTBot/1.2; +https://openai.com/gptbot)"
20.171.206.188 - - [21/Oct/2024:13:12:29 -0400] "GET /dich-vu-diet-muoi-thu-duc/embed/ HTTP/1.1" 200 6508 "-" "Mozilla/5.0 AppleWebKit/537.36 (KHTML, like Gecko; compatible; GPTBot/1.2; +https://openai.com/gptbot)"
20.171.206.188 - - [21/Oct/2024:13:12:31 -0400] "GET /diet-muoi-con-trung-quan-8/embed/ HTTP/1.1" 200 6583 "-" "Mozilla/5.0 AppleWebKit/537.36 (KHTML, like Gecko; compatible; GPTBot/1.2; +https://openai.com/gptbot)"
20.171.206.188 - - [21/Oct/2024:13:12:33 -0400] "GET /gioi-thieu/embed/ HTTP/1.1" 200 6380 "-" "Mozilla/5.0 AppleWebKit/537.36 (KHTML, like Gecko; compatible; GPTBot/1.2; +https://openai.com/gptbot)"
20.171.206.188 - - [21/Oct/2024:13:12:35 -0400] "GET /dich-vu-diet-chuot-quan-8/embed/ HTTP/1.1" 200 6686 "-" "Mozilla/5.0 AppleWebKit/537.36 (KHTML, like Gecko; compatible; GPTBot/1.2; +https://openai.com/gptbot)"
20.171.206.188 - - [21/Oct/2024:13:12:37 -0400] "GET /dich-vu-diet-muoi-quan-binh-thanh/embed/ HTTP/1.1" 200 6585 "-" "Mozilla/5.0 AppleWebKit/537.36 (KHTML, like Gecko; compatible; GPTBot/1.2; +https://openai.com/gptbot)"
20.171.206.188 - - [21/Oct/2024:13:12:40 -0400] "GET /dich-vu-diet-ruoi-tai-ho-chi-minh/embed/ HTTP/1.1" 200 6765 "-" "Mozilla/5.0 AppleWebKit/537.36 (KHTML, like Gecko; compatible; GPTBot/1.2; +https://openai.com/gptbot)"
20.171.206.188 - - [21/Oct/2024:13:12:41 -0400] "GET /dich-vu-diet-muoi-quan-go-vap/embed/ HTTP/1.1" 200 6607 "-" "Mozilla/5.0 AppleWebKit/537.36 (KHTML, like Gecko; compatible; GPTBot/1.2; +https://openai.com/gptbot)"
20.171.206.188 - - [21/Oct/2024:13:12:42 -0400] "GET /san-pham/binh-4-lit-phun-diet-con-trung-05/embed/ HTTP/1.1" 200 6972 "-" "Mozilla/5.0 AppleWebKit/537.36 (KHTML, like Gecko; compatible; GPTBot/1.2; +https://openai.com/gptbot)"
20.171.206.188 - - [21/Oct/2024:13:12:44 -0400] "GET /san-pham/binh-4-lit-phun-diet-con-trung-03/embed/ HTTP/1.1" 200 6942 "-" "Mozilla/5.0 AppleWebKit/537.36 (KHTML, like Gecko; compatible; GPTBot/1.2; +https://openai.com/gptbot)"
20.171.206.188 - - [21/Oct/2024:13:12:45 -0400] "GET /san-pham/binh-4-lit-phun-diet-con-trung-04/embed/ HTTP/1.1" 200 6949 "-" "Mozilla/5.0 AppleWebKit/537.36 (KHTML, like Gecko; compatible; GPTBot/1.2; +https://openai.com/gptbot)"
20.171.206.188 - - [21/Oct/2024:13:12:47 -0400] "GET /dich-vu-diet-gian-tai-huyen-binh-chanh/embed/ HTTP/1.1" 200 6648 "-" "Mozilla/5.0 AppleWebKit/537.36 (KHTML, like Gecko; compatible; GPTBot/1.2; +https://openai.com/gptbot)"
20.171.206.188 - - [21/Oct/2024:13:12:48 -0400] "GET /san-pham/binh-4-lit-phun-diet-con-trung-01/embed/ HTTP/1.1" 200 6926 "-" "Mozilla/5.0 AppleWebKit/537.36 (KHTML, like Gecko; compatible; GPTBot/1.2; +https://openai.com/gptbot)"
20.171.206.188 - - [21/Oct/2024:13:12:49 -0400] "GET /dich-vu-diet-moi-nha-be-giai-phap-toan-dien-danh-bai-moi/embed/ HTTP/1.1" 200 6775 "-" "Mozilla/5.0 AppleWebKit/537.36 (KHTML, like Gecko; compatible; GPTBot/1.2; +https://openai.com/gptbot)"
20.171.206.188 - - [21/Oct/2024:13:12:51 -0400] "GET /dich-vu-diet-gian-thu-duc-chuyen-nghiep-hieu-qua/embed/ HTTP/1.1" 200 6763 "-" "Mozilla/5.0 AppleWebKit/537.36 (KHTML, like Gecko; compatible; GPTBot/1.2; +https://openai.com/gptbot)"
20.171.206.188 - - [21/Oct/2024:13:12:53 -0400] "GET /dich-vu-diet-moi-quan-3-bao-ve-to-am-tu-moi-nguy-con-trung/embed/ HTTP/1.1" 200 6809 "-" "Mozilla/5.0 AppleWebKit/537.36 (KHTML, like Gecko; compatible; GPTBot/1.2; +https://openai.com/gptbot)"
20.171.206.188 - - [21/Oct/2024:13:12:54 -0400] "GET /dich-vu-diet-moi-quan-5-diet-moi-uy-tin-tai-tp-hcm/embed/ HTTP/1.1" 200 6798 "-" "Mozilla/5.0 AppleWebKit/537.36 (KHTML, like Gecko; compatible; GPTBot/1.2; +https://openai.com/gptbot)"
20.171.206.188 - - [21/Oct/2024:13:12:56 -0400] "GET /san-pham/binh-4-lit-phun-diet-con-trung-08/embed/ HTTP/1.1" 200 6947 "-" "Mozilla/5.0 AppleWebKit/537.36 (KHTML, like Gecko; compatible; GPTBot/1.2; +https://openai.com/gptbot)"
66.249.77.227 - - [21/Oct/2024:13:13:16 -0400] "GET /wp-admin/comment.php?action=approve&c=55 HTTP/1.1" 302 0 "-" "Mozilla/5.0 (Linux; Android 6.0.1; Nexus 5X Build/MMB29P) AppleWebKit/537.36 (KHTML, like Gecko) Chrome/130.0.6723.58 Mobile Safari/537.36 (compatible; Googlebot/2.1; +http://www.google.com/bot.html)"
66.249.77.226 - - [21/Oct/2024:13:13:19 -0400] "GET /wp-login.php?redirect_to=https%3A%2F%2Fdietcontrungnhanh.com%2Fwp-admin%2Fcomment.php%3Faction%3Dapprove%26c%3D55&reauth=1 HTTP/1.1" 200 2832 "-" "Mozilla/5.0 (Linux; Android 6.0.1; Nexus 5X Build/MMB29P) AppleWebKit/537.36 (KHTML, like Gecko) Chrome/130.0.6723.58 Mobile Safari/537.36 (compatible; Googlebot/2.1; +http://www.google.com/bot.html)"
66.249.77.225 - - [21/Oct/2024:13:13:26 -0400] "GET /wp-includes/js/zxcvbn.min.js HTTP/1.1" 200 389493 "https://dietcontrungnhanh.com/wp-login.php?redirect_to=https%3A%2F%2Fdietcontrungnhanh.com%2Fwp-admin%2Fcomment.php%3Faction%3Dapprove%26c%3D55&reauth=1" "Mozilla/5.0 (Linux; Android 6.0.1; Nexus 5X Build/MMB29P) AppleWebKit/537.36 (KHTML, like Gecko) Chrome/129.0.6668.89 Mobile Safari/537.36 (compatible; Googlebot/2.1; +http://www.google.com/bot.html)"
162.213.251.195 - - [21/Oct/2024:13:18:48 -0400] "POST /wp-cron.php?doing_wp_cron=1729531128.2554008960723876953125 HTTP/1.1" 200 0 "-" "WordPress/6.6.2; https://dietcontrungnhanh.com"
66.249.77.225 - - [21/Oct/2024:13:18:42 -0400] "GET /-backdoor.php HTTP/1.1" 404 16534 "-" "Mozilla/5.0 (Linux; Android 6.0.1; Nexus 5X Build/MMB29P) AppleWebKit/537.36 (KHTML, like Gecko) Chrome/130.0.6723.58 Mobile Safari/537.36 (compatible; Googlebot/2.1; +http://www.google.com/bot.html)"
162.213.251.195 - - [21/Oct/2024:13:19:06 -0400] "POST /wp-cron.php?doing_wp_cron=1729531145.8595929145812988281250 HTTP/1.1" 200 0 "-" "WordPress/6.6.2; https://dietcontrungnhanh.com"
205.185.115.168 - - [21/Oct/2024:13:19:05 -0400] "GET /wp-login.php HTTP/1.1" 200 2811 "-" "Mozilla/5.0 (Windows NT 5.1) AppleWebKit/537.36 (KHTML, like Gecko) Chrome/36.0.1985.125 Safari/537.36"
205.185.115.168 - - [21/Oct/2024:13:19:06 -0400] "POST /wp-login.php HTTP/1.1" 200 3006 "-" "Mozilla/5.0 (Windows NT 5.1) AppleWebKit/537.36 (KHTML, like Gecko) Chrome/36.0.1985.125 Safari/537.36"
162.213.251.195 - - [21/Oct/2024:13:25:23 -0400] "POST /wp-cron.php?doing_wp_cron=1729531522.4266219139099121093750 HTTP/1.1" 200 0 "-" "WordPress/6.6.2; https://dietcontrungnhanh.com"
66.249.77.226 - - [21/Oct/2024:13:25:16 -0400] "GET /cach-diet-kien-lua-hieu-qua/diet-kien-lua-hieu-qua HTTP/1.1" 404 18726 "-" "Mozilla/5.0 (Linux; Android 6.0.1; Nexus 5X Build/MMB29P) AppleWebKit/537.36 (KHTML, like Gecko) Chrome/130.0.6723.58 Mobile Safari/537.36 (compatible; Googlebot/2.1; +http://www.google.com/bot.html)"
162.213.251.195 - - [21/Oct/2024:13:32:10 -0400] "POST /wp-cron.php?doing_wp_cron=1729531929.7774739265441894531250 HTTP/1.1" 200 0 "-" "WordPress/6.6.2; https://dietcontrungnhanh.com"
20.171.206.221 - - [21/Oct/2024:13:32:03 -0400] "GET /gio-hang/embed/ HTTP/1.1" 200 6113 "-" "Mozilla/5.0 AppleWebKit/537.36 (KHTML, like Gecko; compatible; GPTBot/1.2; +https://openai.com/gptbot)"
20.171.206.221 - - [21/Oct/2024:13:32:11 -0400] "GET /chinh-sach-bao-hanh/embed/ HTTP/1.1" 200 6364 "-" "Mozilla/5.0 AppleWebKit/537.36 (KHTML, like Gecko; compatible; GPTBot/1.2; +https://openai.com/gptbot)"
162.213.251.195 - - [21/Oct/2024:13:32:19 -0400] "POST /wp-cron.php?doing_wp_cron=1729531939.0629570484161376953125 HTTP/1.1" 200 0 "-" "WordPress/6.6.2; https://dietcontrungnhanh.com"
20.171.206.221 - - [21/Oct/2024:13:32:18 -0400] "GET /hoi-dap/embed/ HTTP/1.1" 200 6110 "-" "Mozilla/5.0 AppleWebKit/537.36 (KHTML, like Gecko; compatible; GPTBot/1.2; +https://openai.com/gptbot)"
162.213.251.195 - - [21/Oct/2024:13:32:26 -0400] "POST /wp-cron.php?doing_wp_cron=1729531945.7497720718383789062500 HTTP/1.1" 200 0 "-" "WordPress/6.6.2; https://dietcontrungnhanh.com"
20.171.206.221 - - [21/Oct/2024:13:32:25 -0400] "GET /chinh-sach-doi-tra-hang/embed/ HTTP/1.1" 200 6457 "-" "Mozilla/5.0 AppleWebKit/537.36 (KHTML, like Gecko; compatible; GPTBot/1.2; +https://openai.com/gptbot)"
162.213.251.195 - - [21/Oct/2024:13:32:32 -0400] "POST /wp-cron.php?doing_wp_cron=1729531952.0305640697479248046875 HTTP/1.1" 200 0 "-" "WordPress/6.6.2; https://dietcontrungnhanh.com"
20.171.206.210 - - [21/Oct/2024:13:32:31 -0400] "GET /hd-mua-hang/embed/ HTTP/1.1" 200 6099 "-" "Mozilla/5.0 AppleWebKit/537.36 (KHTML, like Gecko; compatible; GPTBot/1.2; +https://openai.com/gptbot)"
162.213.251.195 - - [21/Oct/2024:13:32:37 -0400] "POST /wp-cron.php?doing_wp_cron=1729531957.4464170932769775390625 HTTP/1.1" 200 0 "-" "WordPress/6.6.2; https://dietcontrungnhanh.com"
20.171.206.210 - - [21/Oct/2024:13:32:36 -0400] "GET /dich-vu-diet-muoi-quan-10/embed/ HTTP/1.1" 200 6651 "-" "Mozilla/5.0 AppleWebKit/537.36 (KHTML, like Gecko; compatible; GPTBot/1.2; +https://openai.com/gptbot)"
