109.254.254.102 - - [22/Oct/2024:06:06:45 -0400] "GET /wp-login.php HTTP/1.1" 200 2811 "-" "Mozilla/5.0 (Windows NT 6.3; Trident/7.0; rv:11.0) like Gecko"
102.129.40.35 - - [22/Oct/2024:06:07:19 -0400] "POST /xmlrpc.php HTTP/1.1" 403 26 "-" "Mozilla/5.0 (X11; Fedora; Linux x86_64; rv:94.0) Gecko/20100101 Firefox/95.0"
92.47.92.58 - - [22/Oct/2024:06:10:51 -0400] "GET /wp-login.php HTTP/1.1" 200 0 "-" "Mozilla/4.0 (compatible; MSIE 9.0; Windows NT 6.0; Trident/5.0)"
162.213.251.195 - - [22/Oct/2024:06:11:07 -0400] "POST /wp-cron.php?doing_wp_cron=1729591866.7892739772796630859375 HTTP/1.1" 200 0 "-" "WordPress/6.6.2; https://dietcontrungnhanh.com"
88.251.50.118 - - [22/Oct/2024:06:11:07 -0400] "GET /wp-login.php HTTP/1.1" 200 2800 "-" "Mozilla/4.0 (compatible; MSIE 9.0; Windows NT 6.0; Trident/5.0)"
162.213.251.195 - - [22/Oct/2024:06:11:11 -0400] "POST /wp-cron.php?doing_wp_cron=1729591870.5806450843811035156250 HTTP/1.1" 200 0 "-" "WordPress/6.6.2; https://dietcontrungnhanh.com"
88.251.50.118 - - [22/Oct/2024:06:11:09 -0400] "POST /wp-login.php HTTP/1.1" 200 2950 "https://dietcontrungnhanh.com/wp-login.php" "Mozilla/4.0 (compatible; MSIE 9.0; Windows NT 6.0; Trident/5.0)"
46.221.222.108 - - [22/Oct/2024:06:12:36 -0400] "GET /wp-login.php HTTP/1.1" 200 2800 "-" "Mozilla/5.0 (Windows NT 6.2; Trident/7.0; rv:11.0) like Gecko"
162.213.251.195 - - [22/Oct/2024:06:12:42 -0400] "POST /wp-cron.php?doing_wp_cron=1729591960.2371540069580078125000 HTTP/1.1" 200 0 "-" "WordPress/6.6.2; https://dietcontrungnhanh.com"
66.249.77.225 - - [22/Oct/2024:06:13:16 -0400] "GET /wp-admin/comment.php?action=trash&c=51 HTTP/1.1" 302 0 "-" "Mozilla/5.0 (Linux; Android 6.0.1; Nexus 5X Build/MMB29P) AppleWebKit/537.36 (KHTML, like Gecko) Chrome/130.0.6723.58 Mobile Safari/537.36 (compatible; Googlebot/2.1; +http://www.google.com/bot.html)"
66.249.77.225 - - [22/Oct/2024:06:13:20 -0400] "GET /wp-login.php?redirect_to=https%3A%2F%2Fdietcontrungnhanh.com%2Fwp-admin%2Fcomment.php%3Faction%3Dtrash%26c%3D51&reauth=1 HTTP/1.1" 200 2840 "-" "Mozilla/5.0 (Linux; Android 6.0.1; Nexus 5X Build/MMB29P) AppleWebKit/537.36 (KHTML, like Gecko) Chrome/130.0.6723.58 Mobile Safari/537.36 (compatible; Googlebot/2.1; +http://www.google.com/bot.html)"
2804:b44:1000::21 - - [22/Oct/2024:06:13:35 -0400] "POST /xmlrpc.php HTTP/1.1" 403 26 "-" "Mozilla/5.0 (X11; Fedora; Linux x86_64; rv:94.0) Gecko/20100101 Firefox/95.0"
188.246.249.212 - - [22/Oct/2024:06:15:07 -0400] "GET /wp-login.php HTTP/1.1" 200 2800 "-" "Mozilla/5.0 (Windows NT 10.0; Win64; x64) AppleWebKit/537.36 (KHTML, like Gecko) Chrome/122.0.0.0 Safari/537.36 Vivaldi/6.6.3271.50"
162.213.251.195 - - [22/Oct/2024:06:15:13 -0400] "POST /wp-cron.php?doing_wp_cron=1729592111.3631520271301269531250 HTTP/1.1" 200 0 "-" "WordPress/6.6.2; https://dietcontrungnhanh.com"
188.246.249.212 - - [22/Oct/2024:06:15:14 -0400] "POST /wp-login.php HTTP/1.1" 200 2950 "https://dietcontrungnhanh.com/wp-login.php" "Mozilla/5.0 (Windows NT 10.0; Win64; x64) AppleWebKit/537.36 (KHTML, like Gecko) Chrome/122.0.0.0 Safari/537.36 Vivaldi/6.6.3271.50"
162.213.251.195 - - [22/Oct/2024:06:16:17 -0400] "POST /wp-cron.php?doing_wp_cron=1729592176.7380230426788330078125 HTTP/1.1" 200 0 "-" "WordPress/6.6.2; https://dietcontrungnhanh.com"
216.244.66.234 - - [22/Oct/2024:06:16:14 -0400] "GET /thi-cong-mang-tai-quan-10-dich-vu-uy-tin-cho-doanh-nghiep/ HTTP/1.1" 404 18833 "-" "Mozilla/5.0 (compatible; DotBot/1.2; +https://opensiteexplorer.org/dotbot; [email protected])"
66.249.77.226 - - [22/Oct/2024:06:18:41 -0400] "GET /wp-admin/comment.php?action=approve&c=54 HTTP/1.1" 302 0 "-" "Mozilla/5.0 (Linux; Android 6.0.1; Nexus 5X Build/MMB29P) AppleWebKit/537.36 (KHTML, like Gecko) Chrome/130.0.6723.58 Mobile Safari/537.36 (compatible; Googlebot/2.1; +http://www.google.com/bot.html)"
162.213.251.195 - - [22/Oct/2024:06:18:55 -0400] "POST /wp-cron.php?doing_wp_cron=1729592333.5014929771423339843750 HTTP/1.1" 200 0 "-" "WordPress/6.6.2; https://dietcontrungnhanh.com"
66.249.77.226 - - [22/Oct/2024:06:18:57 -0400] "GET /wp-login.php?redirect_to=https%3A%2F%2Fdietcontrungnhanh.com%2Fwp-admin%2Fcomment.php%3Faction%3Dapprove%26c%3D54&reauth=1 HTTP/1.1" 200 2833 "-" "Mozilla/5.0 (Linux; Android 6.0.1; Nexus 5X Build/MMB29P) AppleWebKit/537.36 (KHTML, like Gecko) Chrome/130.0.6723.58 Mobile Safari/537.36 (compatible; Googlebot/2.1; +http://www.google.com/bot.html)"
66.249.77.226 - - [22/Oct/2024:06:25:17 -0400] "GET /wp-admin/comment.php?action=approve&c=51 HTTP/1.1" 302 0 "-" "Mozilla/5.0 (Linux; Android 6.0.1; Nexus 5X Build/MMB29P) AppleWebKit/537.36 (KHTML, like Gecko) Chrome/130.0.6723.58 Mobile Safari/537.36 (compatible; Googlebot/2.1; +http://www.google.com/bot.html)"
162.213.251.195 - - [22/Oct/2024:06:25:34 -0400] "POST /wp-cron.php?doing_wp_cron=1729592733.4391739368438720703125 HTTP/1.1" 200 0 "-" "WordPress/6.6.2; https://dietcontrungnhanh.com"
66.249.77.225 - - [22/Oct/2024:06:25:36 -0400] "GET /wp-login.php?redirect_to=https%3A%2F%2Fdietcontrungnhanh.com%2Fwp-admin%2Fcomment.php%3Faction%3Dapprove%26c%3D51&reauth=1 HTTP/1.1" 200 2832 "-" "Mozilla/5.0 (Linux; Android 6.0.1; Nexus 5X Build/MMB29P) AppleWebKit/537.36 (KHTML, like Gecko) Chrome/130.0.6723.58 Mobile Safari/537.36 (compatible; Googlebot/2.1; +http://www.google.com/bot.html)"
217.148.136.240 - - [22/Oct/2024:06:27:28 -0400] "POST /xmlrpc.php HTTP/1.1" 403 26 "-" "Mozilla/5.0 (X11; Fedora; Linux x86_64; rv:94.0) Gecko/20100101 Firefox/95.0"
162.213.251.195 - - [22/Oct/2024:06:32:14 -0400] "POST /wp-cron.php?doing_wp_cron=1729593133.5662939548492431640625 HTTP/1.1" 200 0 "-" "WordPress/6.6.2; https://dietcontrungnhanh.com"
65.108.2.171 - - [22/Oct/2024:06:32:01 -0400] "GET /robots.txt HTTP/1.1" 200 116 "-" "Mozilla/5.0 (compatible; MJ12bot/v1.4.8; http://mj12bot.com/)"
162.213.251.195 - - [22/Oct/2024:06:32:18 -0400] "POST /wp-cron.php?doing_wp_cron=1729593138.2450189590454101562500 HTTP/1.1" 200 0 "-" "WordPress/6.6.2; https://dietcontrungnhanh.com"
65.108.2.171 - - [22/Oct/2024:06:32:17 -0400] "GET /dich-vu-diet-moi%E2%80%A6va-chuyen-nghiep/ HTTP/1.1" 404 18834 "-" "Mozilla/5.0 (compatible; MJ12bot/v1.4.8; http://mj12bot.com/)"
65.60.38.210 - - [22/Oct/2024:06:35:00 -0400] "POST /xmlrpc.php HTTP/1.1" 403 26 "-" "Mozilla/5.0 (X11; Fedora; Linux x86_64; rv:94.0) Gecko/20100101 Firefox/95.0"
66.249.77.229 - - [22/Oct/2024:06:37:16 -0400] "GET /wp-admin/comment.php?action=trash&c=61 HTTP/1.1" 302 0 "-" "Mozilla/5.0 (Linux; Android 6.0.1; Nexus 5X Build/MMB29P) AppleWebKit/537.36 (KHTML, like Gecko) Chrome/130.0.6723.58 Mobile Safari/537.36 (compatible; Googlebot/2.1; +http://www.google.com/bot.html)"
162.213.251.195 - - [22/Oct/2024:06:37:28 -0400] "POST /wp-cron.php?doing_wp_cron=1729593444.6924519538879394531250 HTTP/1.1" 200 0 "-" "WordPress/6.6.2; https://dietcontrungnhanh.com"
66.249.77.228 - - [22/Oct/2024:06:37:30 -0400] "GET /wp-login.php?redirect_to=https%3A%2F%2Fdietcontrungnhanh.com%2Fwp-admin%2Fcomment.php%3Faction%3Dtrash%26c%3D61&reauth=1 HTTP/1.1" 200 2840 "-" "Mozilla/5.0 (Linux; Android 6.0.1; Nexus 5X Build/MMB29P) AppleWebKit/537.36 (KHTML, like Gecko) Chrome/130.0.6723.58 Mobile Safari/537.36 (compatible; Googlebot/2.1; +http://www.google.com/bot.html)"
162.213.251.195 - - [22/Oct/2024:06:42:09 -0400] "POST /wp-cron.php?doing_wp_cron=1729593729.2167220115661621093750 HTTP/1.1" 200 0 "-" "WordPress/6.6.2; https://dietcontrungnhanh.com"
82.223.122.37 - - [22/Oct/2024:06:42:10 -0400] "POST /xmlrpc.php HTTP/1.1" 403 26 "-" "Mozilla/5.0 (X11; Fedora; Linux x86_64; rv:94.0) Gecko/20100101 Firefox/95.0"
66.249.77.229 - - [22/Oct/2024:06:41:52 -0400] "GET /diet-con= HTTP/1.1" 404 18745 "-" "Mozilla/5.0 (Linux; Android 6.0.1; Nexus 5X Build/MMB29P) AppleWebKit/537.36 (KHTML, like Gecko) Chrome/130.0.6723.58 Mobile Safari/537.36 (compatible; GoogleOther)"
162.213.251.195 - - [22/Oct/2024:06:43:23 -0400] "POST /wp-cron.php?doing_wp_cron=1729593803.1216759681701660156250 HTTP/1.1" 200 0 "-" "WordPress/6.6.2; https://dietcontrungnhanh.com"
95.31.150.160 - - [22/Oct/2024:06:43:21 -0400] "GET /wp-login.php HTTP/1.1" 200 2800 "-" "Mozilla/5.0 (Windows NT 10.0; Win64; x64) AppleWebKit/537.36 (KHTML, like Gecko) Chrome/122.0.0.0 Safari/537.36 Vivaldi/6.6.3271.50"
162.213.251.195 - - [22/Oct/2024:06:43:53 -0400] "POST /wp-cron.php?doing_wp_cron=1729593832.3199970722198486328125 HTTP/1.1" 200 0 "-" "WordPress/6.6.2; https://dietcontrungnhanh.com"
114.119.135.136 - - [22/Oct/2024:06:43:51 -0400] "GET /robots.txt HTTP/1.1" 301 0 "-" "Mozilla/5.0 (compatible;PetalBot;+https://webmaster.petalsearch.com/site/petalbot)"
114.119.135.136 - - [22/Oct/2024:06:43:59 -0400] "GET /robots.txt HTTP/1.1" 200 116 "-" "Mozilla/5.0 (compatible;PetalBot;+https://webmaster.petalsearch.com/site/petalbot)"
162.213.251.195 - - [22/Oct/2024:06:46:22 -0400] "POST /wp-cron.php?doing_wp_cron=1729593981.7029020786285400390625 HTTP/1.1" 200 0 "-" "WordPress/6.6.2; https://dietcontrungnhanh.com"
216.244.66.234 - - [22/Oct/2024:06:46:05 -0400] "GET /thi-cong-mang-tai-quan-10-dich-vu-uy-tin-cho-doanh-nghiep/ HTTP/1.1" 200 0 "-" "Mozilla/5.0 (compatible; DotBot/1.2; +https://opensiteexplorer.org/dotbot; [email protected])"
162.213.251.195 - - [22/Oct/2024:06:48:53 -0400] "POST /wp-cron.php?doing_wp_cron=1729594132.8435759544372558593750 HTTP/1.1" 200 0 "-" "WordPress/6.6.2; https://dietcontrungnhanh.com"
66.249.77.227 - - [22/Oct/2024:06:48:42 -0400] "GET /api HTTP/1.1" 404 18827 "-" "Mozilla/5.0 (Linux; Android 6.0.1; Nexus 5X Build/MMB29P) AppleWebKit/537.36 (KHTML, like Gecko) Chrome/130.0.6723.58 Mobile Safari/537.36 (compatible; Googlebot/2.1; +http://www.google.com/bot.html)"
162.213.251.195 - - [22/Oct/2024:06:48:56 -0400] "POST /wp-cron.php?doing_wp_cron=1729594136.0972170829772949218750 HTTP/1.1" 200 0 "-" "WordPress/6.6.2; https://dietcontrungnhanh.com"
66.249.77.225 - - [22/Oct/2024:06:48:55 -0400] "GET /WSOEnigma.php HTTP/1.1" 404 16603 "-" "Mozilla/5.0 (Linux; Android 6.0.1; Nexus 5X Build/MMB29P) AppleWebKit/537.36 (KHTML, like Gecko) Chrome/130.0.6723.58 Mobile Safari/537.36 (compatible; Googlebot/2.1; +http://www.google.com/bot.html)"
162.213.251.195 - - [22/Oct/2024:06:49:02 -0400] "POST /wp-cron.php?doing_wp_cron=1729594141.7899079322814941406250 HTTP/1.1" 200 0 "-" "WordPress/6.6.2; https://dietcontrungnhanh.com"
66.249.77.226 - - [22/Oct/2024:06:49:00 -0400] "GET /wap HTTP/1.1" 404 18751 "-" "Mozilla/5.0 (Linux; Android 6.0.1; Nexus 5X Build/MMB29P) AppleWebKit/537.36 (KHTML, like Gecko) Chrome/130.0.6723.58 Mobile Safari/537.36 (compatible; Googlebot/2.1; +http://www.google.com/bot.html)"
217.148.136.240 - - [22/Oct/2024:06:49:03 -0400] "POST /xmlrpc.php HTTP/1.1" 403 26 "-" "Mozilla/5.0 (X11; Fedora; Linux x86_64; rv:94.0) Gecko/20100101 Firefox/95.0"
162.213.251.195 - - [22/Oct/2024:06:49:07 -0400] "POST /wp-cron.php?doing_wp_cron=1729594147.1999139785766601562500 HTTP/1.1" 200 0 "-" "WordPress/6.6.2; https://dietcontrungnhanh.com"
66.249.77.226 - - [22/Oct/2024:06:49:06 -0400] "GET /WordPress HTTP/1.1" 404 18789 "-" "Mozilla/5.0 (Linux; Android 6.0.1; Nexus 5X Build/MMB29P) AppleWebKit/537.36 (KHTML, like Gecko) Chrome/130.0.6723.58 Mobile Safari/537.36 (compatible; Googlebot/2.1; +http://www.google.com/bot.html)"
162.213.251.195 - - [22/Oct/2024:06:49:17 -0400] "POST /wp-cron.php?doing_wp_cron=1729594157.4881451129913330078125 HTTP/1.1" 200 0 "-" "WordPress/6.6.2; https://dietcontrungnhanh.com"
66.249.77.225 - - [22/Oct/2024:06:49:16 -0400] "GET /wp-admin/comment.php?action=trash&c=52 HTTP/1.1" 302 0 "-" "Mozilla/5.0 (Linux; Android 6.0.1; Nexus 5X Build/MMB29P) AppleWebKit/537.36 (KHTML, like Gecko) Chrome/130.0.6723.58 Mobile Safari/537.36 (compatible; Googlebot/2.1; +http://www.google.com/bot.html)"
162.213.251.195 - - [22/Oct/2024:06:49:20 -0400] "POST /wp-cron.php?doing_wp_cron=1729594160.0068929195404052734375 HTTP/1.1" 200 0 "-" "WordPress/6.6.2; https://dietcontrungnhanh.com"
66.249.77.225 - - [22/Oct/2024:06:49:19 -0400] "GET /wp-login.php?redirect_to=https%3A%2F%2Fdietcontrungnhanh.com%2Fwp-admin%2Fcomment.php%3Faction%3Dtrash%26c%3D52&reauth=1 HTTP/1.1" 200 2841 "-" "Mozilla/5.0 (Linux; Android 6.0.1; Nexus 5X Build/MMB29P) AppleWebKit/537.36 (KHTML, like Gecko) Chrome/130.0.6723.58 Mobile Safari/537.36 (compatible; Googlebot/2.1; +http://www.google.com/bot.html)"
162.213.251.195 - - [22/Oct/2024:06:49:22 -0400] "POST /wp-cron.php?doing_wp_cron=1729594161.8709769248962402343750 HTTP/1.1" 200 0 "-" "WordPress/6.6.2; https://dietcontrungnhanh.com"
66.249.77.225 - - [22/Oct/2024:06:49:21 -0400] "GET /wp-admin/comment.php?action=spam&c=110 HTTP/1.1" 302 0 "-" "Mozilla/5.0 (Linux; Android 6.0.1; Nexus 5X Build/MMB29P) AppleWebKit/537.36 (KHTML, like Gecko) Chrome/130.0.6723.58 Mobile Safari/537.36 (compatible; Googlebot/2.1; +http://www.google.com/bot.html)"
162.213.251.195 - - [22/Oct/2024:06:49:24 -0400] "POST /wp-cron.php?doing_wp_cron=1729594164.2365419864654541015625 HTTP/1.1" 200 0 "-" "WordPress/6.6.2; https://dietcontrungnhanh.com"
66.249.77.225 - - [22/Oct/2024:06:49:23 -0400] "GET /wp-login.php?redirect_to=https%3A%2F%2Fdietcontrungnhanh.com%2Fwp-admin%2Fcomment.php%3Faction%3Dspam%26c%3D110&reauth=1 HTTP/1.1" 200 2849 "-" "Mozilla/5.0 (Linux; Android 6.0.1; Nexus 5X Build/MMB29P) AppleWebKit/537.36 (KHTML, like Gecko) Chrome/130.0.6723.58 Mobile Safari/537.36 (compatible; Googlebot/2.1; +http://www.google.com/bot.html)"
165.232.180.139 - - [22/Oct/2024:06:56:39 -0400] "POST /xmlrpc.php HTTP/1.1" 403 26 "-" "Mozilla/5.0 (X11; Fedora; Linux x86_64; rv:94.0) Gecko/20100101 Firefox/95.0"
162.213.251.195 - - [22/Oct/2024:06:58:24 -0400] "POST /wp-cron.php?doing_wp_cron=1729594703.7136108875274658203125 HTTP/1.1" 200 0 "-" "WordPress/6.6.2; https://dietcontrungnhanh.com"
51.222.253.5 - - [22/Oct/2024:06:58:14 -0400] "GET /robots.txt HTTP/1.1" 200 116 "-" "Mozilla/5.0 (compatible; AhrefsBot/7.0; +http://ahrefs.com/robot/)"
54.36.148.153 - - [22/Oct/2024:06:58:27 -0400] "GET / HTTP/1.1" 200 27131 "-" "Mozilla/5.0 (compatible; AhrefsBot/7.0; +http://ahrefs.com/robot/)"
162.213.251.195 - - [22/Oct/2024:07:02:30 -0400] "POST /wp-cron.php?doing_wp_cron=1729594949.3463690280914306640625 HTTP/1.1" 200 0 "-" "WordPress/6.6.2; https://dietcontrungnhanh.com"
66.249.77.227 - - [22/Oct/2024:07:02:16 -0400] "GET /wp-admin/comment.php?action=approve&c=52 HTTP/1.1" 302 0 "-" "Mozilla/5.0 (Linux; Android 6.0.1; Nexus 5X Build/MMB29P) AppleWebKit/537.36 (KHTML, like Gecko) Chrome/130.0.6723.58 Mobile Safari/537.36 (compatible; Googlebot/2.1; +http://www.google.com/bot.html)"
66.249.77.225 - - [22/Oct/2024:07:02:32 -0400] "GET /wp-login.php?redirect_to=https%3A%2F%2Fdietcontrungnhanh.com%2Fwp-admin%2Fcomment.php%3Faction%3Dapprove%26c%3D52&reauth=1 HTTP/1.1" 200 2833 "-" "Mozilla/5.0 (Linux; Android 6.0.1; Nexus 5X Build/MMB29P) AppleWebKit/537.36 (KHTML, like Gecko) Chrome/130.0.6723.58 Mobile Safari/537.36 (compatible; Googlebot/2.1; +http://www.google.com/bot.html)"
66.249.77.226 - - [22/Oct/2024:07:03:10 -0400] "GET /wp-content/a.php HTTP/1.1" 404 16607 "-" "Mozilla/5.0 (Linux; Android 6.0.1; Nexus 5X Build/MMB29P) AppleWebKit/537.36 (KHTML, like Gecko) Chrome/130.0.6723.58 Mobile Safari/537.36 (compatible; Googlebot/2.1; +http://www.google.com/bot.html)"
148.72.245.234 - - [22/Oct/2024:07:03:31 -0400] "POST /xmlrpc.php HTTP/1.1" 403 26 "-" "Mozilla/5.0 (X11; Fedora; Linux x86_64; rv:94.0) Gecko/20100101 Firefox/95.0"
92.205.185.112 - - [22/Oct/2024:07:10:59 -0400] "POST /xmlrpc.php HTTP/1.1" 403 26 "-" "Mozilla/5.0 (X11; Fedora; Linux x86_64; rv:94.0) Gecko/20100101 Firefox/95.0"
162.213.251.195 - - [22/Oct/2024:07:13:32 -0400] "POST /wp-cron.php?doing_wp_cron=1729595611.6195039749145507812500 HTTP/1.1" 200 0 "-" "WordPress/6.6.2; https://dietcontrungnhanh.com"
66.249.77.228 - - [22/Oct/2024:07:13:16 -0400] "GET /wp-admin/about.php HTTP/1.1" 302 0 "-" "Mozilla/5.0 (Linux; Android 6.0.1; Nexus 5X Build/MMB29P) AppleWebKit/537.36 (KHTML, like Gecko) Chrome/130.0.6723.58 Mobile Safari/537.36 (compatible; Googlebot/2.1; +http://www.google.com/bot.html)"
162.213.251.195 - - [22/Oct/2024:07:13:36 -0400] "POST /wp-cron.php?doing_wp_cron=1729595616.0813078880310058593750 HTTP/1.1" 200 0 "-" "WordPress/6.6.2; https://dietcontrungnhanh.com"
66.249.77.229 - - [22/Oct/2024:07:13:35 -0400] "GET /wp-login.php?redirect_to=https%3A%2F%2Fdietcontrungnhanh.com%2Fwp-admin%2Fabout.php&reauth=1 HTTP/1.1" 200 2813 "-" "Mozilla/5.0 (Linux; Android 6.0.1; Nexus 5X Build/MMB29P) AppleWebKit/537.36 (KHTML, like Gecko) Chrome/130.0.6723.58 Mobile Safari/537.36 (compatible; Googlebot/2.1; +http://www.google.com/bot.html)"
162.213.251.195 - - [22/Oct/2024:07:15:19 -0400] "POST /wp-cron.php?doing_wp_cron=1729595718.6002609729766845703125 HTTP/1.1" 200 0 "-" "WordPress/6.6.2; https://dietcontrungnhanh.com"
66.249.77.229 - - [22/Oct/2024:07:15:10 -0400] "GET /mobile HTTP/1.1" 404 18760 "-" "Mozilla/5.0 (Linux; Android 6.0.1; Nexus 5X Build/MMB29P) AppleWebKit/537.36 (KHTML, like Gecko) Chrome/130.0.6723.58 Mobile Safari/537.36 (compatible; Googlebot/2.1; +http://www.google.com/bot.html)"
66.249.77.229 - - [22/Oct/2024:07:16:11 -0400] "GET /wp-admin/comment.php?action=trash&c=60 HTTP/1.1" 302 0 "-" "Mozilla/5.0 (Linux; Android 6.0.1; Nexus 5X Build/MMB29P) AppleWebKit/537.36 (KHTML, like Gecko) Chrome/130.0.6723.58 Mobile Safari/537.36 (compatible; Googlebot/2.1; +http://www.google.com/bot.html)"
162.213.251.195 - - [22/Oct/2024:07:16:25 -0400] "POST /wp-cron.php?doing_wp_cron=1729595784.9760890007019042968750 HTTP/1.1" 200 0 "-" "WordPress/6.6.2; https://dietcontrungnhanh.com"
66.249.77.228 - - [22/Oct/2024:07:16:24 -0400] "GET /wp-content/ice.php HTTP/1.1" 404 16620 "-" "Mozilla/5.0 (Linux; Android 6.0.1; Nexus 5X Build/MMB29P) AppleWebKit/537.36 (KHTML, like Gecko) Chrome/130.0.6723.58 Mobile Safari/537.36 (compatible; Googlebot/2.1; +http://www.google.com/bot.html)"
162.213.251.195 - - [22/Oct/2024:07:16:42 -0400] "POST /wp-cron.php?doing_wp_cron=1729595801.9476909637451171875000 HTTP/1.1" 200 0 "-" "WordPress/6.6.2; https://dietcontrungnhanh.com"
66.249.77.228 - - [22/Oct/2024:07:16:41 -0400] "GET /api/config HTTP/1.1" 404 18800 "-" "Mozilla/5.0 (Linux; Android 6.0.1; Nexus 5X Build/MMB29P) AppleWebKit/537.36 (KHTML, like Gecko) Chrome/130.0.6723.58 Mobile Safari/537.36 (compatible; Googlebot/2.1; +http://www.google.com/bot.html)"
162.213.251.195 - - [22/Oct/2024:07:16:58 -0400] "POST /wp-cron.php?doing_wp_cron=1729595818.4910819530487060546875 HTTP/1.1" 200 0 "-" "WordPress/6.6.2; https://dietcontrungnhanh.com"
66.249.77.228 - - [22/Oct/2024:07:16:57 -0400] "GET /wp-login.php?redirect_to=https%3A%2F%2Fdietcontrungnhanh.com%2Fwp-admin%2Fcomment.php%3Faction%3Dtrash%26c%3D60&reauth=1 HTTP/1.1" 200 2851 "-" "Mozilla/5.0 (Linux; Android 6.0.1; Nexus 5X Build/MMB29P) AppleWebKit/537.36 (KHTML, like Gecko) Chrome/130.0.6723.58 Mobile Safari/537.36 (compatible; Googlebot/2.1; +http://www.google.com/bot.html)"
75.119.208.188 - - [22/Oct/2024:07:18:29 -0400] "POST /xmlrpc.php HTTP/1.1" 403 26 "-" "Mozilla/5.0 (X11; Fedora; Linux x86_64; rv:94.0) Gecko/20100101 Firefox/95.0"
162.213.251.195 - - [22/Oct/2024:07:18:37 -0400] "POST /wp-cron.php?doing_wp_cron=1729595916.9289059638977050781250 HTTP/1.1" 200 0 "-" "WordPress/6.6.2; https://dietcontrungnhanh.com"
66.249.77.229 - - [22/Oct/2024:07:18:35 -0400] "GET /blocks-sitemap.xml HTTP/1.1" 200 485 "-" "Mozilla/5.0 (compatible; Googlebot/2.1; +http://www.google.com/bot.html)"
162.213.251.195 - - [22/Oct/2024:07:18:53 -0400] "POST /wp-cron.php?doing_wp_cron=1729595932.6770310401916503906250 HTTP/1.1" 200 0 "-" "WordPress/6.6.2; https://dietcontrungnhanh.com"
66.249.77.228 - - [22/Oct/2024:07:18:51 -0400] "GET /2020 HTTP/1.1" 404 18776 "-" "Mozilla/5.0 (Linux; Android 6.0.1; Nexus 5X Build/MMB29P) AppleWebKit/537.36 (KHTML, like Gecko) Chrome/130.0.6723.58 Mobile Safari/537.36 (compatible; Googlebot/2.1; +http://www.google.com/bot.html)"
2603:3:610f:d640:: - - [22/Oct/2024:07:25:32 -0400] "POST /xmlrpc.php HTTP/1.1" 403 26 "-" "Mozilla/5.0 (X11; Fedora; Linux x86_64; rv:94.0) Gecko/20100101 Firefox/95.0"
162.213.251.195 - - [22/Oct/2024:07:25:36 -0400] "POST /wp-cron.php?doing_wp_cron=1729596334.8034179210662841796875 HTTP/1.1" 200 0 "-" "WordPress/6.6.2; https://dietcontrungnhanh.com"
66.249.77.228 - - [22/Oct/2024:07:25:16 -0400] "GET /wp-admin/admin.php?page=itsec-logs&filters%5B0%5D=id%7C14110 HTTP/1.1" 302 0 "-" "Mozilla/5.0 (Linux; Android 6.0.1; Nexus 5X Build/MMB29P) AppleWebKit/537.36 (KHTML, like Gecko) Chrome/130.0.6723.58 Mobile Safari/537.36 (compatible; Googlebot/2.1; +http://www.google.com/bot.html)"
66.249.77.229 - - [22/Oct/2024:07:25:37 -0400] "GET /wp-login.php?redirect_to=https%3A%2F%2Fdietcontrungnhanh.com%2Fwp-admin%2Fadmin.php%3Fpage%3Ditsec-logs%26filters%255B0%255D%3Did%257C14110&reauth=1 HTTP/1.1" 200 2857 "-" "Mozilla/5.0 (Linux; Android 6.0.1; Nexus 5X Build/MMB29P) AppleWebKit/537.36 (KHTML, like Gecko) Chrome/130.0.6723.58 Mobile Safari/537.36 (compatible; Googlebot/2.1; +http://www.google.com/bot.html)"
162.213.251.195 - - [22/Oct/2024:07:28:26 -0400] "POST /wp-cron.php?doing_wp_cron=1729596505.3783469200134277343750 HTTP/1.1" 200 0 "-" "WordPress/6.6.2; https://dietcontrungnhanh.com"
95.82.67.184 - - [22/Oct/2024:07:28:13 -0400] "GET /wp-login.php HTTP/1.1" 200 2811 "-" "Mozilla/5.0 (X11; Linux x86_64; rv:123.0) Gecko/20100101 Firefox/123.0"
95.82.67.184 - - [22/Oct/2024:07:28:31 -0400] "GET /wp-login.php HTTP/1.1" 200 2800 "-" "Mozilla/5.0 (X11; Linux x86_64; rv:123.0) Gecko/20100101 Firefox/123.0"
162.213.251.195 - - [22/Oct/2024:07:31:10 -0400] "POST /wp-cron.php?doing_wp_cron=1729596669.7053608894348144531250 HTTP/1.1" 200 0 "-" "WordPress/6.6.2; https://dietcontrungnhanh.com"
85.117.117.164 - - [22/Oct/2024:07:30:58 -0400] "GET /wp-login.php HTTP/1.1" 200 2811 "-" "Mozilla/5.0 (Macintosh; Intel Mac OS X 14_4) AppleWebKit/605.1.15 (KHTML, like Gecko) Version/17.3.1 Safari/605.1.15"
162.213.251.195 - - [22/Oct/2024:07:31:13 -0400] "POST /wp-cron.php?doing_wp_cron=1729596673.1618680953979492187500 HTTP/1.1" 200 0 "-" "WordPress/6.6.2; https://dietcontrungnhanh.com"
85.117.117.164 - - [22/Oct/2024:07:31:12 -0400] "GET /wp-login.php HTTP/1.1" 200 2811 "http://dietcontrungnhanh.com/wp-login.php" "Mozilla/5.0 (Macintosh; Intel Mac OS X 14_4) AppleWebKit/605.1.15 (KHTML, like Gecko) Version/17.3.1 Safari/605.1.15"
2a02:348:8e:60df::1 - - [22/Oct/2024:07:33:13 -0400] "POST /xmlrpc.php HTTP/1.1" 403 26 "-" "Mozilla/5.0 (X11; Fedora; Linux x86_64; rv:94.0) Gecko/20100101 Firefox/95.0"
5.201.192.203 - - [22/Oct/2024:07:33:23 -0400] "GET /wp-login.php HTTP/1.1" 200 2800 "-" "Mozilla/5.0 (Windows NT 6.2; Trident/7.0; rv:11.0) like Gecko"
162.213.251.195 - - [22/Oct/2024:07:33:27 -0400] "POST /wp-cron.php?doing_wp_cron=1729596804.8807249069213867187500 HTTP/1.1" 200 0 "-" "WordPress/6.6.2; https://dietcontrungnhanh.com"

Youez - 2016 - github.com/yon3zu
LinuXploit