162.213.251.195 - - [21/Oct/2024:13:32:42 -0400] "POST /wp-cron.php?doing_wp_cron=1729531962.4123830795288085937500 HTTP/1.1" 200 0 "-" "WordPress/6.6.2; https://dietcontrungnhanh.com"
20.171.206.210 - - [21/Oct/2024:13:32:41 -0400] "GET /dich-vu-diet-chuot-quan-9/embed/ HTTP/1.1" 200 6712 "-" "Mozilla/5.0 AppleWebKit/537.36 (KHTML, like Gecko; compatible; GPTBot/1.2; +https://openai.com/gptbot)"
20.171.206.210 - - [21/Oct/2024:13:32:46 -0400] "GET /lien-he/embed/ HTTP/1.1" 200 6121 "-" "Mozilla/5.0 AppleWebKit/537.36 (KHTML, like Gecko; compatible; GPTBot/1.2; +https://openai.com/gptbot)"
162.213.251.195 - - [21/Oct/2024:13:32:48 -0400] "POST /wp-cron.php?doing_wp_cron=1729531967.2929549217224121093750 HTTP/1.1" 200 0 "-" "WordPress/6.6.2; https://dietcontrungnhanh.com"
20.171.206.210 - - [21/Oct/2024:13:32:50 -0400] "GET /dich-vu-diet-chuot-quan-3/embed/ HTTP/1.1" 200 6605 "-" "Mozilla/5.0 AppleWebKit/537.36 (KHTML, like Gecko; compatible; GPTBot/1.2; +https://openai.com/gptbot)"
20.171.206.210 - - [21/Oct/2024:13:32:54 -0400] "GET /dich-vu-diet-muoi-thu-duc/embed/ HTTP/1.1" 200 6507 "-" "Mozilla/5.0 AppleWebKit/537.36 (KHTML, like Gecko; compatible; GPTBot/1.2; +https://openai.com/gptbot)"
20.171.206.210 - - [21/Oct/2024:13:32:57 -0400] "GET /diet-muoi-con-trung-quan-8/embed/ HTTP/1.1" 200 6582 "-" "Mozilla/5.0 AppleWebKit/537.36 (KHTML, like Gecko; compatible; GPTBot/1.2; +https://openai.com/gptbot)"
20.171.206.210 - - [21/Oct/2024:13:33:00 -0400] "GET /dich-vu-diet-muoi-quan-12/embed/ HTTP/1.1" 200 6639 "-" "Mozilla/5.0 AppleWebKit/537.36 (KHTML, like Gecko; compatible; GPTBot/1.2; +https://openai.com/gptbot)"
20.171.206.210 - - [21/Oct/2024:13:33:02 -0400] "GET /gioi-thieu/embed/ HTTP/1.1" 200 6382 "-" "Mozilla/5.0 AppleWebKit/537.36 (KHTML, like Gecko; compatible; GPTBot/1.2; +https://openai.com/gptbot)"
20.171.206.210 - - [21/Oct/2024:13:33:05 -0400] "GET /dich-vu-diet-chuot-quan-8/embed/ HTTP/1.1" 200 6687 "-" "Mozilla/5.0 AppleWebKit/537.36 (KHTML, like Gecko; compatible; GPTBot/1.2; +https://openai.com/gptbot)"
20.171.206.210 - - [21/Oct/2024:13:33:07 -0400] "GET /dich-vu-diet-muoi-quan-binh-thanh/embed/ HTTP/1.1" 200 6585 "-" "Mozilla/5.0 AppleWebKit/537.36 (KHTML, like Gecko; compatible; GPTBot/1.2; +https://openai.com/gptbot)"
20.171.206.210 - - [21/Oct/2024:13:33:09 -0400] "GET /dich-vu-diet-ruoi-tai-ho-chi-minh/embed/ HTTP/1.1" 200 6777 "-" "Mozilla/5.0 AppleWebKit/537.36 (KHTML, like Gecko; compatible; GPTBot/1.2; +https://openai.com/gptbot)"
20.171.206.210 - - [21/Oct/2024:13:33:11 -0400] "GET /dich-vu-diet-muoi-quan-go-vap/embed/ HTTP/1.1" 200 6603 "-" "Mozilla/5.0 AppleWebKit/537.36 (KHTML, like Gecko; compatible; GPTBot/1.2; +https://openai.com/gptbot)"
205.185.125.171 - - [21/Oct/2024:13:33:14 -0400] "GET /wp-login.php HTTP/1.1" 200 2811 "-" "Mozilla/5.0 (Macintosh; Intel Mac OS X 10_9_4) AppleWebKit/537.36 (KHTML, like Gecko) Chrome/35.0.1916.153 Safari/537.36"
205.185.125.171 - - [21/Oct/2024:13:33:15 -0400] "POST /wp-login.php HTTP/1.1" 200 2964 "-" "Mozilla/5.0 (Macintosh; Intel Mac OS X 10_9_4) AppleWebKit/537.36 (KHTML, like Gecko) Chrome/35.0.1916.153 Safari/537.36"
20.171.206.61 - - [21/Oct/2024:13:33:33 -0400] "GET /san-pham/binh-4-lit-phun-diet-con-trung-05/embed/ HTTP/1.1" 200 6971 "-" "Mozilla/5.0 AppleWebKit/537.36 (KHTML, like Gecko; compatible; GPTBot/1.2; +https://openai.com/gptbot)"
20.171.206.61 - - [21/Oct/2024:13:33:34 -0400] "GET /san-pham/binh-4-lit-phun-diet-con-trung-03/embed/ HTTP/1.1" 200 6951 "-" "Mozilla/5.0 AppleWebKit/537.36 (KHTML, like Gecko; compatible; GPTBot/1.2; +https://openai.com/gptbot)"
20.171.206.61 - - [21/Oct/2024:13:33:35 -0400] "GET /san-pham/binh-4-lit-phun-diet-con-trung-04/embed/ HTTP/1.1" 200 6950 "-" "Mozilla/5.0 AppleWebKit/537.36 (KHTML, like Gecko; compatible; GPTBot/1.2; +https://openai.com/gptbot)"
20.171.206.61 - - [21/Oct/2024:13:33:36 -0400] "GET /san-pham/binh-4-lit-phun-diet-con-trung-01/embed/ HTTP/1.1" 200 6929 "-" "Mozilla/5.0 AppleWebKit/537.36 (KHTML, like Gecko; compatible; GPTBot/1.2; +https://openai.com/gptbot)"
20.171.206.61 - - [21/Oct/2024:13:33:38 -0400] "GET /dich-vu-diet-gian-tai-huyen-binh-chanh/embed/ HTTP/1.1" 200 6648 "-" "Mozilla/5.0 AppleWebKit/537.36 (KHTML, like Gecko; compatible; GPTBot/1.2; +https://openai.com/gptbot)"
20.171.206.61 - - [21/Oct/2024:13:33:39 -0400] "GET /dich-vu-diet-moi-quan-3-bao-ve-to-am-tu-moi-nguy-con-trung/embed/ HTTP/1.1" 200 6809 "-" "Mozilla/5.0 AppleWebKit/537.36 (KHTML, like Gecko; compatible; GPTBot/1.2; +https://openai.com/gptbot)"
20.171.206.61 - - [21/Oct/2024:13:33:45 -0400] "GET /dich-vu-diet-gian-thu-duc-chuyen-nghiep-hieu-qua/embed/ HTTP/1.1" 200 6763 "-" "Mozilla/5.0 AppleWebKit/537.36 (KHTML, like Gecko; compatible; GPTBot/1.2; +https://openai.com/gptbot)"
162.213.251.195 - - [21/Oct/2024:13:33:47 -0400] "POST /wp-cron.php?doing_wp_cron=1729532027.2979359626770019531250 HTTP/1.1" 200 0 "-" "WordPress/6.6.2; https://dietcontrungnhanh.com"
20.171.206.61 - - [21/Oct/2024:13:33:46 -0400] "GET /dich-vu-diet-moi-nha-be-giai-phap-toan-dien-danh-bai-moi/embed/ HTTP/1.1" 200 6775 "-" "Mozilla/5.0 AppleWebKit/537.36 (KHTML, like Gecko; compatible; GPTBot/1.2; +https://openai.com/gptbot)"
162.213.251.195 - - [21/Oct/2024:13:33:52 -0400] "POST /wp-cron.php?doing_wp_cron=1729532031.8726921081542968750000 HTTP/1.1" 200 0 "-" "WordPress/6.6.2; https://dietcontrungnhanh.com"
20.171.206.61 - - [21/Oct/2024:13:33:51 -0400] "GET /san-pham/binh-4-lit-phun-diet-con-trung-08/embed/ HTTP/1.1" 200 6946 "-" "Mozilla/5.0 AppleWebKit/537.36 (KHTML, like Gecko; compatible; GPTBot/1.2; +https://openai.com/gptbot)"
162.213.251.195 - - [21/Oct/2024:13:33:53 -0400] "POST /wp-cron.php?doing_wp_cron=1729532033.3763968944549560546875 HTTP/1.1" 200 0 "-" "WordPress/6.6.2; https://dietcontrungnhanh.com"
20.171.206.61 - - [21/Oct/2024:13:33:53 -0400] "GET /dich-vu-diet-moi-quan-5-diet-moi-uy-tin-tai-tp-hcm/embed/ HTTP/1.1" 200 6800 "-" "Mozilla/5.0 AppleWebKit/537.36 (KHTML, like Gecko; compatible; GPTBot/1.2; +https://openai.com/gptbot)"
162.213.251.195 - - [21/Oct/2024:13:37:25 -0400] "POST /wp-cron.php?doing_wp_cron=1729532245.3683350086212158203125 HTTP/1.1" 200 0 "-" "WordPress/6.6.2; https://dietcontrungnhanh.com"
66.249.77.228 - - [21/Oct/2024:13:37:16 -0400] "GET /administrator/index.php HTTP/1.1" 301 0 "-" "Mozilla/5.0 (Linux; Android 6.0.1; Nexus 5X Build/MMB29P) AppleWebKit/537.36 (KHTML, like Gecko) Chrome/130.0.6723.58 Mobile Safari/537.36 (compatible; Googlebot/2.1; +http://www.google.com/bot.html)"
162.213.251.195 - - [21/Oct/2024:13:37:27 -0400] "POST /wp-cron.php?doing_wp_cron=1729532247.0497639179229736328125 HTTP/1.1" 200 0 "-" "WordPress/6.6.2; https://dietcontrungnhanh.com"
66.249.77.228 - - [21/Oct/2024:13:37:26 -0400] "GET /administrator/ HTTP/1.1" 404 18681 "-" "Mozilla/5.0 (Linux; Android 6.0.1; Nexus 5X Build/MMB29P) AppleWebKit/537.36 (KHTML, like Gecko) Chrome/130.0.6723.58 Mobile Safari/537.36 (compatible; Googlebot/2.1; +http://www.google.com/bot.html)"
162.213.251.195 - - [21/Oct/2024:13:39:49 -0400] "POST /wp-cron.php?doing_wp_cron=1729532389.1680209636688232421875 HTTP/1.1" 200 0 "-" "WordPress/6.6.2; https://dietcontrungnhanh.com"
104.244.76.114 - - [21/Oct/2024:13:39:45 -0400] "GET /wp-login.php HTTP/1.1" 200 2800 "-" "Mozilla/5.0 (Windows NT 6.1; rv:30.0) Gecko/20100101 Firefox/30.0"
162.213.251.195 - - [21/Oct/2024:13:39:51 -0400] "POST /wp-cron.php?doing_wp_cron=1729532391.1071178913116455078125 HTTP/1.1" 200 0 "-" "WordPress/6.6.2; https://dietcontrungnhanh.com"
104.244.76.114 - - [21/Oct/2024:13:39:50 -0400] "POST /wp-login.php HTTP/1.1" 200 2998 "-" "Mozilla/5.0 (Windows NT 6.1; rv:30.0) Gecko/20100101 Firefox/30.0"
162.213.251.195 - - [21/Oct/2024:13:48:53 -0400] "POST /wp-cron.php?doing_wp_cron=1729532932.7171978950500488281250 HTTP/1.1" 200 0 "-" "WordPress/6.6.2; https://dietcontrungnhanh.com"
66.249.77.228 - - [21/Oct/2024:13:48:42 -0400] "GET /wpx.php HTTP/1.1" 404 16562 "-" "Mozilla/5.0 (Linux; Android 6.0.1; Nexus 5X Build/MMB29P) AppleWebKit/537.36 (KHTML, like Gecko) Chrome/130.0.6723.58 Mobile Safari/537.36 (compatible; Googlebot/2.1; +http://www.google.com/bot.html)"
162.213.251.195 - - [21/Oct/2024:13:51:14 -0400] "POST /wp-cron.php?doing_wp_cron=1729533074.4230570793151855468750 HTTP/1.1" 200 0 "-" "WordPress/6.6.2; https://dietcontrungnhanh.com"
66.249.77.228 - - [21/Oct/2024:13:51:05 -0400] "GET /wp-admin/comment.php?action=trash&c=9 HTTP/1.1" 302 0 "-" "Mozilla/5.0 (Linux; Android 6.0.1; Nexus 5X Build/MMB29P) AppleWebKit/537.36 (KHTML, like Gecko) Chrome/130.0.6723.58 Mobile Safari/537.36 (compatible; Googlebot/2.1; +http://www.google.com/bot.html)"
162.213.251.195 - - [21/Oct/2024:13:51:16 -0400] "POST /wp-cron.php?doing_wp_cron=1729533076.3586978912353515625000 HTTP/1.1" 200 0 "-" "WordPress/6.6.2; https://dietcontrungnhanh.com"
66.249.77.229 - - [21/Oct/2024:13:51:15 -0400] "GET /wp-login.php?redirect_to=https%3A%2F%2Fdietcontrungnhanh.com%2Fwp-admin%2Fcomment.php%3Faction%3Dtrash%26c%3D9&reauth=1 HTTP/1.1" 200 2833 "-" "Mozilla/5.0 (Linux; Android 6.0.1; Nexus 5X Build/MMB29P) AppleWebKit/537.36 (KHTML, like Gecko) Chrome/130.0.6723.58 Mobile Safari/537.36 (compatible; Googlebot/2.1; +http://www.google.com/bot.html)"
162.213.251.195 - - [21/Oct/2024:13:52:30 -0400] "POST /wp-cron.php?doing_wp_cron=1729533149.9595839977264404296875 HTTP/1.1" 200 0 "-" "WordPress/6.6.2; https://dietcontrungnhanh.com"
20.171.206.45 - - [21/Oct/2024:13:52:29 -0400] "GET /gio-hang/embed/ HTTP/1.1" 200 6112 "-" "Mozilla/5.0 AppleWebKit/537.36 (KHTML, like Gecko; compatible; GPTBot/1.2; +https://openai.com/gptbot)"
162.213.251.195 - - [21/Oct/2024:13:52:34 -0400] "POST /wp-cron.php?doing_wp_cron=1729533153.2934589385986328125000 HTTP/1.1" 200 0 "-" "WordPress/6.6.2; https://dietcontrungnhanh.com"
20.171.206.45 - - [21/Oct/2024:13:52:32 -0400] "GET /chinh-sach-bao-hanh/embed/ HTTP/1.1" 200 6363 "-" "Mozilla/5.0 AppleWebKit/537.36 (KHTML, like Gecko; compatible; GPTBot/1.2; +https://openai.com/gptbot)"
162.213.251.195 - - [21/Oct/2024:13:52:36 -0400] "POST /wp-cron.php?doing_wp_cron=1729533155.9769821166992187500000 HTTP/1.1" 200 0 "-" "WordPress/6.6.2; https://dietcontrungnhanh.com"
20.171.206.45 - - [21/Oct/2024:13:52:35 -0400] "GET /hd-mua-hang/embed/ HTTP/1.1" 200 6099 "-" "Mozilla/5.0 AppleWebKit/537.36 (KHTML, like Gecko; compatible; GPTBot/1.2; +https://openai.com/gptbot)"
162.213.251.195 - - [21/Oct/2024:13:52:40 -0400] "POST /wp-cron.php?doing_wp_cron=1729533159.6031820774078369140625 HTTP/1.1" 200 0 "-" "WordPress/6.6.2; https://dietcontrungnhanh.com"
20.171.206.45 - - [21/Oct/2024:13:52:38 -0400] "GET /chinh-sach-doi-tra-hang/embed/ HTTP/1.1" 200 6456 "-" "Mozilla/5.0 AppleWebKit/537.36 (KHTML, like Gecko; compatible; GPTBot/1.2; +https://openai.com/gptbot)"
20.171.206.45 - - [21/Oct/2024:13:52:41 -0400] "GET /dich-vu-diet-muoi-quan-10/embed/ HTTP/1.1" 200 6652 "-" "Mozilla/5.0 AppleWebKit/537.36 (KHTML, like Gecko; compatible; GPTBot/1.2; +https://openai.com/gptbot)"
162.213.251.195 - - [21/Oct/2024:13:52:44 -0400] "POST /wp-cron.php?doing_wp_cron=1729533162.5218629837036132812500 HTTP/1.1" 200 0 "-" "WordPress/6.6.2; https://dietcontrungnhanh.com"
20.171.206.45 - - [21/Oct/2024:13:52:45 -0400] "GET /lien-he/embed/ HTTP/1.1" 200 6121 "-" "Mozilla/5.0 AppleWebKit/537.36 (KHTML, like Gecko; compatible; GPTBot/1.2; +https://openai.com/gptbot)"
20.171.206.45 - - [21/Oct/2024:13:52:47 -0400] "GET /hoi-dap/embed/ HTTP/1.1" 200 6107 "-" "Mozilla/5.0 AppleWebKit/537.36 (KHTML, like Gecko; compatible; GPTBot/1.2; +https://openai.com/gptbot)"
20.171.206.45 - - [21/Oct/2024:13:52:49 -0400] "GET /dich-vu-diet-chuot-quan-9/embed/ HTTP/1.1" 200 6711 "-" "Mozilla/5.0 AppleWebKit/537.36 (KHTML, like Gecko; compatible; GPTBot/1.2; +https://openai.com/gptbot)"
20.171.206.45 - - [21/Oct/2024:13:52:52 -0400] "GET /dich-vu-diet-chuot-quan-3/embed/ HTTP/1.1" 200 6604 "-" "Mozilla/5.0 AppleWebKit/537.36 (KHTML, like Gecko; compatible; GPTBot/1.2; +https://openai.com/gptbot)"
20.171.206.45 - - [21/Oct/2024:13:52:54 -0400] "GET /diet-muoi-con-trung-quan-8/embed/ HTTP/1.1" 200 6584 "-" "Mozilla/5.0 AppleWebKit/537.36 (KHTML, like Gecko; compatible; GPTBot/1.2; +https://openai.com/gptbot)"
20.171.206.45 - - [21/Oct/2024:13:52:56 -0400] "GET /dich-vu-diet-muoi-thu-duc/embed/ HTTP/1.1" 200 6503 "-" "Mozilla/5.0 AppleWebKit/537.36 (KHTML, like Gecko; compatible; GPTBot/1.2; +https://openai.com/gptbot)"
20.171.206.45 - - [21/Oct/2024:13:52:58 -0400] "GET /dich-vu-diet-muoi-quan-12/embed/ HTTP/1.1" 200 6642 "-" "Mozilla/5.0 AppleWebKit/537.36 (KHTML, like Gecko; compatible; GPTBot/1.2; +https://openai.com/gptbot)"
20.171.206.45 - - [21/Oct/2024:13:52:59 -0400] "GET /gioi-thieu/embed/ HTTP/1.1" 200 6377 "-" "Mozilla/5.0 AppleWebKit/537.36 (KHTML, like Gecko; compatible; GPTBot/1.2; +https://openai.com/gptbot)"
20.171.206.45 - - [21/Oct/2024:13:53:02 -0400] "GET /dich-vu-diet-chuot-quan-8/embed/ HTTP/1.1" 200 6682 "-" "Mozilla/5.0 AppleWebKit/537.36 (KHTML, like Gecko; compatible; GPTBot/1.2; +https://openai.com/gptbot)"
20.171.206.45 - - [21/Oct/2024:13:53:03 -0400] "GET /dich-vu-diet-muoi-quan-binh-thanh/embed/ HTTP/1.1" 200 6579 "-" "Mozilla/5.0 AppleWebKit/537.36 (KHTML, like Gecko; compatible; GPTBot/1.2; +https://openai.com/gptbot)"
20.171.206.45 - - [21/Oct/2024:13:53:11 -0400] "GET /dich-vu-diet-muoi-quan-go-vap/embed/ HTTP/1.1" 200 6606 "-" "Mozilla/5.0 AppleWebKit/537.36 (KHTML, like Gecko; compatible; GPTBot/1.2; +https://openai.com/gptbot)"
20.171.206.45 - - [21/Oct/2024:13:53:13 -0400] "GET /san-pham/binh-4-lit-phun-diet-con-trung-03/embed/ HTTP/1.1" 200 6949 "-" "Mozilla/5.0 AppleWebKit/537.36 (KHTML, like Gecko; compatible; GPTBot/1.2; +https://openai.com/gptbot)"
20.171.206.45 - - [21/Oct/2024:13:53:15 -0400] "GET /dich-vu-diet-ruoi-tai-ho-chi-minh/embed/ HTTP/1.1" 200 6770 "-" "Mozilla/5.0 AppleWebKit/537.36 (KHTML, like Gecko; compatible; GPTBot/1.2; +https://openai.com/gptbot)"
20.171.206.45 - - [21/Oct/2024:13:53:16 -0400] "GET /san-pham/binh-4-lit-phun-diet-con-trung-05/embed/ HTTP/1.1" 200 6975 "-" "Mozilla/5.0 AppleWebKit/537.36 (KHTML, like Gecko; compatible; GPTBot/1.2; +https://openai.com/gptbot)"
20.171.206.45 - - [21/Oct/2024:13:53:26 -0400] "GET /san-pham/binh-4-lit-phun-diet-con-trung-04/embed/ HTTP/1.1" 200 6953 "-" "Mozilla/5.0 AppleWebKit/537.36 (KHTML, like Gecko; compatible; GPTBot/1.2; +https://openai.com/gptbot)"
20.171.206.21 - - [21/Oct/2024:13:53:27 -0400] "GET /san-pham/binh-4-lit-phun-diet-con-trung-01/embed/ HTTP/1.1" 200 6929 "-" "Mozilla/5.0 AppleWebKit/537.36 (KHTML, like Gecko; compatible; GPTBot/1.2; +https://openai.com/gptbot)"
20.171.206.21 - - [21/Oct/2024:13:53:29 -0400] "GET /dich-vu-diet-gian-tai-huyen-binh-chanh/embed/ HTTP/1.1" 200 6647 "-" "Mozilla/5.0 AppleWebKit/537.36 (KHTML, like Gecko; compatible; GPTBot/1.2; +https://openai.com/gptbot)"
20.171.206.21 - - [21/Oct/2024:13:53:31 -0400] "GET /dich-vu-diet-moi-quan-3-bao-ve-to-am-tu-moi-nguy-con-trung/embed/ HTTP/1.1" 200 6807 "-" "Mozilla/5.0 AppleWebKit/537.36 (KHTML, like Gecko; compatible; GPTBot/1.2; +https://openai.com/gptbot)"
20.171.206.21 - - [21/Oct/2024:13:53:33 -0400] "GET /dich-vu-diet-gian-thu-duc-chuyen-nghiep-hieu-qua/embed/ HTTP/1.1" 200 6765 "-" "Mozilla/5.0 AppleWebKit/537.36 (KHTML, like Gecko; compatible; GPTBot/1.2; +https://openai.com/gptbot)"
162.213.251.195 - - [21/Oct/2024:13:53:44 -0400] "POST /wp-cron.php?doing_wp_cron=1729533224.1156840324401855468750 HTTP/1.1" 200 0 "-" "WordPress/6.6.2; https://dietcontrungnhanh.com"
20.171.206.21 - - [21/Oct/2024:13:53:43 -0400] "GET /dich-vu-diet-moi-nha-be-giai-phap-toan-dien-danh-bai-moi/embed/ HTTP/1.1" 200 6773 "-" "Mozilla/5.0 AppleWebKit/537.36 (KHTML, like Gecko; compatible; GPTBot/1.2; +https://openai.com/gptbot)"
20.171.206.21 - - [21/Oct/2024:13:53:45 -0400] "GET /san-pham/binh-4-lit-phun-diet-con-trung-08/embed/ HTTP/1.1" 200 6950 "-" "Mozilla/5.0 AppleWebKit/537.36 (KHTML, like Gecko; compatible; GPTBot/1.2; +https://openai.com/gptbot)"
162.213.251.195 - - [21/Oct/2024:13:53:47 -0400] "POST /wp-cron.php?doing_wp_cron=1729533227.3264648914337158203125 HTTP/1.1" 200 0 "-" "WordPress/6.6.2; https://dietcontrungnhanh.com"
20.171.206.21 - - [21/Oct/2024:13:53:46 -0400] "GET /dich-vu-diet-moi-quan-5-diet-moi-uy-tin-tai-tp-hcm/embed/ HTTP/1.1" 200 6787 "-" "Mozilla/5.0 AppleWebKit/537.36 (KHTML, like Gecko; compatible; GPTBot/1.2; +https://openai.com/gptbot)"
162.213.251.195 - - [21/Oct/2024:14:02:28 -0400] "POST /wp-cron.php?doing_wp_cron=1729533748.1982009410858154296875 HTTP/1.1" 200 0 "-" "WordPress/6.6.2; https://dietcontrungnhanh.com"
66.249.77.229 - - [21/Oct/2024:14:02:16 -0400] "GET /wp-admin/comment.php?action=spam&c=9 HTTP/1.1" 302 0 "-" "Mozilla/5.0 (Linux; Android 6.0.1; Nexus 5X Build/MMB29P) AppleWebKit/537.36 (KHTML, like Gecko) Chrome/130.0.6723.58 Mobile Safari/537.36 (compatible; Googlebot/2.1; +http://www.google.com/bot.html)"
162.213.251.195 - - [21/Oct/2024:14:02:33 -0400] "POST /wp-cron.php?doing_wp_cron=1729533752.2681410312652587890625 HTTP/1.1" 200 0 "-" "WordPress/6.6.2; https://dietcontrungnhanh.com"
66.249.77.228 - - [21/Oct/2024:14:02:31 -0400] "GET /wp-login.php?redirect_to=https%3A%2F%2Fdietcontrungnhanh.com%2Fwp-admin%2Fcomment.php%3Faction%3Dspam%26c%3D9&reauth=1 HTTP/1.1" 200 2825 "-" "Mozilla/5.0 (Linux; Android 6.0.1; Nexus 5X Build/MMB29P) AppleWebKit/537.36 (KHTML, like Gecko) Chrome/130.0.6723.58 Mobile Safari/537.36 (compatible; Googlebot/2.1; +http://www.google.com/bot.html)"
162.213.251.195 - - [21/Oct/2024:14:09:49 -0400] "POST /wp-cron.php?doing_wp_cron=1729534188.7821519374847412109375 HTTP/1.1" 200 0 "-" "WordPress/6.6.2; https://dietcontrungnhanh.com"
45.61.185.127 - - [21/Oct/2024:14:09:44 -0400] "GET /wp-login.php HTTP/1.1" 200 2811 "-" "Mozilla/5.0 (Windows NT 6.1; WOW64; rv:30.0) Gecko/20100101 Firefox/30.0"
45.61.185.127 - - [21/Oct/2024:14:09:50 -0400] "POST /wp-login.php HTTP/1.1" 200 2966 "-" "Mozilla/5.0 (Windows NT 6.1; WOW64; rv:30.0) Gecko/20100101 Firefox/30.0"
162.213.251.195 - - [21/Oct/2024:14:12:52 -0400] "POST /wp-cron.php?doing_wp_cron=1729534371.6603209972381591796875 HTTP/1.1" 200 0 "-" "WordPress/6.6.2; https://dietcontrungnhanh.com"
20.171.206.83 - - [21/Oct/2024:14:12:48 -0400] "GET /gio-hang/embed/ HTTP/1.1" 200 6111 "-" "Mozilla/5.0 AppleWebKit/537.36 (KHTML, like Gecko; compatible; GPTBot/1.2; +https://openai.com/gptbot)"
20.171.206.83 - - [21/Oct/2024:14:12:53 -0400] "GET /chinh-sach-bao-hanh/embed/ HTTP/1.1" 200 6364 "-" "Mozilla/5.0 AppleWebKit/537.36 (KHTML, like Gecko; compatible; GPTBot/1.2; +https://openai.com/gptbot)"
20.171.206.83 - - [21/Oct/2024:14:12:58 -0400] "GET /hd-mua-hang/embed/ HTTP/1.1" 200 6096 "-" "Mozilla/5.0 AppleWebKit/537.36 (KHTML, like Gecko; compatible; GPTBot/1.2; +https://openai.com/gptbot)"
20.171.206.83 - - [21/Oct/2024:14:13:03 -0400] "GET /chinh-sach-doi-tra-hang/embed/ HTTP/1.1" 200 6454 "-" "Mozilla/5.0 AppleWebKit/537.36 (KHTML, like Gecko; compatible; GPTBot/1.2; +https://openai.com/gptbot)"
20.171.206.83 - - [21/Oct/2024:14:13:07 -0400] "GET /dich-vu-diet-muoi-quan-10/embed/ HTTP/1.1" 200 6650 "-" "Mozilla/5.0 AppleWebKit/537.36 (KHTML, like Gecko; compatible; GPTBot/1.2; +https://openai.com/gptbot)"
20.171.206.83 - - [21/Oct/2024:14:13:11 -0400] "GET /lien-he/embed/ HTTP/1.1" 200 6122 "-" "Mozilla/5.0 AppleWebKit/537.36 (KHTML, like Gecko; compatible; GPTBot/1.2; +https://openai.com/gptbot)"
20.171.206.83 - - [21/Oct/2024:14:13:14 -0400] "GET /hoi-dap/embed/ HTTP/1.1" 200 6106 "-" "Mozilla/5.0 AppleWebKit/537.36 (KHTML, like Gecko; compatible; GPTBot/1.2; +https://openai.com/gptbot)"
66.249.77.228 - - [21/Oct/2024:14:13:16 -0400] "GET /wp-includes/Requests/Text/index.php HTTP/1.1" 301 0 "-" "Mozilla/5.0 (Linux; Android 6.0.1; Nexus 5X Build/MMB29P) AppleWebKit/537.36 (KHTML, like Gecko) Chrome/130.0.6723.58 Mobile Safari/537.36 (compatible; Googlebot/2.1; +http://www.google.com/bot.html)"
20.171.206.83 - - [21/Oct/2024:14:13:18 -0400] "GET /dich-vu-diet-chuot-quan-9/embed/ HTTP/1.1" 200 6719 "-" "Mozilla/5.0 AppleWebKit/537.36 (KHTML, like Gecko; compatible; GPTBot/1.2; +https://openai.com/gptbot)"
66.249.77.229 - - [21/Oct/2024:14:13:19 -0400] "GET /wp-includes/Requests/Text/ HTTP/1.1" 404 19580 "-" "Mozilla/5.0 (Linux; Android 6.0.1; Nexus 5X Build/MMB29P) AppleWebKit/537.36 (KHTML, like Gecko) Chrome/130.0.6723.58 Mobile Safari/537.36 (compatible; Googlebot/2.1; +http://www.google.com/bot.html)"
20.171.206.83 - - [21/Oct/2024:14:13:20 -0400] "GET /dich-vu-diet-chuot-quan-3/embed/ HTTP/1.1" 200 6603 "-" "Mozilla/5.0 AppleWebKit/537.36 (KHTML, like Gecko; compatible; GPTBot/1.2; +https://openai.com/gptbot)"
20.171.206.83 - - [21/Oct/2024:14:13:23 -0400] "GET /diet-muoi-con-trung-quan-8/embed/ HTTP/1.1" 200 6584 "-" "Mozilla/5.0 AppleWebKit/537.36 (KHTML, like Gecko; compatible; GPTBot/1.2; +https://openai.com/gptbot)"
20.171.206.83 - - [21/Oct/2024:14:13:25 -0400] "GET /dich-vu-diet-muoi-thu-duc/embed/ HTTP/1.1" 200 6512 "-" "Mozilla/5.0 AppleWebKit/537.36 (KHTML, like Gecko; compatible; GPTBot/1.2; +https://openai.com/gptbot)"
20.171.206.183 - - [21/Oct/2024:14:13:27 -0400] "GET /dich-vu-diet-muoi-quan-12/embed/ HTTP/1.1" 200 6639 "-" "Mozilla/5.0 AppleWebKit/537.36 (KHTML, like Gecko; compatible; GPTBot/1.2; +https://openai.com/gptbot)"
20.171.206.183 - - [21/Oct/2024:14:13:29 -0400] "GET /dich-vu-diet-chuot-quan-8/embed/ HTTP/1.1" 200 6687 "-" "Mozilla/5.0 AppleWebKit/537.36 (KHTML, like Gecko; compatible; GPTBot/1.2; +https://openai.com/gptbot)"
20.171.206.183 - - [21/Oct/2024:14:13:30 -0400] "GET /gioi-thieu/embed/ HTTP/1.1" 200 6384 "-" "Mozilla/5.0 AppleWebKit/537.36 (KHTML, like Gecko; compatible; GPTBot/1.2; +https://openai.com/gptbot)"
20.171.206.183 - - [21/Oct/2024:14:13:32 -0400] "GET /dich-vu-diet-muoi-quan-binh-thanh/embed/ HTTP/1.1" 200 6584 "-" "Mozilla/5.0 AppleWebKit/537.36 (KHTML, like Gecko; compatible; GPTBot/1.2; +https://openai.com/gptbot)"
20.171.206.183 - - [21/Oct/2024:14:13:33 -0400] "GET /san-pham/binh-4-lit-phun-diet-con-trung-03/embed/ HTTP/1.1" 200 6954 "-" "Mozilla/5.0 AppleWebKit/537.36 (KHTML, like Gecko; compatible; GPTBot/1.2; +https://openai.com/gptbot)"
20.171.206.183 - - [21/Oct/2024:14:13:35 -0400] "GET /dich-vu-diet-muoi-quan-go-vap/embed/ HTTP/1.1" 200 6602 "-" "Mozilla/5.0 AppleWebKit/537.36 (KHTML, like Gecko; compatible; GPTBot/1.2; +https://openai.com/gptbot)"
20.171.206.183 - - [21/Oct/2024:14:13:36 -0400] "GET /dich-vu-diet-ruoi-tai-ho-chi-minh/embed/ HTTP/1.1" 200 6768 "-" "Mozilla/5.0 AppleWebKit/537.36 (KHTML, like Gecko; compatible; GPTBot/1.2; +https://openai.com/gptbot)"
20.171.206.183 - - [21/Oct/2024:14:13:37 -0400] "GET /san-pham/binh-4-lit-phun-diet-con-trung-04/embed/ HTTP/1.1" 200 6947 "-" "Mozilla/5.0 AppleWebKit/537.36 (KHTML, like Gecko; compatible; GPTBot/1.2; +https://openai.com/gptbot)"
20.171.206.183 - - [21/Oct/2024:14:13:38 -0400] "GET /san-pham/binh-4-lit-phun-diet-con-trung-01/embed/ HTTP/1.1" 200 6925 "-" "Mozilla/5.0 AppleWebKit/537.36 (KHTML, like Gecko; compatible; GPTBot/1.2; +https://openai.com/gptbot)"
20.171.206.183 - - [21/Oct/2024:14:13:39 -0400] "GET /dich-vu-diet-gian-tai-huyen-binh-chanh/embed/ HTTP/1.1" 200 6649 "-" "Mozilla/5.0 AppleWebKit/537.36 (KHTML, like Gecko; compatible; GPTBot/1.2; +https://openai.com/gptbot)"
20.171.206.183 - - [21/Oct/2024:14:13:40 -0400] "GET /san-pham/binh-4-lit-phun-diet-con-trung-05/embed/ HTTP/1.1" 200 6974 "-" "Mozilla/5.0 AppleWebKit/537.36 (KHTML, like Gecko; compatible; GPTBot/1.2; +https://openai.com/gptbot)"
20.171.206.183 - - [21/Oct/2024:14:13:41 -0400] "GET /dich-vu-diet-moi-quan-3-bao-ve-to-am-tu-moi-nguy-con-trung/embed/ HTTP/1.1" 200 6807 "-" "Mozilla/5.0 AppleWebKit/537.36 (KHTML, like Gecko; compatible; GPTBot/1.2; +https://openai.com/gptbot)"
20.171.206.183 - - [21/Oct/2024:14:13:43 -0400] "GET /dich-vu-diet-gian-thu-duc-chuyen-nghiep-hieu-qua/embed/ HTTP/1.1" 200 6757 "-" "Mozilla/5.0 AppleWebKit/537.36 (KHTML, like Gecko; compatible; GPTBot/1.2; +https://openai.com/gptbot)"
20.171.206.183 - - [21/Oct/2024:14:13:44 -0400] "GET /dich-vu-diet-moi-nha-be-giai-phap-toan-dien-danh-bai-moi/embed/ HTTP/1.1" 200 6775 "-" "Mozilla/5.0 AppleWebKit/537.36 (KHTML, like Gecko; compatible; GPTBot/1.2; +https://openai.com/gptbot)"
20.171.206.183 - - [21/Oct/2024:14:13:46 -0400] "GET /dich-vu-diet-moi-quan-5-diet-moi-uy-tin-tai-tp-hcm/embed/ HTTP/1.1" 200 6797 "-" "Mozilla/5.0 AppleWebKit/537.36 (KHTML, like Gecko; compatible; GPTBot/1.2; +https://openai.com/gptbot)"
20.171.206.183 - - [21/Oct/2024:14:13:47 -0400] "GET /san-pham/binh-4-lit-phun-diet-con-trung-08/embed/ HTTP/1.1" 200 6945 "-" "Mozilla/5.0 AppleWebKit/537.36 (KHTML, like Gecko; compatible; GPTBot/1.2; +https://openai.com/gptbot)"
162.213.251.195 - - [21/Oct/2024:14:18:49 -0400] "POST /wp-cron.php?doing_wp_cron=1729534728.7798790931701660156250 HTTP/1.1" 200 0 "-" "WordPress/6.6.2; https://dietcontrungnhanh.com"
66.249.77.229 - - [21/Oct/2024:14:18:42 -0400] "GET /foxwso.php HTTP/1.1" 404 16534 "-" "Mozilla/5.0 (Linux; Android 6.0.1; Nexus 5X Build/MMB29P) AppleWebKit/537.36 (KHTML, like Gecko) Chrome/130.0.6723.58 Mobile Safari/537.36 (compatible; Googlebot/2.1; +http://www.google.com/bot.html)"
162.213.251.195 - - [21/Oct/2024:14:25:25 -0400] "POST /wp-cron.php?doing_wp_cron=1729535124.8267829418182373046875 HTTP/1.1" 200 0 "-" "WordPress/6.6.2; https://dietcontrungnhanh.com"
66.249.77.229 - - [21/Oct/2024:14:25:17 -0400] "GET /index3.php HTTP/1.1" 404 16537 "-" "Mozilla/5.0 (Linux; Android 6.0.1; Nexus 5X Build/MMB29P) AppleWebKit/537.36 (KHTML, like Gecko) Chrome/130.0.6723.58 Mobile Safari/537.36 (compatible; Googlebot/2.1; +http://www.google.com/bot.html)"
162.213.251.195 - - [21/Oct/2024:14:28:35 -0400] "POST /wp-cron.php?doing_wp_cron=1729535315.2149720191955566406250 HTTP/1.1" 200 0 "-" "WordPress/6.6.2; https://dietcontrungnhanh.com"
198.98.58.40 - - [21/Oct/2024:14:28:25 -0400] "GET /wp-login.php HTTP/1.1" 200 2800 "-" "Mozilla/5.0 (Macintosh; Intel Mac OS X 10_10) AppleWebKit/600.1.3 (KHTML, like Gecko) Version/8.0 Safari/600.1.3"
162.213.251.195 - - [21/Oct/2024:14:28:37 -0400] "POST /wp-cron.php?doing_wp_cron=1729535317.4184260368347167968750 HTTP/1.1" 200 0 "-" "WordPress/6.6.2; https://dietcontrungnhanh.com"
198.98.58.40 - - [21/Oct/2024:14:28:36 -0400] "POST /wp-login.php HTTP/1.1" 200 2994 "-" "Mozilla/5.0 (Macintosh; Intel Mac OS X 10_10) AppleWebKit/600.1.3 (KHTML, like Gecko) Version/8.0 Safari/600.1.3"
162.213.251.195 - - [21/Oct/2024:14:33:03 -0400] "POST /wp-cron.php?doing_wp_cron=1729535582.3411219120025634765625 HTTP/1.1" 200 0 "-" "WordPress/6.6.2; https://dietcontrungnhanh.com"
20.171.206.28 - - [21/Oct/2024:14:32:59 -0400] "GET /wp-json/wp/v2/users/5 HTTP/1.1" 200 7172 "-" "Mozilla/5.0 AppleWebKit/537.36 (KHTML, like Gecko; compatible; GPTBot/1.2; +https://openai.com/gptbot)"
162.213.251.195 - - [21/Oct/2024:14:33:15 -0400] "POST /wp-cron.php?doing_wp_cron=1729535595.1437699794769287109375 HTTP/1.1" 200 0 "-" "WordPress/6.6.2; https://dietcontrungnhanh.com"
20.171.206.28 - - [21/Oct/2024:14:33:14 -0400] "GET /wp-json/wp/v2/users/12 HTTP/1.1" 200 7318 "-" "Mozilla/5.0 AppleWebKit/537.36 (KHTML, like Gecko; compatible; GPTBot/1.2; +https://openai.com/gptbot)"
162.213.251.195 - - [21/Oct/2024:14:33:23 -0400] "POST /wp-cron.php?doing_wp_cron=1729535603.5044479370117187500000 HTTP/1.1" 200 0 "-" "WordPress/6.6.2; https://dietcontrungnhanh.com"
20.171.206.28 - - [21/Oct/2024:14:33:22 -0400] "GET /author/ngoanphu/ HTTP/1.1" 200 22160 "-" "Mozilla/5.0 AppleWebKit/537.36 (KHTML, like Gecko; compatible; GPTBot/1.2; +https://openai.com/gptbot)"
162.213.251.195 - - [21/Oct/2024:14:33:32 -0400] "POST /wp-cron.php?doing_wp_cron=1729535611.9857690334320068359375 HTTP/1.1" 200 0 "-" "WordPress/6.6.2; https://dietcontrungnhanh.com"
20.171.206.31 - - [21/Oct/2024:14:33:31 -0400] "GET /wp-json/wp/v2/users/10 HTTP/1.1" 200 7318 "-" "Mozilla/5.0 AppleWebKit/537.36 (KHTML, like Gecko; compatible; GPTBot/1.2; +https://openai.com/gptbot)"
162.213.251.195 - - [21/Oct/2024:14:33:38 -0400] "POST /wp-cron.php?doing_wp_cron=1729535618.6289899349212646484375 HTTP/1.1" 200 0 "-" "WordPress/6.6.2; https://dietcontrungnhanh.com"
20.171.206.31 - - [21/Oct/2024:14:33:37 -0400] "GET /author/ngoanphu/ HTTP/1.1" 200 22171 "-" "Mozilla/5.0 AppleWebKit/537.36 (KHTML, like Gecko; compatible; GPTBot/1.2; +https://openai.com/gptbot)"
162.213.251.195 - - [21/Oct/2024:14:33:44 -0400] "POST /wp-cron.php?doing_wp_cron=1729535623.6447260379791259765625 HTTP/1.1" 200 0 "-" "WordPress/6.6.2; https://dietcontrungnhanh.com"
66.249.77.227 - - [21/Oct/2024:14:33:42 -0400] "GET /product-sitemap.xml HTTP/1.1" 200 652 "-" "Mozilla/5.0 (compatible; Googlebot/2.1; +http://www.google.com/bot.html)"
20.171.206.31 - - [21/Oct/2024:14:33:43 -0400] "GET /author/nguyenthithuyhang/page/2/ HTTP/1.1" 200 21536 "-" "Mozilla/5.0 AppleWebKit/537.36 (KHTML, like Gecko; compatible; GPTBot/1.2; +https://openai.com/gptbot)"
162.213.251.195 - - [21/Oct/2024:14:33:54 -0400] "POST /wp-cron.php?doing_wp_cron=1729535634.4193949699401855468750 HTTP/1.1" 200 0 "-" "WordPress/6.6.2; https://dietcontrungnhanh.com"
20.171.206.31 - - [21/Oct/2024:14:33:54 -0400] "GET /author/ngoanphu/page/2/ HTTP/1.1" 200 22127 "-" "Mozilla/5.0 AppleWebKit/537.36 (KHTML, like Gecko; compatible; GPTBot/1.2; +https://openai.com/gptbot)"
162.213.251.195 - - [21/Oct/2024:14:34:04 -0400] "POST /wp-cron.php?doing_wp_cron=1729535643.7239310741424560546875 HTTP/1.1" 200 0 "-" "WordPress/6.6.2; https://dietcontrungnhanh.com"
20.171.206.31 - - [21/Oct/2024:14:34:03 -0400] "GET /author/nguyenthithuyhang/ HTTP/1.1" 200 22031 "-" "Mozilla/5.0 AppleWebKit/537.36 (KHTML, like Gecko; compatible; GPTBot/1.2; +https://openai.com/gptbot)"
162.213.251.195 - - [21/Oct/2024:14:34:09 -0400] "POST /wp-cron.php?doing_wp_cron=1729535648.6607639789581298828125 HTTP/1.1" 200 0 "-" "WordPress/6.6.2; https://dietcontrungnhanh.com"
20.171.206.31 - - [21/Oct/2024:14:34:08 -0400] "GET /author/nguyenthihuynhnhu/ HTTP/1.1" 200 22214 "-" "Mozilla/5.0 AppleWebKit/537.36 (KHTML, like Gecko; compatible; GPTBot/1.2; +https://openai.com/gptbot)"
162.213.251.195 - - [21/Oct/2024:14:34:15 -0400] "POST /wp-cron.php?doing_wp_cron=1729535655.6510889530181884765625 HTTP/1.1" 200 0 "-" "WordPress/6.6.2; https://dietcontrungnhanh.com"
20.171.206.31 - - [21/Oct/2024:14:34:15 -0400] "GET /author/nguyenthihuynhnhu/ HTTP/1.1" 200 22220 "-" "Mozilla/5.0 AppleWebKit/537.36 (KHTML, like Gecko; compatible; GPTBot/1.2; +https://openai.com/gptbot)"
162.213.251.195 - - [21/Oct/2024:14:34:19 -0400] "POST /wp-cron.php?doing_wp_cron=1729535659.2519800662994384765625 HTTP/1.1" 200 0 "-" "WordPress/6.6.2; https://dietcontrungnhanh.com"
20.171.206.31 - - [21/Oct/2024:14:34:18 -0400] "GET /dich-vu-diet-chuot-tai-ho-chi-minh/&quot HTTP/1.1" 404 18735 "-" "Mozilla/5.0 AppleWebKit/537.36 (KHTML, like Gecko; compatible; GPTBot/1.2; +https://openai.com/gptbot)"
162.213.251.195 - - [21/Oct/2024:14:34:25 -0400] "POST /wp-cron.php?doing_wp_cron=1729535665.6597619056701660156250 HTTP/1.1" 200 0 "-" "WordPress/6.6.2; https://dietcontrungnhanh.com"
20.171.206.31 - - [21/Oct/2024:14:34:25 -0400] "GET /author/ngoanphu/page/3/ HTTP/1.1" 200 21934 "-" "Mozilla/5.0 AppleWebKit/537.36 (KHTML, like Gecko; compatible; GPTBot/1.2; +https://openai.com/gptbot)"
162.213.251.195 - - [21/Oct/2024:14:34:32 -0400] "POST /wp-cron.php?doing_wp_cron=1729535671.6202390193939208984375 HTTP/1.1" 200 0 "-" "WordPress/6.6.2; https://dietcontrungnhanh.com"
20.171.206.233 - - [21/Oct/2024:14:34:31 -0400] "GET /author/nguyenthithuyhang/ HTTP/1.1" 200 22013 "-" "Mozilla/5.0 AppleWebKit/537.36 (KHTML, like Gecko; compatible; GPTBot/1.2; +https://openai.com/gptbot)"
162.213.251.195 - - [21/Oct/2024:14:34:37 -0400] "POST /wp-cron.php?doing_wp_cron=1729535676.8573911190032958984375 HTTP/1.1" 200 0 "-" "WordPress/6.6.2; https://dietcontrungnhanh.com"
20.171.206.233 - - [21/Oct/2024:14:34:36 -0400] "GET /dich-vu-diet-moi-quan-7/embed/ HTTP/1.1" 200 6706 "-" "Mozilla/5.0 AppleWebKit/537.36 (KHTML, like Gecko; compatible; GPTBot/1.2; +https://openai.com/gptbot)"
162.213.251.195 - - [21/Oct/2024:14:34:42 -0400] "POST /wp-cron.php?doing_wp_cron=1729535681.6883780956268310546875 HTTP/1.1" 200 0 "-" "WordPress/6.6.2; https://dietcontrungnhanh.com"
20.171.206.233 - - [21/Oct/2024:14:34:41 -0400] "GET /dich-vu-diet-chuot-cu-chi/embed/ HTTP/1.1" 200 6652 "-" "Mozilla/5.0 AppleWebKit/537.36 (KHTML, like Gecko; compatible; GPTBot/1.2; +https://openai.com/gptbot)"
162.213.251.195 - - [21/Oct/2024:14:34:44 -0400] "POST /wp-cron.php?doing_wp_cron=1729535684.1822628974914550781250 HTTP/1.1" 200 0 "-" "WordPress/6.6.2; https://dietcontrungnhanh.com"
20.171.206.233 - - [21/Oct/2024:14:34:43 -0400] "GET /dich-vu-diet-chuot-quan-4/embed/ HTTP/1.1" 200 6649 "-" "Mozilla/5.0 AppleWebKit/537.36 (KHTML, like Gecko; compatible; GPTBot/1.2; +https://openai.com/gptbot)"
162.213.251.195 - - [21/Oct/2024:14:34:46 -0400] "POST /wp-cron.php?doing_wp_cron=1729535686.1097838878631591796875 HTTP/1.1" 200 0 "-" "WordPress/6.6.2; https://dietcontrungnhanh.com"
20.171.206.233 - - [21/Oct/2024:14:34:45 -0400] "GET /dich-vu-diet-chuot-quan-6/embed/ HTTP/1.1" 200 6732 "-" "Mozilla/5.0 AppleWebKit/537.36 (KHTML, like Gecko; compatible; GPTBot/1.2; +https://openai.com/gptbot)"
162.213.251.195 - - [21/Oct/2024:14:34:48 -0400] "POST /wp-cron.php?doing_wp_cron=1729535688.1221849918365478515625 HTTP/1.1" 200 0 "-" "WordPress/6.6.2; https://dietcontrungnhanh.com"
20.171.206.233 - - [21/Oct/2024:14:34:47 -0400] "GET /dich-vu-diet-chuot-quan-2/embed/ HTTP/1.1" 200 6591 "-" "Mozilla/5.0 AppleWebKit/537.36 (KHTML, like Gecko; compatible; GPTBot/1.2; +https://openai.com/gptbot)"
162.213.251.195 - - [21/Oct/2024:14:34:50 -0400] "POST /wp-cron.php?doing_wp_cron=1729535689.4834849834442138671875 HTTP/1.1" 200 0 "-" "WordPress/6.6.2; https://dietcontrungnhanh.com"
20.171.206.233 - - [21/Oct/2024:14:34:49 -0400] "GET /dich-vu-diet-chuot-hoc-mon/embed/ HTTP/1.1" 200 6622 "-" "Mozilla/5.0 AppleWebKit/537.36 (KHTML, like Gecko; compatible; GPTBot/1.2; +https://openai.com/gptbot)"
162.213.251.195 - - [21/Oct/2024:14:34:51 -0400] "POST /wp-cron.php?doing_wp_cron=1729535691.0054779052734375000000 HTTP/1.1" 200 0 "-" "WordPress/6.6.2; https://dietcontrungnhanh.com"
20.171.206.233 - - [21/Oct/2024:14:34:50 -0400] "GET /dich-vu-diet-chuot-quan-binh-tan/embed/ HTTP/1.1" 200 6597 "-" "Mozilla/5.0 AppleWebKit/537.36 (KHTML, like Gecko; compatible; GPTBot/1.2; +https://openai.com/gptbot)"
162.213.251.195 - - [21/Oct/2024:14:34:52 -0400] "POST /wp-cron.php?doing_wp_cron=1729535692.1177539825439453125000 HTTP/1.1" 200 0 "-" "WordPress/6.6.2; https://dietcontrungnhanh.com"
20.171.206.255 - - [21/Oct/2024:14:34:51 -0400] "GET /robots.txt HTTP/1.1" 200 116 "-" "Mozilla/5.0 AppleWebKit/537.36 (KHTML, like Gecko; compatible; GPTBot/1.2; +https://openai.com/gptbot)"
20.171.206.233 - - [21/Oct/2024:14:34:52 -0400] "GET /wp-content/uploads/2024/04/dich-vu-diet-chuot-600x403.jpg HTTP/1.1" 200 19866 "-" "Mozilla/5.0 AppleWebKit/537.36 (KHTML, like Gecko; compatible; GPTBot/1.2; +https://openai.com/gptbot)"
162.213.251.195 - - [21/Oct/2024:14:34:54 -0400] "POST /wp-cron.php?doing_wp_cron=1729535694.5452690124511718750000 HTTP/1.1" 200 0 "-" "WordPress/6.6.2; https://dietcontrungnhanh.com"
20.171.206.233 - - [21/Oct/2024:14:34:53 -0400] "GET /dich-vu-diet-chuot-quan-binh-thanh/embed/ HTTP/1.1" 200 6618 "-" "Mozilla/5.0 AppleWebKit/537.36 (KHTML, like Gecko; compatible; GPTBot/1.2; +https://openai.com/gptbot)"
162.213.251.195 - - [21/Oct/2024:14:34:55 -0400] "POST /wp-cron.php?doing_wp_cron=1729535695.7226810455322265625000 HTTP/1.1" 200 0 "-" "WordPress/6.6.2; https://dietcontrungnhanh.com"
20.171.206.233 - - [21/Oct/2024:14:34:55 -0400] "GET /dich-vu-diet-chuot-tai-ho-chi-minh/embed/ HTTP/1.1" 200 6558 "-" "Mozilla/5.0 AppleWebKit/537.36 (KHTML, like Gecko; compatible; GPTBot/1.2; +https://openai.com/gptbot)"
162.213.251.195 - - [21/Oct/2024:14:34:57 -0400] "POST /wp-cron.php?doing_wp_cron=1729535696.8289489746093750000000 HTTP/1.1" 200 0 "-" "WordPress/6.6.2; https://dietcontrungnhanh.com"
20.171.206.233 - - [21/Oct/2024:14:34:56 -0400] "GET /dich-vu-diet-chuot-quan-10-cong-ty-diet-chuot-uy-tin-hang-dau/embed/ HTTP/1.1" 200 6741 "-" "Mozilla/5.0 AppleWebKit/537.36 (KHTML, like Gecko; compatible; GPTBot/1.2; +https://openai.com/gptbot)"
162.213.251.195 - - [21/Oct/2024:14:34:58 -0400] "POST /wp-cron.php?doing_wp_cron=1729535698.3679499626159667968750 HTTP/1.1" 200 0 "-" "WordPress/6.6.2; https://dietcontrungnhanh.com"
20.171.206.233 - - [21/Oct/2024:14:34:57 -0400] "GET /dich-vu-diet-chuot-quan-10-cong-ty-diet-chuot-uy-tin-hang-dau/?amp%3Bpreview=true HTTP/1.1" 200 27124 "-" "Mozilla/5.0 AppleWebKit/537.36 (KHTML, like Gecko; compatible; GPTBot/1.2; +https://openai.com/gptbot)"
162.213.251.195 - - [21/Oct/2024:14:35:05 -0400] "POST /wp-cron.php?doing_wp_cron=1729535705.0529320240020751953125 HTTP/1.1" 200 0 "-" "WordPress/6.6.2; https://dietcontrungnhanh.com"
20.171.206.233 - - [21/Oct/2024:14:35:04 -0400] "GET /wp-content/uploads/2024/04/2.jpg%20805w,%20https:/dietcontrungnhanh.com/wp-content/uploads/2024/04/2-768x432.jpg%20768w,%20https:/dietcontrungnhanh.com/wp-content/uploads/2024/04/2-600x338.jpg%20600w HTTP/1.1" 404 19610 "-" "Mozilla/5.0 AppleWebKit/537.36 (KHTML, like Gecko; compatible; GPTBot/1.2; +https://openai.com/gptbot)"
162.213.251.195 - - [21/Oct/2024:14:35:08 -0400] "POST /wp-cron.php?doing_wp_cron=1729535707.8224740028381347656250 HTTP/1.1" 200 0 "-" "WordPress/6.6.2; https://dietcontrungnhanh.com"
20.171.206.233 - - [21/Oct/2024:14:35:06 -0400] "GET /wp-content/uploads/2024/04/moi-27.jpg%20805w,%20https:/dietcontrungnhanh.com/wp-content/uploads/2024/04/moi-27-768x432.jpg%20768w,%20https:/dietcontrungnhanh.com/wp-content/uploads/2024/04/moi-27-600x338.jpg%20600w HTTP/1.1" 404 19624 "-" "Mozilla/5.0 AppleWebKit/537.36 (KHTML, like Gecko; compatible; GPTBot/1.2; +https://openai.com/gptbot)"
162.213.251.195 - - [21/Oct/2024:14:35:10 -0400] "POST /wp-cron.php?doing_wp_cron=1729535710.0250620841979980468750 HTTP/1.1" 200 0 "-" "WordPress/6.6.2; https://dietcontrungnhanh.com"
20.171.206.233 - - [21/Oct/2024:14:35:09 -0400] "GET /wp-content/uploads/2024/04/chuot-3-1.jpg%20805w,%20https:/dietcontrungnhanh.com/wp-content/uploads/2024/04/chuot-3-1-768x432.jpg%20768w,%20https:/dietcontrungnhanh.com/wp-content/uploads/2024/04/chuot-3-1-600x338.jpg%20600w HTTP/1.1" 404 19623 "-" "Mozilla/5.0 AppleWebKit/537.36 (KHTML, like Gecko; compatible; GPTBot/1.2; +https://openai.com/gptbot)"
162.213.251.195 - - [21/Oct/2024:14:35:13 -0400] "POST /wp-cron.php?doing_wp_cron=1729535712.7999620437622070312500 HTTP/1.1" 200 0 "-" "WordPress/6.6.2; https://dietcontrungnhanh.com"
20.171.206.233 - - [21/Oct/2024:14:35:12 -0400] "GET /wp-content/uploads/2024/04/chuot-4-2.jpg%20805w,%20https:/dietcontrungnhanh.com/wp-content/uploads/2024/04/chuot-4-2-768x432.jpg%20768w,%20https:/dietcontrungnhanh.com/wp-content/uploads/2024/04/chuot-4-2-600x338.jpg%20600w HTTP/1.1" 404 19639 "-" "Mozilla/5.0 AppleWebKit/537.36 (KHTML, like Gecko; compatible; GPTBot/1.2; +https://openai.com/gptbot)"
162.213.251.195 - - [21/Oct/2024:14:35:15 -0400] "POST /wp-cron.php?doing_wp_cron=1729535715.2481410503387451171875 HTTP/1.1" 200 0 "-" "WordPress/6.6.2; https://dietcontrungnhanh.com"
20.171.206.233 - - [21/Oct/2024:14:35:14 -0400] "GET /wp-content/uploads/2024/04/dich-vu-diet-chuot-600x403.jpg%20600w,%20https://dietcontrungnhanh.com/wp-content/uploads/2024/04/dich-vu-diet-chuot-768x516.jpg%20768w,%20https://dietcontrungnhanh.com/wp-content/uploads/2024/04/dich-vu-diet-chuot.jpg%20805w HTTP/1.1" 301 0 "-" "Mozilla/5.0 AppleWebKit/537.36 (KHTML, like Gecko; compatible; GPTBot/1.2; +https://openai.com/gptbot)"
162.213.251.195 - - [21/Oct/2024:14:35:18 -0400] "POST /wp-cron.php?doing_wp_cron=1729535718.0625290870666503906250 HTTP/1.1" 200 0 "-" "WordPress/6.6.2; https://dietcontrungnhanh.com"
20.171.206.233 - - [21/Oct/2024:14:35:17 -0400] "GET /wp-content/uploads/2024/04/aad864cb16d6f188a8c7.jpg%20805w,%20https:/dietcontrungnhanh.com/wp-content/uploads/2024/04/aad864cb16d6f188a8c7-768x432.jpg%20768w,%20https:/dietcontrungnhanh.com/wp-content/uploads/2024/04/aad864cb16d6f188a8c7-600x338.jpg%20600w HTTP/1.1" 404 19656 "-" "Mozilla/5.0 AppleWebKit/537.36 (KHTML, like Gecko; compatible; GPTBot/1.2; +https://openai.com/gptbot)"
162.213.251.195 - - [21/Oct/2024:14:35:21 -0400] "POST /wp-cron.php?doing_wp_cron=1729535720.7484190464019775390625 HTTP/1.1" 200 0 "-" "WordPress/6.6.2; https://dietcontrungnhanh.com"
20.171.206.233 - - [21/Oct/2024:14:35:20 -0400] "GET /wp-content/uploads/2024/04/dich-vu-diet-chuot-quan-4.jpg%20805w,%20https:/dietcontrungnhanh.com/wp-content/uploads/2024/04/dich-vu-diet-chuot-quan-4-768x690.jpg%20768w,%20https:/dietcontrungnhanh.com/wp-content/uploads/2024/04/dich-vu-diet-chuot-quan-4-600x539.jpg%20600w HTTP/1.1" 404 19631 "-" "Mozilla/5.0 AppleWebKit/537.36 (KHTML, like Gecko; compatible; GPTBot/1.2; +https://openai.com/gptbot)"
162.213.251.195 - - [21/Oct/2024:14:35:23 -0400] "POST /wp-cron.php?doing_wp_cron=1729535723.3323318958282470703125 HTTP/1.1" 200 0 "-" "WordPress/6.6.2; https://dietcontrungnhanh.com"
20.171.206.233 - - [21/Oct/2024:14:35:22 -0400] "GET /wp-content/uploads/2024/04/dich-vu-diet-chuot-quan-4-1.jpg%20805w,%20https:/dietcontrungnhanh.com/wp-content/uploads/2024/04/dich-vu-diet-chuot-quan-4-1-768x512.jpg%20768w,%20https:/dietcontrungnhanh.com/wp-content/uploads/2024/04/dich-vu-diet-chuot-quan-4-1-600x400.jpg%20600w HTTP/1.1" 404 19624 "-" "Mozilla/5.0 AppleWebKit/537.36 (KHTML, like Gecko; compatible; GPTBot/1.2; +https://openai.com/gptbot)"
162.213.251.195 - - [21/Oct/2024:14:35:27 -0400] "POST /wp-cron.php?doing_wp_cron=1729535727.0283060073852539062500 HTTP/1.1" 200 0 "-" "WordPress/6.6.2; https://dietcontrungnhanh.com"
20.171.206.233 - - [21/Oct/2024:14:35:26 -0400] "GET /wp-content/uploads/2024/04/dich-vu-chuyen-diet-chuot-2.jpg%20805w,%20https:/dietcontrungnhanh.com/wp-content/uploads/2024/04/dich-vu-chuyen-diet-chuot-2-768x575.jpg%20768w,%20https:/dietcontrungnhanh.com/wp-content/uploads/2024/04/dich-vu-chuyen-diet-chuot-2-600x449.jpg%20600w HTTP/1.1" 404 19640 "-" "Mozilla/5.0 AppleWebKit/537.36 (KHTML, like Gecko; compatible; GPTBot/1.2; +https://openai.com/gptbot)"
162.213.251.195 - - [21/Oct/2024:14:35:29 -0400] "POST /wp-cron.php?doing_wp_cron=1729535728.8914890289306640625000 HTTP/1.1" 200 0 "-" "WordPress/6.6.2; https://dietcontrungnhanh.com"
20.171.206.85 - - [21/Oct/2024:14:35:28 -0400] "GET /wp-content/uploads/2024/04/dich-vu-diet-chuot-quan-4-2.jpg%20805w,%20https:/dietcontrungnhanh.com/wp-content/uploads/2024/04/dich-vu-diet-chuot-quan-4-2-768x432.jpg%20768w,%20https:/dietcontrungnhanh.com/wp-content/uploads/2024/04/dich-vu-diet-chuot-quan-4-2-600x338.jpg%20600w HTTP/1.1" 404 19637 "-" "Mozilla/5.0 AppleWebKit/537.36 (KHTML, like Gecko; compatible; GPTBot/1.2; +https://openai.com/gptbot)"
162.213.251.195 - - [21/Oct/2024:14:35:31 -0400] "POST /wp-cron.php?doing_wp_cron=1729535731.2419159412384033203125 HTTP/1.1" 200 0 "-" "WordPress/6.6.2; https://dietcontrungnhanh.com"
20.171.206.85 - - [21/Oct/2024:14:35:30 -0400] "GET /wp-content/uploads/2024/04/dich-vu-diet-chuot-Binh-Tan-2.jpg%20805w,%20https:/dietcontrungnhanh.com/wp-content/uploads/2024/04/dich-vu-diet-chuot-Binh-Tan-2-768x467.jpg%20768w,%20https:/dietcontrungnhanh.com/wp-content/uploads/2024/04/dich-vu-diet-chuot-Binh-Tan-2-600x364.jpg%20600w HTTP/1.1" 404 19665 "-" "Mozilla/5.0 AppleWebKit/537.36 (KHTML, like Gecko; compatible; GPTBot/1.2; +https://openai.com/gptbot)"
162.213.251.195 - - [21/Oct/2024:14:35:34 -0400] "POST /wp-cron.php?doing_wp_cron=1729535734.1298389434814453125000 HTTP/1.1" 200 0 "-" "WordPress/6.6.2; https://dietcontrungnhanh.com"
20.171.206.85 - - [21/Oct/2024:14:35:33 -0400] "GET /wp-content/uploads/2024/04/dich-vu-diet-chuot-quan-2-1-1.jpg%20806w,%20https:/dietcontrungnhanh.com/wp-content/uploads/2024/04/dich-vu-diet-chuot-quan-2-1-1-768x384.jpg%20768w,%20https:/dietcontrungnhanh.com/wp-content/uploads/2024/04/dich-vu-diet-chuot-quan-2-1-1-600x300.jpg%20600w HTTP/1.1" 404 19638 "-" "Mozilla/5.0 AppleWebKit/537.36 (KHTML, like Gecko; compatible; GPTBot/1.2; +https://openai.com/gptbot)"
162.213.251.195 - - [21/Oct/2024:14:35:37 -0400] "POST /wp-cron.php?doing_wp_cron=1729535736.5329189300537109375000 HTTP/1.1" 200 0 "-" "WordPress/6.6.2; https://dietcontrungnhanh.com"
20.171.206.85 - - [21/Oct/2024:14:35:35 -0400] "GET /wp-content/uploads/2024/04/dich-vu-diet-chuot-Binh-Thanh-1.png%20805w,%20https:/dietcontrungnhanh.com/wp-content/uploads/2024/04/dich-vu-diet-chuot-Binh-Thanh-1-768x495.png%20768w,%20https:/dietcontrungnhanh.com/wp-content/uploads/2024/04/dich-vu-diet-chuot-Binh-Thanh-1-600x387.png%20600w HTTP/1.1" 404 19643 "-" "Mozilla/5.0 AppleWebKit/537.36 (KHTML, like Gecko; compatible; GPTBot/1.2; +https://openai.com/gptbot)"
162.213.251.195 - - [21/Oct/2024:14:35:39 -0400] "POST /wp-cron.php?doing_wp_cron=1729535739.4264419078826904296875 HTTP/1.1" 200 0 "-" "WordPress/6.6.2; https://dietcontrungnhanh.com"
20.171.206.85 - - [21/Oct/2024:14:35:38 -0400] "GET /wp-content/uploads/2024/04/dich-vu-diet-chuot-Binh-Tan-1-1.jpg%20805w,%20https:/dietcontrungnhanh.com/wp-content/uploads/2024/04/dich-vu-diet-chuot-Binh-Tan-1-1-768x431.jpg%20768w,%20https:/dietcontrungnhanh.com/wp-content/uploads/2024/04/dich-vu-diet-chuot-Binh-Tan-1-1-600x337.jpg%20600w HTTP/1.1" 404 19631 "-" "Mozilla/5.0 AppleWebKit/537.36 (KHTML, like Gecko; compatible; GPTBot/1.2; +https://openai.com/gptbot)"
162.213.251.195 - - [21/Oct/2024:14:35:42 -0400] "POST /wp-cron.php?doing_wp_cron=1729535741.8926579952239990234375 HTTP/1.1" 200 0 "-" "WordPress/6.6.2; https://dietcontrungnhanh.com"
20.171.206.85 - - [21/Oct/2024:14:35:41 -0400] "GET /wp-content/uploads/2024/04/dich-vu-diet-chuot-Binh-Thanh-2.jpg%20805w,%20https:/dietcontrungnhanh.com/wp-content/uploads/2024/04/dich-vu-diet-chuot-Binh-Thanh-2-768x432.jpg%20768w,%20https:/dietcontrungnhanh.com/wp-content/uploads/2024/04/dich-vu-diet-chuot-Binh-Thanh-2-600x338.jpg%20600w HTTP/1.1" 404 19640 "-" "Mozilla/5.0 AppleWebKit/537.36 (KHTML, like Gecko; compatible; GPTBot/1.2; +https://openai.com/gptbot)"
20.171.206.85 - - [21/Oct/2024:14:35:43 -0400] "GET /wp-content/uploads/2024/04/Diet-chuot-gia-re-sieu-nhanh-2-Copy.jpg%20805w,%20https:/dietcontrungnhanh.com/wp-content/uploads/2024/04/Diet-chuot-gia-re-sieu-nhanh-2-Copy-768x554.jpg%20768w,%20https:/dietcontrungnhanh.com/wp-content/uploads/2024/04/Diet-chuot-gia-re-sieu-nhanh-2-Copy-600x433.jpg%20600w HTTP/1.1" 404 19658 "-" "Mozilla/5.0 AppleWebKit/537.36 (KHTML, like Gecko; compatible; GPTBot/1.2; +https://openai.com/gptbot)"
20.171.206.85 - - [21/Oct/2024:14:35:46 -0400] "GET /wp-content/uploads/2024/04/Diet-chuot-gia-re-sieu-nhanh-1-Copy.jpg%20805w,%20https:/dietcontrungnhanh.com/wp-content/uploads/2024/04/Diet-chuot-gia-re-sieu-nhanh-1-Copy-768x533.jpg%20768w,%20https:/dietcontrungnhanh.com/wp-content/uploads/2024/04/Diet-chuot-gia-re-sieu-nhanh-1-Copy-600x417.jpg%20600w HTTP/1.1" 404 19652 "-" "Mozilla/5.0 AppleWebKit/537.36 (KHTML, like Gecko; compatible; GPTBot/1.2; +https://openai.com/gptbot)"
20.171.206.85 - - [21/Oct/2024:14:35:48 -0400] "GET /wp-content/uploads/2024/04/istockphoto-1220342460-612x612-1-300x200-1.jpg%20805w,%20https:/dietcontrungnhanh.com/wp-content/uploads/2024/04/istockphoto-1220342460-612x612-1-300x200-1-768x432.jpg%20768w,%20https:/dietcontrungnhanh.com/wp-content/uploads/2024/04/istockphoto-1220342460-612x612-1-300x200-1-600x338.jpg%20600w HTTP/1.1" 404 19664 "-" "Mozilla/5.0 AppleWebKit/537.36 (KHTML, like Gecko; compatible; GPTBot/1.2; +https://openai.com/gptbot)"
20.171.206.85 - - [21/Oct/2024:14:35:53 -0400] "GET /wp-content/uploads/2024/04/dich-vu-chuyen-diet-chuot-1.jpg%20805w,%20https:/dietcontrungnhanh.com/wp-content/uploads/2024/04/dich-vu-chuyen-diet-chuot-1-768x768.jpg%20768w,%20https:/dietcontrungnhanh.com/wp-content/uploads/2024/04/dich-vu-chuyen-diet-chuot-1-300x300.jpg%20300w,%20https:/dietcontrungnhanh.com/wp-content/uploads/2024/04/dich-vu-chuyen-diet-chuot-1-600x600.jpg%20600w,%20https:/dietcontrungnhanh.com/wp-content/uploads/2024/04/dich-vu-chuyen-diet-chuot-1-100x100.jpg%20100w HTTP/1.1" 404 19702 "-" "Mozilla/5.0 AppleWebKit/537.36 (KHTML, like Gecko; compatible; GPTBot/1.2; +https://openai.com/gptbot)"
66.249.77.227 - - [21/Oct/2024:14:37:16 -0400] "GET /wp-content/themes/twentyseventeen/page/index.php HTTP/1.1" 403 1242 "-" "Mozilla/5.0 (Linux; Android 6.0.1; Nexus 5X Build/MMB29P) AppleWebKit/537.36 (KHTML, like Gecko) Chrome/130.0.6723.58 Mobile Safari/537.36 (compatible; Googlebot/2.1; +http://www.google.com/bot.html)"
162.213.251.195 - - [21/Oct/2024:14:39:21 -0400] "POST /wp-cron.php?doing_wp_cron=1729535960.9586939811706542968750 HTTP/1.1" 200 0 "-" "WordPress/6.6.2; https://dietcontrungnhanh.com"
192.200.150.10 - - [21/Oct/2024:14:39:15 -0400] "GET /robots.txt HTTP/1.1" 200 116 "-" "Mozilla/5.0 (Linux; Android 6.0.1; Nexus 5X Build/MMB29P) AppleWebKit/537.36 (KHTML, like Gecko) Chrome/121.0.6167.184 Mobile Safari/537.36 (compatible; Googlebot/2.1; +http://www.google.com/bot.html)"
162.213.251.195 - - [21/Oct/2024:14:39:23 -0400] "POST /wp-cron.php?doing_wp_cron=1729535963.3909909725189208984375 HTTP/1.1" 200 0 "-" "WordPress/6.6.2; https://dietcontrungnhanh.com"
192.200.150.10 - - [21/Oct/2024:14:39:22 -0400] "GET / HTTP/1.1" 200 27020 "-" "Mozilla/5.0 (Linux; Android 6.0.1; Nexus 5X Build/MMB29P) AppleWebKit/537.36 (KHTML, like Gecko) Chrome/121.0.6167.184 Mobile Safari/537.36 (compatible; Googlebot/2.1; +http://www.google.com/bot.html)"
162.213.251.195 - - [21/Oct/2024:14:41:54 -0400] "POST /wp-cron.php?doing_wp_cron=1729536114.2957839965820312500000 HTTP/1.1" 200 0 "-" "WordPress/6.6.2; https://dietcontrungnhanh.com"
