20.171.206.246 - - [21/Oct/2024:16:16:49 -0400] "GET /chinh-sach-doi-tra-hang/embed/ HTTP/1.1" 200 6455 "-" "Mozilla/5.0 AppleWebKit/537.36 (KHTML, like Gecko; compatible; GPTBot/1.2; +https://openai.com/gptbot)"
20.171.206.246 - - [21/Oct/2024:16:16:51 -0400] "GET /dich-vu-diet-chuot-tai-ho-chi-minh/embed/ HTTP/1.1" 200 6561 "-" "Mozilla/5.0 AppleWebKit/537.36 (KHTML, like Gecko; compatible; GPTBot/1.2; +https://openai.com/gptbot)"
20.171.206.246 - - [21/Oct/2024:16:16:54 -0400] "GET /dich-vu-diet-muoi-quan-12/embed/ HTTP/1.1" 200 6638 "-" "Mozilla/5.0 AppleWebKit/537.36 (KHTML, like Gecko; compatible; GPTBot/1.2; +https://openai.com/gptbot)"
20.171.206.246 - - [21/Oct/2024:16:16:55 -0400] "GET /diet-muoi-con-trung-quan-8/embed/ HTTP/1.1" 200 6582 "-" "Mozilla/5.0 AppleWebKit/537.36 (KHTML, like Gecko; compatible; GPTBot/1.2; +https://openai.com/gptbot)"
20.171.206.246 - - [21/Oct/2024:16:16:57 -0400] "GET /hoi-dap/embed/ HTTP/1.1" 200 6108 "-" "Mozilla/5.0 AppleWebKit/537.36 (KHTML, like Gecko; compatible; GPTBot/1.2; +https://openai.com/gptbot)"
20.171.206.246 - - [21/Oct/2024:16:17:00 -0400] "GET /dich-vu-diet-chuot-quan-binh-thanh/embed/ HTTP/1.1" 200 6624 "-" "Mozilla/5.0 AppleWebKit/537.36 (KHTML, like Gecko; compatible; GPTBot/1.2; +https://openai.com/gptbot)"
20.171.206.246 - - [21/Oct/2024:16:17:02 -0400] "GET /lien-he/embed/ HTTP/1.1" 200 6122 "-" "Mozilla/5.0 AppleWebKit/537.36 (KHTML, like Gecko; compatible; GPTBot/1.2; +https://openai.com/gptbot)"
20.171.206.246 - - [21/Oct/2024:16:17:05 -0400] "GET /dich-vu-diet-chuot-quan-8/embed/ HTTP/1.1" 200 6685 "-" "Mozilla/5.0 AppleWebKit/537.36 (KHTML, like Gecko; compatible; GPTBot/1.2; +https://openai.com/gptbot)"
20.171.206.246 - - [21/Oct/2024:16:17:06 -0400] "GET /dich-vu-diet-ruoi-tai-ho-chi-minh/embed/ HTTP/1.1" 200 6768 "-" "Mozilla/5.0 AppleWebKit/537.36 (KHTML, like Gecko; compatible; GPTBot/1.2; +https://openai.com/gptbot)"
20.171.206.246 - - [21/Oct/2024:16:17:08 -0400] "GET /dich-vu-diet-muoi-thu-duc/embed/ HTTP/1.1" 200 6505 "-" "Mozilla/5.0 AppleWebKit/537.36 (KHTML, like Gecko; compatible; GPTBot/1.2; +https://openai.com/gptbot)"
20.171.206.246 - - [21/Oct/2024:16:17:10 -0400] "GET /san-pham/binh-4-lit-phun-diet-con-trung-03/embed/ HTTP/1.1" 200 6950 "-" "Mozilla/5.0 AppleWebKit/537.36 (KHTML, like Gecko; compatible; GPTBot/1.2; +https://openai.com/gptbot)"
20.171.206.246 - - [21/Oct/2024:16:17:12 -0400] "GET /hd-mua-hang/embed/ HTTP/1.1" 200 6098 "-" "Mozilla/5.0 AppleWebKit/537.36 (KHTML, like Gecko; compatible; GPTBot/1.2; +https://openai.com/gptbot)"
20.171.206.246 - - [21/Oct/2024:16:17:14 -0400] "GET /gioi-thieu/embed/ HTTP/1.1" 200 6381 "-" "Mozilla/5.0 AppleWebKit/537.36 (KHTML, like Gecko; compatible; GPTBot/1.2; +https://openai.com/gptbot)"
20.171.206.246 - - [21/Oct/2024:16:17:15 -0400] "GET /dich-vu-diet-gian-tai-huyen-binh-chanh/embed/ HTTP/1.1" 200 6646 "-" "Mozilla/5.0 AppleWebKit/537.36 (KHTML, like Gecko; compatible; GPTBot/1.2; +https://openai.com/gptbot)"
20.171.206.246 - - [21/Oct/2024:16:17:17 -0400] "GET /dich-vu-diet-muoi-quan-go-vap/embed/ HTTP/1.1" 200 6601 "-" "Mozilla/5.0 AppleWebKit/537.36 (KHTML, like Gecko; compatible; GPTBot/1.2; +https://openai.com/gptbot)"
20.171.206.246 - - [21/Oct/2024:16:17:18 -0400] "GET /san-pham/binh-4-lit-phun-diet-con-trung-01/embed/ HTTP/1.1" 200 6930 "-" "Mozilla/5.0 AppleWebKit/537.36 (KHTML, like Gecko; compatible; GPTBot/1.2; +https://openai.com/gptbot)"
162.213.251.195 - - [21/Oct/2024:16:17:20 -0400] "POST /wp-cron.php?doing_wp_cron=1729541840.2792890071868896484375 HTTP/1.1" 200 0 "-" "WordPress/6.6.2; https://dietcontrungnhanh.com"
20.171.206.246 - - [21/Oct/2024:16:17:19 -0400] "GET /dich-vu-diet-chuot-quan-9/embed/ HTTP/1.1" 200 6716 "-" "Mozilla/5.0 AppleWebKit/537.36 (KHTML, like Gecko; compatible; GPTBot/1.2; +https://openai.com/gptbot)"
162.213.251.195 - - [21/Oct/2024:16:17:22 -0400] "POST /wp-cron.php?doing_wp_cron=1729541841.9864380359649658203125 HTTP/1.1" 200 0 "-" "WordPress/6.6.2; https://dietcontrungnhanh.com"
20.171.206.246 - - [21/Oct/2024:16:17:21 -0400] "GET /dich-vu-diet-muoi-quan-binh-thanh/embed/ HTTP/1.1" 200 6578 "-" "Mozilla/5.0 AppleWebKit/537.36 (KHTML, like Gecko; compatible; GPTBot/1.2; +https://openai.com/gptbot)"
162.213.251.195 - - [21/Oct/2024:16:17:24 -0400] "POST /wp-cron.php?doing_wp_cron=1729541843.8576989173889160156250 HTTP/1.1" 200 0 "-" "WordPress/6.6.2; https://dietcontrungnhanh.com"
20.171.206.246 - - [21/Oct/2024:16:17:23 -0400] "GET /san-pham/binh-4-lit-phun-diet-con-trung-05/embed/ HTTP/1.1" 200 6972 "-" "Mozilla/5.0 AppleWebKit/537.36 (KHTML, like Gecko; compatible; GPTBot/1.2; +https://openai.com/gptbot)"
162.213.251.195 - - [21/Oct/2024:16:17:26 -0400] "POST /wp-cron.php?doing_wp_cron=1729541845.8446440696716308593750 HTTP/1.1" 200 0 "-" "WordPress/6.6.2; https://dietcontrungnhanh.com"
20.171.206.246 - - [21/Oct/2024:16:17:25 -0400] "GET /san-pham/binh-4-lit-phun-diet-con-trung-04/embed/ HTTP/1.1" 200 6946 "-" "Mozilla/5.0 AppleWebKit/537.36 (KHTML, like Gecko; compatible; GPTBot/1.2; +https://openai.com/gptbot)"
162.213.251.195 - - [21/Oct/2024:16:17:29 -0400] "POST /wp-cron.php?doing_wp_cron=1729541848.5957520008087158203125 HTTP/1.1" 200 0 "-" "WordPress/6.6.2; https://dietcontrungnhanh.com"
20.171.206.150 - - [21/Oct/2024:16:17:27 -0400] "GET /dich-vu-diet-moi-quan-3-bao-ve-to-am-tu-moi-nguy-con-trung/embed/ HTTP/1.1" 200 6807 "-" "Mozilla/5.0 AppleWebKit/537.36 (KHTML, like Gecko; compatible; GPTBot/1.2; +https://openai.com/gptbot)"
20.171.206.150 - - [21/Oct/2024:16:17:30 -0400] "GET /dich-vu-diet-moi-nha-be-giai-phap-toan-dien-danh-bai-moi/embed/ HTTP/1.1" 200 6775 "-" "Mozilla/5.0 AppleWebKit/537.36 (KHTML, like Gecko; compatible; GPTBot/1.2; +https://openai.com/gptbot)"
20.171.206.150 - - [21/Oct/2024:16:17:33 -0400] "GET /san-pham/binh-4-lit-phun-diet-con-trung-08/embed/ HTTP/1.1" 200 6949 "-" "Mozilla/5.0 AppleWebKit/537.36 (KHTML, like Gecko; compatible; GPTBot/1.2; +https://openai.com/gptbot)"
20.171.206.150 - - [21/Oct/2024:16:17:35 -0400] "GET /dich-vu-diet-moi-quan-5-diet-moi-uy-tin-tai-tp-hcm/embed/ HTTP/1.1" 200 6797 "-" "Mozilla/5.0 AppleWebKit/537.36 (KHTML, like Gecko; compatible; GPTBot/1.2; +https://openai.com/gptbot)"
20.171.206.150 - - [21/Oct/2024:16:17:38 -0400] "GET /dich-vu-diet-gian-thu-duc-chuyen-nghiep-hieu-qua/embed/ HTTP/1.1" 200 6755 "-" "Mozilla/5.0 AppleWebKit/537.36 (KHTML, like Gecko; compatible; GPTBot/1.2; +https://openai.com/gptbot)"
162.213.251.195 - - [21/Oct/2024:16:18:43 -0400] "POST /wp-cron.php?doing_wp_cron=1729541923.0021491050720214843750 HTTP/1.1" 200 0 "-" "WordPress/6.6.2; https://dietcontrungnhanh.com"
66.249.77.228 - - [21/Oct/2024:16:18:42 -0400] "GET /.well-knownold/bala.php HTTP/1.1" 404 16541 "-" "Mozilla/5.0 (Linux; Android 6.0.1; Nexus 5X Build/MMB29P) AppleWebKit/537.36 (KHTML, like Gecko) Chrome/130.0.6723.58 Mobile Safari/537.36 (compatible; Googlebot/2.1; +http://www.google.com/bot.html)"
162.213.251.195 - - [21/Oct/2024:16:22:04 -0400] "POST /wp-cron.php?doing_wp_cron=1729542124.1592640876770019531250 HTTP/1.1" 200 0 "-" "WordPress/6.6.2; https://dietcontrungnhanh.com"
20.171.206.235 - - [21/Oct/2024:16:22:01 -0400] "GET /dich-vu-diet-moi-quan-7/embed/ HTTP/1.1" 200 6708 "-" "Mozilla/5.0 AppleWebKit/537.36 (KHTML, like Gecko; compatible; GPTBot/1.2; +https://openai.com/gptbot)"
162.213.251.195 - - [21/Oct/2024:16:22:07 -0400] "POST /wp-cron.php?doing_wp_cron=1729542126.4737949371337890625000 HTTP/1.1" 200 0 "-" "WordPress/6.6.2; https://dietcontrungnhanh.com"
20.171.206.235 - - [21/Oct/2024:16:22:05 -0400] "GET /dich-vu-diet-chuot-quan-6/embed/ HTTP/1.1" 200 6729 "-" "Mozilla/5.0 AppleWebKit/537.36 (KHTML, like Gecko; compatible; GPTBot/1.2; +https://openai.com/gptbot)"
162.213.251.195 - - [21/Oct/2024:16:22:11 -0400] "POST /wp-cron.php?doing_wp_cron=1729542130.7936580181121826171875 HTTP/1.1" 200 0 "-" "WordPress/6.6.2; https://dietcontrungnhanh.com"
20.171.206.235 - - [21/Oct/2024:16:22:10 -0400] "GET /chinh-sach-bao-hanh/embed/ HTTP/1.1" 200 6365 "-" "Mozilla/5.0 AppleWebKit/537.36 (KHTML, like Gecko; compatible; GPTBot/1.2; +https://openai.com/gptbot)"
162.213.251.195 - - [21/Oct/2024:16:22:15 -0400] "POST /wp-cron.php?doing_wp_cron=1729542134.6743280887603759765625 HTTP/1.1" 200 0 "-" "WordPress/6.6.2; https://dietcontrungnhanh.com"
20.171.206.235 - - [21/Oct/2024:16:22:13 -0400] "GET /dich-vu-diet-chuot-quan-2/embed/ HTTP/1.1" 200 6581 "-" "Mozilla/5.0 AppleWebKit/537.36 (KHTML, like Gecko; compatible; GPTBot/1.2; +https://openai.com/gptbot)"
162.213.251.195 - - [21/Oct/2024:16:22:19 -0400] "POST /wp-cron.php?doing_wp_cron=1729542138.3569378852844238281250 HTTP/1.1" 200 0 "-" "WordPress/6.6.2; https://dietcontrungnhanh.com"
20.171.206.235 - - [21/Oct/2024:16:22:17 -0400] "GET /dich-vu-diet-chuot-hoc-mon/embed/ HTTP/1.1" 200 6616 "-" "Mozilla/5.0 AppleWebKit/537.36 (KHTML, like Gecko; compatible; GPTBot/1.2; +https://openai.com/gptbot)"
162.213.251.195 - - [21/Oct/2024:16:22:22 -0400] "POST /wp-cron.php?doing_wp_cron=1729542141.5497920513153076171875 HTTP/1.1" 200 0 "-" "WordPress/6.6.2; https://dietcontrungnhanh.com"
20.171.206.235 - - [21/Oct/2024:16:22:20 -0400] "GET /dich-vu-diet-chuot-cu-chi/embed/ HTTP/1.1" 200 6650 "-" "Mozilla/5.0 AppleWebKit/537.36 (KHTML, like Gecko; compatible; GPTBot/1.2; +https://openai.com/gptbot)"
162.213.251.195 - - [21/Oct/2024:16:22:25 -0400] "POST /wp-cron.php?doing_wp_cron=1729542144.8044741153717041015625 HTTP/1.1" 200 0 "-" "WordPress/6.6.2; https://dietcontrungnhanh.com"
20.171.206.235 - - [21/Oct/2024:16:22:23 -0400] "GET /dich-vu-diet-chuot-quan-4/embed/ HTTP/1.1" 200 6652 "-" "Mozilla/5.0 AppleWebKit/537.36 (KHTML, like Gecko; compatible; GPTBot/1.2; +https://openai.com/gptbot)"
162.213.251.195 - - [21/Oct/2024:16:22:27 -0400] "POST /wp-cron.php?doing_wp_cron=1729542146.8605759143829345703125 HTTP/1.1" 200 0 "-" "WordPress/6.6.2; https://dietcontrungnhanh.com"
20.171.206.235 - - [21/Oct/2024:16:22:26 -0400] "GET /dich-vu-diet-chuot-quan-3/embed/ HTTP/1.1" 200 6611 "-" "Mozilla/5.0 AppleWebKit/537.36 (KHTML, like Gecko; compatible; GPTBot/1.2; +https://openai.com/gptbot)"
162.213.251.195 - - [21/Oct/2024:16:22:29 -0400] "POST /wp-cron.php?doing_wp_cron=1729542149.2046689987182617187500 HTTP/1.1" 200 0 "-" "WordPress/6.6.2; https://dietcontrungnhanh.com"
20.171.206.57 - - [21/Oct/2024:16:22:28 -0400] "GET /dich-vu-diet-chuot-quan-binh-tan/embed/ HTTP/1.1" 200 6596 "-" "Mozilla/5.0 AppleWebKit/537.36 (KHTML, like Gecko; compatible; GPTBot/1.2; +https://openai.com/gptbot)"
162.213.251.195 - - [21/Oct/2024:16:22:31 -0400] "POST /wp-cron.php?doing_wp_cron=1729542151.2996649742126464843750 HTTP/1.1" 200 0 "-" "WordPress/6.6.2; https://dietcontrungnhanh.com"
20.171.206.57 - - [21/Oct/2024:16:22:30 -0400] "GET /dich-vu-diet-muoi-quan-10/embed/ HTTP/1.1" 200 6649 "-" "Mozilla/5.0 AppleWebKit/537.36 (KHTML, like Gecko; compatible; GPTBot/1.2; +https://openai.com/gptbot)"
162.213.251.195 - - [21/Oct/2024:16:22:33 -0400] "POST /wp-cron.php?doing_wp_cron=1729542153.1121540069580078125000 HTTP/1.1" 200 0 "-" "WordPress/6.6.2; https://dietcontrungnhanh.com"
20.171.206.57 - - [21/Oct/2024:16:22:32 -0400] "GET /dich-vu-diet-muoi-quan-12/embed/ HTTP/1.1" 200 6645 "-" "Mozilla/5.0 AppleWebKit/537.36 (KHTML, like Gecko; compatible; GPTBot/1.2; +https://openai.com/gptbot)"
162.213.251.195 - - [21/Oct/2024:16:22:35 -0400] "POST /wp-cron.php?doing_wp_cron=1729542154.7558040618896484375000 HTTP/1.1" 200 0 "-" "WordPress/6.6.2; https://dietcontrungnhanh.com"
20.171.206.57 - - [21/Oct/2024:16:22:34 -0400] "GET /chinh-sach-doi-tra-hang/embed/ HTTP/1.1" 200 6456 "-" "Mozilla/5.0 AppleWebKit/537.36 (KHTML, like Gecko; compatible; GPTBot/1.2; +https://openai.com/gptbot)"
162.213.251.195 - - [21/Oct/2024:16:22:36 -0400] "POST /wp-cron.php?doing_wp_cron=1729542156.3796870708465576171875 HTTP/1.1" 200 0 "-" "WordPress/6.6.2; https://dietcontrungnhanh.com"
20.171.206.57 - - [21/Oct/2024:16:22:35 -0400] "GET /dich-vu-diet-chuot-quan-10-cong-ty-diet-chuot-uy-tin-hang-dau/embed/ HTTP/1.1" 200 6738 "-" "Mozilla/5.0 AppleWebKit/537.36 (KHTML, like Gecko; compatible; GPTBot/1.2; +https://openai.com/gptbot)"
162.213.251.195 - - [21/Oct/2024:16:22:38 -0400] "POST /wp-cron.php?doing_wp_cron=1729542157.7104549407958984375000 HTTP/1.1" 200 0 "-" "WordPress/6.6.2; https://dietcontrungnhanh.com"
20.171.206.57 - - [21/Oct/2024:16:22:37 -0400] "GET /dich-vu-diet-chuot-tai-ho-chi-minh/embed/ HTTP/1.1" 200 6566 "-" "Mozilla/5.0 AppleWebKit/537.36 (KHTML, like Gecko; compatible; GPTBot/1.2; +https://openai.com/gptbot)"
162.213.251.195 - - [21/Oct/2024:16:22:39 -0400] "POST /wp-cron.php?doing_wp_cron=1729542158.9758770465850830078125 HTTP/1.1" 200 0 "-" "WordPress/6.6.2; https://dietcontrungnhanh.com"
20.171.206.57 - - [21/Oct/2024:16:22:38 -0400] "GET /diet-muoi-con-trung-quan-8/embed/ HTTP/1.1" 200 6583 "-" "Mozilla/5.0 AppleWebKit/537.36 (KHTML, like Gecko; compatible; GPTBot/1.2; +https://openai.com/gptbot)"
162.213.251.195 - - [21/Oct/2024:16:22:40 -0400] "POST /wp-cron.php?doing_wp_cron=1729542160.2440710067749023437500 HTTP/1.1" 200 0 "-" "WordPress/6.6.2; https://dietcontrungnhanh.com"
20.171.206.57 - - [21/Oct/2024:16:22:39 -0400] "GET /gio-hang/embed/ HTTP/1.1" 200 6109 "-" "Mozilla/5.0 AppleWebKit/537.36 (KHTML, like Gecko; compatible; GPTBot/1.2; +https://openai.com/gptbot)"
162.213.251.195 - - [21/Oct/2024:16:22:42 -0400] "POST /wp-cron.php?doing_wp_cron=1729542161.6759870052337646484375 HTTP/1.1" 200 0 "-" "WordPress/6.6.2; https://dietcontrungnhanh.com"
20.171.206.57 - - [21/Oct/2024:16:22:41 -0400] "GET /dich-vu-diet-chuot-quan-binh-thanh/embed/ HTTP/1.1" 200 6618 "-" "Mozilla/5.0 AppleWebKit/537.36 (KHTML, like Gecko; compatible; GPTBot/1.2; +https://openai.com/gptbot)"
20.171.206.57 - - [21/Oct/2024:16:22:42 -0400] "GET /lien-he/embed/ HTTP/1.1" 200 6122 "-" "Mozilla/5.0 AppleWebKit/537.36 (KHTML, like Gecko; compatible; GPTBot/1.2; +https://openai.com/gptbot)"
162.213.251.195 - - [21/Oct/2024:16:22:45 -0400] "POST /wp-cron.php?doing_wp_cron=1729542165.0388720035552978515625 HTTP/1.1" 200 0 "-" "WordPress/6.6.2; https://dietcontrungnhanh.com"
20.171.206.57 - - [21/Oct/2024:16:22:44 -0400] "GET /dich-vu-diet-ruoi-tai-ho-chi-minh/embed/ HTTP/1.1" 200 6768 "-" "Mozilla/5.0 AppleWebKit/537.36 (KHTML, like Gecko; compatible; GPTBot/1.2; +https://openai.com/gptbot)"
162.213.251.195 - - [21/Oct/2024:16:22:47 -0400] "POST /wp-cron.php?doing_wp_cron=1729542167.2541069984436035156250 HTTP/1.1" 200 0 "-" "WordPress/6.6.2; https://dietcontrungnhanh.com"
20.171.206.57 - - [21/Oct/2024:16:22:46 -0400] "GET /dich-vu-diet-muoi-thu-duc/embed/ HTTP/1.1" 200 6509 "-" "Mozilla/5.0 AppleWebKit/537.36 (KHTML, like Gecko; compatible; GPTBot/1.2; +https://openai.com/gptbot)"
162.213.251.195 - - [21/Oct/2024:16:22:50 -0400] "POST /wp-cron.php?doing_wp_cron=1729542170.1421160697937011718750 HTTP/1.1" 200 0 "-" "WordPress/6.6.2; https://dietcontrungnhanh.com"
20.171.206.57 - - [21/Oct/2024:16:22:49 -0400] "GET /gioi-thieu/embed/ HTTP/1.1" 200 6378 "-" "Mozilla/5.0 AppleWebKit/537.36 (KHTML, like Gecko; compatible; GPTBot/1.2; +https://openai.com/gptbot)"
162.213.251.195 - - [21/Oct/2024:16:22:53 -0400] "POST /wp-cron.php?doing_wp_cron=1729542172.7352440357208251953125 HTTP/1.1" 200 0 "-" "WordPress/6.6.2; https://dietcontrungnhanh.com"
20.171.206.57 - - [21/Oct/2024:16:22:51 -0400] "GET /dich-vu-diet-chuot-quan-8/embed/ HTTP/1.1" 200 6682 "-" "Mozilla/5.0 AppleWebKit/537.36 (KHTML, like Gecko; compatible; GPTBot/1.2; +https://openai.com/gptbot)"
162.213.251.195 - - [21/Oct/2024:16:22:55 -0400] "POST /wp-cron.php?doing_wp_cron=1729542175.0388760566711425781250 HTTP/1.1" 200 0 "-" "WordPress/6.6.2; https://dietcontrungnhanh.com"
20.171.206.57 - - [21/Oct/2024:16:22:54 -0400] "GET /hd-mua-hang/embed/ HTTP/1.1" 200 6098 "-" "Mozilla/5.0 AppleWebKit/537.36 (KHTML, like Gecko; compatible; GPTBot/1.2; +https://openai.com/gptbot)"
162.213.251.195 - - [21/Oct/2024:16:22:57 -0400] "POST /wp-cron.php?doing_wp_cron=1729542177.4202098846435546875000 HTTP/1.1" 200 0 "-" "WordPress/6.6.2; https://dietcontrungnhanh.com"
20.171.206.57 - - [21/Oct/2024:16:22:56 -0400] "GET /san-pham/binh-4-lit-phun-diet-con-trung-03/embed/ HTTP/1.1" 200 6944 "-" "Mozilla/5.0 AppleWebKit/537.36 (KHTML, like Gecko; compatible; GPTBot/1.2; +https://openai.com/gptbot)"
162.213.251.195 - - [21/Oct/2024:16:23:00 -0400] "POST /wp-cron.php?doing_wp_cron=1729542179.7422759532928466796875 HTTP/1.1" 200 0 "-" "WordPress/6.6.2; https://dietcontrungnhanh.com"
20.171.206.57 - - [21/Oct/2024:16:22:59 -0400] "GET /hoi-dap/embed/ HTTP/1.1" 200 6109 "-" "Mozilla/5.0 AppleWebKit/537.36 (KHTML, like Gecko; compatible; GPTBot/1.2; +https://openai.com/gptbot)"
162.213.251.195 - - [21/Oct/2024:16:23:02 -0400] "POST /wp-cron.php?doing_wp_cron=1729542182.0231060981750488281250 HTTP/1.1" 200 0 "-" "WordPress/6.6.2; https://dietcontrungnhanh.com"
20.171.206.57 - - [21/Oct/2024:16:23:01 -0400] "GET /dich-vu-diet-gian-tai-huyen-binh-chanh/embed/ HTTP/1.1" 200 6650 "-" "Mozilla/5.0 AppleWebKit/537.36 (KHTML, like Gecko; compatible; GPTBot/1.2; +https://openai.com/gptbot)"
162.213.251.195 - - [21/Oct/2024:16:23:04 -0400] "POST /wp-cron.php?doing_wp_cron=1729542183.7613670825958251953125 HTTP/1.1" 200 0 "-" "WordPress/6.6.2; https://dietcontrungnhanh.com"
20.171.206.57 - - [21/Oct/2024:16:23:03 -0400] "GET /san-pham/binh-4-lit-phun-diet-con-trung-01/embed/ HTTP/1.1" 200 6927 "-" "Mozilla/5.0 AppleWebKit/537.36 (KHTML, like Gecko; compatible; GPTBot/1.2; +https://openai.com/gptbot)"
162.213.251.195 - - [21/Oct/2024:16:23:05 -0400] "POST /wp-cron.php?doing_wp_cron=1729542185.5668709278106689453125 HTTP/1.1" 200 0 "-" "WordPress/6.6.2; https://dietcontrungnhanh.com"
20.171.206.57 - - [21/Oct/2024:16:23:05 -0400] "GET /dich-vu-diet-muoi-quan-go-vap/embed/ HTTP/1.1" 200 6605 "-" "Mozilla/5.0 AppleWebKit/537.36 (KHTML, like Gecko; compatible; GPTBot/1.2; +https://openai.com/gptbot)"
162.213.251.195 - - [21/Oct/2024:16:23:07 -0400] "POST /wp-cron.php?doing_wp_cron=1729542186.9991989135742187500000 HTTP/1.1" 200 0 "-" "WordPress/6.6.2; https://dietcontrungnhanh.com"
20.171.206.57 - - [21/Oct/2024:16:23:06 -0400] "GET /san-pham/binh-4-lit-phun-diet-con-trung-05/embed/ HTTP/1.1" 200 6974 "-" "Mozilla/5.0 AppleWebKit/537.36 (KHTML, like Gecko; compatible; GPTBot/1.2; +https://openai.com/gptbot)"
162.213.251.195 - - [21/Oct/2024:16:23:08 -0400] "POST /wp-cron.php?doing_wp_cron=1729542188.5122029781341552734375 HTTP/1.1" 200 0 "-" "WordPress/6.6.2; https://dietcontrungnhanh.com"
20.171.206.57 - - [21/Oct/2024:16:23:07 -0400] "GET /dich-vu-diet-chuot-quan-9/embed/ HTTP/1.1" 200 6711 "-" "Mozilla/5.0 AppleWebKit/537.36 (KHTML, like Gecko; compatible; GPTBot/1.2; +https://openai.com/gptbot)"
162.213.251.195 - - [21/Oct/2024:16:23:12 -0400] "POST /wp-cron.php?doing_wp_cron=1729542192.4334399700164794921875 HTTP/1.1" 200 0 "-" "WordPress/6.6.2; https://dietcontrungnhanh.com"
20.171.206.57 - - [21/Oct/2024:16:23:11 -0400] "GET /dich-vu-diet-moi-quan-3-bao-ve-to-am-tu-moi-nguy-con-trung/embed/ HTTP/1.1" 200 6806 "-" "Mozilla/5.0 AppleWebKit/537.36 (KHTML, like Gecko; compatible; GPTBot/1.2; +https://openai.com/gptbot)"
162.213.251.195 - - [21/Oct/2024:16:23:14 -0400] "POST /wp-cron.php?doing_wp_cron=1729542194.2247540950775146484375 HTTP/1.1" 200 0 "-" "WordPress/6.6.2; https://dietcontrungnhanh.com"
20.171.206.57 - - [21/Oct/2024:16:23:13 -0400] "GET /dich-vu-diet-muoi-quan-binh-thanh/embed/ HTTP/1.1" 200 6577 "-" "Mozilla/5.0 AppleWebKit/537.36 (KHTML, like Gecko; compatible; GPTBot/1.2; +https://openai.com/gptbot)"
162.213.251.195 - - [21/Oct/2024:16:23:16 -0400] "POST /wp-cron.php?doing_wp_cron=1729542195.7272000312805175781250 HTTP/1.1" 200 0 "-" "WordPress/6.6.2; https://dietcontrungnhanh.com"
20.171.206.57 - - [21/Oct/2024:16:23:15 -0400] "GET /san-pham/binh-4-lit-phun-diet-con-trung-04/embed/ HTTP/1.1" 200 6949 "-" "Mozilla/5.0 AppleWebKit/537.36 (KHTML, like Gecko; compatible; GPTBot/1.2; +https://openai.com/gptbot)"
162.213.251.195 - - [21/Oct/2024:16:23:17 -0400] "POST /wp-cron.php?doing_wp_cron=1729542197.2307219505310058593750 HTTP/1.1" 200 0 "-" "WordPress/6.6.2; https://dietcontrungnhanh.com"
20.171.206.57 - - [21/Oct/2024:16:23:16 -0400] "GET /dich-vu-diet-moi-nha-be-giai-phap-toan-dien-danh-bai-moi/embed/ HTTP/1.1" 200 6776 "-" "Mozilla/5.0 AppleWebKit/537.36 (KHTML, like Gecko; compatible; GPTBot/1.2; +https://openai.com/gptbot)"
162.213.251.195 - - [21/Oct/2024:16:23:18 -0400] "POST /wp-cron.php?doing_wp_cron=1729542198.3905129432678222656250 HTTP/1.1" 200 0 "-" "WordPress/6.6.2; https://dietcontrungnhanh.com"
20.171.206.57 - - [21/Oct/2024:16:23:18 -0400] "GET /dich-vu-diet-gian-thu-duc-chuyen-nghiep-hieu-qua/embed/ HTTP/1.1" 200 6764 "-" "Mozilla/5.0 AppleWebKit/537.36 (KHTML, like Gecko; compatible; GPTBot/1.2; +https://openai.com/gptbot)"
162.213.251.195 - - [21/Oct/2024:16:23:20 -0400] "POST /wp-cron.php?doing_wp_cron=1729542199.8788630962371826171875 HTTP/1.1" 200 0 "-" "WordPress/6.6.2; https://dietcontrungnhanh.com"
20.171.206.57 - - [21/Oct/2024:16:23:19 -0400] "GET /dich-vu-diet-moi-quan-5-diet-moi-uy-tin-tai-tp-hcm/embed/ HTTP/1.1" 200 6786 "-" "Mozilla/5.0 AppleWebKit/537.36 (KHTML, like Gecko; compatible; GPTBot/1.2; +https://openai.com/gptbot)"
162.213.251.195 - - [21/Oct/2024:16:23:23 -0400] "POST /wp-cron.php?doing_wp_cron=1729542203.5405189990997314453125 HTTP/1.1" 200 0 "-" "WordPress/6.6.2; https://dietcontrungnhanh.com"
20.171.206.57 - - [21/Oct/2024:16:23:22 -0400] "GET /san-pham/binh-4-lit-phun-diet-con-trung-08/embed/ HTTP/1.1" 200 6949 "-" "Mozilla/5.0 AppleWebKit/537.36 (KHTML, like Gecko; compatible; GPTBot/1.2; +https://openai.com/gptbot)"
162.213.251.195 - - [21/Oct/2024:16:25:24 -0400] "POST /wp-cron.php?doing_wp_cron=1729542324.6004629135131835937500 HTTP/1.1" 200 0 "-" "WordPress/6.6.2; https://dietcontrungnhanh.com"
66.249.77.226 - - [21/Oct/2024:16:25:17 -0400] "GET /images/ HTTP/1.1" 404 18722 "-" "Mozilla/5.0 (Linux; Android 6.0.1; Nexus 5X Build/MMB29P) AppleWebKit/537.36 (KHTML, like Gecko) Chrome/130.0.6723.58 Mobile Safari/537.36 (compatible; Googlebot/2.1; +http://www.google.com/bot.html)"
162.213.251.195 - - [21/Oct/2024:16:32:07 -0400] "POST /wp-cron.php?doing_wp_cron=1729542727.1995999813079833984375 HTTP/1.1" 200 0 "-" "WordPress/6.6.2; https://dietcontrungnhanh.com"
216.244.66.234 - - [21/Oct/2024:16:32:03 -0400] "GET /thi-cong-mang-quan-phu-nhuan/ HTTP/1.1" 404 18704 "-" "Mozilla/5.0 (compatible; DotBot/1.2; +https://opensiteexplorer.org/dotbot; [email protected])"
162.213.251.195 - - [21/Oct/2024:16:32:38 -0400] "POST /wp-cron.php?doing_wp_cron=1729542758.3502709865570068359375 HTTP/1.1" 200 0 "-" "WordPress/6.6.2; https://dietcontrungnhanh.com"
114.119.159.61 - - [21/Oct/2024:16:32:37 -0400] "GET /wp-content/uploads/2018/07/cach-diet-kien-gio-tren-giuong-660x330.jpg HTTP/1.1" 404 19622 "-" "Mozilla/5.0 (Linux; Android 7.0;) AppleWebKit/537.36 (KHTML, like Gecko) Mobile Safari/537.36 (compatible; PetalBot;+https://webmaster.petalsearch.com/site/petalbot)"
162.213.251.195 - - [21/Oct/2024:16:33:40 -0400] "POST /wp-cron.php?doing_wp_cron=1729542820.3869690895080566406250 HTTP/1.1" 200 0 "-" "WordPress/6.6.2; https://dietcontrungnhanh.com"
216.244.66.234 - - [21/Oct/2024:16:33:39 -0400] "GET /thi-cong-mang-quan-6-2/ HTTP/1.1" 301 0 "-" "Mozilla/5.0 (compatible; DotBot/1.2; +https://opensiteexplorer.org/dotbot; [email protected])"
162.213.251.195 - - [21/Oct/2024:16:37:20 -0400] "POST /wp-cron.php?doing_wp_cron=1729543039.7409350872039794921875 HTTP/1.1" 200 0 "-" "WordPress/6.6.2; https://dietcontrungnhanh.com"
66.249.77.226 - - [21/Oct/2024:16:37:17 -0400] "GET /upload/ HTTP/1.1" 404 18719 "-" "Mozilla/5.0 (Linux; Android 6.0.1; Nexus 5X Build/MMB29P) AppleWebKit/537.36 (KHTML, like Gecko) Chrome/130.0.6723.58 Mobile Safari/537.36 (compatible; Googlebot/2.1; +http://www.google.com/bot.html)"
162.213.251.195 - - [21/Oct/2024:16:42:40 -0400] "POST /wp-cron.php?doing_wp_cron=1729543360.1154670715332031250000 HTTP/1.1" 200 0 "-" "WordPress/6.6.2; https://dietcontrungnhanh.com"
198.235.24.106 - - [21/Oct/2024:16:42:37 -0400] "GET / HTTP/1.1" 301 0 "-" "Expanse, a Palo Alto Networks company, searches across the global IPv4 space multiple times per day to identify customers' presences on the Internet. If you would like to be excluded from our scans, please send IP addresses/domains to: [email protected]"
162.213.251.195 - - [21/Oct/2024:16:46:01 -0400] "POST /wp-cron.php?doing_wp_cron=1729543561.0171849727630615234375 HTTP/1.1" 200 0 "-" "WordPress/6.6.2; https://dietcontrungnhanh.com"
3.144.182.180 - - [21/Oct/2024:16:45:57 -0400] "GET /wp-content/plugins/essential-addons-for-elementor-lite/readme.txt HTTP/1.1" 404 17426 "www.google.com" "Mozilla/6.4 (Windows NT 11.1) Gecko/2010102 Firefox/99.0"
162.213.251.195 - - [21/Oct/2024:16:48:48 -0400] "POST /wp-cron.php?doing_wp_cron=1729543728.2612800598144531250000 HTTP/1.1" 200 0 "-" "WordPress/6.6.2; https://dietcontrungnhanh.com"
66.249.77.227 - - [21/Oct/2024:16:48:42 -0400] "GET /admin/upload/ HTTP/1.1" 404 18718 "-" "Mozilla/5.0 (Linux; Android 6.0.1; Nexus 5X Build/MMB29P) AppleWebKit/537.36 (KHTML, like Gecko) Chrome/130.0.6723.58 Mobile Safari/537.36 (compatible; Googlebot/2.1; +http://www.google.com/bot.html)"
162.213.251.195 - - [21/Oct/2024:16:49:18 -0400] "POST /wp-cron.php?doing_wp_cron=1729543758.2193989753723144531250 HTTP/1.1" 200 0 "-" "WordPress/6.6.2; https://dietcontrungnhanh.com"
66.249.77.227 - - [21/Oct/2024:16:49:17 -0400] "GET /blog HTTP/1.1" 404 18697 "-" "Mozilla/5.0 (Linux; Android 6.0.1; Nexus 5X Build/MMB29P) AppleWebKit/537.36 (KHTML, like Gecko) Chrome/130.0.6723.58 Mobile Safari/537.36 (compatible; Googlebot/2.1; +http://www.google.com/bot.html)"
162.213.251.195 - - [21/Oct/2024:16:52:45 -0400] "POST /wp-cron.php?doing_wp_cron=1729543965.1235899925231933593750 HTTP/1.1" 200 0 "-" "WordPress/6.6.2; https://dietcontrungnhanh.com"
205.185.125.62 - - [21/Oct/2024:16:52:36 -0400] "GET /wp-login.php HTTP/1.1" 200 2800 "-" "Mozilla/5.0 (Windows NT 6.3; WOW64; rv:31.0) Gecko/20100101 Firefox/31.0"
205.185.125.62 - - [21/Oct/2024:16:52:47 -0400] "POST /wp-login.php HTTP/1.1" 200 2964 "-" "Mozilla/5.0 (Windows NT 6.3; WOW64; rv:31.0) Gecko/20100101 Firefox/31.0"
162.213.251.195 - - [21/Oct/2024:16:54:07 -0400] "POST /wp-cron.php?doing_wp_cron=1729544047.2090489864349365234375 HTTP/1.1" 200 0 "-" "WordPress/6.6.2; https://dietcontrungnhanh.com"
45.61.185.119 - - [21/Oct/2024:16:54:06 -0400] "GET /wp-login.php HTTP/1.1" 200 2811 "-" "Mozilla/5.0 (Windows NT 6.1) AppleWebKit/537.36 (KHTML, like Gecko) Chrome/35.0.1916.153 Safari/537.36"
162.213.251.195 - - [21/Oct/2024:16:54:09 -0400] "POST /wp-cron.php?doing_wp_cron=1729544048.9640440940856933593750 HTTP/1.1" 200 0 "-" "WordPress/6.6.2; https://dietcontrungnhanh.com"
45.61.185.119 - - [21/Oct/2024:16:54:08 -0400] "POST /wp-login.php HTTP/1.1" 200 3003 "-" "Mozilla/5.0 (Windows NT 6.1) AppleWebKit/537.36 (KHTML, like Gecko) Chrome/35.0.1916.153 Safari/537.36"
162.213.251.195 - - [21/Oct/2024:17:00:00 -0400] "POST /wp-cron.php?doing_wp_cron=1729544400.4127519130706787109375 HTTP/1.1" 200 0 "-" "WordPress/6.6.2; https://dietcontrungnhanh.com"
209.141.44.130 - - [21/Oct/2024:16:59:54 -0400] "GET /wp-login.php HTTP/1.1" 200 2811 "-" "Mozilla/5.0 (Windows NT 6.3; WOW64; Trident/7.0; rv:11.0) like Gecko"
209.141.44.130 - - [21/Oct/2024:17:00:02 -0400] "POST /wp-login.php HTTP/1.1" 200 2964 "-" "Mozilla/5.0 (Windows NT 6.3; WOW64; Trident/7.0; rv:11.0) like Gecko"
162.213.251.195 - - [21/Oct/2024:17:00:05 -0400] "POST /wp-cron.php?doing_wp_cron=1729544403.5888140201568603515625 HTTP/1.1" 200 0 "-" "WordPress/6.6.2; https://dietcontrungnhanh.com"
162.213.251.195 - - [21/Oct/2024:17:01:18 -0400] "POST /wp-cron.php?doing_wp_cron=1729544478.3306560516357421875000 HTTP/1.1" 200 0 "-" "WordPress/6.6.2; https://dietcontrungnhanh.com"
66.249.77.228 - - [21/Oct/2024:17:01:17 -0400] "GET /test HTTP/1.1" 404 18727 "-" "Mozilla/5.0 (Linux; Android 6.0.1; Nexus 5X Build/MMB29P) AppleWebKit/537.36 (KHTML, like Gecko) Chrome/130.0.6723.58 Mobile Safari/537.36 (compatible; Googlebot/2.1; +http://www.google.com/bot.html)"
162.213.251.195 - - [21/Oct/2024:17:02:42 -0400] "POST /wp-cron.php?doing_wp_cron=1729544562.5527260303497314453125 HTTP/1.1" 200 0 "-" "WordPress/6.6.2; https://dietcontrungnhanh.com"
199.195.251.210 - - [21/Oct/2024:17:02:42 -0400] "GET /wp-login.php HTTP/1.1" 200 2800 "-" "Mozilla/5.0 (Windows NT 6.3; WOW64; rv:31.0) Gecko/20100101 Firefox/31.0"
162.213.251.195 - - [21/Oct/2024:17:02:45 -0400] "POST /wp-cron.php?doing_wp_cron=1729544564.7626719474792480468750 HTTP/1.1" 200 0 "-" "WordPress/6.6.2; https://dietcontrungnhanh.com"
199.195.251.210 - - [21/Oct/2024:17:02:44 -0400] "POST /wp-login.php HTTP/1.1" 200 2966 "-" "Mozilla/5.0 (Windows NT 6.3; WOW64; rv:31.0) Gecko/20100101 Firefox/31.0"
162.213.251.195 - - [21/Oct/2024:17:13:28 -0400] "POST /wp-cron.php?doing_wp_cron=1729545208.2241699695587158203125 HTTP/1.1" 200 0 "-" "WordPress/6.6.2; https://dietcontrungnhanh.com"
66.249.77.226 - - [21/Oct/2024:17:13:17 -0400] "GET /mt/ HTTP/1.1" 404 18766 "-" "Mozilla/5.0 (Linux; Android 6.0.1; Nexus 5X Build/MMB29P) AppleWebKit/537.36 (KHTML, like Gecko) Chrome/130.0.6723.58 Mobile Safari/537.36 (compatible; Googlebot/2.1; +http://www.google.com/bot.html)"
162.213.251.195 - - [21/Oct/2024:17:15:35 -0400] "POST /wp-cron.php?doing_wp_cron=1729545335.1700360774993896484375 HTTP/1.1" 200 0 "-" "WordPress/6.6.2; https://dietcontrungnhanh.com"
66.249.77.227 - - [21/Oct/2024:17:15:32 -0400] "GET /en/index.php HTTP/1.1" 301 0 "-" "Mozilla/5.0 (Linux; Android 6.0.1; Nexus 5X Build/MMB29P) AppleWebKit/537.36 (KHTML, like Gecko) Chrome/130.0.6723.58 Mobile Safari/537.36 (compatible; Googlebot/2.1; +http://www.google.com/bot.html)"
66.249.77.225 - - [21/Oct/2024:17:15:36 -0400] "GET /en/ HTTP/1.1" 404 18820 "-" "Mozilla/5.0 (Linux; Android 6.0.1; Nexus 5X Build/MMB29P) AppleWebKit/537.36 (KHTML, like Gecko) Chrome/130.0.6723.58 Mobile Safari/537.36 (compatible; Googlebot/2.1; +http://www.google.com/bot.html)"
162.213.251.195 - - [21/Oct/2024:17:16:23 -0400] "POST /wp-cron.php?doing_wp_cron=1729545383.2526938915252685546875 HTTP/1.1" 200 0 "-" "WordPress/6.6.2; https://dietcontrungnhanh.com"
216.244.66.234 - - [21/Oct/2024:17:16:22 -0400] "GET /robots.txt HTTP/1.1" 200 116 "-" "Mozilla/5.0 (compatible; DotBot/1.2; +https://opensiteexplorer.org/dotbot; [email protected])"
162.213.251.195 - - [21/Oct/2024:17:18:45 -0400] "POST /wp-cron.php?doing_wp_cron=1729545525.2345929145812988281250 HTTP/1.1" 200 0 "-" "WordPress/6.6.2; https://dietcontrungnhanh.com"
66.249.77.225 - - [21/Oct/2024:17:18:42 -0400] "GET /wp-includes/wp-includes/ HTTP/1.1" 404 18766 "-" "Mozilla/5.0 (Linux; Android 6.0.1; Nexus 5X Build/MMB29P) AppleWebKit/537.36 (KHTML, like Gecko) Chrome/130.0.6723.58 Mobile Safari/537.36 (compatible; Googlebot/2.1; +http://www.google.com/bot.html)"
162.213.251.195 - - [21/Oct/2024:17:25:22 -0400] "POST /wp-cron.php?doing_wp_cron=1729545921.6243441104888916015625 HTTP/1.1" 200 0 "-" "WordPress/6.6.2; https://dietcontrungnhanh.com"
66.249.77.229 - - [21/Oct/2024:17:25:17 -0400] "GET /dich-vu-diet-con-trung-kien-tai-nha-re/ HTTP/1.1" 404 18821 "-" "Mozilla/5.0 (Linux; Android 6.0.1; Nexus 5X Build/MMB29P) AppleWebKit/537.36 (KHTML, like Gecko) Chrome/130.0.6723.58 Mobile Safari/537.36 (compatible; Googlebot/2.1; +http://www.google.com/bot.html)"
162.213.251.195 - - [21/Oct/2024:17:26:25 -0400] "POST /wp-cron.php?doing_wp_cron=1729545984.6351559162139892578125 HTTP/1.1" 200 0 "-" "WordPress/6.6.2; https://dietcontrungnhanh.com"
136.243.228.197 - - [21/Oct/2024:17:26:23 -0400] "GET / HTTP/1.1" 200 27087 "-" "Mozilla/5.0 (compatible; DataForSeoBot/1.0; +https://dataforseo.com/dataforseo-bot)"
162.213.251.195 - - [21/Oct/2024:17:28:42 -0400] "POST /wp-cron.php?doing_wp_cron=1729546122.1315619945526123046875 HTTP/1.1" 200 0 "-" "WordPress/6.6.2; https://dietcontrungnhanh.com"
43.134.170.46 - - [21/Oct/2024:17:28:38 -0400] "GET / HTTP/1.1" 200 27142 "http://dietcontrungnhanh.com" "Mozilla/5.0 (iPhone; CPU iPhone OS 13_2_3 like Mac OS X) AppleWebKit/605.1.15 (KHTML, like Gecko) Version/13.0.3 Mobile/15E148 Safari/604.1"
162.213.251.195 - - [21/Oct/2024:17:29:05 -0400] "POST /wp-cron.php?doing_wp_cron=1729546144.4486880302429199218750 HTTP/1.1" 200 0 "-" "WordPress/6.6.2; https://dietcontrungnhanh.com"
209.141.48.88 - - [21/Oct/2024:17:29:03 -0400] "GET /wp-login.php HTTP/1.1" 200 2800 "-" "Mozilla/5.0 (Macintosh; Intel Mac OS X 10_6_8) AppleWebKit/537.36 (KHTML, like Gecko) Chrome/36.0.1985.125 Safari/537.36"
162.213.251.195 - - [21/Oct/2024:17:29:08 -0400] "POST /wp-cron.php?doing_wp_cron=1729546148.3302628993988037109375 HTTP/1.1" 200 0 "-" "WordPress/6.6.2; https://dietcontrungnhanh.com"
209.141.48.88 - - [21/Oct/2024:17:29:07 -0400] "POST /wp-login.php HTTP/1.1" 200 2958 "-" "Mozilla/5.0 (Macintosh; Intel Mac OS X 10_6_8) AppleWebKit/537.36 (KHTML, like Gecko) Chrome/36.0.1985.125 Safari/537.36"
162.213.251.195 - - [21/Oct/2024:17:37:30 -0400] "POST /wp-cron.php?doing_wp_cron=1729546649.7237501144409179687500 HTTP/1.1" 200 0 "-" "WordPress/6.6.2; https://dietcontrungnhanh.com"
66.249.77.227 - - [21/Oct/2024:17:37:17 -0400] "GET /dich-vu-diet-con-trung/ HTTP/1.1" 404 18749 "-" "Mozilla/5.0 (Linux; Android 6.0.1; Nexus 5X Build/MMB29P) AppleWebKit/537.36 (KHTML, like Gecko) Chrome/130.0.6723.58 Mobile Safari/537.36 (compatible; Googlebot/2.1; +http://www.google.com/bot.html)"
162.213.251.195 - - [21/Oct/2024:17:40:27 -0400] "POST /wp-cron.php?doing_wp_cron=1729546827.5291469097137451171875 HTTP/1.1" 200 0 "-" "WordPress/6.6.2; https://dietcontrungnhanh.com"
216.244.66.234 - - [21/Oct/2024:17:40:24 -0400] "GET /san-pham/binh-4-lit-phun-diet-con-trung-01/ HTTP/1.1" 200 27162 "-" "Mozilla/5.0 (compatible; DotBot/1.2; +https://opensiteexplorer.org/dotbot; [email protected])"
162.213.251.195 - - [21/Oct/2024:17:45:36 -0400] "POST /wp-cron.php?doing_wp_cron=1729547136.2035460472106933593750 HTTP/1.1" 200 0 "-" "WordPress/6.6.2; https://dietcontrungnhanh.com"
66.249.77.226 - - [21/Oct/2024:17:45:33 -0400] "GET /cjfuns%20.php HTTP/1.1" 404 16599 "-" "Mozilla/5.0 (Linux; Android 6.0.1; Nexus 5X Build/MMB29P) AppleWebKit/537.36 (KHTML, like Gecko) Chrome/130.0.6723.58 Mobile Safari/537.36 (compatible; Googlebot/2.1; +http://www.google.com/bot.html)"
162.213.251.195 - - [21/Oct/2024:17:48:47 -0400] "POST /wp-cron.php?doing_wp_cron=1729547326.4972879886627197265625 HTTP/1.1" 200 0 "-" "WordPress/6.6.2; https://dietcontrungnhanh.com"
66.249.77.227 - - [21/Oct/2024:17:48:42 -0400] "GET /tanzhen.php HTTP/1.1" 404 16589 "-" "Mozilla/5.0 (Linux; Android 6.0.1; Nexus 5X Build/MMB29P) AppleWebKit/537.36 (KHTML, like Gecko) Chrome/130.0.6723.58 Mobile Safari/537.36 (compatible; Googlebot/2.1; +http://www.google.com/bot.html)"
66.249.77.226 - - [21/Oct/2024:17:49:17 -0400] "GET /diet-moi-quan-8/ HTTP/1.1" 404 18787 "-" "Mozilla/5.0 (Linux; Android 6.0.1; Nexus 5X Build/MMB29P) AppleWebKit/537.36 (KHTML, like Gecko) Chrome/130.0.6723.58 Mobile Safari/537.36 (compatible; Googlebot/2.1; +http://www.google.com/bot.html)"
162.213.251.195 - - [21/Oct/2024:17:57:04 -0400] "POST /wp-cron.php?doing_wp_cron=1729547824.3485229015350341796875 HTTP/1.1" 200 0 "-" "WordPress/6.6.2; https://dietcontrungnhanh.com"
20.171.206.10 - - [21/Oct/2024:17:56:57 -0400] "GET /robots.txt HTTP/1.1" 200 116 "-" "Mozilla/5.0 AppleWebKit/537.36 (KHTML, like Gecko; compatible; GPTBot/1.2; +https://openai.com/gptbot)"
20.171.206.241 - - [21/Oct/2024:17:57:05 -0400] "GET /dich-vu-diet-chuot-quan-6/embed/ HTTP/1.1" 200 6733 "-" "Mozilla/5.0 AppleWebKit/537.36 (KHTML, like Gecko; compatible; GPTBot/1.2; +https://openai.com/gptbot)"
162.213.251.195 - - [21/Oct/2024:17:57:08 -0400] "POST /wp-cron.php?doing_wp_cron=1729547828.6086380481719970703125 HTTP/1.1" 200 0 "-" "WordPress/6.6.2; https://dietcontrungnhanh.com"
20.171.206.241 - - [21/Oct/2024:17:57:08 -0400] "GET /chinh-sach-bao-hanh/embed/ HTTP/1.1" 200 6363 "-" "Mozilla/5.0 AppleWebKit/537.36 (KHTML, like Gecko; compatible; GPTBot/1.2; +https://openai.com/gptbot)"
162.213.251.195 - - [21/Oct/2024:17:57:11 -0400] "POST /wp-cron.php?doing_wp_cron=1729547831.4193480014801025390625 HTTP/1.1" 200 0 "-" "WordPress/6.6.2; https://dietcontrungnhanh.com"
20.171.206.241 - - [21/Oct/2024:17:57:10 -0400] "GET /dich-vu-diet-chuot-quan-4/embed/ HTTP/1.1" 200 6653 "-" "Mozilla/5.0 AppleWebKit/537.36 (KHTML, like Gecko; compatible; GPTBot/1.2; +https://openai.com/gptbot)"
162.213.251.195 - - [21/Oct/2024:17:57:14 -0400] "POST /wp-cron.php?doing_wp_cron=1729547834.1763379573822021484375 HTTP/1.1" 200 0 "-" "WordPress/6.6.2; https://dietcontrungnhanh.com"
20.171.206.241 - - [21/Oct/2024:17:57:13 -0400] "GET /dich-vu-diet-chuot-cu-chi/embed/ HTTP/1.1" 200 6651 "-" "Mozilla/5.0 AppleWebKit/537.36 (KHTML, like Gecko; compatible; GPTBot/1.2; +https://openai.com/gptbot)"
162.213.251.195 - - [21/Oct/2024:17:57:16 -0400] "POST /wp-cron.php?doing_wp_cron=1729547835.9816610813140869140625 HTTP/1.1" 200 0 "-" "WordPress/6.6.2; https://dietcontrungnhanh.com"
20.171.206.241 - - [21/Oct/2024:17:57:15 -0400] "GET /dich-vu-diet-chuot-hoc-mon/embed/ HTTP/1.1" 200 6620 "-" "Mozilla/5.0 AppleWebKit/537.36 (KHTML, like Gecko; compatible; GPTBot/1.2; +https://openai.com/gptbot)"
162.213.251.195 - - [21/Oct/2024:17:57:18 -0400] "POST /wp-cron.php?doing_wp_cron=1729547838.2483749389648437500000 HTTP/1.1" 200 0 "-" "WordPress/6.6.2; https://dietcontrungnhanh.com"
20.171.206.241 - - [21/Oct/2024:17:57:17 -0400] "GET /dich-vu-diet-moi-quan-7/embed/ HTTP/1.1" 200 6708 "-" "Mozilla/5.0 AppleWebKit/537.36 (KHTML, like Gecko; compatible; GPTBot/1.2; +https://openai.com/gptbot)"
162.213.251.195 - - [21/Oct/2024:17:57:20 -0400] "POST /wp-cron.php?doing_wp_cron=1729547840.0081739425659179687500 HTTP/1.1" 200 0 "-" "WordPress/6.6.2; https://dietcontrungnhanh.com"
20.171.206.241 - - [21/Oct/2024:17:57:19 -0400] "GET /dich-vu-diet-chuot-quan-2/embed/ HTTP/1.1" 200 6582 "-" "Mozilla/5.0 AppleWebKit/537.36 (KHTML, like Gecko; compatible; GPTBot/1.2; +https://openai.com/gptbot)"
162.213.251.195 - - [21/Oct/2024:17:57:23 -0400] "POST /wp-cron.php?doing_wp_cron=1729547843.1145679950714111328125 HTTP/1.1" 200 0 "-" "WordPress/6.6.2; https://dietcontrungnhanh.com"
20.171.206.241 - - [21/Oct/2024:17:57:22 -0400] "GET /dich-vu-diet-chuot-quan-3/embed/ HTTP/1.1" 200 6600 "-" "Mozilla/5.0 AppleWebKit/537.36 (KHTML, like Gecko; compatible; GPTBot/1.2; +https://openai.com/gptbot)"
162.213.251.195 - - [21/Oct/2024:17:57:26 -0400] "POST /wp-cron.php?doing_wp_cron=1729547845.6155459880828857421875 HTTP/1.1" 200 0 "-" "WordPress/6.6.2; https://dietcontrungnhanh.com"
20.171.206.241 - - [21/Oct/2024:17:57:24 -0400] "GET /dich-vu-diet-muoi-quan-10/embed/ HTTP/1.1" 200 6654 "-" "Mozilla/5.0 AppleWebKit/537.36 (KHTML, like Gecko; compatible; GPTBot/1.2; +https://openai.com/gptbot)"
162.213.251.195 - - [21/Oct/2024:17:57:28 -0400] "POST /wp-cron.php?doing_wp_cron=1729547847.8896501064300537109375 HTTP/1.1" 200 0 "-" "WordPress/6.6.2; https://dietcontrungnhanh.com"
20.171.206.241 - - [21/Oct/2024:17:57:27 -0400] "GET /dich-vu-diet-chuot-quan-binh-tan/embed/ HTTP/1.1" 200 6597 "-" "Mozilla/5.0 AppleWebKit/537.36 (KHTML, like Gecko; compatible; GPTBot/1.2; +https://openai.com/gptbot)"
162.213.251.195 - - [21/Oct/2024:17:57:30 -0400] "POST /wp-cron.php?doing_wp_cron=1729547850.5605819225311279296875 HTTP/1.1" 200 0 "-" "WordPress/6.6.2; https://dietcontrungnhanh.com"
20.171.206.241 - - [21/Oct/2024:17:57:29 -0400] "GET /dich-vu-diet-muoi-quan-12/embed/ HTTP/1.1" 200 6638 "-" "Mozilla/5.0 AppleWebKit/537.36 (KHTML, like Gecko; compatible; GPTBot/1.2; +https://openai.com/gptbot)"
162.213.251.195 - - [21/Oct/2024:17:57:33 -0400] "POST /wp-cron.php?doing_wp_cron=1729547852.6797990798950195312500 HTTP/1.1" 200 0 "-" "WordPress/6.6.2; https://dietcontrungnhanh.com"
20.171.206.241 - - [21/Oct/2024:17:57:32 -0400] "GET /dich-vu-diet-chuot-quan-10-cong-ty-diet-chuot-uy-tin-hang-dau/embed/ HTTP/1.1" 200 6743 "-" "Mozilla/5.0 AppleWebKit/537.36 (KHTML, like Gecko; compatible; GPTBot/1.2; +https://openai.com/gptbot)"
162.213.251.195 - - [21/Oct/2024:17:57:35 -0400] "POST /wp-cron.php?doing_wp_cron=1729547855.0822410583496093750000 HTTP/1.1" 200 0 "-" "WordPress/6.6.2; https://dietcontrungnhanh.com"
20.171.206.241 - - [21/Oct/2024:17:57:34 -0400] "GET /dich-vu-diet-chuot-tai-ho-chi-minh/embed/ HTTP/1.1" 200 6567 "-" "Mozilla/5.0 AppleWebKit/537.36 (KHTML, like Gecko; compatible; GPTBot/1.2; +https://openai.com/gptbot)"
162.213.251.195 - - [21/Oct/2024:17:57:36 -0400] "POST /wp-cron.php?doing_wp_cron=1729547856.6227500438690185546875 HTTP/1.1" 200 0 "-" "WordPress/6.6.2; https://dietcontrungnhanh.com"
20.171.206.241 - - [21/Oct/2024:17:57:36 -0400] "GET /diet-muoi-con-trung-quan-8/embed/ HTTP/1.1" 200 6582 "-" "Mozilla/5.0 AppleWebKit/537.36 (KHTML, like Gecko; compatible; GPTBot/1.2; +https://openai.com/gptbot)"
162.213.251.195 - - [21/Oct/2024:17:57:38 -0400] "POST /wp-cron.php?doing_wp_cron=1729547858.2622740268707275390625 HTTP/1.1" 200 0 "-" "WordPress/6.6.2; https://dietcontrungnhanh.com"
20.171.206.241 - - [21/Oct/2024:17:57:37 -0400] "GET /gio-hang/embed/ HTTP/1.1" 200 6114 "-" "Mozilla/5.0 AppleWebKit/537.36 (KHTML, like Gecko; compatible; GPTBot/1.2; +https://openai.com/gptbot)"
162.213.251.195 - - [21/Oct/2024:17:57:40 -0400] "POST /wp-cron.php?doing_wp_cron=1729547860.2028489112854003906250 HTTP/1.1" 200 0 "-" "WordPress/6.6.2; https://dietcontrungnhanh.com"
20.171.206.241 - - [21/Oct/2024:17:57:39 -0400] "GET /dich-vu-diet-ruoi-tai-ho-chi-minh/embed/ HTTP/1.1" 200 6772 "-" "Mozilla/5.0 AppleWebKit/537.36 (KHTML, like Gecko; compatible; GPTBot/1.2; +https://openai.com/gptbot)"
20.171.206.241 - - [21/Oct/2024:17:57:40 -0400] "GET /lien-he/embed/ HTTP/1.1" 200 6122 "-" "Mozilla/5.0 AppleWebKit/537.36 (KHTML, like Gecko; compatible; GPTBot/1.2; +https://openai.com/gptbot)"
162.213.251.195 - - [21/Oct/2024:17:57:43 -0400] "POST /wp-cron.php?doing_wp_cron=1729547863.0122969150543212890625 HTTP/1.1" 200 0 "-" "WordPress/6.6.2; https://dietcontrungnhanh.com"
20.171.206.241 - - [21/Oct/2024:17:57:42 -0400] "GET /chinh-sach-doi-tra-hang/embed/ HTTP/1.1" 200 6457 "-" "Mozilla/5.0 AppleWebKit/537.36 (KHTML, like Gecko; compatible; GPTBot/1.2; +https://openai.com/gptbot)"
162.213.251.195 - - [21/Oct/2024:17:57:44 -0400] "POST /wp-cron.php?doing_wp_cron=1729547864.6546540260314941406250 HTTP/1.1" 200 0 "-" "WordPress/6.6.2; https://dietcontrungnhanh.com"
20.171.206.241 - - [21/Oct/2024:17:57:44 -0400] "GET /dich-vu-diet-chuot-quan-binh-thanh/embed/ HTTP/1.1" 200 6618 "-" "Mozilla/5.0 AppleWebKit/537.36 (KHTML, like Gecko; compatible; GPTBot/1.2; +https://openai.com/gptbot)"
162.213.251.195 - - [21/Oct/2024:17:57:48 -0400] "POST /wp-cron.php?doing_wp_cron=1729547867.6310780048370361328125 HTTP/1.1" 200 0 "-" "WordPress/6.6.2; https://dietcontrungnhanh.com"
20.171.206.241 - - [21/Oct/2024:17:57:47 -0400] "GET /dich-vu-diet-muoi-thu-duc/embed/ HTTP/1.1" 200 6508 "-" "Mozilla/5.0 AppleWebKit/537.36 (KHTML, like Gecko; compatible; GPTBot/1.2; +https://openai.com/gptbot)"
162.213.251.195 - - [21/Oct/2024:17:57:49 -0400] "POST /wp-cron.php?doing_wp_cron=1729547869.4835789203643798828125 HTTP/1.1" 200 0 "-" "WordPress/6.6.2; https://dietcontrungnhanh.com"
20.171.206.129 - - [21/Oct/2024:17:57:48 -0400] "GET /gioi-thieu/embed/ HTTP/1.1" 200 6384 "-" "Mozilla/5.0 AppleWebKit/537.36 (KHTML, like Gecko; compatible; GPTBot/1.2; +https://openai.com/gptbot)"
20.171.206.129 - - [21/Oct/2024:17:57:50 -0400] "GET /dich-vu-diet-chuot-quan-8/embed/ HTTP/1.1" 200 6683 "-" "Mozilla/5.0 AppleWebKit/537.36 (KHTML, like Gecko; compatible; GPTBot/1.2; +https://openai.com/gptbot)"
162.213.251.195 - - [21/Oct/2024:17:57:52 -0400] "POST /wp-cron.php?doing_wp_cron=1729547870.9563350677490234375000 HTTP/1.1" 200 0 "-" "WordPress/6.6.2; https://dietcontrungnhanh.com"
20.171.206.129 - - [21/Oct/2024:17:57:52 -0400] "GET /san-pham/binh-4-lit-phun-diet-con-trung-03/embed/ HTTP/1.1" 200 6950 "-" "Mozilla/5.0 AppleWebKit/537.36 (KHTML, like Gecko; compatible; GPTBot/1.2; +https://openai.com/gptbot)"
20.171.206.129 - - [21/Oct/2024:17:57:54 -0400] "GET /hd-mua-hang/embed/ HTTP/1.1" 200 6099 "-" "Mozilla/5.0 AppleWebKit/537.36 (KHTML, like Gecko; compatible; GPTBot/1.2; +https://openai.com/gptbot)"
20.171.206.129 - - [21/Oct/2024:17:57:55 -0400] "GET /hoi-dap/embed/ HTTP/1.1" 200 6109 "-" "Mozilla/5.0 AppleWebKit/537.36 (KHTML, like Gecko; compatible; GPTBot/1.2; +https://openai.com/gptbot)"
20.171.206.129 - - [21/Oct/2024:17:57:57 -0400] "GET /dich-vu-diet-gian-tai-huyen-binh-chanh/embed/ HTTP/1.1" 200 6647 "-" "Mozilla/5.0 AppleWebKit/537.36 (KHTML, like Gecko; compatible; GPTBot/1.2; +https://openai.com/gptbot)"
20.171.206.129 - - [21/Oct/2024:17:57:58 -0400] "GET /san-pham/binh-4-lit-phun-diet-con-trung-01/embed/ HTTP/1.1" 200 6930 "-" "Mozilla/5.0 AppleWebKit/537.36 (KHTML, like Gecko; compatible; GPTBot/1.2; +https://openai.com/gptbot)"
20.171.206.129 - - [21/Oct/2024:17:58:00 -0400] "GET /dich-vu-diet-muoi-quan-go-vap/embed/ HTTP/1.1" 200 6606 "-" "Mozilla/5.0 AppleWebKit/537.36 (KHTML, like Gecko; compatible; GPTBot/1.2; +https://openai.com/gptbot)"
20.171.206.129 - - [21/Oct/2024:17:58:01 -0400] "GET /dich-vu-diet-chuot-quan-9/embed/ HTTP/1.1" 200 6714 "-" "Mozilla/5.0 AppleWebKit/537.36 (KHTML, like Gecko; compatible; GPTBot/1.2; +https://openai.com/gptbot)"
20.171.206.129 - - [21/Oct/2024:17:58:02 -0400] "GET /dich-vu-diet-moi-quan-3-bao-ve-to-am-tu-moi-nguy-con-trung/embed/ HTTP/1.1" 200 6808 "-" "Mozilla/5.0 AppleWebKit/537.36 (KHTML, like Gecko; compatible; GPTBot/1.2; +https://openai.com/gptbot)"
20.171.206.129 - - [21/Oct/2024:17:58:03 -0400] "GET /dich-vu-diet-muoi-quan-binh-thanh/embed/ HTTP/1.1" 200 6578 "-" "Mozilla/5.0 AppleWebKit/537.36 (KHTML, like Gecko; compatible; GPTBot/1.2; +https://openai.com/gptbot)"
20.171.206.129 - - [21/Oct/2024:17:58:04 -0400] "GET /san-pham/binh-4-lit-phun-diet-con-trung-05/embed/ HTTP/1.1" 200 6973 "-" "Mozilla/5.0 AppleWebKit/537.36 (KHTML, like Gecko; compatible; GPTBot/1.2; +https://openai.com/gptbot)"
20.171.206.129 - - [21/Oct/2024:17:58:05 -0400] "GET /san-pham/binh-4-lit-phun-diet-con-trung-04/embed/ HTTP/1.1" 200 6949 "-" "Mozilla/5.0 AppleWebKit/537.36 (KHTML, like Gecko; compatible; GPTBot/1.2; +https://openai.com/gptbot)"
20.171.206.129 - - [21/Oct/2024:17:58:06 -0400] "GET /dich-vu-diet-moi-nha-be-giai-phap-toan-dien-danh-bai-moi/embed/ HTTP/1.1" 200 6778 "-" "Mozilla/5.0 AppleWebKit/537.36 (KHTML, like Gecko; compatible; GPTBot/1.2; +https://openai.com/gptbot)"
20.171.206.129 - - [21/Oct/2024:17:58:07 -0400] "GET /dich-vu-diet-gian-thu-duc-chuyen-nghiep-hieu-qua/embed/ HTTP/1.1" 200 6764 "-" "Mozilla/5.0 AppleWebKit/537.36 (KHTML, like Gecko; compatible; GPTBot/1.2; +https://openai.com/gptbot)"
20.171.206.129 - - [21/Oct/2024:17:58:09 -0400] "GET /dich-vu-diet-moi-quan-5-diet-moi-uy-tin-tai-tp-hcm/embed/ HTTP/1.1" 200 6798 "-" "Mozilla/5.0 AppleWebKit/537.36 (KHTML, like Gecko; compatible; GPTBot/1.2; +https://openai.com/gptbot)"
20.171.206.129 - - [21/Oct/2024:17:58:10 -0400] "GET /san-pham/binh-4-lit-phun-diet-con-trung-08/embed/ HTTP/1.1" 200 6947 "-" "Mozilla/5.0 AppleWebKit/537.36 (KHTML, like Gecko; compatible; GPTBot/1.2; +https://openai.com/gptbot)"
162.213.251.195 - - [21/Oct/2024:18:01:22 -0400] "POST /wp-cron.php?doing_wp_cron=1729548081.9137690067291259765625 HTTP/1.1" 200 0 "-" "WordPress/6.6.2; https://dietcontrungnhanh.com"
162.213.251.195 - - [21/Oct/2024:18:01:22 -0400] "POST /wp-cron.php?doing_wp_cron=1729548081.9156761169433593750000 HTTP/1.1" 200 0 "-" "WordPress/6.6.2; https://dietcontrungnhanh.com"
20.171.206.192 - - [21/Oct/2024:18:01:17 -0400] "GET /dich-vu-diet-chuot-quan-6/embed/ HTTP/1.1" 200 6731 "-" "Mozilla/5.0 AppleWebKit/537.36 (KHTML, like Gecko; compatible; GPTBot/1.2; +https://openai.com/gptbot)"
66.249.77.225 - - [21/Oct/2024:18:01:17 -0400] "GET /diet-moi-tan-goc-tai-tphcm/ HTTP/1.1" 404 18849 "-" "Mozilla/5.0 (Linux; Android 6.0.1; Nexus 5X Build/MMB29P) AppleWebKit/537.36 (KHTML, like Gecko) Chrome/130.0.6723.58 Mobile Safari/537.36 (compatible; Googlebot/2.1; +http://www.google.com/bot.html)"
162.213.251.195 - - [21/Oct/2024:18:01:25 -0400] "POST /wp-cron.php?doing_wp_cron=1729548085.2247209548950195312500 HTTP/1.1" 200 0 "-" "WordPress/6.6.2; https://dietcontrungnhanh.com"
20.171.206.192 - - [21/Oct/2024:18:01:24 -0400] "GET /dich-vu-diet-chuot-quan-6/&quot HTTP/1.1" 404 18831 "-" "Mozilla/5.0 AppleWebKit/537.36 (KHTML, like Gecko; compatible; GPTBot/1.2; +https://openai.com/gptbot)"
162.213.251.195 - - [21/Oct/2024:18:01:32 -0400] "POST /wp-cron.php?doing_wp_cron=1729548091.6229360103607177734375 HTTP/1.1" 200 0 "-" "WordPress/6.6.2; https://dietcontrungnhanh.com"
20.171.206.192 - - [21/Oct/2024:18:01:31 -0400] "GET /wp-content/uploads/2024/04/chuot-4-768x432.jpg%20768w,%20https://dietcontrungnhanh.com/wp-content/uploads/2024/04/chuot-4-600x338.jpg%20600w,%20https://dietcontrungnhanh.com/wp-content/uploads/2024/04/chuot-4.jpg%20805w HTTP/1.1" 301 0 "-" "Mozilla/5.0 AppleWebKit/537.36 (KHTML, like Gecko; compatible; GPTBot/1.2; +https://openai.com/gptbot)"
162.213.251.195 - - [21/Oct/2024:18:01:39 -0400] "POST /wp-cron.php?doing_wp_cron=1729548098.6148650646209716796875 HTTP/1.1" 200 0 "-" "WordPress/6.6.2; https://dietcontrungnhanh.com"
20.171.206.192 - - [21/Oct/2024:18:01:38 -0400] "GET /chinh-sach-bao-hanh/&quot HTTP/1.1" 404 18791 "-" "Mozilla/5.0 AppleWebKit/537.36 (KHTML, like Gecko; compatible; GPTBot/1.2; +https://openai.com/gptbot)"
162.213.251.195 - - [21/Oct/2024:18:01:43 -0400] "POST /wp-cron.php?doing_wp_cron=1729548103.5306529998779296875000 HTTP/1.1" 200 0 "-" "WordPress/6.6.2; https://dietcontrungnhanh.com"
