66.249.77.229 - - [22/Oct/2024:02:45:51 -0400] "GET /wp-login.php?redirect_to=https%3A%2F%2Fdietcontrungnhanh.com%2Fwp-admin%2Fcomment.php%3Faction%3Dspam%26c%3D4&reauth=1 HTTP/1.1" 200 2826 "-" "Mozilla/5.0 (Linux; Android 6.0.1; Nexus 5X Build/MMB29P) AppleWebKit/537.36 (KHTML, like Gecko) Chrome/130.0.6723.58 Mobile Safari/537.36 (compatible; Googlebot/2.1; +http://www.google.com/bot.html)"
162.213.251.195 - - [22/Oct/2024:02:47:59 -0400] "POST /wp-cron.php?doing_wp_cron=1729579679.0894000530242919921875 HTTP/1.1" 200 0 "-" "WordPress/6.6.2; https://dietcontrungnhanh.com"
188.165.22.134 - - [22/Oct/2024:02:47:55 -0400] "GET /wp-login.php HTTP/1.1" 200 2811 "-" "Mozilla/5.0 (X11; Fedora; Linux x86_64; rv:94.0) Gecko/20100101 Firefox/95.0"
188.165.22.134 - - [22/Oct/2024:02:48:00 -0400] "POST /wp-login.php HTTP/1.1" 200 2952 "-" "Mozilla/5.0 (X11; Fedora; Linux x86_64; rv:94.0) Gecko/20100101 Firefox/95.0"
162.213.251.195 - - [22/Oct/2024:02:48:42 -0400] "POST /wp-cron.php?doing_wp_cron=1729579722.0702071189880371093750 HTTP/1.1" 200 0 "-" "WordPress/6.6.2; https://dietcontrungnhanh.com"
66.249.77.228 - - [22/Oct/2024:02:48:41 -0400] "GET /wp-admin/comment.php?action=trash&c=4 HTTP/1.1" 302 0 "-" "Mozilla/5.0 (Linux; Android 6.0.1; Nexus 5X Build/MMB29P) AppleWebKit/537.36 (KHTML, like Gecko) Chrome/130.0.6723.58 Mobile Safari/537.36 (compatible; Googlebot/2.1; +http://www.google.com/bot.html)"
66.249.77.228 - - [22/Oct/2024:02:48:42 -0400] "GET /wp-login.php?redirect_to=https%3A%2F%2Fdietcontrungnhanh.com%2Fwp-admin%2Fcomment.php%3Faction%3Dtrash%26c%3D4&reauth=1 HTTP/1.1" 200 2834 "-" "Mozilla/5.0 (Linux; Android 6.0.1; Nexus 5X Build/MMB29P) AppleWebKit/537.36 (KHTML, like Gecko) Chrome/130.0.6723.58 Mobile Safari/537.36 (compatible; Googlebot/2.1; +http://www.google.com/bot.html)"
162.213.251.195 - - [22/Oct/2024:02:49:17 -0400] "POST /wp-cron.php?doing_wp_cron=1729579756.8269898891448974609375 HTTP/1.1" 200 0 "-" "WordPress/6.6.2; https://dietcontrungnhanh.com"
66.249.77.228 - - [22/Oct/2024:02:49:16 -0400] "GET /wp-admin/comment.php?action=approve&c=4 HTTP/1.1" 302 0 "-" "Mozilla/5.0 (Linux; Android 6.0.1; Nexus 5X Build/MMB29P) AppleWebKit/537.36 (KHTML, like Gecko) Chrome/130.0.6723.58 Mobile Safari/537.36 (compatible; Googlebot/2.1; +http://www.google.com/bot.html)"
162.213.251.195 - - [22/Oct/2024:02:49:18 -0400] "POST /wp-cron.php?doing_wp_cron=1729579758.0939691066741943359375 HTTP/1.1" 200 0 "-" "WordPress/6.6.2; https://dietcontrungnhanh.com"
66.249.77.229 - - [22/Oct/2024:02:49:17 -0400] "GET /wp-login.php?redirect_to=https%3A%2F%2Fdietcontrungnhanh.com%2Fwp-admin%2Fcomment.php%3Faction%3Dapprove%26c%3D4&reauth=1 HTTP/1.1" 200 2847 "-" "Mozilla/5.0 (Linux; Android 6.0.1; Nexus 5X Build/MMB29P) AppleWebKit/537.36 (KHTML, like Gecko) Chrome/130.0.6723.58 Mobile Safari/537.36 (compatible; Googlebot/2.1; +http://www.google.com/bot.html)"
162.213.251.195 - - [22/Oct/2024:02:50:15 -0400] "POST /wp-cron.php?doing_wp_cron=1729579815.0064001083374023437500 HTTP/1.1" 200 0 "-" "WordPress/6.6.2; https://dietcontrungnhanh.com"
216.244.66.234 - - [22/Oct/2024:02:50:14 -0400] "GET /thi-cong-he-thong-mang-tai-quan-11-congnghevanphuc-vn/ HTTP/1.1" 404 18867 "-" "Mozilla/5.0 (compatible; DotBot/1.2; +https://opensiteexplorer.org/dotbot; [email protected])"
162.213.251.195 - - [22/Oct/2024:03:01:24 -0400] "POST /wp-cron.php?doing_wp_cron=1729580484.0790920257568359375000 HTTP/1.1" 200 0 "-" "WordPress/6.6.2; https://dietcontrungnhanh.com"
2a03:6f00:1:1::bce1:1139 - - [22/Oct/2024:03:01:16 -0400] "GET /wp-login.php HTTP/1.1" 200 2811 "-" "Mozilla/5.0 (X11; Fedora; Linux x86_64; rv:94.0) Gecko/20100101 Firefox/95.0"
66.249.77.230 - - [22/Oct/2024:03:01:16 -0400] "GET /wp-admin/comment.php?action=spam&c=108 HTTP/1.1" 302 0 "-" "Mozilla/5.0 (Linux; Android 6.0.1; Nexus 5X Build/MMB29P) AppleWebKit/537.36 (KHTML, like Gecko) Chrome/130.0.6723.58 Mobile Safari/537.36 (compatible; Googlebot/2.1; +http://www.google.com/bot.html)"
162.213.251.195 - - [22/Oct/2024:03:01:26 -0400] "POST /wp-cron.php?doing_wp_cron=1729580485.8699638843536376953125 HTTP/1.1" 200 0 "-" "WordPress/6.6.2; https://dietcontrungnhanh.com"
66.249.77.228 - - [22/Oct/2024:03:01:25 -0400] "GET /wp-login.php?redirect_to=https%3A%2F%2Fdietcontrungnhanh.com%2Fwp-admin%2Fcomment.php%3Faction%3Dspam%26c%3D108&reauth=1 HTTP/1.1" 200 2851 "-" "Mozilla/5.0 (Linux; Android 6.0.1; Nexus 5X Build/MMB29P) AppleWebKit/537.36 (KHTML, like Gecko) Chrome/130.0.6723.58 Mobile Safari/537.36 (compatible; Googlebot/2.1; +http://www.google.com/bot.html)"
2a03:6f00:1:1::bce1:1139 - - [22/Oct/2024:03:01:25 -0400] "POST /wp-login.php HTTP/1.1" 200 2989 "-" "Mozilla/5.0 (X11; Fedora; Linux x86_64; rv:94.0) Gecko/20100101 Firefox/95.0"
162.213.251.195 - - [22/Oct/2024:03:07:03 -0400] "POST /wp-cron.php?doing_wp_cron=1729580823.6359410285949707031250 HTTP/1.1" 200 0 "-" "WordPress/6.6.2; https://dietcontrungnhanh.com"
119.155.192.144 - - [22/Oct/2024:03:06:56 -0400] "GET /wp-login.php HTTP/1.1" 200 2811 "-" "Mozilla/5.0 (Windows NT 6.2; Trident/7.0; rv:11.0) like Gecko"
162.213.251.195 - - [22/Oct/2024:03:10:42 -0400] "POST /wp-cron.php?doing_wp_cron=1729581041.6768178939819335937500 HTTP/1.1" 200 0 "-" "WordPress/6.6.2; https://dietcontrungnhanh.com"
176.223.185.164 - - [22/Oct/2024:03:10:32 -0400] "GET /wp-login.php HTTP/1.1" 200 2811 "-" "Mozilla/5.0 (Windows NT 10.0; Win64; x64) AppleWebKit/537.36 (KHTML, like Gecko) Chrome/122.0.0.0 Safari/537.36 OPR/108.0.0.0"
162.213.251.195 - - [22/Oct/2024:03:10:43 -0400] "POST /wp-cron.php?doing_wp_cron=1729581043.4013290405273437500000 HTTP/1.1" 200 0 "-" "WordPress/6.6.2; https://dietcontrungnhanh.com"
176.223.185.164 - - [22/Oct/2024:03:10:43 -0400] "POST /wp-login.php HTTP/1.1" 200 2995 "https://dietcontrungnhanh.com/wp-login.php" "Mozilla/5.0 (Windows NT 10.0; Win64; x64) AppleWebKit/537.36 (KHTML, like Gecko) Chrome/122.0.0.0 Safari/537.36 OPR/108.0.0.0"
162.213.251.195 - - [22/Oct/2024:03:13:24 -0400] "POST /wp-cron.php?doing_wp_cron=1729581203.7061009407043457031250 HTTP/1.1" 200 0 "-" "WordPress/6.6.2; https://dietcontrungnhanh.com"
66.249.77.225 - - [22/Oct/2024:03:13:16 -0400] "GET /wp-admin/comment.php?action=spam&c=113 HTTP/1.1" 302 0 "-" "Mozilla/5.0 (Linux; Android 6.0.1; Nexus 5X Build/MMB29P) AppleWebKit/537.36 (KHTML, like Gecko) Chrome/130.0.6723.58 Mobile Safari/537.36 (compatible; Googlebot/2.1; +http://www.google.com/bot.html)"
66.249.77.226 - - [22/Oct/2024:03:13:24 -0400] "GET /wp-login.php?redirect_to=https%3A%2F%2Fdietcontrungnhanh.com%2Fwp-admin%2Fcomment.php%3Faction%3Dspam%26c%3D113&reauth=1 HTTP/1.1" 200 2850 "-" "Mozilla/5.0 (Linux; Android 6.0.1; Nexus 5X Build/MMB29P) AppleWebKit/537.36 (KHTML, like Gecko) Chrome/130.0.6723.58 Mobile Safari/537.36 (compatible; Googlebot/2.1; +http://www.google.com/bot.html)"
162.213.251.195 - - [22/Oct/2024:03:13:45 -0400] "POST /wp-cron.php?doing_wp_cron=1729581224.7716019153594970703125 HTTP/1.1" 200 0 "-" "WordPress/6.6.2; https://dietcontrungnhanh.com"
159.223.128.146 - - [22/Oct/2024:03:13:44 -0400] "GET /wp-login.php HTTP/1.1" 200 2811 "-" "Mozilla/5.0 (X11; Gentoo; Linux x86_64; rv:91.0) Gecko/20100101 Firefox/91.0"
162.213.251.195 - - [22/Oct/2024:03:13:46 -0400] "POST /wp-cron.php?doing_wp_cron=1729581225.8449990749359130859375 HTTP/1.1" 200 0 "-" "WordPress/6.6.2; https://dietcontrungnhanh.com"
159.223.128.146 - - [22/Oct/2024:03:13:45 -0400] "POST /wp-login.php HTTP/1.1" 200 2952 "-" "Mozilla/5.0 (X11; Gentoo; Linux x86_64; rv:91.0) Gecko/20100101 Firefox/91.0"
162.213.251.195 - - [22/Oct/2024:03:18:49 -0400] "POST /wp-cron.php?doing_wp_cron=1729581529.3720560073852539062500 HTTP/1.1" 200 0 "-" "WordPress/6.6.2; https://dietcontrungnhanh.com"
66.249.77.227 - - [22/Oct/2024:03:18:41 -0400] "GET /wp-admin/comment.php?action=spam&c=53 HTTP/1.1" 302 0 "-" "Mozilla/5.0 (Linux; Android 6.0.1; Nexus 5X Build/MMB29P) AppleWebKit/537.36 (KHTML, like Gecko) Chrome/130.0.6723.58 Mobile Safari/537.36 (compatible; Googlebot/2.1; +http://www.google.com/bot.html)"
66.249.77.226 - - [22/Oct/2024:03:18:50 -0400] "GET /wp-login.php?redirect_to=https%3A%2F%2Fdietcontrungnhanh.com%2Fwp-admin%2Fcomment.php%3Faction%3Dspam%26c%3D53&reauth=1 HTTP/1.1" 200 2845 "-" "Mozilla/5.0 (Linux; Android 6.0.1; Nexus 5X Build/MMB29P) AppleWebKit/537.36 (KHTML, like Gecko) Chrome/130.0.6723.58 Mobile Safari/537.36 (compatible; Googlebot/2.1; +http://www.google.com/bot.html)"
162.213.251.195 - - [22/Oct/2024:03:22:43 -0400] "POST /wp-cron.php?doing_wp_cron=1729581762.8469049930572509765625 HTTP/1.1" 200 0 "-" "WordPress/6.6.2; https://dietcontrungnhanh.com"
170.106.140.110 - - [22/Oct/2024:03:22:34 -0400] "GET / HTTP/1.1" 301 0 "http://www.dietcontrungnhanh.com" "Mozilla/5.0 (iPhone; CPU iPhone OS 13_2_3 like Mac OS X) AppleWebKit/605.1.15 (KHTML, like Gecko) Version/13.0.3 Mobile/15E148 Safari/604.1"
162.213.251.195 - - [22/Oct/2024:03:22:46 -0400] "POST /wp-cron.php?doing_wp_cron=1729581766.3089489936828613281250 HTTP/1.1" 200 0 "-" "WordPress/6.6.2; https://dietcontrungnhanh.com"
170.106.140.110 - - [22/Oct/2024:03:22:45 -0400] "GET / HTTP/1.1" 200 27213 "https://www.dietcontrungnhanh.com/" "Mozilla/5.0 (iPhone; CPU iPhone OS 13_2_3 like Mac OS X) AppleWebKit/605.1.15 (KHTML, like Gecko) Version/13.0.3 Mobile/15E148 Safari/604.1"
162.213.251.195 - - [22/Oct/2024:03:26:25 -0400] "POST /wp-cron.php?doing_wp_cron=1729581985.5788080692291259765625 HTTP/1.1" 200 0 "-" "WordPress/6.6.2; https://dietcontrungnhanh.com"
66.249.77.228 - - [22/Oct/2024:03:26:16 -0400] "GET /diet-chu= HTTP/1.1" 404 18813 "-" "Mozilla/5.0 (Linux; Android 6.0.1; Nexus 5X Build/MMB29P) AppleWebKit/537.36 (KHTML, like Gecko) Chrome/130.0.6723.58 Mobile Safari/537.36 (compatible; Googlebot/2.1; +http://www.google.com/bot.html)"
162.213.251.195 - - [22/Oct/2024:03:26:51 -0400] "POST /wp-cron.php?doing_wp_cron=1729582010.6816658973693847656250 HTTP/1.1" 200 0 "-" "WordPress/6.6.2; https://dietcontrungnhanh.com"
2607:f298:6:a044::8e7:ff26 - - [22/Oct/2024:03:26:50 -0400] "GET /wp-login.php HTTP/1.1" 200 2811 "-" "Mozilla/5.0 (X11; Fedora; Linux x86_64; rv:94.0) Gecko/20100101 Firefox/95.0"
2607:f298:6:a044::8e7:ff26 - - [22/Oct/2024:03:26:51 -0400] "POST /wp-login.php HTTP/1.1" 200 2989 "-" "Mozilla/5.0 (X11; Fedora; Linux x86_64; rv:94.0) Gecko/20100101 Firefox/95.0"
162.213.251.195 - - [22/Oct/2024:03:27:24 -0400] "POST /wp-cron.php?doing_wp_cron=1729582044.2339150905609130859375 HTTP/1.1" 200 0 "-" "WordPress/6.6.2; https://dietcontrungnhanh.com"
95.82.66.83 - - [22/Oct/2024:03:27:23 -0400] "GET /wp-login.php HTTP/1.1" 200 2811 "-" "Mozilla/5.0 (compatible; MSIE 10.0; Windows NT 6.2; Trident/6.0)"
162.213.251.195 - - [22/Oct/2024:03:29:44 -0400] "POST /wp-cron.php?doing_wp_cron=1729582184.5083589553833007812500 HTTP/1.1" 200 0 "-" "WordPress/6.6.2; https://dietcontrungnhanh.com"
216.247.15.148 - - [22/Oct/2024:03:29:37 -0400] "GET /wp-login.php HTTP/1.1" 200 2800 "-" "Mozilla/5.0 (X11; Linux i686) AppleWebKit/537.36 (KHTML, like Gecko) Chrome/122.0.0.0 Safari/537.36 Vivaldi/6.6.3271.50"
162.213.251.195 - - [22/Oct/2024:03:29:47 -0400] "POST /wp-cron.php?doing_wp_cron=1729582186.7838120460510253906250 HTTP/1.1" 200 0 "-" "WordPress/6.6.2; https://dietcontrungnhanh.com"
216.247.15.148 - - [22/Oct/2024:03:29:46 -0400] "POST /wp-login.php HTTP/1.1" 200 2950 "https://dietcontrungnhanh.com/wp-login.php" "Mozilla/5.0 (X11; Linux i686) AppleWebKit/537.36 (KHTML, like Gecko) Chrome/122.0.0.0 Safari/537.36 Vivaldi/6.6.3271.50"
162.213.251.195 - - [22/Oct/2024:03:37:31 -0400] "POST /wp-cron.php?doing_wp_cron=1729582651.6536090373992919921875 HTTP/1.1" 200 0 "-" "WordPress/6.6.2; https://dietcontrungnhanh.com"
66.249.77.227 - - [22/Oct/2024:03:37:16 -0400] "GET /wp-admin/comment.php?action=spam&c=34 HTTP/1.1" 302 0 "-" "Mozilla/5.0 (Linux; Android 6.0.1; Nexus 5X Build/MMB29P) AppleWebKit/537.36 (KHTML, like Gecko) Chrome/130.0.6723.58 Mobile Safari/537.36 (compatible; Googlebot/2.1; +http://www.google.com/bot.html)"
162.213.251.195 - - [22/Oct/2024:03:37:34 -0400] "POST /wp-cron.php?doing_wp_cron=1729582653.5223770141601562500000 HTTP/1.1" 200 0 "-" "WordPress/6.6.2; https://dietcontrungnhanh.com"
66.249.77.225 - - [22/Oct/2024:03:37:32 -0400] "GET /wp-login.php?redirect_to=https%3A%2F%2Fdietcontrungnhanh.com%2Fwp-admin%2Fcomment.php%3Faction%3Dspam%26c%3D34&reauth=1 HTTP/1.1" 200 2845 "-" "Mozilla/5.0 (Linux; Android 6.0.1; Nexus 5X Build/MMB29P) AppleWebKit/537.36 (KHTML, like Gecko) Chrome/130.0.6723.58 Mobile Safari/537.36 (compatible; Googlebot/2.1; +http://www.google.com/bot.html)"
162.213.251.195 - - [22/Oct/2024:03:40:17 -0400] "POST /wp-cron.php?doing_wp_cron=1729582817.1136178970336914062500 HTTP/1.1" 200 0 "-" "WordPress/6.6.2; https://dietcontrungnhanh.com"
103.72.96.84 - - [22/Oct/2024:03:40:14 -0400] "GET /wp-login.php HTTP/1.1" 200 2811 "-" "Mozilla/5.0 (X11; Fedora; Linux x86_64; rv:94.0) Gecko/20100101 Firefox/95.0"
162.213.251.195 - - [22/Oct/2024:03:40:19 -0400] "POST /wp-cron.php?doing_wp_cron=1729582818.9673650264739990234375 HTTP/1.1" 200 0 "-" "WordPress/6.6.2; https://dietcontrungnhanh.com"
103.72.96.84 - - [22/Oct/2024:03:40:18 -0400] "POST /wp-login.php HTTP/1.1" 200 2952 "-" "Mozilla/5.0 (X11; Fedora; Linux x86_64; rv:94.0) Gecko/20100101 Firefox/95.0"
162.213.251.195 - - [22/Oct/2024:03:41:57 -0400] "POST /wp-cron.php?doing_wp_cron=1729582917.3554019927978515625000 HTTP/1.1" 200 0 "-" "WordPress/6.6.2; https://dietcontrungnhanh.com"
66.249.77.227 - - [22/Oct/2024:03:41:54 -0400] "GET /?p=869 HTTP/1.1" 301 0 "-" "Mozilla/5.0 (Linux; Android 6.0.1; Nexus 5X Build/MMB29P) AppleWebKit/537.36 (KHTML, like Gecko) Chrome/130.0.6723.58 Mobile Safari/537.36 (compatible; GoogleOther)"
162.213.251.195 - - [22/Oct/2024:03:42:14 -0400] "POST /wp-cron.php?doing_wp_cron=1729582934.2385890483856201171875 HTTP/1.1" 200 0 "-" "WordPress/6.6.2; https://dietcontrungnhanh.com"
66.249.77.226 - - [22/Oct/2024:03:42:13 -0400] "GET /dich-vu-diet-moi-quan-10/ HTTP/1.1" 200 27697 "-" "Mozilla/5.0 (Linux; Android 6.0.1; Nexus 5X Build/MMB29P) AppleWebKit/537.36 (KHTML, like Gecko) Chrome/130.0.6723.58 Mobile Safari/537.36 (compatible; GoogleOther)"
162.213.251.195 - - [22/Oct/2024:03:42:19 -0400] "POST /wp-cron.php?doing_wp_cron=1729582939.5444769859313964843750 HTTP/1.1" 200 0 "-" "WordPress/6.6.2; https://dietcontrungnhanh.com"
66.249.77.225 - - [22/Oct/2024:03:42:19 -0400] "POST /?wc-ajax=get_refreshed_fragments HTTP/1.1" 200 1500 "https://dietcontrungnhanh.com/dich-vu-diet-moi-quan-10/" "Mozilla/5.0 (Linux; Android 6.0.1; Nexus 5X Build/MMB29P) AppleWebKit/537.36 (KHTML, like Gecko) Chrome/129.0.6668.89 Mobile Safari/537.36 (compatible; Googlebot/2.1; +http://www.google.com/bot.html)"
162.213.251.195 - - [22/Oct/2024:03:49:06 -0400] "POST /wp-cron.php?doing_wp_cron=1729583345.7086660861968994140625 HTTP/1.1" 200 0 "-" "WordPress/6.6.2; https://dietcontrungnhanh.com"
66.249.77.228 - - [22/Oct/2024:03:48:57 -0400] "GET /?p=869 HTTP/1.1" 301 0 "-" "Mozilla/5.0 (Linux; Android 6.0.1; Nexus 5X Build/MMB29P) AppleWebKit/537.36 (KHTML, like Gecko) Chrome/130.0.6723.58 Mobile Safari/537.36 (compatible; Googlebot/2.1; +http://www.google.com/bot.html)"
162.213.251.195 - - [22/Oct/2024:03:49:08 -0400] "POST /wp-cron.php?doing_wp_cron=1729583348.1374509334564208984375 HTTP/1.1" 200 0 "-" "WordPress/6.6.2; https://dietcontrungnhanh.com"
66.249.77.228 - - [22/Oct/2024:03:49:06 -0400] "GET /wp-admin/comment.php?action=trash&c=64 HTTP/1.1" 302 0 "-" "Mozilla/5.0 (Linux; Android 6.0.1; Nexus 5X Build/MMB29P) AppleWebKit/537.36 (KHTML, like Gecko) Chrome/130.0.6723.58 Mobile Safari/537.36 (compatible; Googlebot/2.1; +http://www.google.com/bot.html)"
162.213.251.195 - - [22/Oct/2024:03:49:16 -0400] "POST /wp-cron.php?doing_wp_cron=1729583355.9531049728393554687500 HTTP/1.1" 200 0 "-" "WordPress/6.6.2; https://dietcontrungnhanh.com"
66.249.77.228 - - [22/Oct/2024:03:49:15 -0400] "GET /dich-vu-diet-moi-quan-10/ HTTP/1.1" 200 27695 "-" "Mozilla/5.0 (Linux; Android 6.0.1; Nexus 5X Build/MMB29P) AppleWebKit/537.36 (KHTML, like Gecko) Chrome/130.0.6723.58 Mobile Safari/537.36 (compatible; Googlebot/2.1; +http://www.google.com/bot.html)"
162.213.251.195 - - [22/Oct/2024:03:49:23 -0400] "POST /wp-cron.php?doing_wp_cron=1729583363.7428410053253173828125 HTTP/1.1" 200 0 "-" "WordPress/6.6.2; https://dietcontrungnhanh.com"
66.249.77.228 - - [22/Oct/2024:03:49:23 -0400] "GET /wp-login.php?redirect_to=https%3A%2F%2Fdietcontrungnhanh.com%2Fwp-admin%2Fcomment.php%3Faction%3Dtrash%26c%3D64&reauth=1 HTTP/1.1" 200 2841 "-" "Mozilla/5.0 (Linux; Android 6.0.1; Nexus 5X Build/MMB29P) AppleWebKit/537.36 (KHTML, like Gecko) Chrome/130.0.6723.58 Mobile Safari/537.36 (compatible; Googlebot/2.1; +http://www.google.com/bot.html)"
162.213.251.195 - - [22/Oct/2024:03:49:31 -0400] "POST /wp-cron.php?doing_wp_cron=1729583370.6900711059570312500000 HTTP/1.1" 200 0 "-" "WordPress/6.6.2; https://dietcontrungnhanh.com"
66.249.77.228 - - [22/Oct/2024:03:49:30 -0400] "GET /wp-admin/comment.php?action=trash&c=104 HTTP/1.1" 302 0 "-" "Mozilla/5.0 (Linux; Android 6.0.1; Nexus 5X Build/MMB29P) AppleWebKit/537.36 (KHTML, like Gecko) Chrome/130.0.6723.58 Mobile Safari/537.36 (compatible; Googlebot/2.1; +http://www.google.com/bot.html)"
162.213.251.195 - - [22/Oct/2024:03:49:36 -0400] "POST /wp-cron.php?doing_wp_cron=1729583376.5166220664978027343750 HTTP/1.1" 200 0 "-" "WordPress/6.6.2; https://dietcontrungnhanh.com"
66.249.77.228 - - [22/Oct/2024:03:49:36 -0400] "GET /wp-admin/comment.php?action=approve&c=64 HTTP/1.1" 302 0 "-" "Mozilla/5.0 (Linux; Android 6.0.1; Nexus 5X Build/MMB29P) AppleWebKit/537.36 (KHTML, like Gecko) Chrome/130.0.6723.58 Mobile Safari/537.36 (compatible; Googlebot/2.1; +http://www.google.com/bot.html)"
162.213.251.195 - - [22/Oct/2024:03:50:03 -0400] "POST /wp-cron.php?doing_wp_cron=1729583403.4303090572357177734375 HTTP/1.1" 200 0 "-" "WordPress/6.6.2; https://dietcontrungnhanh.com"
66.249.77.228 - - [22/Oct/2024:03:50:02 -0400] "GET /wp-login.php?redirect_to=https%3A%2F%2Fdietcontrungnhanh.com%2Fwp-admin%2Fcomment.php%3Faction%3Dtrash%26c%3D104&reauth=1 HTTP/1.1" 200 2838 "-" "Mozilla/5.0 (Linux; Android 6.0.1; Nexus 5X Build/MMB29P) AppleWebKit/537.36 (KHTML, like Gecko) Chrome/130.0.6723.58 Mobile Safari/537.36 (compatible; Googlebot/2.1; +http://www.google.com/bot.html)"
162.213.251.195 - - [22/Oct/2024:03:50:12 -0400] "POST /wp-cron.php?doing_wp_cron=1729583411.8577210903167724609375 HTTP/1.1" 200 0 "-" "WordPress/6.6.2; https://dietcontrungnhanh.com"
66.249.77.228 - - [22/Oct/2024:03:50:11 -0400] "GET /wp-login.php?redirect_to=https%3A%2F%2Fdietcontrungnhanh.com%2Fwp-admin%2Fcomment.php%3Faction%3Dapprove%26c%3D64&reauth=1 HTTP/1.1" 200 2841 "-" "Mozilla/5.0 (Linux; Android 6.0.1; Nexus 5X Build/MMB29P) AppleWebKit/537.36 (KHTML, like Gecko) Chrome/130.0.6723.58 Mobile Safari/537.36 (compatible; Googlebot/2.1; +http://www.google.com/bot.html)"
162.213.251.195 - - [22/Oct/2024:03:50:21 -0400] "POST /wp-cron.php?doing_wp_cron=1729583420.7690539360046386718750 HTTP/1.1" 200 0 "-" "WordPress/6.6.2; https://dietcontrungnhanh.com"
66.249.77.228 - - [22/Oct/2024:03:50:20 -0400] "GET /diet-moi-chua/ HTTP/1.1" 404 18817 "-" "Mozilla/5.0 (Linux; Android 6.0.1; Nexus 5X Build/MMB29P) AppleWebKit/537.36 (KHTML, like Gecko) Chrome/130.0.6723.58 Mobile Safari/537.36 (compatible; Googlebot/2.1; +http://www.google.com/bot.html)"
162.213.251.195 - - [22/Oct/2024:03:50:30 -0400] "POST /wp-cron.php?doing_wp_cron=1729583429.7301700115203857421875 HTTP/1.1" 200 0 "-" "WordPress/6.6.2; https://dietcontrungnhanh.com"
66.249.77.228 - - [22/Oct/2024:03:50:29 -0400] "GET /mobile/ HTTP/1.1" 404 18826 "-" "Mozilla/5.0 (Linux; Android 6.0.1; Nexus 5X Build/MMB29P) AppleWebKit/537.36 (KHTML, like Gecko) Chrome/130.0.6723.58 Mobile Safari/537.36 (compatible; Googlebot/2.1; +http://www.google.com/bot.html)"
162.213.251.195 - - [22/Oct/2024:03:50:47 -0400] "POST /wp-cron.php?doing_wp_cron=1729583447.1744580268859863281250 HTTP/1.1" 200 0 "-" "WordPress/6.6.2; https://dietcontrungnhanh.com"
66.249.77.228 - - [22/Oct/2024:03:50:46 -0400] "GET /wp-admin/comment.php?action=trash&c=48 HTTP/1.1" 302 0 "-" "Mozilla/5.0 (Linux; Android 6.0.1; Nexus 5X Build/MMB29P) AppleWebKit/537.36 (KHTML, like Gecko) Chrome/130.0.6723.58 Mobile Safari/537.36 (compatible; Googlebot/2.1; +http://www.google.com/bot.html)"
162.213.251.195 - - [22/Oct/2024:03:50:55 -0400] "POST /wp-cron.php?doing_wp_cron=1729583455.4844250679016113281250 HTTP/1.1" 200 0 "-" "WordPress/6.6.2; https://dietcontrungnhanh.com"
66.249.77.228 - - [22/Oct/2024:03:50:55 -0400] "GET /wp-admin/comment.php?action=spam&c=76 HTTP/1.1" 302 0 "-" "Mozilla/5.0 (Linux; Android 6.0.1; Nexus 5X Build/MMB29P) AppleWebKit/537.36 (KHTML, like Gecko) Chrome/130.0.6723.58 Mobile Safari/537.36 (compatible; Googlebot/2.1; +http://www.google.com/bot.html)"
162.213.251.195 - - [22/Oct/2024:03:51:04 -0400] "POST /wp-cron.php?doing_wp_cron=1729583463.8677699565887451171875 HTTP/1.1" 200 0 "-" "WordPress/6.6.2; https://dietcontrungnhanh.com"
66.249.77.230 - - [22/Oct/2024:03:51:03 -0400] "GET /defaul1.php HTTP/1.1" 404 16629 "-" "Mozilla/5.0 (Linux; Android 6.0.1; Nexus 5X Build/MMB29P) AppleWebKit/537.36 (KHTML, like Gecko) Chrome/130.0.6723.58 Mobile Safari/537.36 (compatible; Googlebot/2.1; +http://www.google.com/bot.html)"
162.213.251.195 - - [22/Oct/2024:03:51:12 -0400] "POST /wp-cron.php?doing_wp_cron=1729583472.3136761188507080078125 HTTP/1.1" 200 0 "-" "WordPress/6.6.2; https://dietcontrungnhanh.com"
66.249.77.229 - - [22/Oct/2024:03:51:11 -0400] "GET /wp-login.php?redirect_to=https%3A%2F%2Fdietcontrungnhanh.com%2Fwp-admin%2Fcomment.php%3Faction%3Dtrash%26c%3D48&reauth=1 HTTP/1.1" 200 2851 "-" "Mozilla/5.0 (Linux; Android 6.0.1; Nexus 5X Build/MMB29P) AppleWebKit/537.36 (KHTML, like Gecko) Chrome/130.0.6723.58 Mobile Safari/537.36 (compatible; Googlebot/2.1; +http://www.google.com/bot.html)"
162.213.251.195 - - [22/Oct/2024:03:51:20 -0400] "POST /wp-cron.php?doing_wp_cron=1729583480.6125540733337402343750 HTTP/1.1" 200 0 "-" "WordPress/6.6.2; https://dietcontrungnhanh.com"
66.249.77.228 - - [22/Oct/2024:03:51:20 -0400] "GET /wp-login.php?redirect_to=https%3A%2F%2Fdietcontrungnhanh.com%2Fwp-admin%2Fcomment.php%3Faction%3Dspam%26c%3D76&reauth=1 HTTP/1.1" 200 2834 "-" "Mozilla/5.0 (Linux; Android 6.0.1; Nexus 5X Build/MMB29P) AppleWebKit/537.36 (KHTML, like Gecko) Chrome/130.0.6723.58 Mobile Safari/537.36 (compatible; Googlebot/2.1; +http://www.google.com/bot.html)"
162.213.251.195 - - [22/Oct/2024:03:53:10 -0400] "POST /wp-cron.php?doing_wp_cron=1729583589.7770650386810302734375 HTTP/1.1" 200 0 "-" "WordPress/6.6.2; https://dietcontrungnhanh.com"
162.253.224.15 - - [22/Oct/2024:03:53:06 -0400] "GET /wp-login.php HTTP/1.1" 200 2811 "-" "Mozilla/5.0 (X11; Fedora; Linux x86_64; rv:94.0) Gecko/20100101 Firefox/95.0"
162.253.224.15 - - [22/Oct/2024:03:53:10 -0400] "POST /wp-login.php HTTP/1.1" 200 2989 "-" "Mozilla/5.0 (X11; Fedora; Linux x86_64; rv:94.0) Gecko/20100101 Firefox/95.0"
162.213.251.195 - - [22/Oct/2024:04:00:53 -0400] "POST /wp-cron.php?doing_wp_cron=1729584053.0599899291992187500000 HTTP/1.1" 200 0 "-" "WordPress/6.6.2; https://dietcontrungnhanh.com"
176.101.14.94 - - [22/Oct/2024:04:00:42 -0400] "GET /wp-login.php HTTP/1.1" 200 2800 "-" "Mozilla/5.0 (Windows NT 10.0; WOW64; x64) AppleWebKit/537.36 (KHTML, like Gecko) Chrome/122.0.0.0 Safari/537.36 OPR/108.0.0.0"
162.213.251.195 - - [22/Oct/2024:04:01:19 -0400] "POST /wp-cron.php?doing_wp_cron=1729584078.4927210807800292968750 HTTP/1.1" 200 0 "-" "WordPress/6.6.2; https://dietcontrungnhanh.com"
66.249.77.227 - - [22/Oct/2024:04:01:16 -0400] "GET /wp-admin/comment.php?action=spam&c=104 HTTP/1.1" 302 0 "-" "Mozilla/5.0 (Linux; Android 6.0.1; Nexus 5X Build/MMB29P) AppleWebKit/537.36 (KHTML, like Gecko) Chrome/130.0.6723.58 Mobile Safari/537.36 (compatible; Googlebot/2.1; +http://www.google.com/bot.html)"
66.249.77.225 - - [22/Oct/2024:04:01:20 -0400] "GET /wp-login.php?redirect_to=https%3A%2F%2Fdietcontrungnhanh.com%2Fwp-admin%2Fcomment.php%3Faction%3Dspam%26c%3D104&reauth=1 HTTP/1.1" 200 2841 "-" "Mozilla/5.0 (Linux; Android 6.0.1; Nexus 5X Build/MMB29P) AppleWebKit/537.36 (KHTML, like Gecko) Chrome/130.0.6723.58 Mobile Safari/537.36 (compatible; Googlebot/2.1; +http://www.google.com/bot.html)"
111.90.196.239 - - [22/Oct/2024:04:01:59 -0400] "GET /wp-login.php HTTP/1.1" 200 2800 "-" "Mozilla/5.0 (Windows NT 10.0; Trident/7.0; rv:11.0) like Gecko"
111.90.196.239 - - [22/Oct/2024:04:02:03 -0400] "POST /wp-login.php HTTP/1.1" 200 2960 "https://dietcontrungnhanh.com/wp-login.php" "Mozilla/5.0 (Windows NT 10.0; Trident/7.0; rv:11.0) like Gecko"
37.111.171.214 - - [22/Oct/2024:04:02:09 -0400] "GET /wp-login.php HTTP/1.1" 200 2800 "-" "Mozilla/5.0 (compatible; MSIE 10.0; Windows NT 6.1; Trident/6.0)"
37.111.171.214 - - [22/Oct/2024:04:02:12 -0400] "POST /wp-login.php HTTP/1.1" 200 2950 "https://dietcontrungnhanh.com/wp-login.php" "Mozilla/5.0 (compatible; MSIE 10.0; Windows NT 6.1; Trident/6.0)"
162.213.251.195 - - [22/Oct/2024:04:07:29 -0400] "POST /wp-cron.php?doing_wp_cron=1729584447.8140299320220947265625 HTTP/1.1" 200 0 "-" "WordPress/6.6.2; https://dietcontrungnhanh.com"
83.212.240.13 - - [22/Oct/2024:04:07:13 -0400] "POST /wp-login.php HTTP/1.1" 200 2995 "-" "Mozilla/5.0 (X11; Fedora; Linux x86_64; rv:94.0) Gecko/20100101 Firefox/95.0"
66.249.77.230 - - [22/Oct/2024:04:13:16 -0400] "GET /wp-admin/admin.php?page=itsec-logs&filters%5B0%5D=id%7C16948 HTTP/1.1" 302 0 "-" "Mozilla/5.0 (Linux; Android 6.0.1; Nexus 5X Build/MMB29P) AppleWebKit/537.36 (KHTML, like Gecko) Chrome/130.0.6723.58 Mobile Safari/537.36 (compatible; Googlebot/2.1; +http://www.google.com/bot.html)"
162.213.251.195 - - [22/Oct/2024:04:13:36 -0400] "POST /wp-cron.php?doing_wp_cron=1729584814.3058431148529052734375 HTTP/1.1" 200 0 "-" "WordPress/6.6.2; https://dietcontrungnhanh.com"
66.249.77.228 - - [22/Oct/2024:04:13:40 -0400] "GET /wp-login.php?redirect_to=https%3A%2F%2Fdietcontrungnhanh.com%2Fwp-admin%2Fadmin.php%3Fpage%3Ditsec-logs%26filters%255B0%255D%3Did%257C16948&reauth=1 HTTP/1.1" 200 2856 "-" "Mozilla/5.0 (Linux; Android 6.0.1; Nexus 5X Build/MMB29P) AppleWebKit/537.36 (KHTML, like Gecko) Chrome/130.0.6723.58 Mobile Safari/537.36 (compatible; Googlebot/2.1; +http://www.google.com/bot.html)"
162.213.251.195 - - [22/Oct/2024:04:18:07 -0400] "POST /wp-cron.php?doing_wp_cron=1729585085.1657209396362304687500 HTTP/1.1" 200 0 "-" "WordPress/6.6.2; https://dietcontrungnhanh.com"
66.249.77.228 - - [22/Oct/2024:04:17:48 -0400] "GET /wp-content/plugins/core-stab/ HTTP/1.1" 404 19676 "-" "Mozilla/5.0 (Linux; Android 6.0.1; Nexus 5X Build/MMB29P) AppleWebKit/537.36 (KHTML, like Gecko) Chrome/130.0.6723.58 Mobile Safari/537.36 (compatible; Googlebot/2.1; +http://www.google.com/bot.html)"
66.249.77.229 - - [22/Oct/2024:04:18:43 -0400] "GET /wp-admin/comment.php?action=spam&c=130 HTTP/1.1" 302 0 "-" "Mozilla/5.0 (Linux; Android 6.0.1; Nexus 5X Build/MMB29P) AppleWebKit/537.36 (KHTML, like Gecko) Chrome/130.0.6723.58 Mobile Safari/537.36 (compatible; Googlebot/2.1; +http://www.google.com/bot.html)"
66.249.77.228 - - [22/Oct/2024:04:18:46 -0400] "GET /wp-login.php?redirect_to=https%3A%2F%2Fdietcontrungnhanh.com%2Fwp-admin%2Fcomment.php%3Faction%3Dspam%26c%3D130&reauth=1 HTTP/1.1" 200 2841 "-" "Mozilla/5.0 (Linux; Android 6.0.1; Nexus 5X Build/MMB29P) AppleWebKit/537.36 (KHTML, like Gecko) Chrome/130.0.6723.58 Mobile Safari/537.36 (compatible; Googlebot/2.1; +http://www.google.com/bot.html)"
72.9.145.44 - - [22/Oct/2024:04:19:45 -0400] "GET /wp-login.php HTTP/1.1" 200 2800 "-" "Mozilla/5.0 (X11; Fedora; Linux x86_64; rv:94.0) Gecko/20100101 Firefox/95.0"
162.213.251.195 - - [22/Oct/2024:04:19:48 -0400] "POST /wp-cron.php?doing_wp_cron=1729585186.9051709175109863281250 HTTP/1.1" 200 0 "-" "WordPress/6.6.2; https://dietcontrungnhanh.com"
72.9.145.44 - - [22/Oct/2024:04:19:50 -0400] "POST /wp-login.php HTTP/1.1" 200 2952 "-" "Mozilla/5.0 (X11; Fedora; Linux x86_64; rv:94.0) Gecko/20100101 Firefox/95.0"
162.213.251.195 - - [22/Oct/2024:04:25:41 -0400] "POST /wp-cron.php?doing_wp_cron=1729585540.1840469837188720703125 HTTP/1.1" 200 0 "-" "WordPress/6.6.2; https://dietcontrungnhanh.com"
66.249.77.227 - - [22/Oct/2024:04:25:19 -0400] "GET /wp-admin/comment.php?action=spam&c=46 HTTP/1.1" 302 0 "-" "Mozilla/5.0 (Linux; Android 6.0.1; Nexus 5X Build/MMB29P) AppleWebKit/537.36 (KHTML, like Gecko) Chrome/130.0.6723.58 Mobile Safari/537.36 (compatible; Googlebot/2.1; +http://www.google.com/bot.html)"
66.249.77.226 - - [22/Oct/2024:04:25:44 -0400] "GET /wp-login.php?redirect_to=https%3A%2F%2Fdietcontrungnhanh.com%2Fwp-admin%2Fcomment.php%3Faction%3Dspam%26c%3D46&reauth=1 HTTP/1.1" 200 2834 "-" "Mozilla/5.0 (Linux; Android 6.0.1; Nexus 5X Build/MMB29P) AppleWebKit/537.36 (KHTML, like Gecko) Chrome/130.0.6723.58 Mobile Safari/537.36 (compatible; Googlebot/2.1; +http://www.google.com/bot.html)"
20.197.35.86 - - [22/Oct/2024:04:31:44 -0400] "GET /admin.php HTTP/1.1" 200 0 "-" "Mozlila/5.0 (Linux; Android 7.0; SM-G892A Bulid/NRD90M; wv) AppleWebKit/537.36 (KHTML, like Gecko) Version/4.0 Chrome/60.0.3112.107 Moblie Safari/537.36"
162.213.251.195 - - [22/Oct/2024:04:32:19 -0400] "POST /wp-cron.php?doing_wp_cron=1729585938.7260069847106933593750 HTTP/1.1" 200 0 "-" "WordPress/6.6.2; https://dietcontrungnhanh.com"
162.213.251.195 - - [22/Oct/2024:04:33:08 -0400] "POST /wp-cron.php?doing_wp_cron=1729585987.4239149093627929687500 HTTP/1.1" 200 0 "-" "WordPress/6.6.2; https://dietcontrungnhanh.com"
2607:f298:5:118a::fde:6771 - - [22/Oct/2024:04:33:06 -0400] "GET /wp-login.php HTTP/1.1" 200 2800 "-" "Mozilla/5.0 (X11; Fedora; Linux x86_64; rv:94.0) Gecko/20100101 Firefox/95.0"
162.213.251.195 - - [22/Oct/2024:04:33:11 -0400] "POST /wp-cron.php?doing_wp_cron=1729585990.4859330654144287109375 HTTP/1.1" 200 0 "-" "WordPress/6.6.2; https://dietcontrungnhanh.com"
2607:f298:5:118a::fde:6771 - - [22/Oct/2024:04:33:09 -0400] "POST /wp-login.php HTTP/1.1" 200 2952 "-" "Mozilla/5.0 (X11; Fedora; Linux x86_64; rv:94.0) Gecko/20100101 Firefox/95.0"
162.213.251.195 - - [22/Oct/2024:04:37:33 -0400] "POST /wp-cron.php?doing_wp_cron=1729586252.4621129035949707031250 HTTP/1.1" 200 0 "-" "WordPress/6.6.2; https://dietcontrungnhanh.com"
66.249.77.230 - - [22/Oct/2024:04:37:16 -0400] "GET /wp-admin/comment.php?action=spam&c=95 HTTP/1.1" 302 0 "-" "Mozilla/5.0 (Linux; Android 6.0.1; Nexus 5X Build/MMB29P) AppleWebKit/537.36 (KHTML, like Gecko) Chrome/130.0.6723.58 Mobile Safari/537.36 (compatible; Googlebot/2.1; +http://www.google.com/bot.html)"
66.249.77.229 - - [22/Oct/2024:04:37:35 -0400] "GET /wp-login.php?redirect_to=https%3A%2F%2Fdietcontrungnhanh.com%2Fwp-admin%2Fcomment.php%3Faction%3Dspam%26c%3D95&reauth=1 HTTP/1.1" 200 2832 "-" "Mozilla/5.0 (Linux; Android 6.0.1; Nexus 5X Build/MMB29P) AppleWebKit/537.36 (KHTML, like Gecko) Chrome/130.0.6723.58 Mobile Safari/537.36 (compatible; Googlebot/2.1; +http://www.google.com/bot.html)"
162.213.251.195 - - [22/Oct/2024:04:37:36 -0400] "POST /wp-cron.php?doing_wp_cron=1729586256.2909860610961914062500 HTTP/1.1" 200 0 "-" "WordPress/6.6.2; https://dietcontrungnhanh.com"
66.249.77.228 - - [22/Oct/2024:04:37:35 -0400] "GET /robots.txt HTTP/1.1" 200 116 "-" "Mozilla/5.0 (compatible; Googlebot/2.1; +http://www.google.com/bot.html)"
149.28.164.232 - - [22/Oct/2024:04:46:48 -0400] "GET /wp-login.php HTTP/1.1" 200 2800 "-" "Mozilla/5.0 (X11; Fedora; Linux x86_64; rv:94.0) Gecko/20100101 Firefox/95.0"
162.213.251.195 - - [22/Oct/2024:04:47:10 -0400] "POST /wp-cron.php?doing_wp_cron=1729586827.6890859603881835937500 HTTP/1.1" 200 0 "-" "WordPress/6.6.2; https://dietcontrungnhanh.com"
149.28.164.232 - - [22/Oct/2024:04:47:11 -0400] "POST /wp-login.php HTTP/1.1" 200 2952 "-" "Mozilla/5.0 (X11; Fedora; Linux x86_64; rv:94.0) Gecko/20100101 Firefox/95.0"
162.213.251.195 - - [22/Oct/2024:04:48:59 -0400] "POST /wp-cron.php?doing_wp_cron=1729586937.4784200191497802734375 HTTP/1.1" 200 0 "-" "WordPress/6.6.2; https://dietcontrungnhanh.com"
66.249.77.228 - - [22/Oct/2024:04:48:41 -0400] "GET /wp-admin/comment.php?action=approve&c=95 HTTP/1.1" 302 0 "-" "Mozilla/5.0 (Linux; Android 6.0.1; Nexus 5X Build/MMB29P) AppleWebKit/537.36 (KHTML, like Gecko) Chrome/130.0.6723.58 Mobile Safari/537.36 (compatible; Googlebot/2.1; +http://www.google.com/bot.html)"
66.249.77.229 - - [22/Oct/2024:04:49:01 -0400] "GET /wp-login.php?redirect_to=https%3A%2F%2Fdietcontrungnhanh.com%2Fwp-admin%2Fcomment.php%3Faction%3Dapprove%26c%3D95&reauth=1 HTTP/1.1" 200 2833 "-" "Mozilla/5.0 (Linux; Android 6.0.1; Nexus 5X Build/MMB29P) AppleWebKit/537.36 (KHTML, like Gecko) Chrome/130.0.6723.58 Mobile Safari/537.36 (compatible; Googlebot/2.1; +http://www.google.com/bot.html)"
66.249.77.228 - - [22/Oct/2024:04:49:17 -0400] "GET /wp-admin/admin.php?page=itsec-logs&filters%5B0%5D=id%7C8038 HTTP/1.1" 302 0 "-" "Mozilla/5.0 (Linux; Android 6.0.1; Nexus 5X Build/MMB29P) AppleWebKit/537.36 (KHTML, like Gecko) Chrome/130.0.6723.58 Mobile Safari/537.36 (compatible; Googlebot/2.1; +http://www.google.com/bot.html)"
66.249.77.228 - - [22/Oct/2024:04:49:32 -0400] "GET /wp-login.php?redirect_to=https%3A%2F%2Fdietcontrungnhanh.com%2Fwp-admin%2Fadmin.php%3Fpage%3Ditsec-logs%26filters%255B0%255D%3Did%257C8038&reauth=1 HTTP/1.1" 200 2868 "-" "Mozilla/5.0 (Linux; Android 6.0.1; Nexus 5X Build/MMB29P) AppleWebKit/537.36 (KHTML, like Gecko) Chrome/130.0.6723.58 Mobile Safari/537.36 (compatible; Googlebot/2.1; +http://www.google.com/bot.html)"
198.12.254.32 - - [22/Oct/2024:04:53:14 -0400] "POST /xmlrpc.php HTTP/1.1" 403 26 "-" "Mozilla/5.0 (X11; Fedora; Linux x86_64; rv:94.0) Gecko/20100101 Firefox/95.0"
103.186.218.106 - - [22/Oct/2024:04:59:54 -0400] "POST /xmlrpc.php HTTP/1.1" 403 26 "-" "Mozilla/5.0 (X11; Fedora; Linux x86_64; rv:94.0) Gecko/20100101 Firefox/95.0"
162.213.251.195 - - [22/Oct/2024:05:01:23 -0400] "POST /wp-cron.php?doing_wp_cron=1729587681.5589280128479003906250 HTTP/1.1" 200 0 "-" "WordPress/6.6.2; https://dietcontrungnhanh.com"
66.249.77.227 - - [22/Oct/2024:05:01:17 -0400] "GET /wp-admin/comment.php?action=approve&c=76 HTTP/1.1" 302 0 "-" "Mozilla/5.0 (Linux; Android 6.0.1; Nexus 5X Build/MMB29P) AppleWebKit/537.36 (KHTML, like Gecko) Chrome/130.0.6723.58 Mobile Safari/537.36 (compatible; Googlebot/2.1; +http://www.google.com/bot.html)"
66.249.77.226 - - [22/Oct/2024:05:01:25 -0400] "GET /wp-login.php?redirect_to=https%3A%2F%2Fdietcontrungnhanh.com%2Fwp-admin%2Fcomment.php%3Faction%3Dapprove%26c%3D76&reauth=1 HTTP/1.1" 200 2833 "-" "Mozilla/5.0 (Linux; Android 6.0.1; Nexus 5X Build/MMB29P) AppleWebKit/537.36 (KHTML, like Gecko) Chrome/130.0.6723.58 Mobile Safari/537.36 (compatible; Googlebot/2.1; +http://www.google.com/bot.html)"
2603:3:610f:d640:: - - [22/Oct/2024:05:05:58 -0400] "POST /xmlrpc.php HTTP/1.1" 403 26 "-" "Mozilla/5.0 (X11; Fedora; Linux x86_64; rv:94.0) Gecko/20100101 Firefox/95.0"
51.77.117.102 - - [22/Oct/2024:05:12:57 -0400] "POST /xmlrpc.php HTTP/1.1" 403 26 "-" "Mozilla/5.0 (X11; Fedora; Linux x86_64; rv:94.0) Gecko/20100101 Firefox/95.0"
162.213.251.195 - - [22/Oct/2024:05:13:21 -0400] "POST /wp-cron.php?doing_wp_cron=1729588401.4098958969116210937500 HTTP/1.1" 200 0 "-" "WordPress/6.6.2; https://dietcontrungnhanh.com"
66.249.77.227 - - [22/Oct/2024:05:13:17 -0400] "GET /wp-admin/comment.php?action=trash&c=95 HTTP/1.1" 302 0 "-" "Mozilla/5.0 (Linux; Android 6.0.1; Nexus 5X Build/MMB29P) AppleWebKit/537.36 (KHTML, like Gecko) Chrome/130.0.6723.58 Mobile Safari/537.36 (compatible; Googlebot/2.1; +http://www.google.com/bot.html)"
162.213.251.195 - - [22/Oct/2024:05:13:26 -0400] "POST /wp-cron.php?doing_wp_cron=1729588405.1326730251312255859375 HTTP/1.1" 200 0 "-" "WordPress/6.6.2; https://dietcontrungnhanh.com"
66.249.77.225 - - [22/Oct/2024:05:13:24 -0400] "GET /wp-login.php?redirect_to=https%3A%2F%2Fdietcontrungnhanh.com%2Fwp-admin%2Fcomment.php%3Faction%3Dtrash%26c%3D95&reauth=1 HTTP/1.1" 200 2836 "-" "Mozilla/5.0 (Linux; Android 6.0.1; Nexus 5X Build/MMB29P) AppleWebKit/537.36 (KHTML, like Gecko) Chrome/130.0.6723.58 Mobile Safari/537.36 (compatible; Googlebot/2.1; +http://www.google.com/bot.html)"
162.213.251.195 - - [22/Oct/2024:05:15:35 -0400] "POST /wp-cron.php?doing_wp_cron=1729588535.2578148841857910156250 HTTP/1.1" 200 0 "-" "WordPress/6.6.2; https://dietcontrungnhanh.com"
66.249.77.225 - - [22/Oct/2024:05:15:32 -0400] "GET /soi-cau-xo-so-ngay-2806-du-doan-soi-cau-mien-bac-ngay-2806-p636.html HTTP/1.1" 404 18825 "-" "Mozilla/5.0 (Linux; Android 6.0.1; Nexus 5X Build/MMB29P) AppleWebKit/537.36 (KHTML, like Gecko) Chrome/130.0.6723.58 Mobile Safari/537.36 (compatible; Googlebot/2.1; +http://www.google.com/bot.html)"
162.213.251.195 - - [22/Oct/2024:05:15:57 -0400] "POST /wp-cron.php?doing_wp_cron=1729588556.1098220348358154296875 HTTP/1.1" 200 0 "-" "WordPress/6.6.2; https://dietcontrungnhanh.com"
66.249.77.225 - - [22/Oct/2024:05:15:55 -0400] "GET /uncategorized/ HTTP/1.1" 404 18804 "-" "Mozilla/5.0 (Linux; Android 6.0.1; Nexus 5X Build/MMB29P) AppleWebKit/537.36 (KHTML, like Gecko) Chrome/130.0.6723.58 Mobile Safari/537.36 (compatible; Googlebot/2.1; +http://www.google.com/bot.html)"
162.213.251.195 - - [22/Oct/2024:05:18:55 -0400] "POST /wp-cron.php?doing_wp_cron=1729588735.1319370269775390625000 HTTP/1.1" 200 0 "-" "WordPress/6.6.2; https://dietcontrungnhanh.com"
66.249.77.229 - - [22/Oct/2024:05:18:41 -0400] "GET /wp-admin/comment.php?action=trash&c=76 HTTP/1.1" 302 0 "-" "Mozilla/5.0 (Linux; Android 6.0.1; Nexus 5X Build/MMB29P) AppleWebKit/537.36 (KHTML, like Gecko) Chrome/130.0.6723.58 Mobile Safari/537.36 (compatible; Googlebot/2.1; +http://www.google.com/bot.html)"
66.249.77.228 - - [22/Oct/2024:05:18:56 -0400] "GET /wp-login.php?redirect_to=https%3A%2F%2Fdietcontrungnhanh.com%2Fwp-admin%2Fcomment.php%3Faction%3Dtrash%26c%3D76&reauth=1 HTTP/1.1" 200 2841 "-" "Mozilla/5.0 (Linux; Android 6.0.1; Nexus 5X Build/MMB29P) AppleWebKit/537.36 (KHTML, like Gecko) Chrome/130.0.6723.58 Mobile Safari/537.36 (compatible; Googlebot/2.1; +http://www.google.com/bot.html)"
134.209.158.44 - - [22/Oct/2024:05:19:24 -0400] "POST /xmlrpc.php HTTP/1.1" 403 26 "-" "Mozilla/5.0 (X11; Fedora; Linux x86_64; rv:94.0) Gecko/20100101 Firefox/95.0"
162.213.251.195 - - [22/Oct/2024:05:25:32 -0400] "POST /wp-cron.php?doing_wp_cron=1729589132.4472570419311523437500 HTTP/1.1" 200 0 "-" "WordPress/6.6.2; https://dietcontrungnhanh.com"
66.249.77.228 - - [22/Oct/2024:05:25:16 -0400] "GET /wp-admin/comment.php?action=spam&c=61 HTTP/1.1" 302 0 "-" "Mozilla/5.0 (Linux; Android 6.0.1; Nexus 5X Build/MMB29P) AppleWebKit/537.36 (KHTML, like Gecko) Chrome/130.0.6723.58 Mobile Safari/537.36 (compatible; Googlebot/2.1; +http://www.google.com/bot.html)"
162.213.251.195 - - [22/Oct/2024:05:25:36 -0400] "POST /wp-cron.php?doing_wp_cron=1729589135.5575480461120605468750 HTTP/1.1" 200 0 "-" "WordPress/6.6.2; https://dietcontrungnhanh.com"
66.249.77.229 - - [22/Oct/2024:05:25:34 -0400] "GET /wp-login.php?redirect_to=https%3A%2F%2Fdietcontrungnhanh.com%2Fwp-admin%2Fcomment.php%3Faction%3Dspam%26c%3D61&reauth=1 HTTP/1.1" 200 2833 "-" "Mozilla/5.0 (Linux; Android 6.0.1; Nexus 5X Build/MMB29P) AppleWebKit/537.36 (KHTML, like Gecko) Chrome/130.0.6723.58 Mobile Safari/537.36 (compatible; Googlebot/2.1; +http://www.google.com/bot.html)"
149.27.114.183 - - [22/Oct/2024:05:30:33 -0400] "GET /wp-login.php HTTP/1.1" 200 0 "-" "Mozilla/5.0 (Windows NT 10.0; Win64; x64) AppleWebKit/537.36 (KHTML, like Gecko) Chrome/122.0.0.0 Safari/537.36 Vivaldi/6.6.3271.50"
162.213.251.195 - - [22/Oct/2024:05:30:50 -0400] "POST /wp-cron.php?doing_wp_cron=1729589450.4808819293975830078125 HTTP/1.1" 200 0 "-" "WordPress/6.6.2; https://dietcontrungnhanh.com"
149.27.114.183 - - [22/Oct/2024:05:30:50 -0400] "GET /wp-login.php HTTP/1.1" 200 2811 "-" "Mozilla/5.0 (Windows NT 10.0; Win64; x64) AppleWebKit/537.36 (KHTML, like Gecko) Chrome/122.0.0.0 Safari/537.36 Vivaldi/6.6.3271.50"
75.119.208.59 - - [22/Oct/2024:05:32:25 -0400] "POST /xmlrpc.php HTTP/1.1" 403 26 "-" "Mozilla/5.0 (X11; Fedora; Linux x86_64; rv:94.0) Gecko/20100101 Firefox/95.0"
162.213.251.195 - - [22/Oct/2024:05:32:47 -0400] "POST /wp-cron.php?doing_wp_cron=1729589567.0566461086273193359375 HTTP/1.1" 200 0 "-" "WordPress/6.6.2; https://dietcontrungnhanh.com"
178.89.138.122 - - [22/Oct/2024:05:32:46 -0400] "GET /wp-login.php HTTP/1.1" 200 2800 "-" "Mozilla/5.0 (Macintosh; Intel Mac OS X 14.4; rv:123.0) Gecko/20100101 Firefox/123.0"
162.213.251.195 - - [22/Oct/2024:05:32:50 -0400] "POST /wp-cron.php?doing_wp_cron=1729589570.1188418865203857421875 HTTP/1.1" 200 0 "-" "WordPress/6.6.2; https://dietcontrungnhanh.com"
178.89.138.122 - - [22/Oct/2024:05:32:49 -0400] "GET /wp-login.php HTTP/1.1" 200 2811 "http://dietcontrungnhanh.com/wp-login.php" "Mozilla/5.0 (Macintosh; Intel Mac OS X 14.4; rv:123.0) Gecko/20100101 Firefox/123.0"
162.213.251.195 - - [22/Oct/2024:05:38:35 -0400] "POST /wp-cron.php?doing_wp_cron=1729589914.5073320865631103515625 HTTP/1.1" 200 0 "-" "WordPress/6.6.2; https://dietcontrungnhanh.com"
66.249.77.229 - - [22/Oct/2024:05:38:16 -0400] "GET /wp-admin/comment.php?action=approve&c=53 HTTP/1.1" 302 0 "-" "Mozilla/5.0 (Linux; Android 6.0.1; Nexus 5X Build/MMB29P) AppleWebKit/537.36 (KHTML, like Gecko) Chrome/130.0.6723.58 Mobile Safari/537.36 (compatible; Googlebot/2.1; +http://www.google.com/bot.html)"
162.213.251.195 - - [22/Oct/2024:05:38:39 -0400] "POST /wp-cron.php?doing_wp_cron=1729589918.4687519073486328125000 HTTP/1.1" 200 0 "-" "WordPress/6.6.2; https://dietcontrungnhanh.com"
66.249.77.228 - - [22/Oct/2024:05:38:37 -0400] "GET /wp-login.php?redirect_to=https%3A%2F%2Fdietcontrungnhanh.com%2Fwp-admin%2Fcomment.php%3Faction%3Dapprove%26c%3D53&reauth=1 HTTP/1.1" 200 2842 "-" "Mozilla/5.0 (Linux; Android 6.0.1; Nexus 5X Build/MMB29P) AppleWebKit/537.36 (KHTML, like Gecko) Chrome/130.0.6723.58 Mobile Safari/537.36 (compatible; Googlebot/2.1; +http://www.google.com/bot.html)"
157.245.201.51 - - [22/Oct/2024:05:38:57 -0400] "POST /xmlrpc.php HTTP/1.1" 403 26 "-" "Mozilla/5.0 (X11; Fedora; Linux x86_64; rv:94.0) Gecko/20100101 Firefox/95.0"
162.213.251.195 - - [22/Oct/2024:05:39:22 -0400] "POST /wp-cron.php?doing_wp_cron=1729589961.5808999538421630859375 HTTP/1.1" 200 0 "-" "WordPress/6.6.2; https://dietcontrungnhanh.com"
216.244.66.234 - - [22/Oct/2024:05:39:20 -0400] "GET /robots.txt HTTP/1.1" 200 116 "-" "Mozilla/5.0 (compatible; DotBot/1.2; +https://opensiteexplorer.org/dotbot; [email protected])"
95.82.96.232 - - [22/Oct/2024:05:45:41 -0400] "GET /wp-login.php HTTP/1.1" 200 0 "-" "Mozilla/5.0 (Macintosh; Intel Mac OS X 14.4; rv:123.0) Gecko/20100101 Firefox/123.0"
162.213.251.195 - - [22/Oct/2024:05:45:57 -0400] "POST /wp-cron.php?doing_wp_cron=1729590355.9097030162811279296875 HTTP/1.1" 200 0 "-" "WordPress/6.6.2; https://dietcontrungnhanh.com"
95.82.96.232 - - [22/Oct/2024:05:45:59 -0400] "GET /wp-login.php HTTP/1.1" 200 2800 "-" "Mozilla/5.0 (Macintosh; Intel Mac OS X 14.4; rv:123.0) Gecko/20100101 Firefox/123.0"
207.244.238.28 - - [22/Oct/2024:05:46:00 -0400] "POST /xmlrpc.php HTTP/1.1" 403 26 "-" "Mozilla/5.0 (X11; Fedora; Linux x86_64; rv:94.0) Gecko/20100101 Firefox/95.0"
162.213.251.195 - - [22/Oct/2024:05:48:52 -0400] "POST /wp-cron.php?doing_wp_cron=1729590531.7763769626617431640625 HTTP/1.1" 200 0 "-" "WordPress/6.6.2; https://dietcontrungnhanh.com"
66.249.77.226 - - [22/Oct/2024:05:48:41 -0400] "GET /wp-admin/comment.php?action=approve&c=40 HTTP/1.1" 302 0 "-" "Mozilla/5.0 (Linux; Android 6.0.1; Nexus 5X Build/MMB29P) AppleWebKit/537.36 (KHTML, like Gecko) Chrome/130.0.6723.58 Mobile Safari/537.36 (compatible; Googlebot/2.1; +http://www.google.com/bot.html)"
162.213.251.195 - - [22/Oct/2024:05:48:54 -0400] "POST /wp-cron.php?doing_wp_cron=1729590533.9873549938201904296875 HTTP/1.1" 200 0 "-" "WordPress/6.6.2; https://dietcontrungnhanh.com"
66.249.77.225 - - [22/Oct/2024:05:48:53 -0400] "GET /wp-login.php?redirect_to=https%3A%2F%2Fdietcontrungnhanh.com%2Fwp-admin%2Fcomment.php%3Faction%3Dapprove%26c%3D40&reauth=1 HTTP/1.1" 200 2832 "-" "Mozilla/5.0 (Linux; Android 6.0.1; Nexus 5X Build/MMB29P) AppleWebKit/537.36 (KHTML, like Gecko) Chrome/130.0.6723.58 Mobile Safari/537.36 (compatible; Googlebot/2.1; +http://www.google.com/bot.html)"
162.213.251.195 - - [22/Oct/2024:05:49:01 -0400] "POST /wp-cron.php?doing_wp_cron=1729590540.8737111091613769531250 HTTP/1.1" 200 0 "-" "WordPress/6.6.2; https://dietcontrungnhanh.com"
197.63.153.38 - - [22/Oct/2024:05:49:00 -0400] "GET /wp-login.php HTTP/1.1" 200 2800 "-" "Mozilla/5.0 (Windows NT 10.0; Win64; x64) AppleWebKit/537.36 (KHTML, like Gecko) Chrome/122.0.0.0 Safari/537.36 OPR/108.0.0.0"
162.213.251.195 - - [22/Oct/2024:05:49:05 -0400] "POST /wp-cron.php?doing_wp_cron=1729590544.7060120105743408203125 HTTP/1.1" 200 0 "-" "WordPress/6.6.2; https://dietcontrungnhanh.com"
197.63.153.38 - - [22/Oct/2024:05:49:04 -0400] "GET /wp-login.php HTTP/1.1" 200 2800 "http://dietcontrungnhanh.com/wp-login.php" "Mozilla/5.0 (Windows NT 10.0; Win64; x64) AppleWebKit/537.36 (KHTML, like Gecko) Chrome/122.0.0.0 Safari/537.36 OPR/108.0.0.0"
66.249.77.225 - - [22/Oct/2024:05:49:16 -0400] "GET /wp-admin/comment.php?action=trash&c=53 HTTP/1.1" 302 0 "-" "Mozilla/5.0 (Linux; Android 6.0.1; Nexus 5X Build/MMB29P) AppleWebKit/537.36 (KHTML, like Gecko) Chrome/130.0.6723.58 Mobile Safari/537.36 (compatible; Googlebot/2.1; +http://www.google.com/bot.html)"
162.213.251.195 - - [22/Oct/2024:05:49:19 -0400] "POST /wp-cron.php?doing_wp_cron=1729590557.2151269912719726562500 HTTP/1.1" 200 0 "-" "WordPress/6.6.2; https://dietcontrungnhanh.com"
66.249.77.226 - - [22/Oct/2024:05:49:26 -0400] "GET /wp-login.php?redirect_to=https%3A%2F%2Fdietcontrungnhanh.com%2Fwp-admin%2Fcomment.php%3Faction%3Dtrash%26c%3D53&reauth=1 HTTP/1.1" 200 2841 "-" "Mozilla/5.0 (Linux; Android 6.0.1; Nexus 5X Build/MMB29P) AppleWebKit/537.36 (KHTML, like Gecko) Chrome/130.0.6723.58 Mobile Safari/537.36 (compatible; Googlebot/2.1; +http://www.google.com/bot.html)"
2603:3:6100:7840:: - - [22/Oct/2024:05:52:39 -0400] "POST /xmlrpc.php HTTP/1.1" 403 26 "-" "Mozilla/5.0 (X11; Fedora; Linux x86_64; rv:94.0) Gecko/20100101 Firefox/95.0"
2a05:480:0:f654::2 - - [22/Oct/2024:05:59:39 -0400] "POST /xmlrpc.php HTTP/1.1" 403 26 "-" "Mozilla/5.0 (X11; Fedora; Linux x86_64; rv:94.0) Gecko/20100101 Firefox/95.0"
162.213.251.195 - - [22/Oct/2024:06:00:54 -0400] "POST /wp-cron.php?doing_wp_cron=1729591252.9296050071716308593750 HTTP/1.1" 200 0 "-" "WordPress/6.6.2; https://dietcontrungnhanh.com"
103.131.71.162 - - [22/Oct/2024:06:00:47 -0400] "GET /robots.txt HTTP/1.1" 200 116 "-" "Mozilla/5.0 (compatible; coccocbot-web/1.0; +http://help.coccoc.com/searchengine)"
162.213.251.195 - - [22/Oct/2024:06:01:01 -0400] "POST /wp-cron.php?doing_wp_cron=1729591261.2391450405120849609375 HTTP/1.1" 200 0 "-" "WordPress/6.6.2; https://dietcontrungnhanh.com"
103.131.71.233 - - [22/Oct/2024:06:01:00 -0400] "GET / HTTP/1.1" 200 27084 "-" "Mozilla/5.0 (compatible; coccocbot-web/1.0; +http://help.coccoc.com/searchengine)"
162.213.251.195 - - [22/Oct/2024:06:01:18 -0400] "POST /wp-cron.php?doing_wp_cron=1729591277.7657411098480224609375 HTTP/1.1" 200 0 "-" "WordPress/6.6.2; https://dietcontrungnhanh.com"
66.249.77.230 - - [22/Oct/2024:06:01:16 -0400] "GET /wp-admin/admin.php?page=itsec&module=user-security-check HTTP/1.1" 302 0 "-" "Mozilla/5.0 (Linux; Android 6.0.1; Nexus 5X Build/MMB29P) AppleWebKit/537.36 (KHTML, like Gecko) Chrome/130.0.6723.58 Mobile Safari/537.36 (compatible; Googlebot/2.1; +http://www.google.com/bot.html)"
162.213.251.195 - - [22/Oct/2024:06:01:19 -0400] "POST /wp-cron.php?doing_wp_cron=1729591279.5636270046234130859375 HTTP/1.1" 200 0 "-" "WordPress/6.6.2; https://dietcontrungnhanh.com"
66.249.77.228 - - [22/Oct/2024:06:01:18 -0400] "GET /wp-login.php?redirect_to=https%3A%2F%2Fdietcontrungnhanh.com%2Fwp-admin%2Fadmin.php%3Fpage%3Ditsec%26module%3Duser-security-check&reauth=1 HTTP/1.1" 200 2838 "-" "Mozilla/5.0 (Linux; Android 6.0.1; Nexus 5X Build/MMB29P) AppleWebKit/537.36 (KHTML, like Gecko) Chrome/130.0.6723.58 Mobile Safari/537.36 (compatible; Googlebot/2.1; +http://www.google.com/bot.html)"
162.213.251.195 - - [22/Oct/2024:06:01:26 -0400] "POST /wp-cron.php?doing_wp_cron=1729591286.6815629005432128906250 HTTP/1.1" 200 0 "-" "WordPress/6.6.2; https://dietcontrungnhanh.com"
103.131.71.197 - - [22/Oct/2024:06:01:25 -0400] "GET /robots.txt HTTP/1.1" 301 0 "-" "Mozilla/5.0 (compatible; coccocbot-web/1.0; +http://help.coccoc.com/searchengine)"
162.213.251.195 - - [22/Oct/2024:06:01:44 -0400] "POST /wp-cron.php?doing_wp_cron=1729591304.0747399330139160156250 HTTP/1.1" 200 0 "-" "WordPress/6.6.2; https://dietcontrungnhanh.com"
103.131.71.95 - - [22/Oct/2024:06:01:43 -0400] "GET / HTTP/1.1" 301 0 "-" "Mozilla/5.0 (compatible; coccocbot-web/1.0; +http://help.coccoc.com/searchengine)"
162.213.251.195 - - [22/Oct/2024:06:04:58 -0400] "POST /wp-cron.php?doing_wp_cron=1729591497.8863899707794189453125 HTTP/1.1" 200 0 "-" "WordPress/6.6.2; https://dietcontrungnhanh.com"
52.167.144.57 - - [22/Oct/2024:06:04:49 -0400] "GET /robots.txt HTTP/1.1" 200 116 "-" "Mozilla/5.0 AppleWebKit/537.36 (KHTML, like Gecko; compatible; bingbot/2.0; +http://www.bing.com/bingbot.htm) Chrome/116.0.1938.76 Safari/537.36"
162.213.251.195 - - [22/Oct/2024:06:05:11 -0400] "POST /wp-cron.php?doing_wp_cron=1729591510.7088170051574707031250 HTTP/1.1" 200 0 "-" "WordPress/6.6.2; https://dietcontrungnhanh.com"
157.55.39.194 - - [22/Oct/2024:06:05:10 -0400] "GET /sitemap_index.xml HTTP/1.1" 200 366 "-" "Mozilla/5.0 AppleWebKit/537.36 (KHTML, like Gecko; compatible; bingbot/2.0; +http://www.bing.com/bingbot.htm) Chrome/116.0.1938.76 Safari/537.36"
162.213.251.195 - - [22/Oct/2024:06:06:49 -0400] "POST /wp-cron.php?doing_wp_cron=1729591608.9575979709625244140625 HTTP/1.1" 200 0 "-" "WordPress/6.6.2; https://dietcontrungnhanh.com"
