20.171.206.90 - - [21/Oct/2024:15:25:16 -0400] "GET /dich-vu-diet-moi-quan-3-bao-ve-to-am-tu-moi-nguy-con-trung/embed/ HTTP/1.1" 200 6808 "-" "Mozilla/5.0 AppleWebKit/537.36 (KHTML, like Gecko; compatible; GPTBot/1.2; +https://openai.com/gptbot)"
20.171.206.90 - - [21/Oct/2024:15:25:17 -0400] "GET /san-pham/binh-4-lit-phun-diet-con-trung-01/embed/ HTTP/1.1" 200 6924 "-" "Mozilla/5.0 AppleWebKit/537.36 (KHTML, like Gecko; compatible; GPTBot/1.2; +https://openai.com/gptbot)"
66.249.77.225 - - [21/Oct/2024:15:25:17 -0400] "GET /ajax-actions.php HTTP/1.1" 404 16546 "-" "Mozilla/5.0 (Linux; Android 6.0.1; Nexus 5X Build/MMB29P) AppleWebKit/537.36 (KHTML, like Gecko) Chrome/130.0.6723.58 Mobile Safari/537.36 (compatible; Googlebot/2.1; +http://www.google.com/bot.html)"
20.171.206.90 - - [21/Oct/2024:15:25:19 -0400] "GET /san-pham/binh-4-lit-phun-diet-con-trung-05/embed/ HTTP/1.1" 200 6972 "-" "Mozilla/5.0 AppleWebKit/537.36 (KHTML, like Gecko; compatible; GPTBot/1.2; +https://openai.com/gptbot)"
20.171.206.90 - - [21/Oct/2024:15:25:20 -0400] "GET /dich-vu-diet-moi-nha-be-giai-phap-toan-dien-danh-bai-moi/embed/ HTTP/1.1" 200 6775 "-" "Mozilla/5.0 AppleWebKit/537.36 (KHTML, like Gecko; compatible; GPTBot/1.2; +https://openai.com/gptbot)"
20.171.206.90 - - [21/Oct/2024:15:25:22 -0400] "GET /dich-vu-diet-gian-thu-duc-chuyen-nghiep-hieu-qua/embed/ HTTP/1.1" 200 6755 "-" "Mozilla/5.0 AppleWebKit/537.36 (KHTML, like Gecko; compatible; GPTBot/1.2; +https://openai.com/gptbot)"
20.171.206.90 - - [21/Oct/2024:15:25:23 -0400] "GET /dich-vu-diet-moi-quan-5-diet-moi-uy-tin-tai-tp-hcm/embed/ HTTP/1.1" 200 6800 "-" "Mozilla/5.0 AppleWebKit/537.36 (KHTML, like Gecko; compatible; GPTBot/1.2; +https://openai.com/gptbot)"
20.171.206.90 - - [21/Oct/2024:15:25:24 -0400] "GET /san-pham/binh-4-lit-phun-diet-con-trung-08/embed/ HTTP/1.1" 200 6948 "-" "Mozilla/5.0 AppleWebKit/537.36 (KHTML, like Gecko; compatible; GPTBot/1.2; +https://openai.com/gptbot)"
162.213.251.195 - - [21/Oct/2024:15:30:30 -0400] "POST /wp-cron.php?doing_wp_cron=1729539028.7708709239959716796875 HTTP/1.1" 200 0 "-" "WordPress/6.6.2; https://dietcontrungnhanh.com"
216.244.66.234 - - [21/Oct/2024:15:30:22 -0400] "GET /dich-vu-thi-cong-mang-hoc-mon/ HTTP/1.1" 404 18726 "-" "Mozilla/5.0 (compatible; DotBot/1.2; +https://opensiteexplorer.org/dotbot; [email protected])"
66.249.77.228 - - [21/Oct/2024:15:37:21 -0400] "GET /include/ HTTP/1.1" 404 18673 "-" "Mozilla/5.0 (Linux; Android 6.0.1; Nexus 5X Build/MMB29P) AppleWebKit/537.36 (KHTML, like Gecko) Chrome/130.0.6723.58 Mobile Safari/537.36 (compatible; Googlebot/2.1; +http://www.google.com/bot.html)"
162.213.251.195 - - [21/Oct/2024:15:37:29 -0400] "POST /wp-cron.php?doing_wp_cron=1729539447.3412809371948242187500 HTTP/1.1" 200 0 "-" "WordPress/6.6.2; https://dietcontrungnhanh.com"
66.249.77.229 - - [21/Oct/2024:15:42:23 -0400] "GET /simple_php_backdoor_by_dk.php HTTP/1.1" 404 16551 "-" "Mozilla/5.0 (Linux; Android 6.0.1; Nexus 5X Build/MMB29P) AppleWebKit/537.36 (KHTML, like Gecko) Chrome/130.0.6723.58 Mobile Safari/537.36 (compatible; GoogleOther)"
162.213.251.195 - - [21/Oct/2024:15:42:32 -0400] "POST /wp-cron.php?doing_wp_cron=1729539748.1998031139373779296875 HTTP/1.1" 200 0 "-" "WordPress/6.6.2; https://dietcontrungnhanh.com"
20.171.206.246 - - [21/Oct/2024:15:43:25 -0400] "GET /dich-vu-diet-moi-quan-7/embed/ HTTP/1.1" 200 6702 "-" "Mozilla/5.0 AppleWebKit/537.36 (KHTML, like Gecko; compatible; GPTBot/1.2; +https://openai.com/gptbot)"
20.171.206.246 - - [21/Oct/2024:15:43:29 -0400] "GET /dich-vu-diet-chuot-quan-6/embed/ HTTP/1.1" 200 6731 "-" "Mozilla/5.0 AppleWebKit/537.36 (KHTML, like Gecko; compatible; GPTBot/1.2; +https://openai.com/gptbot)"
162.213.251.195 - - [21/Oct/2024:15:43:34 -0400] "POST /wp-cron.php?doing_wp_cron=1729539810.4792850017547607421875 HTTP/1.1" 200 0 "-" "WordPress/6.6.2; https://dietcontrungnhanh.com"
20.171.206.46 - - [21/Oct/2024:15:43:36 -0400] "GET /dich-vu-diet-chuot-quan-4/embed/ HTTP/1.1" 200 6649 "-" "Mozilla/5.0 AppleWebKit/537.36 (KHTML, like Gecko; compatible; GPTBot/1.2; +https://openai.com/gptbot)"
20.171.206.46 - - [21/Oct/2024:15:43:43 -0400] "GET /dich-vu-diet-chuot-quan-binh-tan/embed/ HTTP/1.1" 200 6595 "-" "Mozilla/5.0 AppleWebKit/537.36 (KHTML, like Gecko; compatible; GPTBot/1.2; +https://openai.com/gptbot)"
20.171.206.46 - - [21/Oct/2024:15:43:49 -0400] "GET /dich-vu-diet-chuot-quan-2/embed/ HTTP/1.1" 200 6577 "-" "Mozilla/5.0 AppleWebKit/537.36 (KHTML, like Gecko; compatible; GPTBot/1.2; +https://openai.com/gptbot)"
20.171.206.46 - - [21/Oct/2024:15:43:54 -0400] "GET /dich-vu-diet-chuot-cu-chi/embed/ HTTP/1.1" 200 6643 "-" "Mozilla/5.0 AppleWebKit/537.36 (KHTML, like Gecko; compatible; GPTBot/1.2; +https://openai.com/gptbot)"
20.171.206.46 - - [21/Oct/2024:15:44:00 -0400] "GET /dich-vu-diet-chuot-hoc-mon/embed/ HTTP/1.1" 200 6619 "-" "Mozilla/5.0 AppleWebKit/537.36 (KHTML, like Gecko; compatible; GPTBot/1.2; +https://openai.com/gptbot)"
20.171.206.46 - - [21/Oct/2024:15:44:05 -0400] "GET /lien-he/embed/ HTTP/1.1" 200 6122 "-" "Mozilla/5.0 AppleWebKit/537.36 (KHTML, like Gecko; compatible; GPTBot/1.2; +https://openai.com/gptbot)"
20.171.206.46 - - [21/Oct/2024:15:44:08 -0400] "GET /dich-vu-diet-muoi-quan-10/embed/ HTTP/1.1" 200 6647 "-" "Mozilla/5.0 AppleWebKit/537.36 (KHTML, like Gecko; compatible; GPTBot/1.2; +https://openai.com/gptbot)"
20.171.206.46 - - [21/Oct/2024:15:44:13 -0400] "GET /chinh-sach-bao-hanh/embed/ HTTP/1.1" 200 6362 "-" "Mozilla/5.0 AppleWebKit/537.36 (KHTML, like Gecko; compatible; GPTBot/1.2; +https://openai.com/gptbot)"
20.171.206.46 - - [21/Oct/2024:15:44:17 -0400] "GET /dich-vu-diet-chuot-quan-10-cong-ty-diet-chuot-uy-tin-hang-dau/embed/ HTTP/1.1" 200 6738 "-" "Mozilla/5.0 AppleWebKit/537.36 (KHTML, like Gecko; compatible; GPTBot/1.2; +https://openai.com/gptbot)"
20.171.206.46 - - [21/Oct/2024:15:44:22 -0400] "GET /diet-muoi-con-trung-quan-8/embed/ HTTP/1.1" 200 6581 "-" "Mozilla/5.0 AppleWebKit/537.36 (KHTML, like Gecko; compatible; GPTBot/1.2; +https://openai.com/gptbot)"
20.171.206.46 - - [21/Oct/2024:15:44:24 -0400] "GET /gio-hang/embed/ HTTP/1.1" 200 6112 "-" "Mozilla/5.0 AppleWebKit/537.36 (KHTML, like Gecko; compatible; GPTBot/1.2; +https://openai.com/gptbot)"
20.171.206.211 - - [21/Oct/2024:15:44:28 -0400] "GET /chinh-sach-doi-tra-hang/embed/ HTTP/1.1" 200 6457 "-" "Mozilla/5.0 AppleWebKit/537.36 (KHTML, like Gecko; compatible; GPTBot/1.2; +https://openai.com/gptbot)"
162.213.251.195 - - [21/Oct/2024:15:44:32 -0400] "POST /wp-cron.php?doing_wp_cron=1729539870.5678210258483886718750 HTTP/1.1" 200 0 "-" "WordPress/6.6.2; https://dietcontrungnhanh.com"
20.171.206.211 - - [21/Oct/2024:15:44:35 -0400] "GET /dich-vu-diet-chuot-quan-binh-thanh/embed/ HTTP/1.1" 200 6626 "-" "Mozilla/5.0 AppleWebKit/537.36 (KHTML, like Gecko; compatible; GPTBot/1.2; +https://openai.com/gptbot)"
20.171.206.211 - - [21/Oct/2024:15:44:39 -0400] "GET /dich-vu-diet-chuot-quan-3/embed/ HTTP/1.1" 200 6601 "-" "Mozilla/5.0 AppleWebKit/537.36 (KHTML, like Gecko; compatible; GPTBot/1.2; +https://openai.com/gptbot)"
20.171.206.211 - - [21/Oct/2024:15:44:43 -0400] "GET /gioi-thieu/embed/ HTTP/1.1" 200 6378 "-" "Mozilla/5.0 AppleWebKit/537.36 (KHTML, like Gecko; compatible; GPTBot/1.2; +https://openai.com/gptbot)"
20.171.206.211 - - [21/Oct/2024:15:44:46 -0400] "GET /dich-vu-diet-chuot-tai-ho-chi-minh/embed/ HTTP/1.1" 200 6556 "-" "Mozilla/5.0 AppleWebKit/537.36 (KHTML, like Gecko; compatible; GPTBot/1.2; +https://openai.com/gptbot)"
20.171.206.211 - - [21/Oct/2024:15:44:50 -0400] "GET /dich-vu-diet-muoi-quan-12/embed/ HTTP/1.1" 200 6636 "-" "Mozilla/5.0 AppleWebKit/537.36 (KHTML, like Gecko; compatible; GPTBot/1.2; +https://openai.com/gptbot)"
20.171.206.211 - - [21/Oct/2024:15:44:54 -0400] "GET /dich-vu-diet-chuot-quan-8/embed/ HTTP/1.1" 200 6684 "-" "Mozilla/5.0 AppleWebKit/537.36 (KHTML, like Gecko; compatible; GPTBot/1.2; +https://openai.com/gptbot)"
20.171.206.211 - - [21/Oct/2024:15:45:01 -0400] "GET /hoi-dap/embed/ HTTP/1.1" 200 6108 "-" "Mozilla/5.0 AppleWebKit/537.36 (KHTML, like Gecko; compatible; GPTBot/1.2; +https://openai.com/gptbot)"
20.171.206.211 - - [21/Oct/2024:15:45:06 -0400] "GET /dich-vu-diet-muoi-thu-duc/embed/ HTTP/1.1" 200 6508 "-" "Mozilla/5.0 AppleWebKit/537.36 (KHTML, like Gecko; compatible; GPTBot/1.2; +https://openai.com/gptbot)"
20.171.206.211 - - [21/Oct/2024:15:45:11 -0400] "GET /dich-vu-diet-ruoi-tai-ho-chi-minh/embed/ HTTP/1.1" 200 6770 "-" "Mozilla/5.0 AppleWebKit/537.36 (KHTML, like Gecko; compatible; GPTBot/1.2; +https://openai.com/gptbot)"
20.171.206.211 - - [21/Oct/2024:15:45:16 -0400] "GET /san-pham/binh-4-lit-phun-diet-con-trung-03/embed/ HTTP/1.1" 200 6948 "-" "Mozilla/5.0 AppleWebKit/537.36 (KHTML, like Gecko; compatible; GPTBot/1.2; +https://openai.com/gptbot)"
20.171.206.211 - - [21/Oct/2024:15:45:24 -0400] "GET /dich-vu-diet-gian-tai-huyen-binh-chanh/embed/ HTTP/1.1" 200 6648 "-" "Mozilla/5.0 AppleWebKit/537.36 (KHTML, like Gecko; compatible; GPTBot/1.2; +https://openai.com/gptbot)"
20.171.206.211 - - [21/Oct/2024:15:45:30 -0400] "GET /hd-mua-hang/embed/ HTTP/1.1" 200 6099 "-" "Mozilla/5.0 AppleWebKit/537.36 (KHTML, like Gecko; compatible; GPTBot/1.2; +https://openai.com/gptbot)"
162.213.251.195 - - [21/Oct/2024:15:45:34 -0400] "POST /wp-cron.php?doing_wp_cron=1729539930.8190650939941406250000 HTTP/1.1" 200 0 "-" "WordPress/6.6.2; https://dietcontrungnhanh.com"
20.171.206.86 - - [21/Oct/2024:15:45:36 -0400] "GET /dich-vu-diet-muoi-quan-go-vap/embed/ HTTP/1.1" 200 6603 "-" "Mozilla/5.0 AppleWebKit/537.36 (KHTML, like Gecko; compatible; GPTBot/1.2; +https://openai.com/gptbot)"
20.171.206.86 - - [21/Oct/2024:15:45:42 -0400] "GET /san-pham/binh-4-lit-phun-diet-con-trung-01/embed/ HTTP/1.1" 200 6929 "-" "Mozilla/5.0 AppleWebKit/537.36 (KHTML, like Gecko; compatible; GPTBot/1.2; +https://openai.com/gptbot)"
20.171.206.86 - - [21/Oct/2024:15:45:46 -0400] "GET /san-pham/binh-4-lit-phun-diet-con-trung-04/embed/ HTTP/1.1" 200 6947 "-" "Mozilla/5.0 AppleWebKit/537.36 (KHTML, like Gecko; compatible; GPTBot/1.2; +https://openai.com/gptbot)"
20.171.206.86 - - [21/Oct/2024:15:45:53 -0400] "GET /dich-vu-diet-chuot-quan-9/embed/ HTTP/1.1" 200 6712 "-" "Mozilla/5.0 AppleWebKit/537.36 (KHTML, like Gecko; compatible; GPTBot/1.2; +https://openai.com/gptbot)"
20.171.206.86 - - [21/Oct/2024:15:45:57 -0400] "GET /dich-vu-diet-muoi-quan-binh-thanh/embed/ HTTP/1.1" 200 6578 "-" "Mozilla/5.0 AppleWebKit/537.36 (KHTML, like Gecko; compatible; GPTBot/1.2; +https://openai.com/gptbot)"
20.171.206.86 - - [21/Oct/2024:15:46:01 -0400] "GET /san-pham/binh-4-lit-phun-diet-con-trung-05/embed/ HTTP/1.1" 200 6974 "-" "Mozilla/5.0 AppleWebKit/537.36 (KHTML, like Gecko; compatible; GPTBot/1.2; +https://openai.com/gptbot)"
20.171.206.86 - - [21/Oct/2024:15:46:05 -0400] "GET /dich-vu-diet-moi-quan-3-bao-ve-to-am-tu-moi-nguy-con-trung/embed/ HTTP/1.1" 200 6808 "-" "Mozilla/5.0 AppleWebKit/537.36 (KHTML, like Gecko; compatible; GPTBot/1.2; +https://openai.com/gptbot)"
20.171.206.86 - - [21/Oct/2024:15:46:08 -0400] "GET /dich-vu-diet-gian-thu-duc-chuyen-nghiep-hieu-qua/embed/ HTTP/1.1" 200 6755 "-" "Mozilla/5.0 AppleWebKit/537.36 (KHTML, like Gecko; compatible; GPTBot/1.2; +https://openai.com/gptbot)"
20.171.206.86 - - [21/Oct/2024:15:46:12 -0400] "GET /san-pham/binh-4-lit-phun-diet-con-trung-08/embed/ HTTP/1.1" 200 6945 "-" "Mozilla/5.0 AppleWebKit/537.36 (KHTML, like Gecko; compatible; GPTBot/1.2; +https://openai.com/gptbot)"
20.171.206.86 - - [21/Oct/2024:15:46:17 -0400] "GET /dich-vu-diet-moi-nha-be-giai-phap-toan-dien-danh-bai-moi/embed/ HTTP/1.1" 200 6776 "-" "Mozilla/5.0 AppleWebKit/537.36 (KHTML, like Gecko; compatible; GPTBot/1.2; +https://openai.com/gptbot)"
20.171.206.86 - - [21/Oct/2024:15:46:22 -0400] "GET /dich-vu-diet-moi-quan-5-diet-moi-uy-tin-tai-tp-hcm/embed/ HTTP/1.1" 200 6795 "-" "Mozilla/5.0 AppleWebKit/537.36 (KHTML, like Gecko; compatible; GPTBot/1.2; +https://openai.com/gptbot)"
66.249.77.225 - - [21/Oct/2024:15:48:53 -0400] "GET /wp-includes/repeater.php HTTP/1.1" 403 1242 "-" "Mozilla/5.0 (Linux; Android 6.0.1; Nexus 5X Build/MMB29P) AppleWebKit/537.36 (KHTML, like Gecko) Chrome/130.0.6723.58 Mobile Safari/537.36 (compatible; Googlebot/2.1; +http://www.google.com/bot.html)"
66.249.77.225 - - [21/Oct/2024:15:48:57 -0400] "GET /wp-content/themes/thuoc-nam/ HTTP/1.1" 404 19587 "-" "Mozilla/5.0 (Linux; Android 6.0.1; Nexus 5X Build/MMB29P) AppleWebKit/537.36 (KHTML, like Gecko) Chrome/130.0.6723.58 Mobile Safari/537.36 (compatible; Googlebot/2.1; +http://www.google.com/bot.html)"
162.213.251.195 - - [21/Oct/2024:15:49:05 -0400] "POST /wp-cron.php?doing_wp_cron=1729540142.3127439022064208984375 HTTP/1.1" 200 0 "-" "WordPress/6.6.2; https://dietcontrungnhanh.com"
66.249.77.225 - - [21/Oct/2024:15:49:15 -0400] "GET /yhr.php HTTP/1.1" 404 16545 "-" "Mozilla/5.0 (Linux; Android 6.0.1; Nexus 5X Build/MMB29P) AppleWebKit/537.36 (KHTML, like Gecko) Chrome/130.0.6723.58 Mobile Safari/537.36 (compatible; Googlebot/2.1; +http://www.google.com/bot.html)"
66.249.77.225 - - [21/Oct/2024:15:49:19 -0400] "GET /alfa123.php HTTP/1.1" 404 16538 "-" "Mozilla/5.0 (Linux; Android 6.0.1; Nexus 5X Build/MMB29P) AppleWebKit/537.36 (KHTML, like Gecko) Chrome/130.0.6723.58 Mobile Safari/537.36 (compatible; Googlebot/2.1; +http://www.google.com/bot.html)"
66.249.77.225 - - [21/Oct/2024:15:49:27 -0400] "GET /my-account/add-payment-method/ HTTP/1.1" 404 18706 "-" "Mozilla/5.0 (Linux; Android 6.0.1; Nexus 5X Build/MMB29P) AppleWebKit/537.36 (KHTML, like Gecko) Chrome/130.0.6723.58 Mobile Safari/537.36 (compatible; Googlebot/2.1; +http://www.google.com/bot.html)"
66.249.77.225 - - [21/Oct/2024:15:49:36 -0400] "GET /fa.php HTTP/1.1" 404 16523 "-" "Mozilla/5.0 (Linux; Android 6.0.1; Nexus 5X Build/MMB29P) AppleWebKit/537.36 (KHTML, like Gecko) Chrome/130.0.6723.58 Mobile Safari/537.36 (compatible; Googlebot/2.1; +http://www.google.com/bot.html)"
66.249.77.225 - - [21/Oct/2024:15:49:41 -0400] "GET /%C2%AE.php HTTP/1.1" 404 16533 "-" "Mozilla/5.0 (Linux; Android 6.0.1; Nexus 5X Build/MMB29P) AppleWebKit/537.36 (KHTML, like Gecko) Chrome/130.0.6723.58 Mobile Safari/537.36 (compatible; Googlebot/2.1; +http://www.google.com/bot.html)"
162.213.251.195 - - [21/Oct/2024:15:52:37 -0400] "POST /wp-cron.php?doing_wp_cron=1729540356.3378770351409912109375 HTTP/1.1" 200 0 "-" "WordPress/6.6.2; https://dietcontrungnhanh.com"
20.171.206.212 - - [21/Oct/2024:15:52:32 -0400] "GET /dich-vu-diet-moi-quan-7/embed/ HTTP/1.1" 200 6706 "-" "Mozilla/5.0 AppleWebKit/537.36 (KHTML, like Gecko; compatible; GPTBot/1.2; +https://openai.com/gptbot)"
20.171.206.212 - - [21/Oct/2024:15:52:38 -0400] "GET /dich-vu-diet-chuot-quan-6/embed/ HTTP/1.1" 200 6730 "-" "Mozilla/5.0 AppleWebKit/537.36 (KHTML, like Gecko; compatible; GPTBot/1.2; +https://openai.com/gptbot)"
20.171.206.212 - - [21/Oct/2024:15:52:45 -0400] "GET /dich-vu-diet-chuot-quan-4/embed/ HTTP/1.1" 200 6647 "-" "Mozilla/5.0 AppleWebKit/537.36 (KHTML, like Gecko; compatible; GPTBot/1.2; +https://openai.com/gptbot)"
162.213.251.195 - - [21/Oct/2024:15:52:47 -0400] "POST /wp-cron.php?doing_wp_cron=1729540365.9099140167236328125000 HTTP/1.1" 200 0 "-" "WordPress/6.6.2; https://dietcontrungnhanh.com"
20.171.206.212 - - [21/Oct/2024:15:52:50 -0400] "GET /dich-vu-diet-chuot-quan-2/embed/ HTTP/1.1" 200 6591 "-" "Mozilla/5.0 AppleWebKit/537.36 (KHTML, like Gecko; compatible; GPTBot/1.2; +https://openai.com/gptbot)"
20.171.206.212 - - [21/Oct/2024:15:52:56 -0400] "GET /dich-vu-diet-chuot-quan-binh-tan/embed/ HTTP/1.1" 200 6598 "-" "Mozilla/5.0 AppleWebKit/537.36 (KHTML, like Gecko; compatible; GPTBot/1.2; +https://openai.com/gptbot)"
20.171.206.212 - - [21/Oct/2024:15:53:00 -0400] "GET /dich-vu-diet-chuot-hoc-mon/embed/ HTTP/1.1" 200 6622 "-" "Mozilla/5.0 AppleWebKit/537.36 (KHTML, like Gecko; compatible; GPTBot/1.2; +https://openai.com/gptbot)"
20.171.206.212 - - [21/Oct/2024:15:53:05 -0400] "GET /dich-vu-diet-chuot-cu-chi/embed/ HTTP/1.1" 200 6649 "-" "Mozilla/5.0 AppleWebKit/537.36 (KHTML, like Gecko; compatible; GPTBot/1.2; +https://openai.com/gptbot)"
20.171.206.212 - - [21/Oct/2024:15:53:10 -0400] "GET /chinh-sach-bao-hanh/embed/ HTTP/1.1" 200 6363 "-" "Mozilla/5.0 AppleWebKit/537.36 (KHTML, like Gecko; compatible; GPTBot/1.2; +https://openai.com/gptbot)"
20.171.206.212 - - [21/Oct/2024:15:53:14 -0400] "GET /dich-vu-diet-muoi-quan-10/embed/ HTTP/1.1" 200 6650 "-" "Mozilla/5.0 AppleWebKit/537.36 (KHTML, like Gecko; compatible; GPTBot/1.2; +https://openai.com/gptbot)"
20.171.206.212 - - [21/Oct/2024:15:53:17 -0400] "GET /lien-he/embed/ HTTP/1.1" 200 6119 "-" "Mozilla/5.0 AppleWebKit/537.36 (KHTML, like Gecko; compatible; GPTBot/1.2; +https://openai.com/gptbot)"
20.171.206.212 - - [21/Oct/2024:15:53:22 -0400] "GET /dich-vu-diet-chuot-quan-10-cong-ty-diet-chuot-uy-tin-hang-dau/embed/ HTTP/1.1" 200 6741 "-" "Mozilla/5.0 AppleWebKit/537.36 (KHTML, like Gecko; compatible; GPTBot/1.2; +https://openai.com/gptbot)"
20.171.206.212 - - [21/Oct/2024:15:53:25 -0400] "GET /diet-muoi-con-trung-quan-8/embed/ HTTP/1.1" 200 6590 "-" "Mozilla/5.0 AppleWebKit/537.36 (KHTML, like Gecko; compatible; GPTBot/1.2; +https://openai.com/gptbot)"
20.171.206.193 - - [21/Oct/2024:15:53:28 -0400] "GET /gio-hang/embed/ HTTP/1.1" 200 6114 "-" "Mozilla/5.0 AppleWebKit/537.36 (KHTML, like Gecko; compatible; GPTBot/1.2; +https://openai.com/gptbot)"
20.171.206.193 - - [21/Oct/2024:15:53:30 -0400] "GET /chinh-sach-doi-tra-hang/embed/ HTTP/1.1" 200 6458 "-" "Mozilla/5.0 AppleWebKit/537.36 (KHTML, like Gecko; compatible; GPTBot/1.2; +https://openai.com/gptbot)"
20.171.206.193 - - [21/Oct/2024:15:53:33 -0400] "GET /dich-vu-diet-chuot-quan-binh-thanh/embed/ HTTP/1.1" 200 6617 "-" "Mozilla/5.0 AppleWebKit/537.36 (KHTML, like Gecko; compatible; GPTBot/1.2; +https://openai.com/gptbot)"
20.171.206.193 - - [21/Oct/2024:15:53:35 -0400] "GET /dich-vu-diet-chuot-quan-3/embed/ HTTP/1.1" 200 6601 "-" "Mozilla/5.0 AppleWebKit/537.36 (KHTML, like Gecko; compatible; GPTBot/1.2; +https://openai.com/gptbot)"
20.171.206.193 - - [21/Oct/2024:15:53:37 -0400] "GET /gioi-thieu/embed/ HTTP/1.1" 200 6381 "-" "Mozilla/5.0 AppleWebKit/537.36 (KHTML, like Gecko; compatible; GPTBot/1.2; +https://openai.com/gptbot)"
20.171.206.193 - - [21/Oct/2024:15:53:39 -0400] "GET /dich-vu-diet-muoi-quan-12/embed/ HTTP/1.1" 200 6638 "-" "Mozilla/5.0 AppleWebKit/537.36 (KHTML, like Gecko; compatible; GPTBot/1.2; +https://openai.com/gptbot)"
20.171.206.193 - - [21/Oct/2024:15:53:42 -0400] "GET /dich-vu-diet-chuot-tai-ho-chi-minh/embed/ HTTP/1.1" 200 6568 "-" "Mozilla/5.0 AppleWebKit/537.36 (KHTML, like Gecko; compatible; GPTBot/1.2; +https://openai.com/gptbot)"
20.171.206.193 - - [21/Oct/2024:15:53:44 -0400] "GET /dich-vu-diet-chuot-quan-8/embed/ HTTP/1.1" 200 6684 "-" "Mozilla/5.0 AppleWebKit/537.36 (KHTML, like Gecko; compatible; GPTBot/1.2; +https://openai.com/gptbot)"
162.213.251.195 - - [21/Oct/2024:15:53:48 -0400] "POST /wp-cron.php?doing_wp_cron=1729540427.3086309432983398437500 HTTP/1.1" 200 0 "-" "WordPress/6.6.2; https://dietcontrungnhanh.com"
20.171.206.193 - - [21/Oct/2024:15:53:46 -0400] "GET /hoi-dap/embed/ HTTP/1.1" 200 6108 "-" "Mozilla/5.0 AppleWebKit/537.36 (KHTML, like Gecko; compatible; GPTBot/1.2; +https://openai.com/gptbot)"
20.171.206.193 - - [21/Oct/2024:15:53:49 -0400] "GET /dich-vu-diet-muoi-thu-duc/embed/ HTTP/1.1" 200 6507 "-" "Mozilla/5.0 AppleWebKit/537.36 (KHTML, like Gecko; compatible; GPTBot/1.2; +https://openai.com/gptbot)"
20.171.206.193 - - [21/Oct/2024:15:53:52 -0400] "GET /dich-vu-diet-ruoi-tai-ho-chi-minh/embed/ HTTP/1.1" 200 6771 "-" "Mozilla/5.0 AppleWebKit/537.36 (KHTML, like Gecko; compatible; GPTBot/1.2; +https://openai.com/gptbot)"
20.171.206.193 - - [21/Oct/2024:15:53:57 -0400] "GET /san-pham/binh-4-lit-phun-diet-con-trung-03/embed/ HTTP/1.1" 200 6950 "-" "Mozilla/5.0 AppleWebKit/537.36 (KHTML, like Gecko; compatible; GPTBot/1.2; +https://openai.com/gptbot)"
20.171.206.193 - - [21/Oct/2024:15:53:59 -0400] "GET /dich-vu-diet-gian-tai-huyen-binh-chanh/embed/ HTTP/1.1" 200 6647 "-" "Mozilla/5.0 AppleWebKit/537.36 (KHTML, like Gecko; compatible; GPTBot/1.2; +https://openai.com/gptbot)"
20.171.206.193 - - [21/Oct/2024:15:54:02 -0400] "GET /hd-mua-hang/embed/ HTTP/1.1" 200 6100 "-" "Mozilla/5.0 AppleWebKit/537.36 (KHTML, like Gecko; compatible; GPTBot/1.2; +https://openai.com/gptbot)"
20.171.206.193 - - [21/Oct/2024:15:54:05 -0400] "GET /dich-vu-diet-muoi-quan-go-vap/embed/ HTTP/1.1" 200 6601 "-" "Mozilla/5.0 AppleWebKit/537.36 (KHTML, like Gecko; compatible; GPTBot/1.2; +https://openai.com/gptbot)"
20.171.206.193 - - [21/Oct/2024:15:54:07 -0400] "GET /san-pham/binh-4-lit-phun-diet-con-trung-01/embed/ HTTP/1.1" 200 6926 "-" "Mozilla/5.0 AppleWebKit/537.36 (KHTML, like Gecko; compatible; GPTBot/1.2; +https://openai.com/gptbot)"
20.171.206.193 - - [21/Oct/2024:15:54:10 -0400] "GET /san-pham/binh-4-lit-phun-diet-con-trung-04/embed/ HTTP/1.1" 200 6947 "-" "Mozilla/5.0 AppleWebKit/537.36 (KHTML, like Gecko; compatible; GPTBot/1.2; +https://openai.com/gptbot)"
20.171.206.193 - - [21/Oct/2024:15:54:13 -0400] "GET /dich-vu-diet-chuot-quan-9/embed/ HTTP/1.1" 200 6717 "-" "Mozilla/5.0 AppleWebKit/537.36 (KHTML, like Gecko; compatible; GPTBot/1.2; +https://openai.com/gptbot)"
20.171.206.193 - - [21/Oct/2024:15:54:15 -0400] "GET /dich-vu-diet-muoi-quan-binh-thanh/embed/ HTTP/1.1" 200 6577 "-" "Mozilla/5.0 AppleWebKit/537.36 (KHTML, like Gecko; compatible; GPTBot/1.2; +https://openai.com/gptbot)"
20.171.206.193 - - [21/Oct/2024:15:54:17 -0400] "GET /san-pham/binh-4-lit-phun-diet-con-trung-05/embed/ HTTP/1.1" 200 6975 "-" "Mozilla/5.0 AppleWebKit/537.36 (KHTML, like Gecko; compatible; GPTBot/1.2; +https://openai.com/gptbot)"
20.171.206.193 - - [21/Oct/2024:15:54:20 -0400] "GET /dich-vu-diet-moi-quan-3-bao-ve-to-am-tu-moi-nguy-con-trung/embed/ HTTP/1.1" 200 6805 "-" "Mozilla/5.0 AppleWebKit/537.36 (KHTML, like Gecko; compatible; GPTBot/1.2; +https://openai.com/gptbot)"
20.171.206.193 - - [21/Oct/2024:15:54:22 -0400] "GET /san-pham/binh-4-lit-phun-diet-con-trung-08/embed/ HTTP/1.1" 200 6945 "-" "Mozilla/5.0 AppleWebKit/537.36 (KHTML, like Gecko; compatible; GPTBot/1.2; +https://openai.com/gptbot)"
20.171.206.193 - - [21/Oct/2024:15:54:25 -0400] "GET /dich-vu-diet-gian-thu-duc-chuyen-nghiep-hieu-qua/embed/ HTTP/1.1" 200 6759 "-" "Mozilla/5.0 AppleWebKit/537.36 (KHTML, like Gecko; compatible; GPTBot/1.2; +https://openai.com/gptbot)"
20.171.206.15 - - [21/Oct/2024:15:54:27 -0400] "GET /dich-vu-diet-moi-nha-be-giai-phap-toan-dien-danh-bai-moi/embed/ HTTP/1.1" 200 6774 "-" "Mozilla/5.0 AppleWebKit/537.36 (KHTML, like Gecko; compatible; GPTBot/1.2; +https://openai.com/gptbot)"
20.171.206.15 - - [21/Oct/2024:15:54:29 -0400] "GET /dich-vu-diet-moi-quan-5-diet-moi-uy-tin-tai-tp-hcm/embed/ HTTP/1.1" 200 6799 "-" "Mozilla/5.0 AppleWebKit/537.36 (KHTML, like Gecko; compatible; GPTBot/1.2; +https://openai.com/gptbot)"
20.171.206.236 - - [21/Oct/2024:15:59:56 -0400] "GET /dich-vu-diet-moi-quan-7/embed/ HTTP/1.1" 200 6705 "-" "Mozilla/5.0 AppleWebKit/537.36 (KHTML, like Gecko; compatible; GPTBot/1.2; +https://openai.com/gptbot)"
162.213.251.195 - - [21/Oct/2024:16:00:03 -0400] "POST /wp-cron.php?doing_wp_cron=1729540801.5722479820251464843750 HTTP/1.1" 200 0 "-" "WordPress/6.6.2; https://dietcontrungnhanh.com"
20.171.206.236 - - [21/Oct/2024:16:00:05 -0400] "GET /dich-vu-diet-chuot-quan-6/embed/ HTTP/1.1" 200 6734 "-" "Mozilla/5.0 AppleWebKit/537.36 (KHTML, like Gecko; compatible; GPTBot/1.2; +https://openai.com/gptbot)"
20.171.206.236 - - [21/Oct/2024:16:00:11 -0400] "GET /dich-vu-diet-chuot-quan-2/embed/ HTTP/1.1" 200 6588 "-" "Mozilla/5.0 AppleWebKit/537.36 (KHTML, like Gecko; compatible; GPTBot/1.2; +https://openai.com/gptbot)"
20.171.206.236 - - [21/Oct/2024:16:00:17 -0400] "GET /dich-vu-diet-chuot-quan-4/embed/ HTTP/1.1" 200 6651 "-" "Mozilla/5.0 AppleWebKit/537.36 (KHTML, like Gecko; compatible; GPTBot/1.2; +https://openai.com/gptbot)"
20.171.206.236 - - [21/Oct/2024:16:00:22 -0400] "GET /chinh-sach-bao-hanh/embed/ HTTP/1.1" 200 6348 "-" "Mozilla/5.0 AppleWebKit/537.36 (KHTML, like Gecko; compatible; GPTBot/1.2; +https://openai.com/gptbot)"
20.171.206.169 - - [21/Oct/2024:16:00:27 -0400] "GET /dich-vu-diet-chuot-hoc-mon/embed/ HTTP/1.1" 200 6621 "-" "Mozilla/5.0 AppleWebKit/537.36 (KHTML, like Gecko; compatible; GPTBot/1.2; +https://openai.com/gptbot)"
20.171.206.169 - - [21/Oct/2024:16:00:32 -0400] "GET /dich-vu-diet-chuot-cu-chi/embed/ HTTP/1.1" 200 6643 "-" "Mozilla/5.0 AppleWebKit/537.36 (KHTML, like Gecko; compatible; GPTBot/1.2; +https://openai.com/gptbot)"
20.171.206.169 - - [21/Oct/2024:16:00:36 -0400] "GET /dich-vu-diet-chuot-quan-binh-tan/embed/ HTTP/1.1" 200 6592 "-" "Mozilla/5.0 AppleWebKit/537.36 (KHTML, like Gecko; compatible; GPTBot/1.2; +https://openai.com/gptbot)"
20.171.206.169 - - [21/Oct/2024:16:00:40 -0400] "GET /dich-vu-diet-chuot-quan-10-cong-ty-diet-chuot-uy-tin-hang-dau/embed/ HTTP/1.1" 200 6742 "-" "Mozilla/5.0 AppleWebKit/537.36 (KHTML, like Gecko; compatible; GPTBot/1.2; +https://openai.com/gptbot)"
20.171.206.169 - - [21/Oct/2024:16:00:44 -0400] "GET /diet-muoi-con-trung-quan-8/embed/ HTTP/1.1" 200 6584 "-" "Mozilla/5.0 AppleWebKit/537.36 (KHTML, like Gecko; compatible; GPTBot/1.2; +https://openai.com/gptbot)"
20.171.206.169 - - [21/Oct/2024:16:00:46 -0400] "GET /chinh-sach-doi-tra-hang/embed/ HTTP/1.1" 200 6457 "-" "Mozilla/5.0 AppleWebKit/537.36 (KHTML, like Gecko; compatible; GPTBot/1.2; +https://openai.com/gptbot)"
20.171.206.169 - - [21/Oct/2024:16:00:49 -0400] "GET /dich-vu-diet-muoi-quan-10/embed/ HTTP/1.1" 200 6648 "-" "Mozilla/5.0 AppleWebKit/537.36 (KHTML, like Gecko; compatible; GPTBot/1.2; +https://openai.com/gptbot)"
20.171.206.169 - - [21/Oct/2024:16:00:52 -0400] "GET /gio-hang/embed/ HTTP/1.1" 200 6114 "-" "Mozilla/5.0 AppleWebKit/537.36 (KHTML, like Gecko; compatible; GPTBot/1.2; +https://openai.com/gptbot)"
20.171.206.169 - - [21/Oct/2024:16:00:55 -0400] "GET /dich-vu-diet-chuot-quan-3/embed/ HTTP/1.1" 200 6602 "-" "Mozilla/5.0 AppleWebKit/537.36 (KHTML, like Gecko; compatible; GPTBot/1.2; +https://openai.com/gptbot)"
20.171.206.169 - - [21/Oct/2024:16:00:58 -0400] "GET /dich-vu-diet-chuot-quan-binh-thanh/embed/ HTTP/1.1" 200 6624 "-" "Mozilla/5.0 AppleWebKit/537.36 (KHTML, like Gecko; compatible; GPTBot/1.2; +https://openai.com/gptbot)"
152.42.232.135 - - [21/Oct/2024:16:00:59 -0400] "GET //wp-includes/ID3/license.txt HTTP/1.1" 200 414 "-" "Mozilla/5.0 (Windows NT 10.0; Win64; x64) AppleWebKit/537.36 (KHTML, like Gecko) Chrome/95.0.4638.69 Safari/537.36"
152.42.232.135 - - [21/Oct/2024:16:01:00 -0400] "GET //feed/ HTTP/1.1" 301 0 "-" "Mozilla/5.0 (Windows NT 10.0; Win64; x64) AppleWebKit/537.36 (KHTML, like Gecko) Chrome/95.0.4638.69 Safari/537.36"
20.171.206.169 - - [21/Oct/2024:16:01:00 -0400] "GET /lien-he/embed/ HTTP/1.1" 200 6124 "-" "Mozilla/5.0 AppleWebKit/537.36 (KHTML, like Gecko; compatible; GPTBot/1.2; +https://openai.com/gptbot)"
152.42.232.135 - - [21/Oct/2024:16:01:02 -0400] "GET //xmlrpc.php?rsd HTTP/1.1" 403 26 "-" "Mozilla/5.0 (Windows NT 10.0; Win64; x64) AppleWebKit/537.36 (KHTML, like Gecko) Chrome/95.0.4638.69 Safari/537.36"
162.213.251.195 - - [21/Oct/2024:16:01:03 -0400] "POST /wp-cron.php?doing_wp_cron=1729540862.9235880374908447265625 HTTP/1.1" 200 0 "-" "WordPress/6.6.2; https://dietcontrungnhanh.com"
20.171.206.169 - - [21/Oct/2024:16:01:02 -0400] "GET /dich-vu-diet-chuot-tai-ho-chi-minh/embed/ HTTP/1.1" 200 6564 "-" "Mozilla/5.0 AppleWebKit/537.36 (KHTML, like Gecko; compatible; GPTBot/1.2; +https://openai.com/gptbot)"
152.42.232.135 - - [21/Oct/2024:16:01:03 -0400] "GET //blog/wp-includes/wlwmanifest.xml HTTP/1.1" 301 0 "-" "Mozilla/5.0 (Windows NT 10.0; Win64; x64) AppleWebKit/537.36 (KHTML, like Gecko) Chrome/95.0.4638.69 Safari/537.36"
152.42.232.135 - - [21/Oct/2024:16:01:06 -0400] "GET //web/wp-includes/wlwmanifest.xml HTTP/1.1" 301 0 "-" "Mozilla/5.0 (Windows NT 10.0; Win64; x64) AppleWebKit/537.36 (KHTML, like Gecko) Chrome/95.0.4638.69 Safari/537.36"
162.213.251.195 - - [21/Oct/2024:16:01:07 -0400] "POST /wp-cron.php?doing_wp_cron=1729540866.1945068836212158203125 HTTP/1.1" 200 0 "-" "WordPress/6.6.2; https://dietcontrungnhanh.com"
20.171.206.169 - - [21/Oct/2024:16:01:05 -0400] "GET /dich-vu-diet-muoi-quan-12/embed/ HTTP/1.1" 200 6637 "-" "Mozilla/5.0 AppleWebKit/537.36 (KHTML, like Gecko; compatible; GPTBot/1.2; +https://openai.com/gptbot)"
152.42.232.135 - - [21/Oct/2024:16:01:08 -0400] "GET //wordpress/wp-includes/wlwmanifest.xml HTTP/1.1" 301 0 "-" "Mozilla/5.0 (Windows NT 10.0; Win64; x64) AppleWebKit/537.36 (KHTML, like Gecko) Chrome/95.0.4638.69 Safari/537.36"
20.171.206.169 - - [21/Oct/2024:16:01:08 -0400] "GET /gioi-thieu/embed/ HTTP/1.1" 200 6377 "-" "Mozilla/5.0 AppleWebKit/537.36 (KHTML, like Gecko; compatible; GPTBot/1.2; +https://openai.com/gptbot)"
152.42.232.135 - - [21/Oct/2024:16:01:10 -0400] "GET //wp/wp-includes/wlwmanifest.xml HTTP/1.1" 301 0 "-" "Mozilla/5.0 (Windows NT 10.0; Win64; x64) AppleWebKit/537.36 (KHTML, like Gecko) Chrome/95.0.4638.69 Safari/537.36"
20.171.206.169 - - [21/Oct/2024:16:01:11 -0400] "GET /hoi-dap/embed/ HTTP/1.1" 200 6108 "-" "Mozilla/5.0 AppleWebKit/537.36 (KHTML, like Gecko; compatible; GPTBot/1.2; +https://openai.com/gptbot)"
152.42.232.135 - - [21/Oct/2024:16:01:12 -0400] "GET //2020/wp-includes/wlwmanifest.xml HTTP/1.1" 301 0 "-" "Mozilla/5.0 (Windows NT 10.0; Win64; x64) AppleWebKit/537.36 (KHTML, like Gecko) Chrome/95.0.4638.69 Safari/537.36"
152.42.232.135 - - [21/Oct/2024:16:01:14 -0400] "GET //2019/wp-includes/wlwmanifest.xml HTTP/1.1" 301 0 "-" "Mozilla/5.0 (Windows NT 10.0; Win64; x64) AppleWebKit/537.36 (KHTML, like Gecko) Chrome/95.0.4638.69 Safari/537.36"
20.171.206.169 - - [21/Oct/2024:16:01:14 -0400] "GET /dich-vu-diet-chuot-quan-8/embed/ HTTP/1.1" 200 6687 "-" "Mozilla/5.0 AppleWebKit/537.36 (KHTML, like Gecko; compatible; GPTBot/1.2; +https://openai.com/gptbot)"
152.42.232.135 - - [21/Oct/2024:16:01:16 -0400] "GET //2021/wp-includes/wlwmanifest.xml HTTP/1.1" 301 0 "-" "Mozilla/5.0 (Windows NT 10.0; Win64; x64) AppleWebKit/537.36 (KHTML, like Gecko) Chrome/95.0.4638.69 Safari/537.36"
20.171.206.169 - - [21/Oct/2024:16:01:16 -0400] "GET /dich-vu-diet-muoi-thu-duc/embed/ HTTP/1.1" 200 6507 "-" "Mozilla/5.0 AppleWebKit/537.36 (KHTML, like Gecko; compatible; GPTBot/1.2; +https://openai.com/gptbot)"
152.42.232.135 - - [21/Oct/2024:16:01:17 -0400] "GET //shop/wp-includes/wlwmanifest.xml HTTP/1.1" 301 0 "-" "Mozilla/5.0 (Windows NT 10.0; Win64; x64) AppleWebKit/537.36 (KHTML, like Gecko) Chrome/95.0.4638.69 Safari/537.36"
20.171.206.169 - - [21/Oct/2024:16:01:19 -0400] "GET /dich-vu-diet-ruoi-tai-ho-chi-minh/embed/ HTTP/1.1" 200 6782 "-" "Mozilla/5.0 AppleWebKit/537.36 (KHTML, like Gecko; compatible; GPTBot/1.2; +https://openai.com/gptbot)"
152.42.232.135 - - [21/Oct/2024:16:01:20 -0400] "GET //wp1/wp-includes/wlwmanifest.xml HTTP/1.1" 301 0 "-" "Mozilla/5.0 (Windows NT 10.0; Win64; x64) AppleWebKit/537.36 (KHTML, like Gecko) Chrome/95.0.4638.69 Safari/537.36"
20.171.206.169 - - [21/Oct/2024:16:01:21 -0400] "GET /san-pham/binh-4-lit-phun-diet-con-trung-03/embed/ HTTP/1.1" 200 6942 "-" "Mozilla/5.0 AppleWebKit/537.36 (KHTML, like Gecko; compatible; GPTBot/1.2; +https://openai.com/gptbot)"
152.42.232.135 - - [21/Oct/2024:16:01:22 -0400] "GET //test/wp-includes/wlwmanifest.xml HTTP/1.1" 301 0 "-" "Mozilla/5.0 (Windows NT 10.0; Win64; x64) AppleWebKit/537.36 (KHTML, like Gecko) Chrome/95.0.4638.69 Safari/537.36"
20.171.206.169 - - [21/Oct/2024:16:01:24 -0400] "GET /hd-mua-hang/embed/ HTTP/1.1" 200 6098 "-" "Mozilla/5.0 AppleWebKit/537.36 (KHTML, like Gecko; compatible; GPTBot/1.2; +https://openai.com/gptbot)"
152.42.232.135 - - [21/Oct/2024:16:01:24 -0400] "GET //site/wp-includes/wlwmanifest.xml HTTP/1.1" 301 0 "-" "Mozilla/5.0 (Windows NT 10.0; Win64; x64) AppleWebKit/537.36 (KHTML, like Gecko) Chrome/95.0.4638.69 Safari/537.36"
152.42.232.135 - - [21/Oct/2024:16:01:26 -0400] "GET //cms/wp-includes/wlwmanifest.xml HTTP/1.1" 301 0 "-" "Mozilla/5.0 (Windows NT 10.0; Win64; x64) AppleWebKit/537.36 (KHTML, like Gecko) Chrome/95.0.4638.69 Safari/537.36"
20.171.206.169 - - [21/Oct/2024:16:01:27 -0400] "GET /dich-vu-diet-gian-tai-huyen-binh-chanh/embed/ HTTP/1.1" 200 6647 "-" "Mozilla/5.0 AppleWebKit/537.36 (KHTML, like Gecko; compatible; GPTBot/1.2; +https://openai.com/gptbot)"
20.171.206.122 - - [21/Oct/2024:16:01:30 -0400] "GET /dich-vu-diet-muoi-quan-go-vap/embed/ HTTP/1.1" 200 6599 "-" "Mozilla/5.0 AppleWebKit/537.36 (KHTML, like Gecko; compatible; GPTBot/1.2; +https://openai.com/gptbot)"
20.171.206.122 - - [21/Oct/2024:16:01:32 -0400] "GET /san-pham/binh-4-lit-phun-diet-con-trung-01/embed/ HTTP/1.1" 200 6925 "-" "Mozilla/5.0 AppleWebKit/537.36 (KHTML, like Gecko; compatible; GPTBot/1.2; +https://openai.com/gptbot)"
20.171.206.122 - - [21/Oct/2024:16:01:34 -0400] "GET /dich-vu-diet-chuot-quan-9/embed/ HTTP/1.1" 200 6713 "-" "Mozilla/5.0 AppleWebKit/537.36 (KHTML, like Gecko; compatible; GPTBot/1.2; +https://openai.com/gptbot)"
20.171.206.122 - - [21/Oct/2024:16:01:37 -0400] "GET /dich-vu-diet-muoi-quan-binh-thanh/embed/ HTTP/1.1" 200 6576 "-" "Mozilla/5.0 AppleWebKit/537.36 (KHTML, like Gecko; compatible; GPTBot/1.2; +https://openai.com/gptbot)"
20.171.206.122 - - [21/Oct/2024:16:01:38 -0400] "GET /san-pham/binh-4-lit-phun-diet-con-trung-04/embed/ HTTP/1.1" 200 6947 "-" "Mozilla/5.0 AppleWebKit/537.36 (KHTML, like Gecko; compatible; GPTBot/1.2; +https://openai.com/gptbot)"
20.171.206.122 - - [21/Oct/2024:16:01:40 -0400] "GET /san-pham/binh-4-lit-phun-diet-con-trung-05/embed/ HTTP/1.1" 200 6972 "-" "Mozilla/5.0 AppleWebKit/537.36 (KHTML, like Gecko; compatible; GPTBot/1.2; +https://openai.com/gptbot)"
20.171.206.122 - - [21/Oct/2024:16:01:42 -0400] "GET /dich-vu-diet-moi-quan-3-bao-ve-to-am-tu-moi-nguy-con-trung/embed/ HTTP/1.1" 200 6808 "-" "Mozilla/5.0 AppleWebKit/537.36 (KHTML, like Gecko; compatible; GPTBot/1.2; +https://openai.com/gptbot)"
20.171.206.122 - - [21/Oct/2024:16:01:44 -0400] "GET /san-pham/binh-4-lit-phun-diet-con-trung-08/embed/ HTTP/1.1" 200 6950 "-" "Mozilla/5.0 AppleWebKit/537.36 (KHTML, like Gecko; compatible; GPTBot/1.2; +https://openai.com/gptbot)"
20.171.206.122 - - [21/Oct/2024:16:01:45 -0400] "GET /dich-vu-diet-gian-thu-duc-chuyen-nghiep-hieu-qua/embed/ HTTP/1.1" 200 6762 "-" "Mozilla/5.0 AppleWebKit/537.36 (KHTML, like Gecko; compatible; GPTBot/1.2; +https://openai.com/gptbot)"
20.171.206.122 - - [21/Oct/2024:16:01:47 -0400] "GET /dich-vu-diet-moi-nha-be-giai-phap-toan-dien-danh-bai-moi/embed/ HTTP/1.1" 200 6774 "-" "Mozilla/5.0 AppleWebKit/537.36 (KHTML, like Gecko; compatible; GPTBot/1.2; +https://openai.com/gptbot)"
20.171.206.122 - - [21/Oct/2024:16:01:48 -0400] "GET /dich-vu-diet-moi-quan-5-diet-moi-uy-tin-tai-tp-hcm/embed/ HTTP/1.1" 200 6799 "-" "Mozilla/5.0 AppleWebKit/537.36 (KHTML, like Gecko; compatible; GPTBot/1.2; +https://openai.com/gptbot)"
162.213.251.195 - - [21/Oct/2024:16:02:52 -0400] "POST /wp-cron.php?doing_wp_cron=1729540971.5870130062103271484375 HTTP/1.1" 200 0 "-" "WordPress/6.6.2; https://dietcontrungnhanh.com"
66.249.77.226 - - [21/Oct/2024:16:02:50 -0400] "GET /robots.txt HTTP/1.1" 200 116 "-" "Mozilla/5.0 (compatible; Googlebot/2.1; +http://www.google.com/bot.html)"
162.213.251.195 - - [21/Oct/2024:16:02:54 -0400] "POST /wp-cron.php?doing_wp_cron=1729540973.9153869152069091796875 HTTP/1.1" 200 0 "-" "WordPress/6.6.2; https://dietcontrungnhanh.com"
66.249.77.226 - - [21/Oct/2024:16:02:53 -0400] "GET /cache-compat.php HTTP/1.1" 404 16548 "-" "Mozilla/5.0 (Linux; Android 6.0.1; Nexus 5X Build/MMB29P) AppleWebKit/537.36 (KHTML, like Gecko) Chrome/130.0.6723.58 Mobile Safari/537.36 (compatible; Googlebot/2.1; +http://www.google.com/bot.html)"
162.213.251.195 - - [21/Oct/2024:16:07:53 -0400] "POST /wp-cron.php?doing_wp_cron=1729541271.9072079658508300781250 HTTP/1.1" 200 0 "-" "WordPress/6.6.2; https://dietcontrungnhanh.com"
20.171.206.197 - - [21/Oct/2024:16:07:38 -0400] "GET /dich-vu-diet-moi-quan-7/embed/ HTTP/1.1" 200 6706 "-" "Mozilla/5.0 AppleWebKit/537.36 (KHTML, like Gecko; compatible; GPTBot/1.2; +https://openai.com/gptbot)"
20.171.206.197 - - [21/Oct/2024:16:07:54 -0400] "GET /dich-vu-diet-chuot-quan-6/embed/ HTTP/1.1" 200 6733 "-" "Mozilla/5.0 AppleWebKit/537.36 (KHTML, like Gecko; compatible; GPTBot/1.2; +https://openai.com/gptbot)"
20.171.206.197 - - [21/Oct/2024:16:08:11 -0400] "GET /dich-vu-diet-chuot-quan-2/embed/ HTTP/1.1" 200 6590 "-" "Mozilla/5.0 AppleWebKit/537.36 (KHTML, like Gecko; compatible; GPTBot/1.2; +https://openai.com/gptbot)"
20.171.206.252 - - [21/Oct/2024:16:08:27 -0400] "GET /dich-vu-diet-chuot-hoc-mon/embed/ HTTP/1.1" 200 6620 "-" "Mozilla/5.0 AppleWebKit/537.36 (KHTML, like Gecko; compatible; GPTBot/1.2; +https://openai.com/gptbot)"
20.171.206.252 - - [21/Oct/2024:16:08:41 -0400] "GET /dich-vu-diet-chuot-quan-4/embed/ HTTP/1.1" 200 6652 "-" "Mozilla/5.0 AppleWebKit/537.36 (KHTML, like Gecko; compatible; GPTBot/1.2; +https://openai.com/gptbot)"
162.213.251.195 - - [21/Oct/2024:16:08:55 -0400] "POST /wp-cron.php?doing_wp_cron=1729541334.4102950096130371093750 HTTP/1.1" 200 0 "-" "WordPress/6.6.2; https://dietcontrungnhanh.com"
20.171.206.252 - - [21/Oct/2024:16:08:53 -0400] "GET /chinh-sach-bao-hanh/embed/ HTTP/1.1" 200 6363 "-" "Mozilla/5.0 AppleWebKit/537.36 (KHTML, like Gecko; compatible; GPTBot/1.2; +https://openai.com/gptbot)"
162.213.251.195 - - [21/Oct/2024:16:09:07 -0400] "POST /wp-cron.php?doing_wp_cron=1729541346.7504949569702148437500 HTTP/1.1" 200 0 "-" "WordPress/6.6.2; https://dietcontrungnhanh.com"
20.171.206.252 - - [21/Oct/2024:16:09:05 -0400] "GET /dich-vu-diet-chuot-quan-binh-tan/embed/ HTTP/1.1" 200 6598 "-" "Mozilla/5.0 AppleWebKit/537.36 (KHTML, like Gecko; compatible; GPTBot/1.2; +https://openai.com/gptbot)"
162.213.251.195 - - [21/Oct/2024:16:09:16 -0400] "POST /wp-cron.php?doing_wp_cron=1729541356.1849579811096191406250 HTTP/1.1" 200 0 "-" "WordPress/6.6.2; https://dietcontrungnhanh.com"
20.171.206.252 - - [21/Oct/2024:16:09:15 -0400] "GET /dich-vu-diet-chuot-quan-10-cong-ty-diet-chuot-uy-tin-hang-dau/embed/ HTTP/1.1" 200 6740 "-" "Mozilla/5.0 AppleWebKit/537.36 (KHTML, like Gecko; compatible; GPTBot/1.2; +https://openai.com/gptbot)"
162.213.251.195 - - [21/Oct/2024:16:09:26 -0400] "POST /wp-cron.php?doing_wp_cron=1729541365.5218870639801025390625 HTTP/1.1" 200 0 "-" "WordPress/6.6.2; https://dietcontrungnhanh.com"
20.171.206.252 - - [21/Oct/2024:16:09:24 -0400] "GET /dich-vu-diet-chuot-cu-chi/embed/ HTTP/1.1" 200 6641 "-" "Mozilla/5.0 AppleWebKit/537.36 (KHTML, like Gecko; compatible; GPTBot/1.2; +https://openai.com/gptbot)"
162.213.251.195 - - [21/Oct/2024:16:09:35 -0400] "POST /wp-cron.php?doing_wp_cron=1729541374.5107390880584716796875 HTTP/1.1" 200 0 "-" "WordPress/6.6.2; https://dietcontrungnhanh.com"
20.171.206.188 - - [21/Oct/2024:16:09:33 -0400] "GET /diet-muoi-con-trung-quan-8/embed/ HTTP/1.1" 200 6579 "-" "Mozilla/5.0 AppleWebKit/537.36 (KHTML, like Gecko; compatible; GPTBot/1.2; +https://openai.com/gptbot)"
162.213.251.195 - - [21/Oct/2024:16:09:42 -0400] "POST /wp-cron.php?doing_wp_cron=1729541381.6825699806213378906250 HTTP/1.1" 200 0 "-" "WordPress/6.6.2; https://dietcontrungnhanh.com"
20.171.206.188 - - [21/Oct/2024:16:09:40 -0400] "GET /chinh-sach-doi-tra-hang/embed/ HTTP/1.1" 200 6457 "-" "Mozilla/5.0 AppleWebKit/537.36 (KHTML, like Gecko; compatible; GPTBot/1.2; +https://openai.com/gptbot)"
162.213.251.195 - - [21/Oct/2024:16:09:49 -0400] "POST /wp-cron.php?doing_wp_cron=1729541388.6445848941802978515625 HTTP/1.1" 200 0 "-" "WordPress/6.6.2; https://dietcontrungnhanh.com"
20.171.206.188 - - [21/Oct/2024:16:09:47 -0400] "GET /dich-vu-diet-muoi-quan-10/embed/ HTTP/1.1" 200 6647 "-" "Mozilla/5.0 AppleWebKit/537.36 (KHTML, like Gecko; compatible; GPTBot/1.2; +https://openai.com/gptbot)"
162.213.251.195 - - [21/Oct/2024:16:09:55 -0400] "POST /wp-cron.php?doing_wp_cron=1729541394.6044878959655761718750 HTTP/1.1" 200 0 "-" "WordPress/6.6.2; https://dietcontrungnhanh.com"
20.171.206.188 - - [21/Oct/2024:16:09:53 -0400] "GET /gio-hang/embed/ HTTP/1.1" 200 6111 "-" "Mozilla/5.0 AppleWebKit/537.36 (KHTML, like Gecko; compatible; GPTBot/1.2; +https://openai.com/gptbot)"
162.213.251.195 - - [21/Oct/2024:16:10:01 -0400] "POST /wp-cron.php?doing_wp_cron=1729541400.2040181159973144531250 HTTP/1.1" 200 0 "-" "WordPress/6.6.2; https://dietcontrungnhanh.com"
20.171.206.188 - - [21/Oct/2024:16:09:59 -0400] "GET /dich-vu-diet-chuot-quan-3/embed/ HTTP/1.1" 200 6601 "-" "Mozilla/5.0 AppleWebKit/537.36 (KHTML, like Gecko; compatible; GPTBot/1.2; +https://openai.com/gptbot)"
20.171.206.188 - - [21/Oct/2024:16:10:04 -0400] "GET /lien-he/embed/ HTTP/1.1" 200 6120 "-" "Mozilla/5.0 AppleWebKit/537.36 (KHTML, like Gecko; compatible; GPTBot/1.2; +https://openai.com/gptbot)"
20.171.206.188 - - [21/Oct/2024:16:10:08 -0400] "GET /dich-vu-diet-chuot-quan-binh-thanh/embed/ HTTP/1.1" 200 6627 "-" "Mozilla/5.0 AppleWebKit/537.36 (KHTML, like Gecko; compatible; GPTBot/1.2; +https://openai.com/gptbot)"
20.171.206.188 - - [21/Oct/2024:16:10:12 -0400] "GET /dich-vu-diet-chuot-tai-ho-chi-minh/embed/ HTTP/1.1" 200 6568 "-" "Mozilla/5.0 AppleWebKit/537.36 (KHTML, like Gecko; compatible; GPTBot/1.2; +https://openai.com/gptbot)"
20.171.206.188 - - [21/Oct/2024:16:10:16 -0400] "GET /dich-vu-diet-muoi-quan-12/embed/ HTTP/1.1" 200 6644 "-" "Mozilla/5.0 AppleWebKit/537.36 (KHTML, like Gecko; compatible; GPTBot/1.2; +https://openai.com/gptbot)"
20.171.206.188 - - [21/Oct/2024:16:10:19 -0400] "GET /gioi-thieu/embed/ HTTP/1.1" 200 6378 "-" "Mozilla/5.0 AppleWebKit/537.36 (KHTML, like Gecko; compatible; GPTBot/1.2; +https://openai.com/gptbot)"
20.171.206.188 - - [21/Oct/2024:16:10:22 -0400] "GET /hoi-dap/embed/ HTTP/1.1" 200 6109 "-" "Mozilla/5.0 AppleWebKit/537.36 (KHTML, like Gecko; compatible; GPTBot/1.2; +https://openai.com/gptbot)"
20.171.206.188 - - [21/Oct/2024:16:10:25 -0400] "GET /dich-vu-diet-muoi-thu-duc/embed/ HTTP/1.1" 200 6507 "-" "Mozilla/5.0 AppleWebKit/537.36 (KHTML, like Gecko; compatible; GPTBot/1.2; +https://openai.com/gptbot)"
20.171.206.18 - - [21/Oct/2024:16:10:27 -0400] "GET /dich-vu-diet-chuot-quan-8/embed/ HTTP/1.1" 200 6685 "-" "Mozilla/5.0 AppleWebKit/537.36 (KHTML, like Gecko; compatible; GPTBot/1.2; +https://openai.com/gptbot)"
20.171.206.18 - - [21/Oct/2024:16:10:29 -0400] "GET /dich-vu-diet-ruoi-tai-ho-chi-minh/embed/ HTTP/1.1" 200 6773 "-" "Mozilla/5.0 AppleWebKit/537.36 (KHTML, like Gecko; compatible; GPTBot/1.2; +https://openai.com/gptbot)"
20.171.206.18 - - [21/Oct/2024:16:10:31 -0400] "GET /san-pham/binh-4-lit-phun-diet-con-trung-03/embed/ HTTP/1.1" 200 6952 "-" "Mozilla/5.0 AppleWebKit/537.36 (KHTML, like Gecko; compatible; GPTBot/1.2; +https://openai.com/gptbot)"
20.171.206.18 - - [21/Oct/2024:16:10:34 -0400] "GET /hd-mua-hang/embed/ HTTP/1.1" 200 6098 "-" "Mozilla/5.0 AppleWebKit/537.36 (KHTML, like Gecko; compatible; GPTBot/1.2; +https://openai.com/gptbot)"
20.171.206.18 - - [21/Oct/2024:16:10:39 -0400] "GET /dich-vu-diet-gian-tai-huyen-binh-chanh/embed/ HTTP/1.1" 200 6646 "-" "Mozilla/5.0 AppleWebKit/537.36 (KHTML, like Gecko; compatible; GPTBot/1.2; +https://openai.com/gptbot)"
20.171.206.18 - - [21/Oct/2024:16:10:41 -0400] "GET /dich-vu-diet-muoi-quan-go-vap/embed/ HTTP/1.1" 200 6602 "-" "Mozilla/5.0 AppleWebKit/537.36 (KHTML, like Gecko; compatible; GPTBot/1.2; +https://openai.com/gptbot)"
20.171.206.18 - - [21/Oct/2024:16:10:42 -0400] "GET /san-pham/binh-4-lit-phun-diet-con-trung-01/embed/ HTTP/1.1" 200 6925 "-" "Mozilla/5.0 AppleWebKit/537.36 (KHTML, like Gecko; compatible; GPTBot/1.2; +https://openai.com/gptbot)"
20.171.206.18 - - [21/Oct/2024:16:10:44 -0400] "GET /dich-vu-diet-chuot-quan-9/embed/ HTTP/1.1" 200 6717 "-" "Mozilla/5.0 AppleWebKit/537.36 (KHTML, like Gecko; compatible; GPTBot/1.2; +https://openai.com/gptbot)"
20.171.206.18 - - [21/Oct/2024:16:10:46 -0400] "GET /dich-vu-diet-muoi-quan-binh-thanh/embed/ HTTP/1.1" 200 6576 "-" "Mozilla/5.0 AppleWebKit/537.36 (KHTML, like Gecko; compatible; GPTBot/1.2; +https://openai.com/gptbot)"
20.171.206.18 - - [21/Oct/2024:16:10:47 -0400] "GET /san-pham/binh-4-lit-phun-diet-con-trung-05/embed/ HTTP/1.1" 200 6974 "-" "Mozilla/5.0 AppleWebKit/537.36 (KHTML, like Gecko; compatible; GPTBot/1.2; +https://openai.com/gptbot)"
20.171.206.18 - - [21/Oct/2024:16:10:49 -0400] "GET /san-pham/binh-4-lit-phun-diet-con-trung-04/embed/ HTTP/1.1" 200 6948 "-" "Mozilla/5.0 AppleWebKit/537.36 (KHTML, like Gecko; compatible; GPTBot/1.2; +https://openai.com/gptbot)"
20.171.206.18 - - [21/Oct/2024:16:10:50 -0400] "GET /dich-vu-diet-moi-quan-3-bao-ve-to-am-tu-moi-nguy-con-trung/embed/ HTTP/1.1" 200 6809 "-" "Mozilla/5.0 AppleWebKit/537.36 (KHTML, like Gecko; compatible; GPTBot/1.2; +https://openai.com/gptbot)"
20.171.206.18 - - [21/Oct/2024:16:10:52 -0400] "GET /san-pham/binh-4-lit-phun-diet-con-trung-08/embed/ HTTP/1.1" 200 6949 "-" "Mozilla/5.0 AppleWebKit/537.36 (KHTML, like Gecko; compatible; GPTBot/1.2; +https://openai.com/gptbot)"
20.171.206.18 - - [21/Oct/2024:16:10:54 -0400] "GET /dich-vu-diet-gian-thu-duc-chuyen-nghiep-hieu-qua/embed/ HTTP/1.1" 200 6763 "-" "Mozilla/5.0 AppleWebKit/537.36 (KHTML, like Gecko; compatible; GPTBot/1.2; +https://openai.com/gptbot)"
20.171.206.18 - - [21/Oct/2024:16:10:56 -0400] "GET /dich-vu-diet-moi-nha-be-giai-phap-toan-dien-danh-bai-moi/embed/ HTTP/1.1" 200 6774 "-" "Mozilla/5.0 AppleWebKit/537.36 (KHTML, like Gecko; compatible; GPTBot/1.2; +https://openai.com/gptbot)"
20.171.206.18 - - [21/Oct/2024:16:10:58 -0400] "GET /dich-vu-diet-moi-quan-5-diet-moi-uy-tin-tai-tp-hcm/embed/ HTTP/1.1" 200 6789 "-" "Mozilla/5.0 AppleWebKit/537.36 (KHTML, like Gecko; compatible; GPTBot/1.2; +https://openai.com/gptbot)"
162.213.251.195 - - [21/Oct/2024:16:14:14 -0400] "POST /wp-cron.php?doing_wp_cron=1729541652.5583360195159912109375 HTTP/1.1" 200 0 "-" "WordPress/6.6.2; https://dietcontrungnhanh.com"
66.249.77.228 - - [21/Oct/2024:16:14:02 -0400] "GET /modules/ HTTP/1.1" 404 18696 "-" "Mozilla/5.0 (Linux; Android 6.0.1; Nexus 5X Build/MMB29P) AppleWebKit/537.36 (KHTML, like Gecko) Chrome/130.0.6723.58 Mobile Safari/537.36 (compatible; Googlebot/2.1; +http://www.google.com/bot.html)"
66.249.77.228 - - [21/Oct/2024:16:14:20 -0400] "GET /888.php HTTP/1.1" 404 16543 "-" "Mozilla/5.0 (Linux; Android 6.0.1; Nexus 5X Build/MMB29P) AppleWebKit/537.36 (KHTML, like Gecko) Chrome/130.0.6723.58 Mobile Safari/537.36 (compatible; Googlebot/2.1; +http://www.google.com/bot.html)"
162.213.251.195 - - [21/Oct/2024:16:16:07 -0400] "POST /wp-cron.php?doing_wp_cron=1729541766.2702679634094238281250 HTTP/1.1" 200 0 "-" "WordPress/6.6.2; https://dietcontrungnhanh.com"
20.171.206.122 - - [21/Oct/2024:16:16:02 -0400] "GET /dich-vu-diet-moi-quan-7/embed/ HTTP/1.1" 200 6708 "-" "Mozilla/5.0 AppleWebKit/537.36 (KHTML, like Gecko; compatible; GPTBot/1.2; +https://openai.com/gptbot)"
162.213.251.195 - - [21/Oct/2024:16:16:09 -0400] "POST /wp-cron.php?doing_wp_cron=1729541769.1536769866943359375000 HTTP/1.1" 200 0 "-" "WordPress/6.6.2; https://dietcontrungnhanh.com"
20.171.206.122 - - [21/Oct/2024:16:16:08 -0400] "GET /dich-vu-diet-chuot-quan-6/embed/ HTTP/1.1" 200 6732 "-" "Mozilla/5.0 AppleWebKit/537.36 (KHTML, like Gecko; compatible; GPTBot/1.2; +https://openai.com/gptbot)"
162.213.251.195 - - [21/Oct/2024:16:16:15 -0400] "POST /wp-cron.php?doing_wp_cron=1729541774.6377470493316650390625 HTTP/1.1" 200 0 "-" "WordPress/6.6.2; https://dietcontrungnhanh.com"
20.171.206.122 - - [21/Oct/2024:16:16:14 -0400] "GET /dich-vu-diet-chuot-quan-2/embed/ HTTP/1.1" 200 6590 "-" "Mozilla/5.0 AppleWebKit/537.36 (KHTML, like Gecko; compatible; GPTBot/1.2; +https://openai.com/gptbot)"
162.213.251.195 - - [21/Oct/2024:16:16:21 -0400] "POST /wp-cron.php?doing_wp_cron=1729541780.2161629199981689453125 HTTP/1.1" 200 0 "-" "WordPress/6.6.2; https://dietcontrungnhanh.com"
20.171.206.122 - - [21/Oct/2024:16:16:19 -0400] "GET /dich-vu-diet-chuot-hoc-mon/embed/ HTTP/1.1" 200 6615 "-" "Mozilla/5.0 AppleWebKit/537.36 (KHTML, like Gecko; compatible; GPTBot/1.2; +https://openai.com/gptbot)"
20.171.206.122 - - [21/Oct/2024:16:16:24 -0400] "GET /chinh-sach-bao-hanh/embed/ HTTP/1.1" 200 6364 "-" "Mozilla/5.0 AppleWebKit/537.36 (KHTML, like Gecko; compatible; GPTBot/1.2; +https://openai.com/gptbot)"
20.171.206.246 - - [21/Oct/2024:16:16:29 -0400] "GET /dich-vu-diet-chuot-quan-4/embed/ HTTP/1.1" 200 6650 "-" "Mozilla/5.0 AppleWebKit/537.36 (KHTML, like Gecko; compatible; GPTBot/1.2; +https://openai.com/gptbot)"
20.171.206.246 - - [21/Oct/2024:16:16:32 -0400] "GET /dich-vu-diet-chuot-cu-chi/embed/ HTTP/1.1" 200 6643 "-" "Mozilla/5.0 AppleWebKit/537.36 (KHTML, like Gecko; compatible; GPTBot/1.2; +https://openai.com/gptbot)"
20.171.206.246 - - [21/Oct/2024:16:16:35 -0400] "GET /dich-vu-diet-chuot-quan-binh-tan/embed/ HTTP/1.1" 200 6593 "-" "Mozilla/5.0 AppleWebKit/537.36 (KHTML, like Gecko; compatible; GPTBot/1.2; +https://openai.com/gptbot)"
20.171.206.246 - - [21/Oct/2024:16:16:40 -0400] "GET /dich-vu-diet-muoi-quan-10/embed/ HTTP/1.1" 200 6649 "-" "Mozilla/5.0 AppleWebKit/537.36 (KHTML, like Gecko; compatible; GPTBot/1.2; +https://openai.com/gptbot)"
20.171.206.246 - - [21/Oct/2024:16:16:42 -0400] "GET /dich-vu-diet-chuot-quan-3/embed/ HTTP/1.1" 200 6604 "-" "Mozilla/5.0 AppleWebKit/537.36 (KHTML, like Gecko; compatible; GPTBot/1.2; +https://openai.com/gptbot)"
20.171.206.246 - - [21/Oct/2024:16:16:44 -0400] "GET /gio-hang/embed/ HTTP/1.1" 200 6109 "-" "Mozilla/5.0 AppleWebKit/537.36 (KHTML, like Gecko; compatible; GPTBot/1.2; +https://openai.com/gptbot)"
20.171.206.246 - - [21/Oct/2024:16:16:47 -0400] "GET /dich-vu-diet-chuot-quan-10-cong-ty-diet-chuot-uy-tin-hang-dau/embed/ HTTP/1.1" 200 6742 "-" "Mozilla/5.0 AppleWebKit/537.36 (KHTML, like Gecko; compatible; GPTBot/1.2; +https://openai.com/gptbot)"
