162.213.251.195 - - [21/Oct/2024:11:53:50 -0400] "POST /wp-cron.php?doing_wp_cron=1729526030.2757871150970458984375 HTTP/1.1" 200 0 "-" "WordPress/6.6.2; https://dietcontrungnhanh.com"
66.249.77.226 - - [21/Oct/2024:11:53:47 -0400] "GET /wp-admin/comment.php?action=approve&c=103 HTTP/1.1" 302 0 "-" "Mozilla/5.0 (Linux; Android 6.0.1; Nexus 5X Build/MMB29P) AppleWebKit/537.36 (KHTML, like Gecko) Chrome/129.0.6668.89 Mobile Safari/537.36 (compatible; Googlebot/2.1; +http://www.google.com/bot.html)"
162.213.251.195 - - [21/Oct/2024:11:53:52 -0400] "POST /wp-cron.php?doing_wp_cron=1729526031.9304819107055664062500 HTTP/1.1" 200 0 "-" "WordPress/6.6.2; https://dietcontrungnhanh.com"
66.249.77.225 - - [21/Oct/2024:11:53:51 -0400] "GET /wp-login.php?redirect_to=https%3A%2F%2Fdietcontrungnhanh.com%2Fwp-admin%2Fcomment.php%3Faction%3Dapprove%26c%3D103&reauth=1 HTTP/1.1" 200 2848 "-" "Mozilla/5.0 (Linux; Android 6.0.1; Nexus 5X Build/MMB29P) AppleWebKit/537.36 (KHTML, like Gecko) Chrome/129.0.6668.89 Mobile Safari/537.36 (compatible; Googlebot/2.1; +http://www.google.com/bot.html)"
162.213.251.195 - - [21/Oct/2024:12:03:57 -0400] "POST /wp-cron.php?doing_wp_cron=1729526636.9554328918457031250000 HTTP/1.1" 200 0 "-" "WordPress/6.6.2; https://dietcontrungnhanh.com"
66.249.77.227 - - [21/Oct/2024:12:03:44 -0400] "GET /wp-admin/comment.php?action=trash&c=103 HTTP/1.1" 302 0 "-" "Mozilla/5.0 (Linux; Android 6.0.1; Nexus 5X Build/MMB29P) AppleWebKit/537.36 (KHTML, like Gecko) Chrome/129.0.6668.89 Mobile Safari/537.36 (compatible; Googlebot/2.1; +http://www.google.com/bot.html)"
162.213.251.195 - - [21/Oct/2024:12:04:14 -0400] "POST /wp-cron.php?doing_wp_cron=1729526653.1737139225006103515625 HTTP/1.1" 200 0 "-" "WordPress/6.6.2; https://dietcontrungnhanh.com"
66.249.77.226 - - [21/Oct/2024:12:04:12 -0400] "GET /wp-login.php?redirect_to=https%3A%2F%2Fdietcontrungnhanh.com%2Fwp-admin%2Fcomment.php%3Faction%3Dtrash%26c%3D103&reauth=1 HTTP/1.1" 200 2838 "-" "Mozilla/5.0 (Linux; Android 6.0.1; Nexus 5X Build/MMB29P) AppleWebKit/537.36 (KHTML, like Gecko) Chrome/129.0.6668.89 Mobile Safari/537.36 (compatible; Googlebot/2.1; +http://www.google.com/bot.html)"
162.213.251.195 - - [21/Oct/2024:12:04:23 -0400] "POST /wp-cron.php?doing_wp_cron=1729526663.2937440872192382812500 HTTP/1.1" 200 0 "-" "WordPress/6.6.2; https://dietcontrungnhanh.com"
66.249.77.226 - - [21/Oct/2024:12:04:22 -0400] "GET /diet-moi-bac-ninh/ HTTP/1.1" 404 18697 "-" "Mozilla/5.0 (Linux; Android 6.0.1; Nexus 5X Build/MMB29P) AppleWebKit/537.36 (KHTML, like Gecko) Chrome/129.0.6668.89 Mobile Safari/537.36 (compatible; Googlebot/2.1; +http://www.google.com/bot.html)"
162.213.251.195 - - [21/Oct/2024:12:11:29 -0400] "POST /wp-cron.php?doing_wp_cron=1729527088.5748040676116943359375 HTTP/1.1" 200 0 "-" "WordPress/6.6.2; https://dietcontrungnhanh.com"
205.185.115.168 - - [21/Oct/2024:12:11:20 -0400] "GET /wp-login.php HTTP/1.1" 200 2800 "-" "Mozilla/5.0 (iPhone; CPU iPhone OS 7_1_1 like Mac OS X) AppleWebKit/537.51.2 (KHTML, like Gecko) Version/7.0 Mobile/11D201 Safari/9537.53"
205.185.115.168 - - [21/Oct/2024:12:11:30 -0400] "POST /wp-login.php HTTP/1.1" 200 2964 "-" "Mozilla/5.0 (iPhone; CPU iPhone OS 7_1_1 like Mac OS X) AppleWebKit/537.51.2 (KHTML, like Gecko) Version/7.0 Mobile/11D201 Safari/9537.53"
20.171.206.56 - - [21/Oct/2024:12:11:40 -0400] "GET /hoi-dap/embed/ HTTP/1.1" 200 6112 "-" "Mozilla/5.0 AppleWebKit/537.36 (KHTML, like Gecko; compatible; GPTBot/1.2; +https://openai.com/gptbot)"
20.171.206.56 - - [21/Oct/2024:12:11:42 -0400] "GET /chinh-sach-bao-hanh/embed/ HTTP/1.1" 200 6363 "-" "Mozilla/5.0 AppleWebKit/537.36 (KHTML, like Gecko; compatible; GPTBot/1.2; +https://openai.com/gptbot)"
20.171.206.56 - - [21/Oct/2024:12:11:43 -0400] "GET /chinh-sach-doi-tra-hang/embed/ HTTP/1.1" 200 6453 "-" "Mozilla/5.0 AppleWebKit/537.36 (KHTML, like Gecko; compatible; GPTBot/1.2; +https://openai.com/gptbot)"
20.171.206.56 - - [21/Oct/2024:12:11:45 -0400] "GET /gio-hang/embed/ HTTP/1.1" 200 6112 "-" "Mozilla/5.0 AppleWebKit/537.36 (KHTML, like Gecko; compatible; GPTBot/1.2; +https://openai.com/gptbot)"
20.171.206.56 - - [21/Oct/2024:12:11:46 -0400] "GET /dich-vu-diet-chuot-quan-9/embed/ HTTP/1.1" 200 6717 "-" "Mozilla/5.0 AppleWebKit/537.36 (KHTML, like Gecko; compatible; GPTBot/1.2; +https://openai.com/gptbot)"
20.171.206.56 - - [21/Oct/2024:12:11:47 -0400] "GET /lien-he/embed/ HTTP/1.1" 200 6109 "-" "Mozilla/5.0 AppleWebKit/537.36 (KHTML, like Gecko; compatible; GPTBot/1.2; +https://openai.com/gptbot)"
20.171.206.56 - - [21/Oct/2024:12:11:48 -0400] "GET /dich-vu-diet-muoi-quan-10/embed/ HTTP/1.1" 200 6651 "-" "Mozilla/5.0 AppleWebKit/537.36 (KHTML, like Gecko; compatible; GPTBot/1.2; +https://openai.com/gptbot)"
20.171.206.56 - - [21/Oct/2024:12:11:49 -0400] "GET /hd-mua-hang/embed/ HTTP/1.1" 200 6104 "-" "Mozilla/5.0 AppleWebKit/537.36 (KHTML, like Gecko; compatible; GPTBot/1.2; +https://openai.com/gptbot)"
20.171.206.56 - - [21/Oct/2024:12:11:51 -0400] "GET /dich-vu-diet-chuot-quan-3/embed/ HTTP/1.1" 200 6603 "-" "Mozilla/5.0 AppleWebKit/537.36 (KHTML, like Gecko; compatible; GPTBot/1.2; +https://openai.com/gptbot)"
20.171.206.56 - - [21/Oct/2024:12:11:52 -0400] "GET /dich-vu-diet-muoi-quan-12/embed/ HTTP/1.1" 200 6639 "-" "Mozilla/5.0 AppleWebKit/537.36 (KHTML, like Gecko; compatible; GPTBot/1.2; +https://openai.com/gptbot)"
20.171.206.56 - - [21/Oct/2024:12:11:53 -0400] "GET /gioi-thieu/embed/ HTTP/1.1" 200 6383 "-" "Mozilla/5.0 AppleWebKit/537.36 (KHTML, like Gecko; compatible; GPTBot/1.2; +https://openai.com/gptbot)"
20.171.206.56 - - [21/Oct/2024:12:11:54 -0400] "GET /dich-vu-diet-muoi-thu-duc/embed/ HTTP/1.1" 200 6510 "-" "Mozilla/5.0 AppleWebKit/537.36 (KHTML, like Gecko; compatible; GPTBot/1.2; +https://openai.com/gptbot)"
20.171.206.56 - - [21/Oct/2024:12:11:56 -0400] "GET /dich-vu-diet-chuot-quan-8/embed/ HTTP/1.1" 200 6688 "-" "Mozilla/5.0 AppleWebKit/537.36 (KHTML, like Gecko; compatible; GPTBot/1.2; +https://openai.com/gptbot)"
20.171.206.56 - - [21/Oct/2024:12:11:57 -0400] "GET /dich-vu-diet-muoi-quan-go-vap/embed/ HTTP/1.1" 200 6602 "-" "Mozilla/5.0 AppleWebKit/537.36 (KHTML, like Gecko; compatible; GPTBot/1.2; +https://openai.com/gptbot)"
20.171.206.56 - - [21/Oct/2024:12:11:59 -0400] "GET /diet-muoi-con-trung-quan-8/embed/ HTTP/1.1" 200 6586 "-" "Mozilla/5.0 AppleWebKit/537.36 (KHTML, like Gecko; compatible; GPTBot/1.2; +https://openai.com/gptbot)"
20.171.206.56 - - [21/Oct/2024:12:12:03 -0400] "GET /dich-vu-diet-muoi-quan-binh-thanh/embed/ HTTP/1.1" 200 6576 "-" "Mozilla/5.0 AppleWebKit/537.36 (KHTML, like Gecko; compatible; GPTBot/1.2; +https://openai.com/gptbot)"
20.171.206.56 - - [21/Oct/2024:12:12:04 -0400] "GET /san-pham/binh-4-lit-phun-diet-con-trung-05/embed/ HTTP/1.1" 200 6973 "-" "Mozilla/5.0 AppleWebKit/537.36 (KHTML, like Gecko; compatible; GPTBot/1.2; +https://openai.com/gptbot)"
20.171.206.56 - - [21/Oct/2024:12:12:06 -0400] "GET /dich-vu-diet-ruoi-tai-ho-chi-minh/embed/ HTTP/1.1" 200 6769 "-" "Mozilla/5.0 AppleWebKit/537.36 (KHTML, like Gecko; compatible; GPTBot/1.2; +https://openai.com/gptbot)"
20.171.206.56 - - [21/Oct/2024:12:12:07 -0400] "GET /san-pham/binh-4-lit-phun-diet-con-trung-03/embed/ HTTP/1.1" 200 6943 "-" "Mozilla/5.0 AppleWebKit/537.36 (KHTML, like Gecko; compatible; GPTBot/1.2; +https://openai.com/gptbot)"
20.171.206.56 - - [21/Oct/2024:12:12:08 -0400] "GET /san-pham/binh-4-lit-phun-diet-con-trung-04/embed/ HTTP/1.1" 200 6947 "-" "Mozilla/5.0 AppleWebKit/537.36 (KHTML, like Gecko; compatible; GPTBot/1.2; +https://openai.com/gptbot)"
20.171.206.56 - - [21/Oct/2024:12:12:09 -0400] "GET /san-pham/binh-4-lit-phun-diet-con-trung-01/embed/ HTTP/1.1" 200 6926 "-" "Mozilla/5.0 AppleWebKit/537.36 (KHTML, like Gecko; compatible; GPTBot/1.2; +https://openai.com/gptbot)"
20.171.206.56 - - [21/Oct/2024:12:12:10 -0400] "GET /dich-vu-diet-gian-tai-huyen-binh-chanh/embed/ HTTP/1.1" 200 6649 "-" "Mozilla/5.0 AppleWebKit/537.36 (KHTML, like Gecko; compatible; GPTBot/1.2; +https://openai.com/gptbot)"
216.244.66.234 - - [21/Oct/2024:12:12:11 -0400] "GET /thi-cong-lap-dat-he-thong-mang-quan-12/ HTTP/1.1" 404 18718 "-" "Mozilla/5.0 (compatible; DotBot/1.2; +https://opensiteexplorer.org/dotbot; [email protected])"
20.171.206.56 - - [21/Oct/2024:12:12:12 -0400] "GET /dich-vu-diet-moi-quan-5-diet-moi-uy-tin-tai-tp-hcm/embed/ HTTP/1.1" 200 6798 "-" "Mozilla/5.0 AppleWebKit/537.36 (KHTML, like Gecko; compatible; GPTBot/1.2; +https://openai.com/gptbot)"
20.171.206.56 - - [21/Oct/2024:12:12:13 -0400] "GET /san-pham/binh-4-lit-phun-diet-con-trung-08/embed/ HTTP/1.1" 200 6946 "-" "Mozilla/5.0 AppleWebKit/537.36 (KHTML, like Gecko; compatible; GPTBot/1.2; +https://openai.com/gptbot)"
20.171.206.56 - - [21/Oct/2024:12:12:14 -0400] "GET /dich-vu-diet-gian-thu-duc-chuyen-nghiep-hieu-qua/embed/ HTTP/1.1" 200 6756 "-" "Mozilla/5.0 AppleWebKit/537.36 (KHTML, like Gecko; compatible; GPTBot/1.2; +https://openai.com/gptbot)"
20.171.206.56 - - [21/Oct/2024:12:12:16 -0400] "GET /dich-vu-diet-moi-nha-be-giai-phap-toan-dien-danh-bai-moi/embed/ HTTP/1.1" 200 6773 "-" "Mozilla/5.0 AppleWebKit/537.36 (KHTML, like Gecko; compatible; GPTBot/1.2; +https://openai.com/gptbot)"
20.171.206.56 - - [21/Oct/2024:12:12:17 -0400] "GET /dich-vu-diet-moi-quan-3-bao-ve-to-am-tu-moi-nguy-con-trung/embed/ HTTP/1.1" 200 6811 "-" "Mozilla/5.0 AppleWebKit/537.36 (KHTML, like Gecko; compatible; GPTBot/1.2; +https://openai.com/gptbot)"
209.141.44.130 - - [21/Oct/2024:12:12:18 -0400] "GET /wp-login.php HTTP/1.1" 200 2811 "-" "Mozilla/5.0 (Windows NT 6.3; WOW64) AppleWebKit/537.36 (KHTML, like Gecko) Chrome/36.0.1985.125 Safari/537.36"
209.141.44.130 - - [21/Oct/2024:12:12:19 -0400] "POST /wp-login.php HTTP/1.1" 200 2966 "-" "Mozilla/5.0 (Windows NT 6.3; WOW64) AppleWebKit/537.36 (KHTML, like Gecko) Chrome/36.0.1985.125 Safari/537.36"
162.213.251.195 - - [21/Oct/2024:12:15:31 -0400] "POST /wp-cron.php?doing_wp_cron=1729527331.4841070175170898437500 HTTP/1.1" 200 0 "-" "WordPress/6.6.2; https://dietcontrungnhanh.com"
162.213.251.195 - - [21/Oct/2024:12:15:33 -0400] "POST /wp-admin/admin-ajax.php?action=as_async_request_queue_runner&nonce=41a220c7ba HTTP/1.1" 200 0 "-" "WordPress/6.6.2; https://dietcontrungnhanh.com"
66.249.77.226 - - [21/Oct/2024:12:15:27 -0400] "GET /wp-admin/comment.php?action=spam&c=8 HTTP/1.1" 302 0 "-" "Mozilla/5.0 (Linux; Android 6.0.1; Nexus 5X Build/MMB29P) AppleWebKit/537.36 (KHTML, like Gecko) Chrome/129.0.6668.89 Mobile Safari/537.36 (compatible; Googlebot/2.1; +http://www.google.com/bot.html)"
162.213.251.195 - - [21/Oct/2024:12:15:34 -0400] "POST /wp-cron.php?doing_wp_cron=1729527334.5255661010742187500000 HTTP/1.1" 200 0 "-" "WordPress/6.6.2; https://dietcontrungnhanh.com"
66.249.77.225 - - [21/Oct/2024:12:15:34 -0400] "GET /wp-login.php?redirect_to=https%3A%2F%2Fdietcontrungnhanh.com%2Fwp-admin%2Fcomment.php%3Faction%3Dspam%26c%3D8&reauth=1 HTTP/1.1" 200 2825 "-" "Mozilla/5.0 (Linux; Android 6.0.1; Nexus 5X Build/MMB29P) AppleWebKit/537.36 (KHTML, like Gecko) Chrome/129.0.6668.89 Mobile Safari/537.36 (compatible; Googlebot/2.1; +http://www.google.com/bot.html)"
162.213.251.195 - - [21/Oct/2024:12:15:49 -0400] "POST /wp-cron.php?doing_wp_cron=1729527348.9546949863433837890625 HTTP/1.1" 200 0 "-" "WordPress/6.6.2; https://dietcontrungnhanh.com"
13.74.53.223 - - [21/Oct/2024:12:15:48 -0400] "GET /wp-admin/css/about.php HTTP/1.1" 404 17362 "-" "-"
162.213.251.195 - - [21/Oct/2024:12:15:51 -0400] "POST /wp-cron.php?doing_wp_cron=1729527350.8511331081390380859375 HTTP/1.1" 200 0 "-" "WordPress/6.6.2; https://dietcontrungnhanh.com"
13.74.53.223 - - [21/Oct/2024:12:15:50 -0400] "GET /fw.php HTTP/1.1" 404 16557 "-" "-"
162.213.251.195 - - [21/Oct/2024:12:15:53 -0400] "POST /wp-cron.php?doing_wp_cron=1729527352.6471910476684570312500 HTTP/1.1" 200 0 "-" "WordPress/6.6.2; https://dietcontrungnhanh.com"
13.74.53.223 - - [21/Oct/2024:12:15:52 -0400] "GET /wp-content/updates.php HTTP/1.1" 404 16547 "-" "-"
162.213.251.195 - - [21/Oct/2024:12:15:55 -0400] "POST /wp-cron.php?doing_wp_cron=1729527354.8751010894775390625000 HTTP/1.1" 200 0 "-" "WordPress/6.6.2; https://dietcontrungnhanh.com"
13.74.53.223 - - [21/Oct/2024:12:15:54 -0400] "GET /byp.php HTTP/1.1" 404 16532 "-" "-"
13.74.53.223 - - [21/Oct/2024:12:15:56 -0400] "GET /wp-includes/function.php HTTP/1.1" 403 1242 "-" "-"
162.213.251.195 - - [21/Oct/2024:12:15:58 -0400] "POST /wp-cron.php?doing_wp_cron=1729527358.1767048835754394531250 HTTP/1.1" 200 0 "-" "WordPress/6.6.2; https://dietcontrungnhanh.com"
13.74.53.223 - - [21/Oct/2024:12:15:57 -0400] "GET /403.php HTTP/1.1" 404 16544 "-" "-"
162.213.251.195 - - [21/Oct/2024:12:16:00 -0400] "POST /wp-cron.php?doing_wp_cron=1729527360.1148738861083984375000 HTTP/1.1" 200 0 "-" "WordPress/6.6.2; https://dietcontrungnhanh.com"
13.74.53.223 - - [21/Oct/2024:12:15:59 -0400] "GET /wp-admin/ajax-actions.php HTTP/1.1" 404 16543 "-" "-"
162.213.251.195 - - [21/Oct/2024:12:16:02 -0400] "POST /wp-cron.php?doing_wp_cron=1729527362.2386119365692138671875 HTTP/1.1" 200 0 "-" "WordPress/6.6.2; https://dietcontrungnhanh.com"
13.74.53.223 - - [21/Oct/2024:12:16:01 -0400] "GET /file.php HTTP/1.1" 404 16537 "-" "-"
162.213.251.195 - - [21/Oct/2024:12:16:04 -0400] "POST /wp-cron.php?doing_wp_cron=1729527364.2135510444641113281250 HTTP/1.1" 200 0 "-" "WordPress/6.6.2; https://dietcontrungnhanh.com"
13.74.53.223 - - [21/Oct/2024:12:16:03 -0400] "GET /wp-admin/network/cloud.php HTTP/1.1" 404 17390 "-" "-"
162.213.251.195 - - [21/Oct/2024:12:16:06 -0400] "POST /wp-cron.php?doing_wp_cron=1729527366.2852349281311035156250 HTTP/1.1" 200 0 "-" "WordPress/6.6.2; https://dietcontrungnhanh.com"
13.74.53.223 - - [21/Oct/2024:12:16:05 -0400] "GET /edit.php HTTP/1.1" 404 16535 "-" "-"
162.213.251.195 - - [21/Oct/2024:12:16:09 -0400] "POST /wp-cron.php?doing_wp_cron=1729527368.7097320556640625000000 HTTP/1.1" 200 0 "-" "WordPress/6.6.2; https://dietcontrungnhanh.com"
13.74.53.223 - - [21/Oct/2024:12:16:08 -0400] "GET /wp-includes/Text/about.php HTTP/1.1" 404 17372 "-" "-"
162.213.251.195 - - [21/Oct/2024:12:16:10 -0400] "POST /wp-cron.php?doing_wp_cron=1729527370.6363921165466308593750 HTTP/1.1" 200 0 "-" "WordPress/6.6.2; https://dietcontrungnhanh.com"
13.74.53.223 - - [21/Oct/2024:12:16:10 -0400] "GET /cong.php HTTP/1.1" 404 16535 "-" "-"
162.213.251.195 - - [21/Oct/2024:12:16:12 -0400] "POST /wp-cron.php?doing_wp_cron=1729527372.3274300098419189453125 HTTP/1.1" 200 0 "-" "WordPress/6.6.2; https://dietcontrungnhanh.com"
13.74.53.223 - - [21/Oct/2024:12:16:11 -0400] "GET /wp-includes/pomo/about.php HTTP/1.1" 404 17387 "-" "-"
162.213.251.195 - - [21/Oct/2024:12:16:14 -0400] "POST /wp-cron.php?doing_wp_cron=1729527374.0364439487457275390625 HTTP/1.1" 200 0 "-" "WordPress/6.6.2; https://dietcontrungnhanh.com"
13.74.53.223 - - [21/Oct/2024:12:16:13 -0400] "GET /cloud.php HTTP/1.1" 404 16548 "-" "-"
162.213.251.195 - - [21/Oct/2024:12:16:15 -0400] "POST /wp-cron.php?doing_wp_cron=1729527375.6724550724029541015625 HTTP/1.1" 200 0 "-" "WordPress/6.6.2; https://dietcontrungnhanh.com"
13.74.53.223 - - [21/Oct/2024:12:16:15 -0400] "GET /wp-admin/user/xmrlpc.php?p= HTTP/1.1" 301 0 "-" "-"
13.74.53.223 - - [21/Oct/2024:12:16:16 -0400] "GET /wp-admin/user/xmrlpc.php HTTP/1.1" 404 17393 "-" "-"
162.213.251.195 - - [21/Oct/2024:12:16:18 -0400] "POST /wp-cron.php?doing_wp_cron=1729527378.3059270381927490234375 HTTP/1.1" 200 0 "-" "WordPress/6.6.2; https://dietcontrungnhanh.com"
13.74.53.223 - - [21/Oct/2024:12:16:17 -0400] "GET /lufix.php HTTP/1.1" 404 16536 "-" "-"
162.213.251.195 - - [21/Oct/2024:12:16:20 -0400] "POST /wp-cron.php?doing_wp_cron=1729527380.0298740863800048828125 HTTP/1.1" 200 0 "-" "WordPress/6.6.2; https://dietcontrungnhanh.com"
13.74.53.223 - - [21/Oct/2024:12:16:19 -0400] "GET /wp-includes/ID3/plugins.php HTTP/1.1" 404 17351 "-" "-"
162.213.251.195 - - [21/Oct/2024:12:16:22 -0400] "POST /wp-cron.php?doing_wp_cron=1729527382.4475591182708740234375 HTTP/1.1" 200 0 "-" "WordPress/6.6.2; https://dietcontrungnhanh.com"
13.74.53.223 - - [21/Oct/2024:12:16:22 -0400] "GET /media.php HTTP/1.1" 404 16523 "-" "-"
162.213.251.195 - - [21/Oct/2024:12:16:24 -0400] "POST /wp-cron.php?doing_wp_cron=1729527384.3211119174957275390625 HTTP/1.1" 200 0 "-" "WordPress/6.6.2; https://dietcontrungnhanh.com"
13.74.53.223 - - [21/Oct/2024:12:16:23 -0400] "GET /wp-content/updraft/about.php HTTP/1.1" 404 17374 "-" "-"
162.213.251.195 - - [21/Oct/2024:12:16:26 -0400] "POST /wp-cron.php?doing_wp_cron=1729527385.7954978942871093750000 HTTP/1.1" 200 0 "-" "WordPress/6.6.2; https://dietcontrungnhanh.com"
13.74.53.223 - - [21/Oct/2024:12:16:25 -0400] "GET /simple.php HTTP/1.1" 404 16548 "-" "-"
162.213.251.195 - - [21/Oct/2024:12:16:28 -0400] "POST /wp-cron.php?doing_wp_cron=1729527388.1556029319763183593750 HTTP/1.1" 200 0 "-" "WordPress/6.6.2; https://dietcontrungnhanh.com"
13.74.53.223 - - [21/Oct/2024:12:16:27 -0400] "GET /wp-includes/blocks/about.php HTTP/1.1" 404 17390 "-" "-"
162.213.251.195 - - [21/Oct/2024:12:16:29 -0400] "POST /wp-cron.php?doing_wp_cron=1729527389.6745131015777587890625 HTTP/1.1" 200 0 "-" "WordPress/6.6.2; https://dietcontrungnhanh.com"
13.74.53.223 - - [21/Oct/2024:12:16:29 -0400] "GET /upload.php HTTP/1.1" 404 16542 "-" "-"
162.213.251.195 - - [21/Oct/2024:12:16:31 -0400] "POST /wp-cron.php?doing_wp_cron=1729527391.0016698837280273437500 HTTP/1.1" 200 0 "-" "WordPress/6.6.2; https://dietcontrungnhanh.com"
13.74.53.223 - - [21/Oct/2024:12:16:30 -0400] "GET /libraries/vendor/updates.php HTTP/1.1" 404 17382 "-" "-"
162.213.251.195 - - [21/Oct/2024:12:16:32 -0400] "POST /wp-cron.php?doing_wp_cron=1729527392.5654330253601074218750 HTTP/1.1" 200 0 "-" "WordPress/6.6.2; https://dietcontrungnhanh.com"
13.74.53.223 - - [21/Oct/2024:12:16:32 -0400] "GET /themes.php HTTP/1.1" 404 16528 "-" "-"
162.213.251.195 - - [21/Oct/2024:12:16:34 -0400] "POST /wp-cron.php?doing_wp_cron=1729527393.8136210441589355468750 HTTP/1.1" 200 0 "-" "WordPress/6.6.2; https://dietcontrungnhanh.com"
13.74.53.223 - - [21/Oct/2024:12:16:33 -0400] "GET /wp-admin/images/xmrlpc.php?p= HTTP/1.1" 301 0 "-" "-"
13.74.53.223 - - [21/Oct/2024:12:16:34 -0400] "GET /wp-admin/images/xmrlpc.php HTTP/1.1" 404 17370 "-" "-"
162.213.251.195 - - [21/Oct/2024:12:16:36 -0400] "POST /wp-cron.php?doing_wp_cron=1729527395.8827710151672363281250 HTTP/1.1" 200 0 "-" "WordPress/6.6.2; https://dietcontrungnhanh.com"
13.74.53.223 - - [21/Oct/2024:12:16:35 -0400] "GET /repeater.php HTTP/1.1" 404 16553 "-" "-"
162.213.251.195 - - [21/Oct/2024:12:16:37 -0400] "POST /wp-cron.php?doing_wp_cron=1729527397.2652909755706787109375 HTTP/1.1" 200 0 "-" "WordPress/6.6.2; https://dietcontrungnhanh.com"
13.74.53.223 - - [21/Oct/2024:12:16:36 -0400] "GET /wp-admin/js/widgets/cloud.php HTTP/1.1" 404 17390 "-" "-"
162.213.251.195 - - [21/Oct/2024:12:16:39 -0400] "POST /wp-cron.php?doing_wp_cron=1729527398.8116729259490966796875 HTTP/1.1" 200 0 "-" "WordPress/6.6.2; https://dietcontrungnhanh.com"
13.74.53.223 - - [21/Oct/2024:12:16:38 -0400] "GET /makeasmtp.php HTTP/1.1" 404 16537 "-" "-"
162.213.251.195 - - [21/Oct/2024:12:16:40 -0400] "POST /wp-cron.php?doing_wp_cron=1729527400.2145531177520751953125 HTTP/1.1" 200 0 "-" "WordPress/6.6.2; https://dietcontrungnhanh.com"
13.74.53.223 - - [21/Oct/2024:12:16:39 -0400] "GET /wp-includes/widgets/about.php HTTP/1.1" 404 17387 "-" "-"
162.213.251.195 - - [21/Oct/2024:12:16:42 -0400] "POST /wp-cron.php?doing_wp_cron=1729527401.8676970005035400390625 HTTP/1.1" 200 0 "-" "WordPress/6.6.2; https://dietcontrungnhanh.com"
13.74.53.223 - - [21/Oct/2024:12:16:41 -0400] "GET /xmrlpc.php?p= HTTP/1.1" 301 0 "-" "-"
162.213.251.195 - - [21/Oct/2024:12:16:43 -0400] "POST /wp-cron.php?doing_wp_cron=1729527403.1085579395294189453125 HTTP/1.1" 200 0 "-" "WordPress/6.6.2; https://dietcontrungnhanh.com"
13.74.53.223 - - [21/Oct/2024:12:16:42 -0400] "GET /xmrlpc.php HTTP/1.1" 404 16544 "-" "-"
66.249.77.226 - - [21/Oct/2024:12:16:44 -0400] "GET /wp-admin/comment.php?action=spam&c=103 HTTP/1.1" 302 0 "-" "Mozilla/5.0 (Linux; Android 6.0.1; Nexus 5X Build/MMB29P) AppleWebKit/537.36 (KHTML, like Gecko) Chrome/129.0.6668.89 Mobile Safari/537.36 (compatible; Googlebot/2.1; +http://www.google.com/bot.html)"
162.213.251.195 - - [21/Oct/2024:12:16:45 -0400] "POST /wp-cron.php?doing_wp_cron=1729527404.8970799446105957031250 HTTP/1.1" 200 0 "-" "WordPress/6.6.2; https://dietcontrungnhanh.com"
13.74.53.223 - - [21/Oct/2024:12:16:44 -0400] "GET /wp-content/upgrade/plugins.php HTTP/1.1" 404 17385 "-" "-"
162.213.251.195 - - [21/Oct/2024:12:16:47 -0400] "POST /wp-cron.php?doing_wp_cron=1729527406.7329030036926269531250 HTTP/1.1" 200 0 "-" "WordPress/6.6.2; https://dietcontrungnhanh.com"
13.74.53.223 - - [21/Oct/2024:12:16:46 -0400] "GET /ova-tools.php HTTP/1.1" 404 16558 "-" "-"
13.74.53.223 - - [21/Oct/2024:12:16:48 -0400] "GET /wp-content/plugins/wp-conflg.php HTTP/1.1" 403 1242 "-" "-"
162.213.251.195 - - [21/Oct/2024:12:16:49 -0400] "POST /wp-cron.php?doing_wp_cron=1729527408.7676520347595214843750 HTTP/1.1" 200 0 "-" "WordPress/6.6.2; https://dietcontrungnhanh.com"
13.74.53.223 - - [21/Oct/2024:12:16:48 -0400] "GET /alfa-rex2.php7 HTTP/1.1" 404 16551 "-" "-"
13.74.53.223 - - [21/Oct/2024:12:16:50 -0400] "GET /wp-content/themes/sketch/404.php HTTP/1.1" 403 1242 "-" "-"
162.213.251.195 - - [21/Oct/2024:12:16:50 -0400] "POST /wp-cron.php?doing_wp_cron=1729527409.8347699642181396484375 HTTP/1.1" 200 0 "-" "WordPress/6.6.2; https://dietcontrungnhanh.com"
66.249.77.225 - - [21/Oct/2024:12:16:49 -0400] "GET /wp-login.php?redirect_to=https%3A%2F%2Fdietcontrungnhanh.com%2Fwp-admin%2Fcomment.php%3Faction%3Dspam%26c%3D103&reauth=1 HTTP/1.1" 200 2851 "-" "Mozilla/5.0 (Linux; Android 6.0.1; Nexus 5X Build/MMB29P) AppleWebKit/537.36 (KHTML, like Gecko) Chrome/129.0.6668.89 Mobile Safari/537.36 (compatible; Googlebot/2.1; +http://www.google.com/bot.html)"
162.213.251.195 - - [21/Oct/2024:12:16:51 -0400] "POST /wp-cron.php?doing_wp_cron=1729527410.9806718826293945312500 HTTP/1.1" 200 0 "-" "WordPress/6.6.2; https://dietcontrungnhanh.com"
13.74.53.223 - - [21/Oct/2024:12:16:50 -0400] "GET /wp-configs.php HTTP/1.1" 404 16553 "-" "-"
162.213.251.195 - - [21/Oct/2024:12:16:53 -0400] "POST /wp-cron.php?doing_wp_cron=1729527412.7712829113006591796875 HTTP/1.1" 200 0 "-" "WordPress/6.6.2; https://dietcontrungnhanh.com"
13.74.53.223 - - [21/Oct/2024:12:16:52 -0400] "GET /wp-includes/SimplePie/plugins.php HTTP/1.1" 404 17389 "-" "-"
162.213.251.195 - - [21/Oct/2024:12:16:54 -0400] "POST /wp-cron.php?doing_wp_cron=1729527414.3606350421905517578125 HTTP/1.1" 200 0 "-" "WordPress/6.6.2; https://dietcontrungnhanh.com"
13.74.53.223 - - [21/Oct/2024:12:16:53 -0400] "GET /files/index.php HTTP/1.1" 301 0 "-" "-"
162.213.251.195 - - [21/Oct/2024:12:16:55 -0400] "POST /wp-cron.php?doing_wp_cron=1729527415.5071110725402832031250 HTTP/1.1" 200 0 "-" "WordPress/6.6.2; https://dietcontrungnhanh.com"
13.74.53.223 - - [21/Oct/2024:12:16:54 -0400] "GET /files/ HTTP/1.1" 404 18692 "-" "-"
162.213.251.195 - - [21/Oct/2024:12:16:57 -0400] "POST /wp-cron.php?doing_wp_cron=1729527417.1651830673217773437500 HTTP/1.1" 200 0 "-" "WordPress/6.6.2; https://dietcontrungnhanh.com"
13.74.53.223 - - [21/Oct/2024:12:16:56 -0400] "GET /wp-includes/customize/plugins.php HTTP/1.1" 404 17411 "-" "-"
13.74.53.223 - - [21/Oct/2024:12:16:58 -0400] "GET /cgi-bin/index.php HTTP/1.1" 404 1251 "-" "-"
162.213.251.195 - - [21/Oct/2024:12:16:59 -0400] "POST /wp-cron.php?doing_wp_cron=1729527419.2989919185638427734375 HTTP/1.1" 200 0 "-" "WordPress/6.6.2; https://dietcontrungnhanh.com"
13.74.53.223 - - [21/Oct/2024:12:16:58 -0400] "GET /wp-includes/style-engine/about.php HTTP/1.1" 404 17397 "-" "-"
13.74.53.223 - - [21/Oct/2024:12:17:00 -0400] "GET /images/plugins.php HTTP/1.1" 404 16557 "-" "-"
13.74.53.223 - - [21/Oct/2024:12:17:01 -0400] "GET /.well-known/pki-validation/cloud.php HTTP/1.1" 404 1251 "-" "-"
162.213.251.195 - - [21/Oct/2024:12:17:02 -0400] "POST /wp-cron.php?doing_wp_cron=1729527422.5719580650329589843750 HTTP/1.1" 200 0 "-" "WordPress/6.6.2; https://dietcontrungnhanh.com"
13.74.53.223 - - [21/Oct/2024:12:17:02 -0400] "GET /wp-content/cong.php HTTP/1.1" 404 16531 "-" "-"
162.213.251.195 - - [21/Oct/2024:12:17:04 -0400] "POST /wp-cron.php?doing_wp_cron=1729527424.1544129848480224609375 HTTP/1.1" 200 0 "-" "WordPress/6.6.2; https://dietcontrungnhanh.com"
13.74.53.223 - - [21/Oct/2024:12:17:03 -0400] "GET /wp-includes/certificates/plugins.php HTTP/1.1" 404 17364 "-" "-"
162.213.251.195 - - [21/Oct/2024:12:17:05 -0400] "POST /wp-cron.php?doing_wp_cron=1729527425.6501400470733642578125 HTTP/1.1" 200 0 "-" "WordPress/6.6.2; https://dietcontrungnhanh.com"
13.74.53.223 - - [21/Oct/2024:12:17:05 -0400] "GET /wp-admin/themes.php HTTP/1.1" 302 0 "-" "-"
162.213.251.195 - - [21/Oct/2024:12:17:06 -0400] "POST /wp-cron.php?doing_wp_cron=1729527426.6428270339965820312500 HTTP/1.1" 200 0 "-" "WordPress/6.6.2; https://dietcontrungnhanh.com"
13.74.53.223 - - [21/Oct/2024:12:17:06 -0400] "GET /wp-login.php?redirect_to=https%3A%2F%2Fdietcontrungnhanh.com%2Fwp-admin%2Fthemes.php&reauth=1 HTTP/1.1" 200 2818 "-" "-"
162.213.251.195 - - [21/Oct/2024:12:17:07 -0400] "POST /wp-cron.php?doing_wp_cron=1729527427.7127370834350585937500 HTTP/1.1" 200 0 "-" "WordPress/6.6.2; https://dietcontrungnhanh.com"
13.74.53.223 - - [21/Oct/2024:12:17:07 -0400] "GET /wp-admin/maint/maint/ajax-actions.php HTTP/1.1" 404 17385 "-" "-"
162.213.251.195 - - [21/Oct/2024:12:17:09 -0400] "POST /wp-cron.php?doing_wp_cron=1729527429.3100700378417968750000 HTTP/1.1" 200 0 "-" "WordPress/6.6.2; https://dietcontrungnhanh.com"
13.74.53.223 - - [21/Oct/2024:12:17:08 -0400] "GET /images/xmrlpc.php?p= HTTP/1.1" 301 0 "-" "-"
162.213.251.195 - - [21/Oct/2024:12:17:10 -0400] "POST /wp-cron.php?doing_wp_cron=1729527430.1413140296936035156250 HTTP/1.1" 200 0 "-" "WordPress/6.6.2; https://dietcontrungnhanh.com"
13.74.53.223 - - [21/Oct/2024:12:17:09 -0400] "GET /images/xmrlpc.php HTTP/1.1" 404 16549 "-" "-"
13.74.53.223 - - [21/Oct/2024:12:17:11 -0400] "GET /wp-content/plugins/seoplugins/db.php?u HTTP/1.1" 403 1242 "-" "-"
162.213.251.195 - - [21/Oct/2024:12:17:12 -0400] "POST /wp-cron.php?doing_wp_cron=1729527431.7451870441436767578125 HTTP/1.1" 200 0 "-" "WordPress/6.6.2; https://dietcontrungnhanh.com"
13.74.53.223 - - [21/Oct/2024:12:17:11 -0400] "GET /cgi-bin/wp-login.php HTTP/1.1" 404 16550 "-" "-"
162.213.251.195 - - [21/Oct/2024:12:17:13 -0400] "POST /wp-cron.php?doing_wp_cron=1729527433.5350890159606933593750 HTTP/1.1" 200 0 "-" "WordPress/6.6.2; https://dietcontrungnhanh.com"
13.74.53.223 - - [21/Oct/2024:12:17:12 -0400] "GET /wp-admin/css/colors/blue/xmrlpc.php?p= HTTP/1.1" 301 0 "-" "-"
162.213.251.195 - - [21/Oct/2024:12:17:14 -0400] "POST /wp-cron.php?doing_wp_cron=1729527434.4089798927307128906250 HTTP/1.1" 200 0 "-" "WordPress/6.6.2; https://dietcontrungnhanh.com"
13.74.53.223 - - [21/Oct/2024:12:17:14 -0400] "GET /wp-admin/css/colors/blue/xmrlpc.php HTTP/1.1" 404 17396 "-" "-"
13.74.53.223 - - [21/Oct/2024:12:17:15 -0400] "GET /wp-includes/cloud.php HTTP/1.1" 403 1242 "-" "-"
13.74.53.223 - - [21/Oct/2024:12:17:16 -0400] "GET /.well-known/pki-validation/plugins.php HTTP/1.1" 404 1251 "-" "-"
162.213.251.195 - - [21/Oct/2024:12:17:17 -0400] "POST /wp-cron.php?doing_wp_cron=1729527436.8826210498809814453125 HTTP/1.1" 200 0 "-" "WordPress/6.6.2; https://dietcontrungnhanh.com"
13.74.53.223 - - [21/Oct/2024:12:17:16 -0400] "GET /.well-known/about.php HTTP/1.1" 404 16536 "-" "-"
13.74.53.223 - - [21/Oct/2024:12:17:18 -0400] "GET /wp-content/plugins/linkpreview/db.php?u HTTP/1.1" 403 1242 "-" "-"
162.213.251.195 - - [21/Oct/2024:12:17:19 -0400] "POST /wp-cron.php?doing_wp_cron=1729527438.8853619098663330078125 HTTP/1.1" 200 0 "-" "WordPress/6.6.2; https://dietcontrungnhanh.com"
13.74.53.223 - - [21/Oct/2024:12:17:18 -0400] "GET /.well-known/index.php HTTP/1.1" 301 0 "-" "-"
13.74.53.223 - - [21/Oct/2024:12:17:19 -0400] "GET /.well-known/ HTTP/1.1" 403 1242 "-" "-"
162.213.251.195 - - [21/Oct/2024:12:17:21 -0400] "POST /wp-cron.php?doing_wp_cron=1729527440.7379119396209716796875 HTTP/1.1" 200 0 "-" "WordPress/6.6.2; https://dietcontrungnhanh.com"
13.74.53.223 - - [21/Oct/2024:12:17:20 -0400] "GET /.well-known/acme-challenge/xmrlpc.php?p= HTTP/1.1" 301 0 "-" "-"
162.213.251.195 - - [21/Oct/2024:12:17:22 -0400] "POST /wp-cron.php?doing_wp_cron=1729527442.0273458957672119140625 HTTP/1.1" 200 0 "-" "WordPress/6.6.2; https://dietcontrungnhanh.com"
13.74.53.223 - - [21/Oct/2024:12:17:21 -0400] "GET /.well-known/acme-challenge/xmrlpc.php HTTP/1.1" 404 17373 "-" "-"
52.178.182.177 - - [21/Oct/2024:12:25:19 -0400] "GET /wp-content/index.php HTTP/1.1" 200 0 "-" "-"
162.213.251.195 - - [21/Oct/2024:12:25:31 -0400] "POST /wp-cron.php?doing_wp_cron=1729527930.7024700641632080078125 HTTP/1.1" 200 0 "-" "WordPress/6.6.2; https://dietcontrungnhanh.com"
52.178.182.177 - - [21/Oct/2024:12:25:20 -0400] "GET /wp.php HTTP/1.1" 404 16524 "-" "-"
162.213.251.195 - - [21/Oct/2024:12:25:34 -0400] "POST /wp-cron.php?doing_wp_cron=1729527934.1199901103973388671875 HTTP/1.1" 200 0 "-" "WordPress/6.6.2; https://dietcontrungnhanh.com"
52.178.182.177 - - [21/Oct/2024:12:25:33 -0400] "GET /autoload_classmap.php HTTP/1.1" 404 16550 "-" "-"
162.213.251.195 - - [21/Oct/2024:12:25:35 -0400] "POST /wp-cron.php?doing_wp_cron=1729527935.6754219532012939453125 HTTP/1.1" 200 0 "-" "WordPress/6.6.2; https://dietcontrungnhanh.com"
52.178.182.177 - - [21/Oct/2024:12:25:35 -0400] "GET /as.php HTTP/1.1" 404 16525 "-" "-"
162.213.251.195 - - [21/Oct/2024:12:25:37 -0400] "POST /wp-cron.php?doing_wp_cron=1729527937.2117838859558105468750 HTTP/1.1" 200 0 "-" "WordPress/6.6.2; https://dietcontrungnhanh.com"
52.178.182.177 - - [21/Oct/2024:12:25:36 -0400] "GET /cgi-bin/xmrlpc.php?p= HTTP/1.1" 301 0 "-" "-"
162.213.251.195 - - [21/Oct/2024:12:25:38 -0400] "POST /wp-cron.php?doing_wp_cron=1729527938.4474849700927734375000 HTTP/1.1" 200 0 "-" "WordPress/6.6.2; https://dietcontrungnhanh.com"
52.178.182.177 - - [21/Oct/2024:12:25:38 -0400] "GET /cgi-bin/xmrlpc.php HTTP/1.1" 404 16528 "-" "-"
162.213.251.195 - - [21/Oct/2024:12:25:40 -0400] "POST /wp-cron.php?doing_wp_cron=1729527939.8834989070892333984375 HTTP/1.1" 200 0 "-" "WordPress/6.6.2; https://dietcontrungnhanh.com"
52.178.182.177 - - [21/Oct/2024:12:25:39 -0400] "GET /ws.php7 HTTP/1.1" 404 16530 "-" "-"
52.178.182.177 - - [21/Oct/2024:12:25:41 -0400] "GET /wp-includes/admin.php HTTP/1.1" 403 1242 "-" "-"
162.213.251.195 - - [21/Oct/2024:12:25:42 -0400] "POST /wp-cron.php?doing_wp_cron=1729527942.5307838916778564453125 HTTP/1.1" 200 0 "-" "WordPress/6.6.2; https://dietcontrungnhanh.com"
52.178.182.177 - - [21/Oct/2024:12:25:42 -0400] "GET /ini.php HTTP/1.1" 404 16550 "-" "-"
52.178.182.177 - - [21/Oct/2024:12:25:44 -0400] "GET /wp-includes/index.php HTTP/1.1" 403 1242 "-" "-"
162.213.251.195 - - [21/Oct/2024:12:25:46 -0400] "POST /wp-cron.php?doing_wp_cron=1729527946.2118248939514160156250 HTTP/1.1" 200 0 "-" "WordPress/6.6.2; https://dietcontrungnhanh.com"
52.178.182.177 - - [21/Oct/2024:12:25:45 -0400] "GET /log.php HTTP/1.1" 404 16518 "-" "-"
162.213.251.195 - - [21/Oct/2024:12:25:49 -0400] "POST /wp-cron.php?doing_wp_cron=1729527949.6259510517120361328125 HTTP/1.1" 200 0 "-" "WordPress/6.6.2; https://dietcontrungnhanh.com"
52.178.182.177 - - [21/Oct/2024:12:25:49 -0400] "GET /wp-admin/repeater.php HTTP/1.1" 404 16548 "-" "-"
162.213.251.195 - - [21/Oct/2024:12:25:52 -0400] "POST /wp-cron.php?doing_wp_cron=1729527951.8724920749664306640625 HTTP/1.1" 200 0 "-" "WordPress/6.6.2; https://dietcontrungnhanh.com"
52.178.182.177 - - [21/Oct/2024:12:25:51 -0400] "GET /mail.php HTTP/1.1" 404 16537 "-" "-"
52.178.182.177 - - [21/Oct/2024:12:25:53 -0400] "GET /wp-includes/wp-load.php HTTP/1.1" 403 1242 "-" "-"
162.213.251.195 - - [21/Oct/2024:12:25:55 -0400] "POST /wp-cron.php?doing_wp_cron=1729527954.7119998931884765625000 HTTP/1.1" 200 0 "-" "WordPress/6.6.2; https://dietcontrungnhanh.com"
52.178.182.177 - - [21/Oct/2024:12:25:54 -0400] "GET /avaa.php HTTP/1.1" 404 16544 "-" "-"
162.213.251.195 - - [21/Oct/2024:12:25:57 -0400] "POST /wp-cron.php?doing_wp_cron=1729527956.8430860042572021484375 HTTP/1.1" 200 0 "-" "WordPress/6.6.2; https://dietcontrungnhanh.com"
52.178.182.177 - - [21/Oct/2024:12:25:56 -0400] "GET /wp-content/dropdown.php HTTP/1.1" 404 16546 "-" "-"
162.213.251.195 - - [21/Oct/2024:12:25:58 -0400] "POST /wp-cron.php?doing_wp_cron=1729527958.6198859214782714843750 HTTP/1.1" 200 0 "-" "WordPress/6.6.2; https://dietcontrungnhanh.com"
52.178.182.177 - - [21/Oct/2024:12:25:58 -0400] "GET /moon.php HTTP/1.1" 404 16542 "-" "-"
162.213.251.195 - - [21/Oct/2024:12:26:00 -0400] "POST /wp-cron.php?doing_wp_cron=1729527960.4699029922485351562500 HTTP/1.1" 200 0 "-" "WordPress/6.6.2; https://dietcontrungnhanh.com"
52.178.182.177 - - [21/Oct/2024:12:25:59 -0400] "GET /wp-admin/user/index.php HTTP/1.1" 302 0 "-" "-"
162.213.251.195 - - [21/Oct/2024:12:26:02 -0400] "POST /wp-cron.php?doing_wp_cron=1729527961.7909970283508300781250 HTTP/1.1" 200 0 "-" "WordPress/6.6.2; https://dietcontrungnhanh.com"
52.178.182.177 - - [21/Oct/2024:12:26:01 -0400] "GET /wp-login.php?redirect_to=https%3A%2F%2Fdietcontrungnhanh.com%2Fwp-admin%2Fuser%2Findex.php&reauth=1 HTTP/1.1" 200 2836 "-" "-"
162.213.251.195 - - [21/Oct/2024:12:26:03 -0400] "POST /wp-cron.php?doing_wp_cron=1729527963.0885050296783447265625 HTTP/1.1" 200 0 "-" "WordPress/6.6.2; https://dietcontrungnhanh.com"
52.178.182.177 - - [21/Oct/2024:12:26:02 -0400] "GET /index.php HTTP/1.1" 301 0 "-" "-"
162.213.251.195 - - [21/Oct/2024:12:26:04 -0400] "POST /wp-cron.php?doing_wp_cron=1729527964.1904449462890625000000 HTTP/1.1" 200 0 "-" "WordPress/6.6.2; https://dietcontrungnhanh.com"
52.178.182.177 - - [21/Oct/2024:12:26:03 -0400] "GET / HTTP/1.1" 200 27022 "-" "-"
52.178.182.177 - - [21/Oct/2024:12:26:05 -0400] "GET /wp-includes/repeater.php HTTP/1.1" 403 1242 "-" "-"
162.213.251.195 - - [21/Oct/2024:12:26:06 -0400] "POST /wp-cron.php?doing_wp_cron=1729527966.6866250038146972656250 HTTP/1.1" 200 0 "-" "WordPress/6.6.2; https://dietcontrungnhanh.com"
52.178.182.177 - - [21/Oct/2024:12:26:06 -0400] "GET /radio.php HTTP/1.1" 404 16529 "-" "-"
162.213.251.195 - - [21/Oct/2024:12:26:08 -0400] "POST /wp-cron.php?doing_wp_cron=1729527968.3526749610900878906250 HTTP/1.1" 200 0 "-" "WordPress/6.6.2; https://dietcontrungnhanh.com"
52.178.182.177 - - [21/Oct/2024:12:26:07 -0400] "GET /wp-admin/css/wp-login.php HTTP/1.1" 404 17384 "-" "-"
162.213.251.195 - - [21/Oct/2024:12:26:10 -0400] "POST /wp-cron.php?doing_wp_cron=1729527969.9276909828186035156250 HTTP/1.1" 200 0 "-" "WordPress/6.6.2; https://dietcontrungnhanh.com"
52.178.182.177 - - [21/Oct/2024:12:26:09 -0400] "GET /readme.php HTTP/1.1" 404 16554 "-" "-"
162.213.251.195 - - [21/Oct/2024:12:26:11 -0400] "POST /wp-cron.php?doing_wp_cron=1729527971.2853610515594482421875 HTTP/1.1" 200 0 "-" "WordPress/6.6.2; https://dietcontrungnhanh.com"
52.178.182.177 - - [21/Oct/2024:12:26:10 -0400] "GET /wp-includes/ID3/about.php HTTP/1.1" 404 17381 "-" "-"
162.213.251.195 - - [21/Oct/2024:12:26:13 -0400] "POST /wp-cron.php?doing_wp_cron=1729527972.7660250663757324218750 HTTP/1.1" 200 0 "-" "WordPress/6.6.2; https://dietcontrungnhanh.com"
52.178.182.177 - - [21/Oct/2024:12:26:12 -0400] "GET /chosen.php HTTP/1.1" 404 16529 "-" "-"
162.213.251.195 - - [21/Oct/2024:12:26:14 -0400] "POST /wp-cron.php?doing_wp_cron=1729527974.1733260154724121093750 HTTP/1.1" 200 0 "-" "WordPress/6.6.2; https://dietcontrungnhanh.com"
52.178.182.177 - - [21/Oct/2024:12:26:13 -0400] "GET /.well-known/makeasmtp.php HTTP/1.1" 404 16547 "-" "-"
162.213.251.195 - - [21/Oct/2024:12:26:15 -0400] "POST /wp-cron.php?doing_wp_cron=1729527975.6009581089019775390625 HTTP/1.1" 200 0 "-" "WordPress/6.6.2; https://dietcontrungnhanh.com"
52.178.182.177 - - [21/Oct/2024:12:26:15 -0400] "GET /wsoyanz.php HTTP/1.1" 404 16558 "-" "-"
162.213.251.195 - - [21/Oct/2024:12:26:17 -0400] "POST /wp-cron.php?doing_wp_cron=1729527977.1133129596710205078125 HTTP/1.1" 200 0 "-" "WordPress/6.6.2; https://dietcontrungnhanh.com"
52.178.182.177 - - [21/Oct/2024:12:26:16 -0400] "GET /wp-admin/images/cloud.php HTTP/1.1" 404 17392 "-" "-"
162.213.251.195 - - [21/Oct/2024:12:26:18 -0400] "POST /wp-cron.php?doing_wp_cron=1729527978.5257899761199951171875 HTTP/1.1" 200 0 "-" "WordPress/6.6.2; https://dietcontrungnhanh.com"
52.178.182.177 - - [21/Oct/2024:12:26:18 -0400] "GET /wp-info.php HTTP/1.1" 404 16562 "-" "-"
162.213.251.195 - - [21/Oct/2024:12:26:20 -0400] "POST /wp-cron.php?doing_wp_cron=1729527979.9864919185638427734375 HTTP/1.1" 200 0 "-" "WordPress/6.6.2; https://dietcontrungnhanh.com"
52.178.182.177 - - [21/Oct/2024:12:26:19 -0400] "GET /wp-includes/images/css.php HTTP/1.1" 404 17391 "-" "-"
52.178.182.177 - - [21/Oct/2024:12:26:21 -0400] "GET /wp-cron.php HTTP/1.1" 200 0 "-" "-"
162.213.251.195 - - [21/Oct/2024:12:26:22 -0400] "POST /wp-cron.php?doing_wp_cron=1729527982.0148630142211914062500 HTTP/1.1" 200 0 "-" "WordPress/6.6.2; https://dietcontrungnhanh.com"
52.178.182.177 - - [21/Oct/2024:12:26:21 -0400] "GET /wp-admin/network/index.php HTTP/1.1" 302 0 "-" "-"
162.213.251.195 - - [21/Oct/2024:12:26:23 -0400] "POST /wp-cron.php?doing_wp_cron=1729527982.9993751049041748046875 HTTP/1.1" 200 0 "-" "WordPress/6.6.2; https://dietcontrungnhanh.com"
52.178.182.177 - - [21/Oct/2024:12:26:22 -0400] "GET /wp-login.php?redirect_to=https%3A%2F%2Fdietcontrungnhanh.com%2Fwp-admin%2Fnetwork%2Findex.php&reauth=1 HTTP/1.1" 200 2813 "-" "-"
162.213.251.195 - - [21/Oct/2024:12:26:24 -0400] "POST /wp-cron.php?doing_wp_cron=1729527984.2556810379028320312500 HTTP/1.1" 200 0 "-" "WordPress/6.6.2; https://dietcontrungnhanh.com"
52.178.182.177 - - [21/Oct/2024:12:26:23 -0400] "GET /wp-mail.php HTTP/1.1" 403 971 "-" "-"
162.213.251.195 - - [21/Oct/2024:12:26:25 -0400] "POST /wp-cron.php?doing_wp_cron=1729527985.4829390048980712890625 HTTP/1.1" 200 0 "-" "WordPress/6.6.2; https://dietcontrungnhanh.com"
52.178.182.177 - - [21/Oct/2024:12:26:25 -0400] "GET /wp-admin/maint/plugins.php HTTP/1.1" 404 17378 "-" "-"
162.213.251.195 - - [21/Oct/2024:12:26:27 -0400] "POST /wp-cron.php?doing_wp_cron=1729527987.2255320549011230468750 HTTP/1.1" 200 0 "-" "WordPress/6.6.2; https://dietcontrungnhanh.com"
52.178.182.177 - - [21/Oct/2024:12:26:26 -0400] "GET /wp-login.php HTTP/1.1" 200 2800 "-" "-"
52.178.182.177 - - [21/Oct/2024:12:26:28 -0400] "GET /wp-content/themes/themes.php HTTP/1.1" 403 1242 "-" "-"
162.213.251.195 - - [21/Oct/2024:12:26:29 -0400] "POST /wp-cron.php?doing_wp_cron=1729527989.0281379222869873046875 HTTP/1.1" 200 0 "-" "WordPress/6.6.2; https://dietcontrungnhanh.com"
52.178.182.177 - - [21/Oct/2024:12:26:28 -0400] "GET /wp-sigunq.php HTTP/1.1" 404 16563 "-" "-"
162.213.251.195 - - [21/Oct/2024:12:26:30 -0400] "POST /wp-cron.php?doing_wp_cron=1729527990.5609459877014160156250 HTTP/1.1" 200 0 "-" "WordPress/6.6.2; https://dietcontrungnhanh.com"
52.178.182.177 - - [21/Oct/2024:12:26:30 -0400] "GET /wp-includes/pomo/plugins.php HTTP/1.1" 404 17365 "-" "-"
162.213.251.195 - - [21/Oct/2024:12:26:32 -0400] "POST /wp-cron.php?doing_wp_cron=1729527992.0312769412994384765625 HTTP/1.1" 200 0 "-" "WordPress/6.6.2; https://dietcontrungnhanh.com"
52.178.182.177 - - [21/Oct/2024:12:26:31 -0400] "GET /alfa-rex.php7 HTTP/1.1" 404 16552 "-" "-"
66.249.77.230 - - [21/Oct/2024:12:26:32 -0400] "GET /wp-content/plugins/linkpreview/ HTTP/1.1" 404 19564 "-" "Mozilla/5.0 (Linux; Android 6.0.1; Nexus 5X Build/MMB29P) AppleWebKit/537.36 (KHTML, like Gecko) Chrome/129.0.6668.89 Mobile Safari/537.36 (compatible; Googlebot/2.1; +http://www.google.com/bot.html)"
52.178.182.177 - - [21/Oct/2024:12:26:33 -0400] "GET /wp-content/themes/plugins.php HTTP/1.1" 403 1242 "-" "-"
162.213.251.195 - - [21/Oct/2024:12:26:33 -0400] "POST /wp-cron.php?doing_wp_cron=1729527993.6738460063934326171875 HTTP/1.1" 200 0 "-" "WordPress/6.6.2; https://dietcontrungnhanh.com"
52.178.182.177 - - [21/Oct/2024:12:26:33 -0400] "GET /img/about.php HTTP/1.1" 404 16550 "-" "-"
162.213.251.195 - - [21/Oct/2024:12:26:35 -0400] "POST /wp-cron.php?doing_wp_cron=1729527995.1135039329528808593750 HTTP/1.1" 200 0 "-" "WordPress/6.6.2; https://dietcontrungnhanh.com"
52.178.182.177 - - [21/Oct/2024:12:26:34 -0400] "GET /wp-admin/css/colors/index.php HTTP/1.1" 301 0 "-" "-"
52.178.182.177 - - [21/Oct/2024:12:26:35 -0400] "GET /wp-admin/css/colors/ HTTP/1.1" 403 1242 "-" "-"
162.213.251.195 - - [21/Oct/2024:12:26:36 -0400] "POST /wp-cron.php?doing_wp_cron=1729527996.3977339267730712890625 HTTP/1.1" 200 0 "-" "WordPress/6.6.2; https://dietcontrungnhanh.com"
52.178.182.177 - - [21/Oct/2024:12:26:36 -0400] "GET /admin-post.php HTTP/1.1" 404 16537 "-" "-"
162.213.251.195 - - [21/Oct/2024:12:26:38 -0400] "POST /wp-cron.php?doing_wp_cron=1729527997.7558810710906982421875 HTTP/1.1" 200 0 "-" "WordPress/6.6.2; https://dietcontrungnhanh.com"
52.178.182.177 - - [21/Oct/2024:12:26:37 -0400] "GET /wp-includes/rest-api/about.php HTTP/1.1" 404 17411 "-" "-"
162.213.251.195 - - [21/Oct/2024:12:26:39 -0400] "POST /wp-cron.php?doing_wp_cron=1729527999.3144519329071044921875 HTTP/1.1" 200 0 "-" "WordPress/6.6.2; https://dietcontrungnhanh.com"
52.178.182.177 - - [21/Oct/2024:12:26:38 -0400] "GET /.tmb/plugins.php HTTP/1.1" 404 16548 "-" "-"
162.213.251.195 - - [21/Oct/2024:12:26:40 -0400] "POST /wp-cron.php?doing_wp_cron=1729528000.7123670578002929687500 HTTP/1.1" 200 0 "-" "WordPress/6.6.2; https://dietcontrungnhanh.com"
52.178.182.177 - - [21/Oct/2024:12:26:40 -0400] "GET /.well-known/acme-challenge/index.php HTTP/1.1" 301 0 "-" "-"
162.213.251.195 - - [21/Oct/2024:12:26:41 -0400] "POST /wp-cron.php?doing_wp_cron=1729528001.5628929138183593750000 HTTP/1.1" 200 0 "-" "WordPress/6.6.2; https://dietcontrungnhanh.com"
52.178.182.177 - - [21/Oct/2024:12:26:41 -0400] "GET /.well-known/acme-challenge/ HTTP/1.1" 404 18721 "-" "-"
162.213.251.195 - - [21/Oct/2024:12:26:43 -0400] "POST /wp-cron.php?doing_wp_cron=1729528002.7634170055389404296875 HTTP/1.1" 200 0 "-" "WordPress/6.6.2; https://dietcontrungnhanh.com"
52.178.182.177 - - [21/Oct/2024:12:26:42 -0400] "GET /cache-compat.php HTTP/1.1" 404 16561 "-" "-"
52.178.182.177 - - [21/Oct/2024:12:26:44 -0400] "GET /.well-known/pki-validation/afnew.php HTTP/1.1" 404 1251 "-" "-"
162.213.251.195 - - [21/Oct/2024:12:26:45 -0400] "POST /wp-cron.php?doing_wp_cron=1729528004.7386031150817871093750 HTTP/1.1" 200 0 "-" "WordPress/6.6.2; https://dietcontrungnhanh.com"
52.178.182.177 - - [21/Oct/2024:12:26:44 -0400] "GET /wp-admin/file.php HTTP/1.1" 404 16538 "-" "-"
52.178.182.177 - - [21/Oct/2024:12:26:46 -0400] "GET /wp-content/plugins/seoplugins/mar.php HTTP/1.1" 403 1242 "-" "-"
162.213.251.195 - - [21/Oct/2024:12:26:47 -0400] "POST /wp-cron.php?doing_wp_cron=1729528007.1944749355316162109375 HTTP/1.1" 200 0 "-" "WordPress/6.6.2; https://dietcontrungnhanh.com"
52.178.182.177 - - [21/Oct/2024:12:26:46 -0400] "GET /img/xmrlpc.php?p= HTTP/1.1" 301 0 "-" "-"
162.213.251.195 - - [21/Oct/2024:12:26:49 -0400] "POST /wp-cron.php?doing_wp_cron=1729528008.8128049373626708984375 HTTP/1.1" 200 0 "-" "WordPress/6.6.2; https://dietcontrungnhanh.com"
52.178.182.177 - - [21/Oct/2024:12:26:48 -0400] "GET /img/xmrlpc.php HTTP/1.1" 404 16530 "-" "-"
162.213.251.195 - - [21/Oct/2024:12:26:50 -0400] "POST /wp-cron.php?doing_wp_cron=1729528010.4593369960784912109375 HTTP/1.1" 200 0 "-" "WordPress/6.6.2; https://dietcontrungnhanh.com"
52.178.182.177 - - [21/Oct/2024:12:26:49 -0400] "GET /.well-known/acme-challenge/plugins.php HTTP/1.1" 404 17394 "-" "-"
162.213.251.195 - - [21/Oct/2024:12:26:52 -0400] "POST /wp-cron.php?doing_wp_cron=1729528012.2518079280853271484375 HTTP/1.1" 200 0 "-" "WordPress/6.6.2; https://dietcontrungnhanh.com"
52.178.182.177 - - [21/Oct/2024:12:26:51 -0400] "GET /cgi-bin/cloud.php HTTP/1.1" 404 16537 "-" "-"
162.213.251.195 - - [21/Oct/2024:12:26:54 -0400] "POST /wp-cron.php?doing_wp_cron=1729528014.3946199417114257812500 HTTP/1.1" 200 0 "-" "WordPress/6.6.2; https://dietcontrungnhanh.com"
52.178.182.177 - - [21/Oct/2024:12:26:53 -0400] "GET /wp-admin/css/colors/coffee/xmrlpc.php?p= HTTP/1.1" 301 0 "-" "-"
162.213.251.195 - - [21/Oct/2024:12:26:56 -0400] "POST /wp-cron.php?doing_wp_cron=1729528016.3040111064910888671875 HTTP/1.1" 200 0 "-" "WordPress/6.6.2; https://dietcontrungnhanh.com"
52.178.182.177 - - [21/Oct/2024:12:26:55 -0400] "GET /wp-admin/css/colors/coffee/xmrlpc.php HTTP/1.1" 404 17388 "-" "-"
162.213.251.195 - - [21/Oct/2024:12:26:59 -0400] "POST /wp-cron.php?doing_wp_cron=1729528018.7595970630645751953125 HTTP/1.1" 200 0 "-" "WordPress/6.6.2; https://dietcontrungnhanh.com"
52.178.182.177 - - [21/Oct/2024:12:26:58 -0400] "GET /wp-links-opml.php HTTP/1.1" 200 164 "-" "-"
162.213.251.195 - - [21/Oct/2024:12:27:00 -0400] "POST /wp-cron.php?doing_wp_cron=1729528020.1763958930969238281250 HTTP/1.1" 200 0 "-" "WordPress/6.6.2; https://dietcontrungnhanh.com"
52.178.182.177 - - [21/Oct/2024:12:26:59 -0400] "GET /wp-admin/xmrlpc.php?p=/wp-admin/images/wp-login.php HTTP/1.1" 404 16565 "-" "-"
162.213.251.195 - - [21/Oct/2024:12:27:02 -0400] "POST /wp-cron.php?doing_wp_cron=1729528022.1991329193115234375000 HTTP/1.1" 200 0 "-" "WordPress/6.6.2; https://dietcontrungnhanh.com"
52.178.182.177 - - [21/Oct/2024:12:27:01 -0400] "GET /cgi-bin/plugins.php HTTP/1.1" 404 16546 "-" "-"
162.213.251.195 - - [21/Oct/2024:12:27:45 -0400] "POST /wp-cron.php?doing_wp_cron=1729528064.9822680950164794921875 HTTP/1.1" 200 0 "-" "WordPress/6.6.2; https://dietcontrungnhanh.com"
66.249.77.228 - - [21/Oct/2024:12:27:44 -0400] "GET /wp-admin/comment.php?action=approve&c=26 HTTP/1.1" 302 0 "-" "Mozilla/5.0 (Linux; Android 6.0.1; Nexus 5X Build/MMB29P) AppleWebKit/537.36 (KHTML, like Gecko) Chrome/129.0.6668.89 Mobile Safari/537.36 (compatible; Googlebot/2.1; +http://www.google.com/bot.html)"
162.213.251.195 - - [21/Oct/2024:12:27:46 -0400] "POST /wp-cron.php?doing_wp_cron=1729528066.1405749320983886718750 HTTP/1.1" 200 0 "-" "WordPress/6.6.2; https://dietcontrungnhanh.com"
66.249.77.229 - - [21/Oct/2024:12:27:45 -0400] "GET /wp-login.php?redirect_to=https%3A%2F%2Fdietcontrungnhanh.com%2Fwp-admin%2Fcomment.php%3Faction%3Dapprove%26c%3D26&reauth=1 HTTP/1.1" 200 2842 "-" "Mozilla/5.0 (Linux; Android 6.0.1; Nexus 5X Build/MMB29P) AppleWebKit/537.36 (KHTML, like Gecko) Chrome/129.0.6668.89 Mobile Safari/537.36 (compatible; Googlebot/2.1; +http://www.google.com/bot.html)"
162.213.251.195 - - [21/Oct/2024:12:29:27 -0400] "POST /wp-cron.php?doing_wp_cron=1729528167.6172950267791748046875 HTTP/1.1" 200 0 "-" "WordPress/6.6.2; https://dietcontrungnhanh.com"
45.149.241.158 - - [21/Oct/2024:12:29:22 -0400] "GET /dietcontrungnhanh_01092022.tar.gz HTTP/1.1" 404 18707 "-" "Firefox"
162.213.251.195 - - [21/Oct/2024:12:31:48 -0400] "POST /wp-cron.php?doing_wp_cron=1729528307.9449520111083984375000 HTTP/1.1" 200 0 "-" "WordPress/6.6.2; https://dietcontrungnhanh.com"
20.171.206.208 - - [21/Oct/2024:12:31:45 -0400] "GET /hoi-dap/embed/ HTTP/1.1" 200 6110 "-" "Mozilla/5.0 AppleWebKit/537.36 (KHTML, like Gecko; compatible; GPTBot/1.2; +https://openai.com/gptbot)"
20.171.206.208 - - [21/Oct/2024:12:31:49 -0400] "GET /chinh-sach-bao-hanh/embed/ HTTP/1.1" 200 6360 "-" "Mozilla/5.0 AppleWebKit/537.36 (KHTML, like Gecko; compatible; GPTBot/1.2; +https://openai.com/gptbot)"
162.213.251.195 - - [21/Oct/2024:12:31:54 -0400] "POST /wp-cron.php?doing_wp_cron=1729528314.2767539024353027343750 HTTP/1.1" 200 0 "-" "WordPress/6.6.2; https://dietcontrungnhanh.com"
20.171.206.208 - - [21/Oct/2024:12:31:53 -0400] "GET /chinh-sach-doi-tra-hang/embed/ HTTP/1.1" 200 6456 "-" "Mozilla/5.0 AppleWebKit/537.36 (KHTML, like Gecko; compatible; GPTBot/1.2; +https://openai.com/gptbot)"
162.213.251.195 - - [21/Oct/2024:12:31:58 -0400] "POST /wp-cron.php?doing_wp_cron=1729528318.3035409450531005859375 HTTP/1.1" 200 0 "-" "WordPress/6.6.2; https://dietcontrungnhanh.com"
20.171.206.208 - - [21/Oct/2024:12:31:57 -0400] "GET /gio-hang/embed/ HTTP/1.1" 200 6110 "-" "Mozilla/5.0 AppleWebKit/537.36 (KHTML, like Gecko; compatible; GPTBot/1.2; +https://openai.com/gptbot)"
162.213.251.195 - - [21/Oct/2024:12:32:02 -0400] "POST /wp-cron.php?doing_wp_cron=1729528321.9198429584503173828125 HTTP/1.1" 200 0 "-" "WordPress/6.6.2; https://dietcontrungnhanh.com"
20.171.206.208 - - [21/Oct/2024:12:32:01 -0400] "GET /dich-vu-diet-chuot-quan-9/embed/ HTTP/1.1" 200 6719 "-" "Mozilla/5.0 AppleWebKit/537.36 (KHTML, like Gecko; compatible; GPTBot/1.2; +https://openai.com/gptbot)"
162.213.251.195 - - [21/Oct/2024:12:32:05 -0400] "POST /wp-cron.php?doing_wp_cron=1729528325.2781229019165039062500 HTTP/1.1" 200 0 "-" "WordPress/6.6.2; https://dietcontrungnhanh.com"
20.171.206.208 - - [21/Oct/2024:12:32:04 -0400] "GET /lien-he/embed/ HTTP/1.1" 200 6125 "-" "Mozilla/5.0 AppleWebKit/537.36 (KHTML, like Gecko; compatible; GPTBot/1.2; +https://openai.com/gptbot)"
162.213.251.195 - - [21/Oct/2024:12:32:08 -0400] "POST /wp-cron.php?doing_wp_cron=1729528327.8641428947448730468750 HTTP/1.1" 200 0 "-" "WordPress/6.6.2; https://dietcontrungnhanh.com"
20.171.206.208 - - [21/Oct/2024:12:32:07 -0400] "GET /dich-vu-diet-muoi-quan-10/embed/ HTTP/1.1" 200 6652 "-" "Mozilla/5.0 AppleWebKit/537.36 (KHTML, like Gecko; compatible; GPTBot/1.2; +https://openai.com/gptbot)"
162.213.251.195 - - [21/Oct/2024:12:32:11 -0400] "POST /wp-cron.php?doing_wp_cron=1729528331.0244209766387939453125 HTTP/1.1" 200 0 "-" "WordPress/6.6.2; https://dietcontrungnhanh.com"
20.171.206.208 - - [21/Oct/2024:12:32:10 -0400] "GET /dich-vu-diet-muoi-quan-12/embed/ HTTP/1.1" 200 6646 "-" "Mozilla/5.0 AppleWebKit/537.36 (KHTML, like Gecko; compatible; GPTBot/1.2; +https://openai.com/gptbot)"
162.213.251.195 - - [21/Oct/2024:12:32:13 -0400] "POST /wp-cron.php?doing_wp_cron=1729528333.2146658897399902343750 HTTP/1.1" 200 0 "-" "WordPress/6.6.2; https://dietcontrungnhanh.com"
