209.141.32.166 - - [21/Oct/2024:14:41:50 -0400] "GET /wp-login.php HTTP/1.1" 200 2800 "-" "Mozilla/5.0 (X11; Linux x86_64) AppleWebKit/537.36 (KHTML, like Gecko) Ubuntu Chromium/34.0.1847.116 Chrome/34.0.1847.116 Safari/537.36"
162.213.251.195 - - [21/Oct/2024:14:41:56 -0400] "POST /wp-cron.php?doing_wp_cron=1729536115.7229349613189697265625 HTTP/1.1" 200 0 "-" "WordPress/6.6.2; https://dietcontrungnhanh.com"
209.141.32.166 - - [21/Oct/2024:14:41:55 -0400] "POST /wp-login.php HTTP/1.1" 200 3003 "-" "Mozilla/5.0 (X11; Linux x86_64) AppleWebKit/537.36 (KHTML, like Gecko) Ubuntu Chromium/34.0.1847.116 Chrome/34.0.1847.116 Safari/537.36"
162.213.251.195 - - [21/Oct/2024:14:43:02 -0400] "POST /wp-cron.php?doing_wp_cron=1729536180.7574689388275146484375 HTTP/1.1" 200 0 "-" "WordPress/6.6.2; https://dietcontrungnhanh.com"
20.171.206.76 - - [21/Oct/2024:14:42:59 -0400] "GET /hd-mua-hang/embed/ HTTP/1.1" 200 6097 "-" "Mozilla/5.0 AppleWebKit/537.36 (KHTML, like Gecko; compatible; GPTBot/1.2; +https://openai.com/gptbot)"
162.213.251.195 - - [21/Oct/2024:14:43:05 -0400] "POST /wp-cron.php?doing_wp_cron=1729536184.4409790039062500000000 HTTP/1.1" 200 0 "-" "WordPress/6.6.2; https://dietcontrungnhanh.com"
20.171.206.76 - - [21/Oct/2024:14:43:03 -0400] "GET /gio-hang/embed/ HTTP/1.1" 200 6113 "-" "Mozilla/5.0 AppleWebKit/537.36 (KHTML, like Gecko; compatible; GPTBot/1.2; +https://openai.com/gptbot)"
20.171.206.76 - - [21/Oct/2024:14:43:06 -0400] "GET /chinh-sach-bao-hanh/embed/ HTTP/1.1" 200 6349 "-" "Mozilla/5.0 AppleWebKit/537.36 (KHTML, like Gecko; compatible; GPTBot/1.2; +https://openai.com/gptbot)"
20.171.206.76 - - [21/Oct/2024:14:43:10 -0400] "GET /chinh-sach-doi-tra-hang/embed/ HTTP/1.1" 200 6459 "-" "Mozilla/5.0 AppleWebKit/537.36 (KHTML, like Gecko; compatible; GPTBot/1.2; +https://openai.com/gptbot)"
20.171.206.76 - - [21/Oct/2024:14:43:14 -0400] "GET /dich-vu-diet-muoi-quan-10/embed/ HTTP/1.1" 200 6649 "-" "Mozilla/5.0 AppleWebKit/537.36 (KHTML, like Gecko; compatible; GPTBot/1.2; +https://openai.com/gptbot)"
20.171.206.76 - - [21/Oct/2024:14:43:17 -0400] "GET /lien-he/embed/ HTTP/1.1" 200 6122 "-" "Mozilla/5.0 AppleWebKit/537.36 (KHTML, like Gecko; compatible; GPTBot/1.2; +https://openai.com/gptbot)"
20.171.206.76 - - [21/Oct/2024:14:43:21 -0400] "GET /hoi-dap/embed/ HTTP/1.1" 200 6110 "-" "Mozilla/5.0 AppleWebKit/537.36 (KHTML, like Gecko; compatible; GPTBot/1.2; +https://openai.com/gptbot)"
20.171.206.76 - - [21/Oct/2024:14:43:23 -0400] "GET /dich-vu-diet-chuot-quan-9/embed/ HTTP/1.1" 200 6718 "-" "Mozilla/5.0 AppleWebKit/537.36 (KHTML, like Gecko; compatible; GPTBot/1.2; +https://openai.com/gptbot)"
20.171.206.76 - - [21/Oct/2024:14:43:26 -0400] "GET /diet-muoi-con-trung-quan-8/embed/ HTTP/1.1" 200 6591 "-" "Mozilla/5.0 AppleWebKit/537.36 (KHTML, like Gecko; compatible; GPTBot/1.2; +https://openai.com/gptbot)"
20.171.206.170 - - [21/Oct/2024:14:43:28 -0400] "GET /dich-vu-diet-chuot-quan-3/embed/ HTTP/1.1" 200 6600 "-" "Mozilla/5.0 AppleWebKit/537.36 (KHTML, like Gecko; compatible; GPTBot/1.2; +https://openai.com/gptbot)"
20.171.206.170 - - [21/Oct/2024:14:43:30 -0400] "GET /dich-vu-diet-muoi-thu-duc/embed/ HTTP/1.1" 200 6506 "-" "Mozilla/5.0 AppleWebKit/537.36 (KHTML, like Gecko; compatible; GPTBot/1.2; +https://openai.com/gptbot)"
20.171.206.170 - - [21/Oct/2024:14:43:32 -0400] "GET /dich-vu-diet-muoi-quan-12/embed/ HTTP/1.1" 200 6646 "-" "Mozilla/5.0 AppleWebKit/537.36 (KHTML, like Gecko; compatible; GPTBot/1.2; +https://openai.com/gptbot)"
20.171.206.170 - - [21/Oct/2024:14:43:34 -0400] "GET /gioi-thieu/embed/ HTTP/1.1" 200 6379 "-" "Mozilla/5.0 AppleWebKit/537.36 (KHTML, like Gecko; compatible; GPTBot/1.2; +https://openai.com/gptbot)"
20.171.206.170 - - [21/Oct/2024:14:43:40 -0400] "GET /dich-vu-diet-chuot-quan-8/embed/ HTTP/1.1" 200 6689 "-" "Mozilla/5.0 AppleWebKit/537.36 (KHTML, like Gecko; compatible; GPTBot/1.2; +https://openai.com/gptbot)"
20.171.206.170 - - [21/Oct/2024:14:43:42 -0400] "GET /dich-vu-diet-muoi-quan-binh-thanh/embed/ HTTP/1.1" 200 6582 "-" "Mozilla/5.0 AppleWebKit/537.36 (KHTML, like Gecko; compatible; GPTBot/1.2; +https://openai.com/gptbot)"
20.171.206.170 - - [21/Oct/2024:14:43:43 -0400] "GET /san-pham/binh-4-lit-phun-diet-con-trung-03/embed/ HTTP/1.1" 200 6944 "-" "Mozilla/5.0 AppleWebKit/537.36 (KHTML, like Gecko; compatible; GPTBot/1.2; +https://openai.com/gptbot)"
20.171.206.170 - - [21/Oct/2024:14:43:46 -0400] "GET /dich-vu-diet-ruoi-tai-ho-chi-minh/embed/ HTTP/1.1" 200 6769 "-" "Mozilla/5.0 AppleWebKit/537.36 (KHTML, like Gecko; compatible; GPTBot/1.2; +https://openai.com/gptbot)"
20.171.206.170 - - [21/Oct/2024:14:43:47 -0400] "GET /san-pham/binh-4-lit-phun-diet-con-trung-04/embed/ HTTP/1.1" 200 6948 "-" "Mozilla/5.0 AppleWebKit/537.36 (KHTML, like Gecko; compatible; GPTBot/1.2; +https://openai.com/gptbot)"
20.171.206.170 - - [21/Oct/2024:14:43:50 -0400] "GET /dich-vu-diet-muoi-quan-go-vap/embed/ HTTP/1.1" 200 6603 "-" "Mozilla/5.0 AppleWebKit/537.36 (KHTML, like Gecko; compatible; GPTBot/1.2; +https://openai.com/gptbot)"
20.171.206.170 - - [21/Oct/2024:14:43:51 -0400] "GET /dich-vu-diet-gian-tai-huyen-binh-chanh/embed/ HTTP/1.1" 200 6646 "-" "Mozilla/5.0 AppleWebKit/537.36 (KHTML, like Gecko; compatible; GPTBot/1.2; +https://openai.com/gptbot)"
20.171.206.170 - - [21/Oct/2024:14:43:53 -0400] "GET /san-pham/binh-4-lit-phun-diet-con-trung-05/embed/ HTTP/1.1" 200 6974 "-" "Mozilla/5.0 AppleWebKit/537.36 (KHTML, like Gecko; compatible; GPTBot/1.2; +https://openai.com/gptbot)"
20.171.206.170 - - [21/Oct/2024:14:43:54 -0400] "GET /dich-vu-diet-moi-quan-3-bao-ve-to-am-tu-moi-nguy-con-trung/embed/ HTTP/1.1" 200 6808 "-" "Mozilla/5.0 AppleWebKit/537.36 (KHTML, like Gecko; compatible; GPTBot/1.2; +https://openai.com/gptbot)"
20.171.206.170 - - [21/Oct/2024:14:43:56 -0400] "GET /san-pham/binh-4-lit-phun-diet-con-trung-01/embed/ HTTP/1.1" 200 6924 "-" "Mozilla/5.0 AppleWebKit/537.36 (KHTML, like Gecko; compatible; GPTBot/1.2; +https://openai.com/gptbot)"
20.171.206.170 - - [21/Oct/2024:14:43:57 -0400] "GET /dich-vu-diet-moi-nha-be-giai-phap-toan-dien-danh-bai-moi/embed/ HTTP/1.1" 200 6776 "-" "Mozilla/5.0 AppleWebKit/537.36 (KHTML, like Gecko; compatible; GPTBot/1.2; +https://openai.com/gptbot)"
20.171.206.170 - - [21/Oct/2024:14:43:59 -0400] "GET /dich-vu-diet-gian-thu-duc-chuyen-nghiep-hieu-qua/embed/ HTTP/1.1" 200 6761 "-" "Mozilla/5.0 AppleWebKit/537.36 (KHTML, like Gecko; compatible; GPTBot/1.2; +https://openai.com/gptbot)"
20.171.206.170 - - [21/Oct/2024:14:44:01 -0400] "GET /dich-vu-diet-moi-quan-5-diet-moi-uy-tin-tai-tp-hcm/embed/ HTTP/1.1" 200 6798 "-" "Mozilla/5.0 AppleWebKit/537.36 (KHTML, like Gecko; compatible; GPTBot/1.2; +https://openai.com/gptbot)"
20.171.206.170 - - [21/Oct/2024:14:44:02 -0400] "GET /san-pham/binh-4-lit-phun-diet-con-trung-08/embed/ HTTP/1.1" 200 6948 "-" "Mozilla/5.0 AppleWebKit/537.36 (KHTML, like Gecko; compatible; GPTBot/1.2; +https://openai.com/gptbot)"
162.213.251.195 - - [21/Oct/2024:14:48:53 -0400] "POST /wp-cron.php?doing_wp_cron=1729536533.0552489757537841796875 HTTP/1.1" 200 0 "-" "WordPress/6.6.2; https://dietcontrungnhanh.com"
66.249.77.227 - - [21/Oct/2024:14:48:42 -0400] "GET /1945.php HTTP/1.1" 404 16556 "-" "Mozilla/5.0 (Linux; Android 6.0.1; Nexus 5X Build/MMB29P) AppleWebKit/537.36 (KHTML, like Gecko) Chrome/130.0.6723.58 Mobile Safari/537.36 (compatible; Googlebot/2.1; +http://www.google.com/bot.html)"
162.213.251.195 - - [21/Oct/2024:14:49:17 -0400] "POST /wp-cron.php?doing_wp_cron=1729536557.0727570056915283203125 HTTP/1.1" 200 0 "-" "WordPress/6.6.2; https://dietcontrungnhanh.com"
66.249.77.227 - - [21/Oct/2024:14:49:16 -0400] "GET /wp-admin/comment.php?action=spam&c=56 HTTP/1.1" 302 0 "-" "Mozilla/5.0 (Linux; Android 6.0.1; Nexus 5X Build/MMB29P) AppleWebKit/537.36 (KHTML, like Gecko) Chrome/130.0.6723.58 Mobile Safari/537.36 (compatible; Googlebot/2.1; +http://www.google.com/bot.html)"
162.213.251.195 - - [21/Oct/2024:14:49:19 -0400] "POST /wp-cron.php?doing_wp_cron=1729536558.7085130214691162109375 HTTP/1.1" 200 0 "-" "WordPress/6.6.2; https://dietcontrungnhanh.com"
66.249.77.226 - - [21/Oct/2024:14:49:18 -0400] "GET /wp-login.php?redirect_to=https%3A%2F%2Fdietcontrungnhanh.com%2Fwp-admin%2Fcomment.php%3Faction%3Dspam%26c%3D56&reauth=1 HTTP/1.1" 200 2845 "-" "Mozilla/5.0 (Linux; Android 6.0.1; Nexus 5X Build/MMB29P) AppleWebKit/537.36 (KHTML, like Gecko) Chrome/130.0.6723.58 Mobile Safari/537.36 (compatible; Googlebot/2.1; +http://www.google.com/bot.html)"
162.213.251.195 - - [21/Oct/2024:14:53:52 -0400] "POST /wp-cron.php?doing_wp_cron=1729536832.3800899982452392578125 HTTP/1.1" 200 0 "-" "WordPress/6.6.2; https://dietcontrungnhanh.com"
216.244.66.234 - - [21/Oct/2024:14:53:49 -0400] "GET /robots.txt HTTP/1.1" 200 116 "-" "Mozilla/5.0 (compatible; DotBot/1.2; +https://opensiteexplorer.org/dotbot; [email protected])"
162.213.251.195 - - [21/Oct/2024:15:02:23 -0400] "POST /wp-cron.php?doing_wp_cron=1729537342.9874811172485351562500 HTTP/1.1" 200 0 "-" "WordPress/6.6.2; https://dietcontrungnhanh.com"
66.249.77.228 - - [21/Oct/2024:15:02:16 -0400] "GET /wp-admin/comment.php?action=approve&c=56 HTTP/1.1" 302 0 "-" "Mozilla/5.0 (Linux; Android 6.0.1; Nexus 5X Build/MMB29P) AppleWebKit/537.36 (KHTML, like Gecko) Chrome/130.0.6723.58 Mobile Safari/537.36 (compatible; Googlebot/2.1; +http://www.google.com/bot.html)"
162.213.251.195 - - [21/Oct/2024:15:02:26 -0400] "POST /wp-cron.php?doing_wp_cron=1729537345.8193790912628173828125 HTTP/1.1" 200 0 "-" "WordPress/6.6.2; https://dietcontrungnhanh.com"
66.249.77.229 - - [21/Oct/2024:15:02:25 -0400] "GET /wp-login.php?redirect_to=https%3A%2F%2Fdietcontrungnhanh.com%2Fwp-admin%2Fcomment.php%3Faction%3Dapprove%26c%3D56&reauth=1 HTTP/1.1" 200 2832 "-" "Mozilla/5.0 (Linux; Android 6.0.1; Nexus 5X Build/MMB29P) AppleWebKit/537.36 (KHTML, like Gecko) Chrome/130.0.6723.58 Mobile Safari/537.36 (compatible; Googlebot/2.1; +http://www.google.com/bot.html)"
162.213.251.195 - - [21/Oct/2024:15:03:13 -0400] "POST /wp-cron.php?doing_wp_cron=1729537393.3439230918884277343750 HTTP/1.1" 200 0 "-" "WordPress/6.6.2; https://dietcontrungnhanh.com"
20.171.206.5 - - [21/Oct/2024:15:03:12 -0400] "GET /author/nguyenthithuyhang/page/1/ HTTP/1.1" 301 0 "-" "Mozilla/5.0 AppleWebKit/537.36 (KHTML, like Gecko; compatible; GPTBot/1.2; +https://openai.com/gptbot)"
162.213.251.195 - - [21/Oct/2024:15:03:15 -0400] "POST /wp-cron.php?doing_wp_cron=1729537395.0269169807434082031250 HTTP/1.1" 200 0 "-" "WordPress/6.6.2; https://dietcontrungnhanh.com"
20.171.206.5 - - [21/Oct/2024:15:03:14 -0400] "GET / HTTP/1.1" 200 27004 "-" "Mozilla/5.0 AppleWebKit/537.36 (KHTML, like Gecko; compatible; GPTBot/1.2; +https://openai.com/gptbot)"
162.213.251.195 - - [21/Oct/2024:15:03:19 -0400] "POST /wp-cron.php?doing_wp_cron=1729537399.2230288982391357421875 HTTP/1.1" 200 0 "-" "WordPress/6.6.2; https://dietcontrungnhanh.com"
20.171.206.5 - - [21/Oct/2024:15:03:18 -0400] "GET /author/nguyenthithuyhang/page/2/ HTTP/1.1" 200 21550 "-" "Mozilla/5.0 AppleWebKit/537.36 (KHTML, like Gecko; compatible; GPTBot/1.2; +https://openai.com/gptbot)"
162.213.251.195 - - [21/Oct/2024:15:03:22 -0400] "POST /wp-cron.php?doing_wp_cron=1729537402.4014480113983154296875 HTTP/1.1" 200 0 "-" "WordPress/6.6.2; https://dietcontrungnhanh.com"
20.171.206.5 - - [21/Oct/2024:15:03:21 -0400] "GET /author/nguyenthithuyhang/page/2/ HTTP/1.1" 200 21555 "-" "Mozilla/5.0 AppleWebKit/537.36 (KHTML, like Gecko; compatible; GPTBot/1.2; +https://openai.com/gptbot)"
162.213.251.195 - - [21/Oct/2024:15:03:25 -0400] "POST /wp-cron.php?doing_wp_cron=1729537405.0838539600372314453125 HTTP/1.1" 200 0 "-" "WordPress/6.6.2; https://dietcontrungnhanh.com"
20.171.206.5 - - [21/Oct/2024:15:03:24 -0400] "GET /author/ngoanphu/page/1/ HTTP/1.1" 301 0 "-" "Mozilla/5.0 AppleWebKit/537.36 (KHTML, like Gecko; compatible; GPTBot/1.2; +https://openai.com/gptbot)"
162.213.251.195 - - [21/Oct/2024:15:03:28 -0400] "POST /wp-cron.php?doing_wp_cron=1729537407.6687080860137939453125 HTTP/1.1" 200 0 "-" "WordPress/6.6.2; https://dietcontrungnhanh.com"
20.171.206.5 - - [21/Oct/2024:15:03:27 -0400] "GET /author/ngoanphu/page/2/ HTTP/1.1" 200 22106 "-" "Mozilla/5.0 AppleWebKit/537.36 (KHTML, like Gecko; compatible; GPTBot/1.2; +https://openai.com/gptbot)"
162.213.251.195 - - [21/Oct/2024:15:03:30 -0400] "POST /wp-cron.php?doing_wp_cron=1729537410.2930951118469238281250 HTTP/1.1" 200 0 "-" "WordPress/6.6.2; https://dietcontrungnhanh.com"
20.171.206.93 - - [21/Oct/2024:15:03:29 -0400] "GET /author/ngoanphu/page/2/ HTTP/1.1" 200 22113 "-" "Mozilla/5.0 AppleWebKit/537.36 (KHTML, like Gecko; compatible; GPTBot/1.2; +https://openai.com/gptbot)"
162.213.251.195 - - [21/Oct/2024:15:03:42 -0400] "POST /wp-cron.php?doing_wp_cron=1729537422.5249629020690917968750 HTTP/1.1" 200 0 "-" "WordPress/6.6.2; https://dietcontrungnhanh.com"
20.171.206.93 - - [21/Oct/2024:15:03:42 -0400] "GET /dich-vu-diet-moi-quan-7/&quot HTTP/1.1" 404 18750 "-" "Mozilla/5.0 AppleWebKit/537.36 (KHTML, like Gecko; compatible; GPTBot/1.2; +https://openai.com/gptbot)"
20.171.206.93 - - [21/Oct/2024:15:03:44 -0400] "GET /wp-content/uploads/2024/04/moi-25-768x432.jpg HTTP/1.1" 200 86999 "-" "Mozilla/5.0 AppleWebKit/537.36 (KHTML, like Gecko; compatible; GPTBot/1.2; +https://openai.com/gptbot)"
162.213.251.195 - - [21/Oct/2024:15:03:48 -0400] "POST /wp-cron.php?doing_wp_cron=1729537428.0224509239196777343750 HTTP/1.1" 200 0 "-" "WordPress/6.6.2; https://dietcontrungnhanh.com"
20.171.206.93 - - [21/Oct/2024:15:03:47 -0400] "GET /dich-vu-diet-moi-quan-7/embed/ HTTP/1.1" 200 6704 "-" "Mozilla/5.0 AppleWebKit/537.36 (KHTML, like Gecko; compatible; GPTBot/1.2; +https://openai.com/gptbot)"
162.213.251.195 - - [21/Oct/2024:15:03:50 -0400] "POST /wp-cron.php?doing_wp_cron=1729537430.2477018833160400390625 HTTP/1.1" 200 0 "-" "WordPress/6.6.2; https://dietcontrungnhanh.com"
20.171.206.93 - - [21/Oct/2024:15:03:49 -0400] "GET /wp-content/uploads/2024/04/moi-25-768x432.jpg%20768w,%20https://dietcontrungnhanh.com/wp-content/uploads/2024/04/moi-25-600x338.jpg%20600w,%20https://dietcontrungnhanh.com/wp-content/uploads/2024/04/moi-25.jpg%20805w HTTP/1.1" 301 0 "-" "Mozilla/5.0 AppleWebKit/537.36 (KHTML, like Gecko; compatible; GPTBot/1.2; +https://openai.com/gptbot)"
162.213.251.195 - - [21/Oct/2024:15:03:52 -0400] "POST /wp-cron.php?doing_wp_cron=1729537432.5143079757690429687500 HTTP/1.1" 200 0 "-" "WordPress/6.6.2; https://dietcontrungnhanh.com"
20.171.206.93 - - [21/Oct/2024:15:03:52 -0400] "GET /dich-vu-diet-chuot-cu-chi/&quot HTTP/1.1" 404 18730 "-" "Mozilla/5.0 AppleWebKit/537.36 (KHTML, like Gecko; compatible; GPTBot/1.2; +https://openai.com/gptbot)"
162.213.251.195 - - [21/Oct/2024:15:03:54 -0400] "POST /wp-cron.php?doing_wp_cron=1729537434.2990698814392089843750 HTTP/1.1" 200 0 "-" "WordPress/6.6.2; https://dietcontrungnhanh.com"
20.171.206.93 - - [21/Oct/2024:15:03:53 -0400] "GET /dich-vu-diet-chuot-cu-chi/embed/ HTTP/1.1" 200 6649 "-" "Mozilla/5.0 AppleWebKit/537.36 (KHTML, like Gecko; compatible; GPTBot/1.2; +https://openai.com/gptbot)"
162.213.251.195 - - [21/Oct/2024:15:03:56 -0400] "POST /wp-cron.php?doing_wp_cron=1729537436.1150820255279541015625 HTTP/1.1" 200 0 "-" "WordPress/6.6.2; https://dietcontrungnhanh.com"
20.171.206.93 - - [21/Oct/2024:15:03:55 -0400] "GET /dich-vu-diet-chuot-quan-4/&quot HTTP/1.1" 404 18735 "-" "Mozilla/5.0 AppleWebKit/537.36 (KHTML, like Gecko; compatible; GPTBot/1.2; +https://openai.com/gptbot)"
162.213.251.195 - - [21/Oct/2024:15:03:58 -0400] "POST /wp-cron.php?doing_wp_cron=1729537437.7746899127960205078125 HTTP/1.1" 200 0 "-" "WordPress/6.6.2; https://dietcontrungnhanh.com"
20.171.206.93 - - [21/Oct/2024:15:03:57 -0400] "GET /wp-content/uploads/2024/04/dich-vu-diet-chuot-quan-4-1-768x512.jpg%20768w,%20https://dietcontrungnhanh.com/wp-content/uploads/2024/04/dich-vu-diet-chuot-quan-4-1-600x400.jpg%20600w,%20https://dietcontrungnhanh.com/wp-content/uploads/2024/04/dich-vu-diet-chuot-quan-4-1.jpg%20805w HTTP/1.1" 301 0 "-" "Mozilla/5.0 AppleWebKit/537.36 (KHTML, like Gecko; compatible; GPTBot/1.2; +https://openai.com/gptbot)"
162.213.251.195 - - [21/Oct/2024:15:04:00 -0400] "POST /wp-cron.php?doing_wp_cron=1729537439.6216549873352050781250 HTTP/1.1" 200 0 "-" "WordPress/6.6.2; https://dietcontrungnhanh.com"
20.171.206.93 - - [21/Oct/2024:15:03:59 -0400] "GET /dich-vu-diet-chuot-quan-4/embed/ HTTP/1.1" 200 6650 "-" "Mozilla/5.0 AppleWebKit/537.36 (KHTML, like Gecko; compatible; GPTBot/1.2; +https://openai.com/gptbot)"
20.171.206.93 - - [21/Oct/2024:15:04:00 -0400] "GET /wp-content/uploads/2024/04/dich-vu-diet-chuot-quan-4-1-768x512.jpg HTTP/1.1" 200 30203 "-" "Mozilla/5.0 AppleWebKit/537.36 (KHTML, like Gecko; compatible; GPTBot/1.2; +https://openai.com/gptbot)"
20.171.206.93 - - [21/Oct/2024:15:04:02 -0400] "GET /wp-content/uploads/2024/04/chuot-4-768x432.jpg HTTP/1.1" 200 64026 "-" "Mozilla/5.0 AppleWebKit/537.36 (KHTML, like Gecko; compatible; GPTBot/1.2; +https://openai.com/gptbot)"
162.213.251.195 - - [21/Oct/2024:15:04:04 -0400] "POST /wp-cron.php?doing_wp_cron=1729537444.4876480102539062500000 HTTP/1.1" 200 0 "-" "WordPress/6.6.2; https://dietcontrungnhanh.com"
20.171.206.93 - - [21/Oct/2024:15:04:03 -0400] "GET /dich-vu-diet-chuot-quan-6/embed/ HTTP/1.1" 200 6727 "-" "Mozilla/5.0 AppleWebKit/537.36 (KHTML, like Gecko; compatible; GPTBot/1.2; +https://openai.com/gptbot)"
20.171.206.93 - - [21/Oct/2024:15:04:05 -0400] "GET /dich-vu-diet-chuot-quan-6/&quot HTTP/1.1" 404 18740 "-" "Mozilla/5.0 AppleWebKit/537.36 (KHTML, like Gecko; compatible; GPTBot/1.2; +https://openai.com/gptbot)"
162.213.251.195 - - [21/Oct/2024:15:04:07 -0400] "POST /wp-cron.php?doing_wp_cron=1729537446.8221490383148193359375 HTTP/1.1" 200 0 "-" "WordPress/6.6.2; https://dietcontrungnhanh.com"
20.171.206.93 - - [21/Oct/2024:15:04:06 -0400] "GET /wp-content/uploads/2024/04/chuot-4-768x432.jpg%20768w,%20https://dietcontrungnhanh.com/wp-content/uploads/2024/04/chuot-4-600x338.jpg%20600w,%20https://dietcontrungnhanh.com/wp-content/uploads/2024/04/chuot-4.jpg%20805w HTTP/1.1" 301 0 "-" "Mozilla/5.0 AppleWebKit/537.36 (KHTML, like Gecko; compatible; GPTBot/1.2; +https://openai.com/gptbot)"
20.171.206.93 - - [21/Oct/2024:15:04:07 -0400] "GET /dich-vu-diet-chuot-quan-2/embed/ HTTP/1.1" 200 6588 "-" "Mozilla/5.0 AppleWebKit/537.36 (KHTML, like Gecko; compatible; GPTBot/1.2; +https://openai.com/gptbot)"
162.213.251.195 - - [21/Oct/2024:15:04:10 -0400] "POST /wp-cron.php?doing_wp_cron=1729537449.5139279365539550781250 HTTP/1.1" 200 0 "-" "WordPress/6.6.2; https://dietcontrungnhanh.com"
20.171.206.93 - - [21/Oct/2024:15:04:09 -0400] "GET /dich-vu-diet-chuot-quan-2/&quot HTTP/1.1" 404 18675 "-" "Mozilla/5.0 AppleWebKit/537.36 (KHTML, like Gecko; compatible; GPTBot/1.2; +https://openai.com/gptbot)"
162.213.251.195 - - [21/Oct/2024:15:04:11 -0400] "POST /wp-cron.php?doing_wp_cron=1729537451.2372829914093017578125 HTTP/1.1" 200 0 "-" "WordPress/6.6.2; https://dietcontrungnhanh.com"
20.171.206.93 - - [21/Oct/2024:15:04:10 -0400] "GET /dich-vu-diet-chuot-hoc-mon/embed/ HTTP/1.1" 200 6623 "-" "Mozilla/5.0 AppleWebKit/537.36 (KHTML, like Gecko; compatible; GPTBot/1.2; +https://openai.com/gptbot)"
162.213.251.195 - - [21/Oct/2024:15:04:13 -0400] "POST /wp-cron.php?doing_wp_cron=1729537452.6515240669250488281250 HTTP/1.1" 200 0 "-" "WordPress/6.6.2; https://dietcontrungnhanh.com"
20.171.206.93 - - [21/Oct/2024:15:04:12 -0400] "GET /dich-vu-diet-chuot-hoc-mon/&quot HTTP/1.1" 404 18744 "-" "Mozilla/5.0 AppleWebKit/537.36 (KHTML, like Gecko; compatible; GPTBot/1.2; +https://openai.com/gptbot)"
162.213.251.195 - - [21/Oct/2024:15:04:14 -0400] "POST /wp-cron.php?doing_wp_cron=1729537454.6245479583740234375000 HTTP/1.1" 200 0 "-" "WordPress/6.6.2; https://dietcontrungnhanh.com"
20.171.206.93 - - [21/Oct/2024:15:04:14 -0400] "GET /dich-vu-diet-chuot-quan-binh-tan/&quot HTTP/1.1" 404 18733 "-" "Mozilla/5.0 AppleWebKit/537.36 (KHTML, like Gecko; compatible; GPTBot/1.2; +https://openai.com/gptbot)"
20.171.206.93 - - [21/Oct/2024:15:04:15 -0400] "GET /wp-content/uploads/2024/04/dich-vu-diet-chuot-Binh-Tan-768x510.jpg HTTP/1.1" 200 47654 "-" "Mozilla/5.0 AppleWebKit/537.36 (KHTML, like Gecko; compatible; GPTBot/1.2; +https://openai.com/gptbot)"
162.213.251.195 - - [21/Oct/2024:15:04:17 -0400] "POST /wp-cron.php?doing_wp_cron=1729537457.6949210166931152343750 HTTP/1.1" 200 0 "-" "WordPress/6.6.2; https://dietcontrungnhanh.com"
20.171.206.93 - - [21/Oct/2024:15:04:17 -0400] "GET /dich-vu-diet-chuot-quan-binh-tan/embed/ HTTP/1.1" 200 6596 "-" "Mozilla/5.0 AppleWebKit/537.36 (KHTML, like Gecko; compatible; GPTBot/1.2; +https://openai.com/gptbot)"
162.213.251.195 - - [21/Oct/2024:15:04:19 -0400] "POST /wp-cron.php?doing_wp_cron=1729537459.1570229530334472656250 HTTP/1.1" 200 0 "-" "WordPress/6.6.2; https://dietcontrungnhanh.com"
20.171.206.93 - - [21/Oct/2024:15:04:18 -0400] "GET /wp-content/uploads/2024/04/dich-vu-diet-chuot-Binh-Tan-768x510.jpg%20768w,%20https://dietcontrungnhanh.com/wp-content/uploads/2024/04/dich-vu-diet-chuot-Binh-Tan-600x399.jpg%20600w,%20https://dietcontrungnhanh.com/wp-content/uploads/2024/04/dich-vu-diet-chuot-Binh-Tan.jpg%20805w HTTP/1.1" 301 0 "-" "Mozilla/5.0 AppleWebKit/537.36 (KHTML, like Gecko; compatible; GPTBot/1.2; +https://openai.com/gptbot)"
162.213.251.195 - - [21/Oct/2024:15:04:20 -0400] "POST /wp-cron.php?doing_wp_cron=1729537460.5108358860015869140625 HTTP/1.1" 200 0 "-" "WordPress/6.6.2; https://dietcontrungnhanh.com"
20.171.206.93 - - [21/Oct/2024:15:04:19 -0400] "GET /dich-vu-diet-chuot-quan-binh-thanh/embed/ HTTP/1.1" 200 6616 "-" "Mozilla/5.0 AppleWebKit/537.36 (KHTML, like Gecko; compatible; GPTBot/1.2; +https://openai.com/gptbot)"
162.213.251.195 - - [21/Oct/2024:15:04:22 -0400] "POST /wp-cron.php?doing_wp_cron=1729537462.2788529396057128906250 HTTP/1.1" 200 0 "-" "WordPress/6.6.2; https://dietcontrungnhanh.com"
20.171.206.93 - - [21/Oct/2024:15:04:21 -0400] "GET /dich-vu-diet-chuot-quan-binh-thanh/&quot HTTP/1.1" 404 18739 "-" "Mozilla/5.0 AppleWebKit/537.36 (KHTML, like Gecko; compatible; GPTBot/1.2; +https://openai.com/gptbot)"
162.213.251.195 - - [21/Oct/2024:15:04:24 -0400] "POST /wp-cron.php?doing_wp_cron=1729537464.0673980712890625000000 HTTP/1.1" 200 0 "-" "WordPress/6.6.2; https://dietcontrungnhanh.com"
20.171.206.93 - - [21/Oct/2024:15:04:23 -0400] "GET /dich-vu-diet-chuot-tai-ho-chi-minh/embed/ HTTP/1.1" 200 6558 "-" "Mozilla/5.0 AppleWebKit/537.36 (KHTML, like Gecko; compatible; GPTBot/1.2; +https://openai.com/gptbot)"
162.213.251.195 - - [21/Oct/2024:15:04:26 -0400] "POST /wp-cron.php?doing_wp_cron=1729537465.9184370040893554687500 HTTP/1.1" 200 0 "-" "WordPress/6.6.2; https://dietcontrungnhanh.com"
20.171.206.93 - - [21/Oct/2024:15:04:25 -0400] "GET /wp-content/uploads/2024/04/dich-vu-diet-chuot-600x403.jpg%20600w,%20https://dietcontrungnhanh.com/wp-content/uploads/2024/04/dich-vu-diet-chuot-768x516.jpg%20768w,%20https://dietcontrungnhanh.com/wp-content/uploads/2024/04/dich-vu-diet-chuot.jpg%20805w HTTP/1.1" 301 0 "-" "Mozilla/5.0 AppleWebKit/537.36 (KHTML, like Gecko; compatible; GPTBot/1.2; +https://openai.com/gptbot)"
162.213.251.195 - - [21/Oct/2024:15:04:27 -0400] "POST /wp-cron.php?doing_wp_cron=1729537467.5743649005889892578125 HTTP/1.1" 200 0 "-" "WordPress/6.6.2; https://dietcontrungnhanh.com"
20.171.206.235 - - [21/Oct/2024:15:04:27 -0400] "GET /dich-vu-diet-chuot-tai-ho-chi-minh/&quot HTTP/1.1" 404 18702 "-" "Mozilla/5.0 AppleWebKit/537.36 (KHTML, like Gecko; compatible; GPTBot/1.2; +https://openai.com/gptbot)"
162.213.251.195 - - [21/Oct/2024:15:04:29 -0400] "POST /wp-cron.php?doing_wp_cron=1729537469.1452550888061523437500 HTTP/1.1" 200 0 "-" "WordPress/6.6.2; https://dietcontrungnhanh.com"
20.171.206.235 - - [21/Oct/2024:15:04:28 -0400] "GET /wp-content/uploads/2024/04/chuot-6-1-768x432.jpg%20768w,%20https://dietcontrungnhanh.com/wp-content/uploads/2024/04/chuot-6-1-600x338.jpg%20600w,%20https://dietcontrungnhanh.com/wp-content/uploads/2024/04/chuot-6-1.jpg%20805w HTTP/1.1" 301 0 "-" "Mozilla/5.0 AppleWebKit/537.36 (KHTML, like Gecko; compatible; GPTBot/1.2; +https://openai.com/gptbot)"
162.213.251.195 - - [21/Oct/2024:15:04:30 -0400] "POST /wp-cron.php?doing_wp_cron=1729537470.4589390754699707031250 HTTP/1.1" 200 0 "-" "WordPress/6.6.2; https://dietcontrungnhanh.com"
20.171.206.235 - - [21/Oct/2024:15:04:30 -0400] "GET /dich-vu-diet-chuot-quan-10-cong-ty-diet-chuot-uy-tin-hang-dau/embed/ HTTP/1.1" 200 6743 "-" "Mozilla/5.0 AppleWebKit/537.36 (KHTML, like Gecko; compatible; GPTBot/1.2; +https://openai.com/gptbot)"
20.171.206.235 - - [21/Oct/2024:15:04:31 -0400] "GET /wp-content/uploads/2024/04/chuot-6-1-768x432.jpg HTTP/1.1" 200 73907 "-" "Mozilla/5.0 AppleWebKit/537.36 (KHTML, like Gecko; compatible; GPTBot/1.2; +https://openai.com/gptbot)"
162.213.251.195 - - [21/Oct/2024:15:04:33 -0400] "POST /wp-cron.php?doing_wp_cron=1729537472.9738099575042724609375 HTTP/1.1" 200 0 "-" "WordPress/6.6.2; https://dietcontrungnhanh.com"
20.171.206.235 - - [21/Oct/2024:15:04:32 -0400] "GET /dich-vu-diet-chuot-quan-10-cong-ty-diet-chuot-uy-tin-hang-dau/&quot HTTP/1.1" 404 18768 "-" "Mozilla/5.0 AppleWebKit/537.36 (KHTML, like Gecko; compatible; GPTBot/1.2; +https://openai.com/gptbot)"
162.213.251.195 - - [21/Oct/2024:15:04:34 -0400] "POST /wp-cron.php?doing_wp_cron=1729537474.2085390090942382812500 HTTP/1.1" 200 0 "-" "WordPress/6.6.2; https://dietcontrungnhanh.com"
20.171.206.235 - - [21/Oct/2024:15:04:33 -0400] "GET /?p=1671 HTTP/1.1" 301 0 "-" "Mozilla/5.0 AppleWebKit/537.36 (KHTML, like Gecko; compatible; GPTBot/1.2; +https://openai.com/gptbot)"
20.171.206.235 - - [21/Oct/2024:15:04:34 -0400] "GET /?p=1671&preview=true HTTP/1.1" 301 0 "-" "Mozilla/5.0 AppleWebKit/537.36 (KHTML, like Gecko; compatible; GPTBot/1.2; +https://openai.com/gptbot)"
162.213.251.195 - - [21/Oct/2024:15:04:36 -0400] "POST /wp-cron.php?doing_wp_cron=1729537476.1953320503234863281250 HTTP/1.1" 200 0 "-" "WordPress/6.6.2; https://dietcontrungnhanh.com"
20.171.206.235 - - [21/Oct/2024:15:04:35 -0400] "GET /?p=1671&preview=true HTTP/1.1" 301 0 "-" "Mozilla/5.0 AppleWebKit/537.36 (KHTML, like Gecko; compatible; GPTBot/1.2; +https://openai.com/gptbot)"
162.213.251.195 - - [21/Oct/2024:15:04:37 -0400] "POST /wp-cron.php?doing_wp_cron=1729537477.3394670486450195312500 HTTP/1.1" 200 0 "-" "WordPress/6.6.2; https://dietcontrungnhanh.com"
20.171.206.235 - - [21/Oct/2024:15:04:37 -0400] "GET /wp-content/uploads/2024/04/dich-vu-diet-chuot-600x403.jpg%20600w,%20https:/dietcontrungnhanh.com/wp-content/uploads/2024/04/dich-vu-diet-chuot-768x516.jpg%20768w,%20https:/dietcontrungnhanh.com/wp-content/uploads/2024/04/dich-vu-diet-chuot.jpg%20805w HTTP/1.1" 404 19613 "-" "Mozilla/5.0 AppleWebKit/537.36 (KHTML, like Gecko; compatible; GPTBot/1.2; +https://openai.com/gptbot)"
162.213.251.195 - - [21/Oct/2024:15:04:38 -0400] "POST /wp-cron.php?doing_wp_cron=1729537478.4050610065460205078125 HTTP/1.1" 200 0 "-" "WordPress/6.6.2; https://dietcontrungnhanh.com"
20.171.206.235 - - [21/Oct/2024:15:04:38 -0400] "GET /gio-hang/embed/ HTTP/1.1" 200 6113 "-" "Mozilla/5.0 AppleWebKit/537.36 (KHTML, like Gecko; compatible; GPTBot/1.2; +https://openai.com/gptbot)"
162.213.251.195 - - [21/Oct/2024:15:04:39 -0400] "POST /wp-cron.php?doing_wp_cron=1729537479.4786291122436523437500 HTTP/1.1" 200 0 "-" "WordPress/6.6.2; https://dietcontrungnhanh.com"
20.171.206.235 - - [21/Oct/2024:15:04:39 -0400] "GET /hd-mua-hang/embed/ HTTP/1.1" 200 6101 "-" "Mozilla/5.0 AppleWebKit/537.36 (KHTML, like Gecko; compatible; GPTBot/1.2; +https://openai.com/gptbot)"
162.213.251.195 - - [21/Oct/2024:15:04:40 -0400] "POST /wp-cron.php?doing_wp_cron=1729537480.6164569854736328125000 HTTP/1.1" 200 0 "-" "WordPress/6.6.2; https://dietcontrungnhanh.com"
20.171.206.235 - - [21/Oct/2024:15:04:40 -0400] "GET /chinh-sach-bao-hanh/embed/ HTTP/1.1" 200 6365 "-" "Mozilla/5.0 AppleWebKit/537.36 (KHTML, like Gecko; compatible; GPTBot/1.2; +https://openai.com/gptbot)"
162.213.251.195 - - [21/Oct/2024:15:04:42 -0400] "POST /wp-cron.php?doing_wp_cron=1729537481.8962678909301757812500 HTTP/1.1" 200 0 "-" "WordPress/6.6.2; https://dietcontrungnhanh.com"
20.171.206.235 - - [21/Oct/2024:15:04:41 -0400] "GET /chinh-sach-doi-tra-hang/embed/ HTTP/1.1" 200 6453 "-" "Mozilla/5.0 AppleWebKit/537.36 (KHTML, like Gecko; compatible; GPTBot/1.2; +https://openai.com/gptbot)"
20.171.206.235 - - [21/Oct/2024:15:04:42 -0400] "GET /lien-he/embed/ HTTP/1.1" 200 6125 "-" "Mozilla/5.0 AppleWebKit/537.36 (KHTML, like Gecko; compatible; GPTBot/1.2; +https://openai.com/gptbot)"
162.213.251.195 - - [21/Oct/2024:15:04:44 -0400] "POST /wp-cron.php?doing_wp_cron=1729537483.8891589641571044921875 HTTP/1.1" 200 0 "-" "WordPress/6.6.2; https://dietcontrungnhanh.com"
20.171.206.235 - - [21/Oct/2024:15:04:43 -0400] "GET /dich-vu-diet-muoi-quan-10/embed/ HTTP/1.1" 200 6651 "-" "Mozilla/5.0 AppleWebKit/537.36 (KHTML, like Gecko; compatible; GPTBot/1.2; +https://openai.com/gptbot)"
162.213.251.195 - - [21/Oct/2024:15:04:45 -0400] "POST /wp-cron.php?doing_wp_cron=1729537485.0088379383087158203125 HTTP/1.1" 200 0 "-" "WordPress/6.6.2; https://dietcontrungnhanh.com"
20.171.206.235 - - [21/Oct/2024:15:04:44 -0400] "GET /hoi-dap/embed/ HTTP/1.1" 200 6108 "-" "Mozilla/5.0 AppleWebKit/537.36 (KHTML, like Gecko; compatible; GPTBot/1.2; +https://openai.com/gptbot)"
162.213.251.195 - - [21/Oct/2024:15:04:46 -0400] "POST /wp-cron.php?doing_wp_cron=1729537486.1513259410858154296875 HTTP/1.1" 200 0 "-" "WordPress/6.6.2; https://dietcontrungnhanh.com"
20.171.206.235 - - [21/Oct/2024:15:04:45 -0400] "GET /dich-vu-diet-chuot-quan-9/embed/ HTTP/1.1" 200 6718 "-" "Mozilla/5.0 AppleWebKit/537.36 (KHTML, like Gecko; compatible; GPTBot/1.2; +https://openai.com/gptbot)"
162.213.251.195 - - [21/Oct/2024:15:04:47 -0400] "POST /wp-cron.php?doing_wp_cron=1729537487.4381930828094482421875 HTTP/1.1" 200 0 "-" "WordPress/6.6.2; https://dietcontrungnhanh.com"
20.171.206.235 - - [21/Oct/2024:15:04:47 -0400] "GET /diet-muoi-con-trung-quan-8/embed/ HTTP/1.1" 200 6583 "-" "Mozilla/5.0 AppleWebKit/537.36 (KHTML, like Gecko; compatible; GPTBot/1.2; +https://openai.com/gptbot)"
162.213.251.195 - - [21/Oct/2024:15:04:54 -0400] "POST /wp-cron.php?doing_wp_cron=1729537494.3636538982391357421875 HTTP/1.1" 200 0 "-" "WordPress/6.6.2; https://dietcontrungnhanh.com"
20.171.206.235 - - [21/Oct/2024:15:04:53 -0400] "GET /dich-vu-diet-chuot-quan-3/embed/ HTTP/1.1" 200 6603 "-" "Mozilla/5.0 AppleWebKit/537.36 (KHTML, like Gecko; compatible; GPTBot/1.2; +https://openai.com/gptbot)"
20.171.206.235 - - [21/Oct/2024:15:04:54 -0400] "GET /dich-vu-diet-muoi-thu-duc/embed/ HTTP/1.1" 200 6506 "-" "Mozilla/5.0 AppleWebKit/537.36 (KHTML, like Gecko; compatible; GPTBot/1.2; +https://openai.com/gptbot)"
162.213.251.195 - - [21/Oct/2024:15:04:56 -0400] "POST /wp-cron.php?doing_wp_cron=1729537496.5048270225524902343750 HTTP/1.1" 200 0 "-" "WordPress/6.6.2; https://dietcontrungnhanh.com"
20.171.206.235 - - [21/Oct/2024:15:04:56 -0400] "GET /dich-vu-diet-muoi-quan-12/embed/ HTTP/1.1" 200 6644 "-" "Mozilla/5.0 AppleWebKit/537.36 (KHTML, like Gecko; compatible; GPTBot/1.2; +https://openai.com/gptbot)"
20.171.206.235 - - [21/Oct/2024:15:04:57 -0400] "GET /gioi-thieu/embed/ HTTP/1.1" 200 6378 "-" "Mozilla/5.0 AppleWebKit/537.36 (KHTML, like Gecko; compatible; GPTBot/1.2; +https://openai.com/gptbot)"
162.213.251.195 - - [21/Oct/2024:15:04:58 -0400] "POST /wp-cron.php?doing_wp_cron=1729537498.5728139877319335937500 HTTP/1.1" 200 0 "-" "WordPress/6.6.2; https://dietcontrungnhanh.com"
20.171.206.235 - - [21/Oct/2024:15:04:58 -0400] "GET /dich-vu-diet-chuot-quan-8/embed/ HTTP/1.1" 200 6688 "-" "Mozilla/5.0 AppleWebKit/537.36 (KHTML, like Gecko; compatible; GPTBot/1.2; +https://openai.com/gptbot)"
162.213.251.195 - - [21/Oct/2024:15:05:00 -0400] "POST /wp-cron.php?doing_wp_cron=1729537499.8865149021148681640625 HTTP/1.1" 200 0 "-" "WordPress/6.6.2; https://dietcontrungnhanh.com"
20.171.206.235 - - [21/Oct/2024:15:04:59 -0400] "GET /san-pham/binh-4-lit-phun-diet-con-trung-03/embed/ HTTP/1.1" 200 6951 "-" "Mozilla/5.0 AppleWebKit/537.36 (KHTML, like Gecko; compatible; GPTBot/1.2; +https://openai.com/gptbot)"
20.171.206.235 - - [21/Oct/2024:15:05:00 -0400] "GET /dich-vu-diet-ruoi-tai-ho-chi-minh/embed/ HTTP/1.1" 200 6769 "-" "Mozilla/5.0 AppleWebKit/537.36 (KHTML, like Gecko; compatible; GPTBot/1.2; +https://openai.com/gptbot)"
162.213.251.195 - - [21/Oct/2024:15:05:03 -0400] "POST /wp-cron.php?doing_wp_cron=1729537502.3062050342559814453125 HTTP/1.1" 200 0 "-" "WordPress/6.6.2; https://dietcontrungnhanh.com"
20.171.206.235 - - [21/Oct/2024:15:05:01 -0400] "GET /san-pham/binh-4-lit-phun-diet-con-trung-04/embed/ HTTP/1.1" 200 6948 "-" "Mozilla/5.0 AppleWebKit/537.36 (KHTML, like Gecko; compatible; GPTBot/1.2; +https://openai.com/gptbot)"
162.213.251.195 - - [21/Oct/2024:15:05:07 -0400] "POST /wp-cron.php?doing_wp_cron=1729537505.4635488986968994140625 HTTP/1.1" 200 0 "-" "WordPress/6.6.2; https://dietcontrungnhanh.com"
20.171.206.235 - - [21/Oct/2024:15:05:04 -0400] "GET /dich-vu-diet-muoi-quan-binh-thanh/embed/ HTTP/1.1" 200 6575 "-" "Mozilla/5.0 AppleWebKit/537.36 (KHTML, like Gecko; compatible; GPTBot/1.2; +https://openai.com/gptbot)"
20.171.206.235 - - [21/Oct/2024:15:05:12 -0400] "GET /dich-vu-diet-gian-tai-huyen-binh-chanh/embed/ HTTP/1.1" 200 6647 "-" "Mozilla/5.0 AppleWebKit/537.36 (KHTML, like Gecko; compatible; GPTBot/1.2; +https://openai.com/gptbot)"
20.171.206.235 - - [21/Oct/2024:15:05:15 -0400] "GET /dich-vu-diet-muoi-quan-go-vap/embed/ HTTP/1.1" 200 6603 "-" "Mozilla/5.0 AppleWebKit/537.36 (KHTML, like Gecko; compatible; GPTBot/1.2; +https://openai.com/gptbot)"
20.171.206.235 - - [21/Oct/2024:15:05:18 -0400] "GET /dich-vu-diet-moi-quan-3-bao-ve-to-am-tu-moi-nguy-con-trung/embed/ HTTP/1.1" 200 6809 "-" "Mozilla/5.0 AppleWebKit/537.36 (KHTML, like Gecko; compatible; GPTBot/1.2; +https://openai.com/gptbot)"
20.171.206.235 - - [21/Oct/2024:15:05:21 -0400] "GET /san-pham/binh-4-lit-phun-diet-con-trung-05/embed/ HTTP/1.1" 200 6973 "-" "Mozilla/5.0 AppleWebKit/537.36 (KHTML, like Gecko; compatible; GPTBot/1.2; +https://openai.com/gptbot)"
20.171.206.235 - - [21/Oct/2024:15:05:23 -0400] "GET /san-pham/binh-4-lit-phun-diet-con-trung-01/embed/ HTTP/1.1" 200 6923 "-" "Mozilla/5.0 AppleWebKit/537.36 (KHTML, like Gecko; compatible; GPTBot/1.2; +https://openai.com/gptbot)"
20.171.206.235 - - [21/Oct/2024:15:05:25 -0400] "GET /dich-vu-diet-moi-nha-be-giai-phap-toan-dien-danh-bai-moi/embed/ HTTP/1.1" 200 6775 "-" "Mozilla/5.0 AppleWebKit/537.36 (KHTML, like Gecko; compatible; GPTBot/1.2; +https://openai.com/gptbot)"
20.171.206.28 - - [21/Oct/2024:15:05:27 -0400] "GET /dich-vu-diet-gian-thu-duc-chuyen-nghiep-hieu-qua/embed/ HTTP/1.1" 200 6766 "-" "Mozilla/5.0 AppleWebKit/537.36 (KHTML, like Gecko; compatible; GPTBot/1.2; +https://openai.com/gptbot)"
20.171.206.28 - - [21/Oct/2024:15:05:28 -0400] "GET /dich-vu-diet-moi-quan-5-diet-moi-uy-tin-tai-tp-hcm/embed/ HTTP/1.1" 200 6786 "-" "Mozilla/5.0 AppleWebKit/537.36 (KHTML, like Gecko; compatible; GPTBot/1.2; +https://openai.com/gptbot)"
20.171.206.28 - - [21/Oct/2024:15:05:30 -0400] "GET /san-pham/binh-4-lit-phun-diet-con-trung-08/embed/ HTTP/1.1" 200 6944 "-" "Mozilla/5.0 AppleWebKit/537.36 (KHTML, like Gecko; compatible; GPTBot/1.2; +https://openai.com/gptbot)"
45.61.187.219 - - [21/Oct/2024:15:05:31 -0400] "GET /wp-login.php HTTP/1.1" 200 2800 "-" "Mozilla/5.0 (Macintosh; Intel Mac OS X 10_10_0) AppleWebKit/537.36 (KHTML, like Gecko) Chrome/36.0.1985.125 Safari/537.36"
45.61.187.219 - - [21/Oct/2024:15:05:32 -0400] "POST /wp-login.php HTTP/1.1" 200 2966 "-" "Mozilla/5.0 (Macintosh; Intel Mac OS X 10_10_0) AppleWebKit/537.36 (KHTML, like Gecko) Chrome/36.0.1985.125 Safari/537.36"
209.141.43.103 - - [21/Oct/2024:15:05:49 -0400] "GET /wp-login.php HTTP/1.1" 200 2811 "-" "Mozilla/5.0 (iPhone; CPU iPhone OS 7_0_4 like Mac OS X) AppleWebKit/537.51.1 (KHTML, like Gecko) Version/7.0 Mobile/11B554a Safari/9537.53"
209.141.43.103 - - [21/Oct/2024:15:05:49 -0400] "POST /wp-login.php HTTP/1.1" 200 3006 "-" "Mozilla/5.0 (iPhone; CPU iPhone OS 7_0_4 like Mac OS X) AppleWebKit/537.51.1 (KHTML, like Gecko) Version/7.0 Mobile/11B554a Safari/9537.53"
162.213.251.195 - - [21/Oct/2024:15:13:31 -0400] "POST /wp-cron.php?doing_wp_cron=1729538010.3173880577087402343750 HTTP/1.1" 200 0 "-" "WordPress/6.6.2; https://dietcontrungnhanh.com"
66.249.77.226 - - [21/Oct/2024:15:13:16 -0400] "GET /wp-admin/comment.php?action=trash&c=56 HTTP/1.1" 302 0 "-" "Mozilla/5.0 (Linux; Android 6.0.1; Nexus 5X Build/MMB29P) AppleWebKit/537.36 (KHTML, like Gecko) Chrome/130.0.6723.58 Mobile Safari/537.36 (compatible; Googlebot/2.1; +http://www.google.com/bot.html)"
162.213.251.195 - - [21/Oct/2024:15:13:35 -0400] "POST /wp-cron.php?doing_wp_cron=1729538014.6930179595947265625000 HTTP/1.1" 200 0 "-" "WordPress/6.6.2; https://dietcontrungnhanh.com"
66.249.77.226 - - [21/Oct/2024:15:13:34 -0400] "GET /wp-login.php?redirect_to=https%3A%2F%2Fdietcontrungnhanh.com%2Fwp-admin%2Fcomment.php%3Faction%3Dtrash%26c%3D56&reauth=1 HTTP/1.1" 200 2841 "-" "Mozilla/5.0 (Linux; Android 6.0.1; Nexus 5X Build/MMB29P) AppleWebKit/537.36 (KHTML, like Gecko) Chrome/130.0.6723.58 Mobile Safari/537.36 (compatible; Googlebot/2.1; +http://www.google.com/bot.html)"
162.213.251.195 - - [21/Oct/2024:15:18:52 -0400] "POST /wp-cron.php?doing_wp_cron=1729538331.7982559204101562500000 HTTP/1.1" 200 0 "-" "WordPress/6.6.2; https://dietcontrungnhanh.com"
162.213.251.195 - - [21/Oct/2024:15:18:52 -0400] "POST /wp-cron.php?doing_wp_cron=1729538331.8106091022491455078125 HTTP/1.1" 200 0 "-" "WordPress/6.6.2; https://dietcontrungnhanh.com"
209.141.44.130 - - [21/Oct/2024:15:18:43 -0400] "GET /wp-login.php HTTP/1.1" 200 2800 "-" "Mozilla/5.0 (Macintosh; Intel Mac OS X 10.8; rv:31.0) Gecko/20100101 Firefox/31.0"
66.249.77.230 - - [21/Oct/2024:15:18:42 -0400] "GET /777.php HTTP/1.1" 404 16543 "-" "Mozilla/5.0 (Linux; Android 6.0.1; Nexus 5X Build/MMB29P) AppleWebKit/537.36 (KHTML, like Gecko) Chrome/130.0.6723.58 Mobile Safari/537.36 (compatible; Googlebot/2.1; +http://www.google.com/bot.html)"
162.213.251.195 - - [21/Oct/2024:15:18:55 -0400] "POST /wp-cron.php?doing_wp_cron=1729538334.6624319553375244140625 HTTP/1.1" 200 0 "-" "WordPress/6.6.2; https://dietcontrungnhanh.com"
209.141.44.130 - - [21/Oct/2024:15:18:53 -0400] "POST /wp-login.php HTTP/1.1" 200 2964 "-" "Mozilla/5.0 (Macintosh; Intel Mac OS X 10.8; rv:31.0) Gecko/20100101 Firefox/31.0"
162.213.251.195 - - [21/Oct/2024:15:19:31 -0400] "POST /wp-cron.php?doing_wp_cron=1729538369.9845230579376220703125 HTTP/1.1" 200 0 "-" "WordPress/6.6.2; https://dietcontrungnhanh.com"
205.185.125.171 - - [21/Oct/2024:15:19:28 -0400] "GET /wp-login.php HTTP/1.1" 200 2800 "-" "Mozilla/5.0 (Macintosh; Intel Mac OS X 10_9_2) AppleWebKit/537.36 (KHTML, like Gecko) Chrome/36.0.1985.125 Safari/537.36"
205.185.125.171 - - [21/Oct/2024:15:19:31 -0400] "POST /wp-login.php HTTP/1.1" 200 2964 "-" "Mozilla/5.0 (Macintosh; Intel Mac OS X 10_9_2) AppleWebKit/537.36 (KHTML, like Gecko) Chrome/36.0.1985.125 Safari/537.36"
162.213.251.195 - - [21/Oct/2024:15:23:26 -0400] "POST /wp-cron.php?doing_wp_cron=1729538604.5531690120697021484375 HTTP/1.1" 200 0 "-" "WordPress/6.6.2; https://dietcontrungnhanh.com"
20.171.206.171 - - [21/Oct/2024:15:23:20 -0400] "GET /dich-vu-diet-moi-quan-7/embed/ HTTP/1.1" 200 6703 "-" "Mozilla/5.0 AppleWebKit/537.36 (KHTML, like Gecko; compatible; GPTBot/1.2; +https://openai.com/gptbot)"
20.171.206.171 - - [21/Oct/2024:15:23:27 -0400] "GET /wp-content/uploads/2024/04/moi-25-768x432.jpg%20768w,%20https:/dietcontrungnhanh.com/wp-content/uploads/2024/04/moi-25-600x338.jpg%20600w,%20https:/dietcontrungnhanh.com/wp-content/uploads/2024/04/moi-25.jpg%20805w HTTP/1.1" 404 19611 "-" "Mozilla/5.0 AppleWebKit/537.36 (KHTML, like Gecko; compatible; GPTBot/1.2; +https://openai.com/gptbot)"
20.171.206.200 - - [21/Oct/2024:15:23:34 -0400] "GET /dich-vu-diet-chuot-quan-6/embed/ HTTP/1.1" 200 6731 "-" "Mozilla/5.0 AppleWebKit/537.36 (KHTML, like Gecko; compatible; GPTBot/1.2; +https://openai.com/gptbot)"
20.171.206.200 - - [21/Oct/2024:15:23:40 -0400] "GET /wp-content/uploads/2024/04/dich-vu-diet-chuot-quan-4-1-768x512.jpg%20768w,%20https:/dietcontrungnhanh.com/wp-content/uploads/2024/04/dich-vu-diet-chuot-quan-4-1-600x400.jpg%20600w,%20https:/dietcontrungnhanh.com/wp-content/uploads/2024/04/dich-vu-diet-chuot-quan-4-1.jpg%20805w HTTP/1.1" 404 19626 "-" "Mozilla/5.0 AppleWebKit/537.36 (KHTML, like Gecko; compatible; GPTBot/1.2; +https://openai.com/gptbot)"
20.171.206.200 - - [21/Oct/2024:15:23:45 -0400] "GET /dich-vu-diet-chuot-cu-chi/embed/ HTTP/1.1" 200 6645 "-" "Mozilla/5.0 AppleWebKit/537.36 (KHTML, like Gecko; compatible; GPTBot/1.2; +https://openai.com/gptbot)"
20.171.206.200 - - [21/Oct/2024:15:23:51 -0400] "GET /dich-vu-diet-chuot-quan-4/embed/ HTTP/1.1" 200 6646 "-" "Mozilla/5.0 AppleWebKit/537.36 (KHTML, like Gecko; compatible; GPTBot/1.2; +https://openai.com/gptbot)"
20.171.206.200 - - [21/Oct/2024:15:23:56 -0400] "GET /wp-content/uploads/2024/04/chuot-4-768x432.jpg%20768w,%20https:/dietcontrungnhanh.com/wp-content/uploads/2024/04/chuot-4-600x338.jpg%20600w,%20https:/dietcontrungnhanh.com/wp-content/uploads/2024/04/chuot-4.jpg%20805w HTTP/1.1" 404 19632 "-" "Mozilla/5.0 AppleWebKit/537.36 (KHTML, like Gecko; compatible; GPTBot/1.2; +https://openai.com/gptbot)"
20.171.206.200 - - [21/Oct/2024:15:24:00 -0400] "GET /dich-vu-diet-chuot-quan-2/embed/ HTTP/1.1" 200 6589 "-" "Mozilla/5.0 AppleWebKit/537.36 (KHTML, like Gecko; compatible; GPTBot/1.2; +https://openai.com/gptbot)"
20.171.206.200 - - [21/Oct/2024:15:24:05 -0400] "GET /dich-vu-diet-chuot-hoc-mon/embed/ HTTP/1.1" 200 6620 "-" "Mozilla/5.0 AppleWebKit/537.36 (KHTML, like Gecko; compatible; GPTBot/1.2; +https://openai.com/gptbot)"
20.171.206.200 - - [21/Oct/2024:15:24:09 -0400] "GET /dich-vu-diet-chuot-quan-binh-tan/embed/ HTTP/1.1" 200 6597 "-" "Mozilla/5.0 AppleWebKit/537.36 (KHTML, like Gecko; compatible; GPTBot/1.2; +https://openai.com/gptbot)"
20.171.206.200 - - [21/Oct/2024:15:24:13 -0400] "GET /wp-content/uploads/2024/04/dich-vu-diet-chuot-Binh-Tan-768x510.jpg%20768w,%20https:/dietcontrungnhanh.com/wp-content/uploads/2024/04/dich-vu-diet-chuot-Binh-Tan-600x399.jpg%20600w,%20https:/dietcontrungnhanh.com/wp-content/uploads/2024/04/dich-vu-diet-chuot-Binh-Tan.jpg%20805w HTTP/1.1" 404 19607 "-" "Mozilla/5.0 AppleWebKit/537.36 (KHTML, like Gecko; compatible; GPTBot/1.2; +https://openai.com/gptbot)"
20.171.206.200 - - [21/Oct/2024:15:24:16 -0400] "GET /dich-vu-diet-chuot-quan-binh-thanh/embed/ HTTP/1.1" 200 6625 "-" "Mozilla/5.0 AppleWebKit/537.36 (KHTML, like Gecko; compatible; GPTBot/1.2; +https://openai.com/gptbot)"
20.171.206.200 - - [21/Oct/2024:15:24:20 -0400] "GET /dich-vu-diet-chuot-tai-ho-chi-minh/embed/ HTTP/1.1" 200 6556 "-" "Mozilla/5.0 AppleWebKit/537.36 (KHTML, like Gecko; compatible; GPTBot/1.2; +https://openai.com/gptbot)"
20.171.206.200 - - [21/Oct/2024:15:24:23 -0400] "GET /wp-content/uploads/2024/04/chuot-6-1-768x432.jpg%20768w,%20https:/dietcontrungnhanh.com/wp-content/uploads/2024/04/chuot-6-1-600x338.jpg%20600w,%20https:/dietcontrungnhanh.com/wp-content/uploads/2024/04/chuot-6-1.jpg%20805w HTTP/1.1" 404 19635 "-" "Mozilla/5.0 AppleWebKit/537.36 (KHTML, like Gecko; compatible; GPTBot/1.2; +https://openai.com/gptbot)"
162.213.251.195 - - [21/Oct/2024:15:24:28 -0400] "POST /wp-cron.php?doing_wp_cron=1729538667.4988479614257812500000 HTTP/1.1" 200 0 "-" "WordPress/6.6.2; https://dietcontrungnhanh.com"
20.171.206.200 - - [21/Oct/2024:15:24:26 -0400] "GET /dich-vu-diet-chuot-quan-10-cong-ty-diet-chuot-uy-tin-hang-dau/embed/ HTTP/1.1" 200 6739 "-" "Mozilla/5.0 AppleWebKit/537.36 (KHTML, like Gecko; compatible; GPTBot/1.2; +https://openai.com/gptbot)"
162.213.251.195 - - [21/Oct/2024:15:24:30 -0400] "POST /wp-cron.php?doing_wp_cron=1729538670.4370739459991455078125 HTTP/1.1" 200 0 "-" "WordPress/6.6.2; https://dietcontrungnhanh.com"
20.171.206.90 - - [21/Oct/2024:15:24:29 -0400] "GET /gio-hang/embed/ HTTP/1.1" 200 6113 "-" "Mozilla/5.0 AppleWebKit/537.36 (KHTML, like Gecko; compatible; GPTBot/1.2; +https://openai.com/gptbot)"
162.213.251.195 - - [21/Oct/2024:15:24:32 -0400] "POST /wp-cron.php?doing_wp_cron=1729538672.4656889438629150390625 HTTP/1.1" 200 0 "-" "WordPress/6.6.2; https://dietcontrungnhanh.com"
20.171.206.90 - - [21/Oct/2024:15:24:31 -0400] "GET /chinh-sach-bao-hanh/embed/ HTTP/1.1" 200 6364 "-" "Mozilla/5.0 AppleWebKit/537.36 (KHTML, like Gecko; compatible; GPTBot/1.2; +https://openai.com/gptbot)"
162.213.251.195 - - [21/Oct/2024:15:24:36 -0400] "POST /wp-cron.php?doing_wp_cron=1729538675.2100720405578613281250 HTTP/1.1" 200 0 "-" "WordPress/6.6.2; https://dietcontrungnhanh.com"
20.171.206.90 - - [21/Oct/2024:15:24:34 -0400] "GET /hd-mua-hang/embed/ HTTP/1.1" 200 6097 "-" "Mozilla/5.0 AppleWebKit/537.36 (KHTML, like Gecko; compatible; GPTBot/1.2; +https://openai.com/gptbot)"
162.213.251.195 - - [21/Oct/2024:15:24:37 -0400] "POST /wp-cron.php?doing_wp_cron=1729538677.2239699363708496093750 HTTP/1.1" 200 0 "-" "WordPress/6.6.2; https://dietcontrungnhanh.com"
20.171.206.90 - - [21/Oct/2024:15:24:36 -0400] "GET /lien-he/embed/ HTTP/1.1" 200 6121 "-" "Mozilla/5.0 AppleWebKit/537.36 (KHTML, like Gecko; compatible; GPTBot/1.2; +https://openai.com/gptbot)"
162.213.251.195 - - [21/Oct/2024:15:24:40 -0400] "POST /wp-cron.php?doing_wp_cron=1729538679.9309420585632324218750 HTTP/1.1" 200 0 "-" "WordPress/6.6.2; https://dietcontrungnhanh.com"
20.171.206.90 - - [21/Oct/2024:15:24:39 -0400] "GET /hoi-dap/embed/ HTTP/1.1" 200 6107 "-" "Mozilla/5.0 AppleWebKit/537.36 (KHTML, like Gecko; compatible; GPTBot/1.2; +https://openai.com/gptbot)"
162.213.251.195 - - [21/Oct/2024:15:24:42 -0400] "POST /wp-cron.php?doing_wp_cron=1729538682.0535020828247070312500 HTTP/1.1" 200 0 "-" "WordPress/6.6.2; https://dietcontrungnhanh.com"
20.171.206.90 - - [21/Oct/2024:15:24:41 -0400] "GET /chinh-sach-doi-tra-hang/embed/ HTTP/1.1" 200 6459 "-" "Mozilla/5.0 AppleWebKit/537.36 (KHTML, like Gecko; compatible; GPTBot/1.2; +https://openai.com/gptbot)"
162.213.251.195 - - [21/Oct/2024:15:24:44 -0400] "POST /wp-cron.php?doing_wp_cron=1729538683.9377379417419433593750 HTTP/1.1" 200 0 "-" "WordPress/6.6.2; https://dietcontrungnhanh.com"
20.171.206.90 - - [21/Oct/2024:15:24:43 -0400] "GET /dich-vu-diet-muoi-quan-10/embed/ HTTP/1.1" 200 6650 "-" "Mozilla/5.0 AppleWebKit/537.36 (KHTML, like Gecko; compatible; GPTBot/1.2; +https://openai.com/gptbot)"
162.213.251.195 - - [21/Oct/2024:15:24:46 -0400] "POST /wp-cron.php?doing_wp_cron=1729538685.9871549606323242187500 HTTP/1.1" 200 0 "-" "WordPress/6.6.2; https://dietcontrungnhanh.com"
20.171.206.90 - - [21/Oct/2024:15:24:45 -0400] "GET /dich-vu-diet-chuot-quan-9/embed/ HTTP/1.1" 200 6718 "-" "Mozilla/5.0 AppleWebKit/537.36 (KHTML, like Gecko; compatible; GPTBot/1.2; +https://openai.com/gptbot)"
162.213.251.195 - - [21/Oct/2024:15:24:51 -0400] "POST /wp-cron.php?doing_wp_cron=1729538689.9344398975372314453125 HTTP/1.1" 200 0 "-" "WordPress/6.6.2; https://dietcontrungnhanh.com"
20.171.206.90 - - [21/Oct/2024:15:24:49 -0400] "GET /diet-muoi-con-trung-quan-8/embed/ HTTP/1.1" 200 6584 "-" "Mozilla/5.0 AppleWebKit/537.36 (KHTML, like Gecko; compatible; GPTBot/1.2; +https://openai.com/gptbot)"
20.171.206.90 - - [21/Oct/2024:15:24:52 -0400] "GET /dich-vu-diet-chuot-quan-3/embed/ HTTP/1.1" 200 6604 "-" "Mozilla/5.0 AppleWebKit/537.36 (KHTML, like Gecko; compatible; GPTBot/1.2; +https://openai.com/gptbot)"
20.171.206.90 - - [21/Oct/2024:15:24:55 -0400] "GET /dich-vu-diet-muoi-thu-duc/embed/ HTTP/1.1" 200 6505 "-" "Mozilla/5.0 AppleWebKit/537.36 (KHTML, like Gecko; compatible; GPTBot/1.2; +https://openai.com/gptbot)"
20.171.206.90 - - [21/Oct/2024:15:24:57 -0400] "GET /gioi-thieu/embed/ HTTP/1.1" 200 6377 "-" "Mozilla/5.0 AppleWebKit/537.36 (KHTML, like Gecko; compatible; GPTBot/1.2; +https://openai.com/gptbot)"
20.171.206.90 - - [21/Oct/2024:15:24:59 -0400] "GET /dich-vu-diet-muoi-quan-12/embed/ HTTP/1.1" 200 6638 "-" "Mozilla/5.0 AppleWebKit/537.36 (KHTML, like Gecko; compatible; GPTBot/1.2; +https://openai.com/gptbot)"
20.171.206.90 - - [21/Oct/2024:15:25:01 -0400] "GET /dich-vu-diet-chuot-quan-8/embed/ HTTP/1.1" 200 6686 "-" "Mozilla/5.0 AppleWebKit/537.36 (KHTML, like Gecko; compatible; GPTBot/1.2; +https://openai.com/gptbot)"
20.171.206.90 - - [21/Oct/2024:15:25:03 -0400] "GET /san-pham/binh-4-lit-phun-diet-con-trung-03/embed/ HTTP/1.1" 200 6946 "-" "Mozilla/5.0 AppleWebKit/537.36 (KHTML, like Gecko; compatible; GPTBot/1.2; +https://openai.com/gptbot)"
20.171.206.90 - - [21/Oct/2024:15:25:05 -0400] "GET /dich-vu-diet-ruoi-tai-ho-chi-minh/embed/ HTTP/1.1" 200 6767 "-" "Mozilla/5.0 AppleWebKit/537.36 (KHTML, like Gecko; compatible; GPTBot/1.2; +https://openai.com/gptbot)"
216.244.66.234 - - [21/Oct/2024:15:25:06 -0400] "GET /dich-vu-lap-dat-sua-chua-camera-nha-be/ HTTP/1.1" 301 0 "-" "Mozilla/5.0 (compatible; DotBot/1.2; +https://opensiteexplorer.org/dotbot; [email protected])"
20.171.206.90 - - [21/Oct/2024:15:25:09 -0400] "GET /san-pham/binh-4-lit-phun-diet-con-trung-04/embed/ HTTP/1.1" 200 6950 "-" "Mozilla/5.0 AppleWebKit/537.36 (KHTML, like Gecko; compatible; GPTBot/1.2; +https://openai.com/gptbot)"
20.171.206.90 - - [21/Oct/2024:15:25:11 -0400] "GET /dich-vu-diet-muoi-quan-binh-thanh/embed/ HTTP/1.1" 200 6578 "-" "Mozilla/5.0 AppleWebKit/537.36 (KHTML, like Gecko; compatible; GPTBot/1.2; +https://openai.com/gptbot)"
20.171.206.90 - - [21/Oct/2024:15:25:13 -0400] "GET /dich-vu-diet-gian-tai-huyen-binh-chanh/embed/ HTTP/1.1" 200 6647 "-" "Mozilla/5.0 AppleWebKit/537.36 (KHTML, like Gecko; compatible; GPTBot/1.2; +https://openai.com/gptbot)"
20.171.206.90 - - [21/Oct/2024:15:25:14 -0400] "GET /dich-vu-diet-muoi-quan-go-vap/embed/ HTTP/1.1" 200 6605 "-" "Mozilla/5.0 AppleWebKit/537.36 (KHTML, like Gecko; compatible; GPTBot/1.2; +https://openai.com/gptbot)"
