212.50.249.145 - - [21/Oct/2024:22:04:27 -0400] "GET /wp-includes/js/dist/hooks.min.js?ver=2810c76e705dd1a53b18 HTTP/1.1" 200 1460 "https://dietcontrungnhanh.com/" "Mozilla/5.0 (Windows NT 10.0; Win64; x64) AppleWebKit/537.36 (KHTML, like Gecko) Chrome/129.0.0.0 Safari/537.36"
212.50.249.145 - - [21/Oct/2024:22:04:27 -0400] "GET /wp-content/plugins/perfmatters/js/lazyload.min.js?ver=2.3.0 HTTP/1.1" 200 3135 "https://dietcontrungnhanh.com/" "Mozilla/5.0 (Windows NT 10.0; Win64; x64) AppleWebKit/537.36 (KHTML, like Gecko) Chrome/129.0.0.0 Safari/537.36"
212.50.249.145 - - [21/Oct/2024:22:04:27 -0400] "GET /wp-content/plugins/woocommerce/assets/js/jquery-blockui/jquery.blockUI.min.js?ver=2.7.0-wc.9.1.4 HTTP/1.1" 200 3277 "https://dietcontrungnhanh.com/" "Mozilla/5.0 (Windows NT 10.0; Win64; x64) AppleWebKit/537.36 (KHTML, like Gecko) Chrome/129.0.0.0 Safari/537.36"
212.50.249.145 - - [21/Oct/2024:22:04:27 -0400] "GET /wp-content/plugins/woocommerce/assets/js/frontend/cart-fragments.min.js?ver=9.1.4 HTTP/1.1" 200 943 "https://dietcontrungnhanh.com/" "Mozilla/5.0 (Windows NT 10.0; Win64; x64) AppleWebKit/537.36 (KHTML, like Gecko) Chrome/129.0.0.0 Safari/537.36"
212.50.249.145 - - [21/Oct/2024:22:04:27 -0400] "GET /wp-content/plugins/woocommerce/assets/js/frontend/add-to-cart.min.js?ver=9.1.4 HTTP/1.1" 200 989 "https://dietcontrungnhanh.com/" "Mozilla/5.0 (Windows NT 10.0; Win64; x64) AppleWebKit/537.36 (KHTML, like Gecko) Chrome/129.0.0.0 Safari/537.36"
212.50.249.145 - - [21/Oct/2024:22:04:27 -0400] "GET /wp-content/fonts/open-sans/memvYaGs126MiZpBA-UvWbX2vVnXBbObj2OVTSGmu1aB.woff2 HTTP/1.1" 200 35328 "https://dietcontrungnhanh.com/" "Mozilla/5.0 (Windows NT 10.0; Win64; x64) AppleWebKit/537.36 (KHTML, like Gecko) Chrome/129.0.0.0 Safari/537.36"
212.50.249.145 - - [21/Oct/2024:22:04:27 -0400] "GET /wp-content/themes/flatsome/assets/js/woocommerce.js?ver=49415fe6a9266f32f1f2 HTTP/1.1" 200 7093 "https://dietcontrungnhanh.com/" "Mozilla/5.0 (Windows NT 10.0; Win64; x64) AppleWebKit/537.36 (KHTML, like Gecko) Chrome/129.0.0.0 Safari/537.36"
212.50.249.145 - - [21/Oct/2024:22:04:27 -0400] "GET /wp-content/themes/flatsome/assets/js/chunk.popups.js?ver=3.18.7 HTTP/1.1" 200 6941 "https://dietcontrungnhanh.com/" "Mozilla/5.0 (Windows NT 10.0; Win64; x64) AppleWebKit/537.36 (KHTML, like Gecko) Chrome/129.0.0.0 Safari/537.36"
212.50.249.145 - - [21/Oct/2024:22:04:27 -0400] "GET /wp-content/fonts/open-sans/memvYaGs126MiZpBA-UvWbX2vVnXBbObj2OVTSCmu1aB.woff2 HTTP/1.1" 200 16552 "https://dietcontrungnhanh.com/" "Mozilla/5.0 (Windows NT 10.0; Win64; x64) AppleWebKit/537.36 (KHTML, like Gecko) Chrome/129.0.0.0 Safari/537.36"
212.50.249.145 - - [21/Oct/2024:22:04:27 -0400] "GET /wp-content/fonts/open-sans/memvYaGs126MiZpBA-UvWbX2vVnXBbObj2OVTS-muw.woff2 HTTP/1.1" 200 48236 "https://dietcontrungnhanh.com/" "Mozilla/5.0 (Windows NT 10.0; Win64; x64) AppleWebKit/537.36 (KHTML, like Gecko) Chrome/129.0.0.0 Safari/537.36"
212.50.249.145 - - [21/Oct/2024:22:04:27 -0400] "GET /wp-content/themes/flatsome/assets/js/chunk.tooltips.js?ver=3.18.7 HTTP/1.1" 200 9748 "https://dietcontrungnhanh.com/" "Mozilla/5.0 (Windows NT 10.0; Win64; x64) AppleWebKit/537.36 (KHTML, like Gecko) Chrome/129.0.0.0 Safari/537.36"
212.50.249.145 - - [21/Oct/2024:22:04:27 -0400] "GET /wp-content/themes/flatsome/inc/extensions/flatsome-live-search/flatsome-live-search.js?ver=3.18.7 HTTP/1.1" 200 4709 "https://dietcontrungnhanh.com/" "Mozilla/5.0 (Windows NT 10.0; Win64; x64) AppleWebKit/537.36 (KHTML, like Gecko) Chrome/129.0.0.0 Safari/537.36"
162.213.251.195 - - [21/Oct/2024:22:04:29 -0400] "POST /wp-cron.php?doing_wp_cron=1729562668.7933421134948730468750 HTTP/1.1" 200 0 "-" "WordPress/6.6.2; https://dietcontrungnhanh.com"
212.50.249.145 - - [21/Oct/2024:22:04:28 -0400] "POST /?wc-ajax=get_refreshed_fragments HTTP/1.1" 200 1500 "https://dietcontrungnhanh.com/" "Mozilla/5.0 (Windows NT 10.0; Win64; x64) AppleWebKit/537.36 (KHTML, like Gecko) Chrome/129.0.0.0 Safari/537.36"
162.213.251.195 - - [21/Oct/2024:22:09:22 -0400] "POST /wp-cron.php?doing_wp_cron=1729562962.4104440212249755859375 HTTP/1.1" 200 0 "-" "WordPress/6.6.2; https://dietcontrungnhanh.com"
2407:aa80:116:a13d:8e9:766c:3b6c:952f - - [21/Oct/2024:22:09:19 -0400] "GET /wp-login.php HTTP/1.1" 200 2800 "https://dietcontrungnhanh.com/wp-login.php" "Mozilla/5.0 (Windows NT 6.1) AppleWebKit/537.36 (KHTML, like Gecko) Chrome/70.0.3538.77 Safari/537.36"
162.213.251.195 - - [21/Oct/2024:22:09:24 -0400] "POST /wp-cron.php?doing_wp_cron=1729562964.1635038852691650390625 HTTP/1.1" 200 0 "-" "WordPress/6.6.2; https://dietcontrungnhanh.com"
2407:aa80:116:a13d:8e9:766c:3b6c:952f - - [21/Oct/2024:22:09:23 -0400] "POST /wp-login.php HTTP/1.1" 200 2995 "https://terra-genesis.com/wp-login.php" "Mozilla/5.0 (Windows NT 6.1) AppleWebKit/537.36 (KHTML, like Gecko) Chrome/70.0.3538.77 Safari/537.36"
162.213.251.195 - - [21/Oct/2024:22:10:59 -0400] "POST /wp-cron.php?doing_wp_cron=1729563059.0200738906860351562500 HTTP/1.1" 200 0 "-" "WordPress/6.6.2; https://dietcontrungnhanh.com"
63.141.253.98 - - [21/Oct/2024:22:10:55 -0400] "GET / HTTP/1.1" 200 27147 "http://dietcontrungnhanh.com" "Mozilla/5.0 (Windows NT 10.0; Win64; x64) AppleWebKit/537.36 (KHTML, like Gecko) Chrome/103.0.0.0 Safari/537.36"
162.213.251.195 - - [21/Oct/2024:22:11:05 -0400] "POST /wp-cron.php?doing_wp_cron=1729563065.2842528820037841796875 HTTP/1.1" 200 0 "-" "WordPress/6.6.2; https://dietcontrungnhanh.com"
63.141.253.98 - - [21/Oct/2024:22:11:04 -0400] "GET / HTTP/1.1" 200 27123 "http://dietcontrungnhanh.com" "Googlebot/2.1 (+http://www.googlebot.com/bot.html)"
162.213.251.195 - - [21/Oct/2024:22:13:19 -0400] "POST /wp-cron.php?doing_wp_cron=1729563199.4142549037933349609375 HTTP/1.1" 200 0 "-" "WordPress/6.6.2; https://dietcontrungnhanh.com"
66.249.77.225 - - [21/Oct/2024:22:13:16 -0400] "GET /wp-admin/comment.php?action=spam&c=42 HTTP/1.1" 302 0 "-" "Mozilla/5.0 (Linux; Android 6.0.1; Nexus 5X Build/MMB29P) AppleWebKit/537.36 (KHTML, like Gecko) Chrome/130.0.6723.58 Mobile Safari/537.36 (compatible; Googlebot/2.1; +http://www.google.com/bot.html)"
162.213.251.195 - - [21/Oct/2024:22:13:21 -0400] "POST /wp-cron.php?doing_wp_cron=1729563200.9253580570220947265625 HTTP/1.1" 200 0 "-" "WordPress/6.6.2; https://dietcontrungnhanh.com"
66.249.77.225 - - [21/Oct/2024:22:13:20 -0400] "GET /wp-login.php?redirect_to=https%3A%2F%2Fdietcontrungnhanh.com%2Fwp-admin%2Fcomment.php%3Faction%3Dspam%26c%3D42&reauth=1 HTTP/1.1" 200 2845 "-" "Mozilla/5.0 (Linux; Android 6.0.1; Nexus 5X Build/MMB29P) AppleWebKit/537.36 (KHTML, like Gecko) Chrome/130.0.6723.58 Mobile Safari/537.36 (compatible; Googlebot/2.1; +http://www.google.com/bot.html)"
162.213.251.195 - - [21/Oct/2024:22:13:27 -0400] "POST /wp-cron.php?doing_wp_cron=1729563207.3306279182434082031250 HTTP/1.1" 200 0 "-" "WordPress/6.6.2; https://dietcontrungnhanh.com"
111.231.12.66 - - [21/Oct/2024:22:13:26 -0400] "GET / HTTP/1.1" 200 27132 "-" "Mozilla/5.0 (Linux; Android 10; LIO-AN00 Build/HUAWEILIO-AN00; wv) MicroMessenger Weixin QQ AppleWebKit/537.36 (KHTML, like Gecko) Version/4.0 Chrome/78.0.3904.62 XWEB/2692 MMWEBSDK/200901 Mobile Safari/537.36"
162.213.251.195 - - [21/Oct/2024:22:18:44 -0400] "POST /wp-cron.php?doing_wp_cron=1729563524.0258069038391113281250 HTTP/1.1" 200 0 "-" "WordPress/6.6.2; https://dietcontrungnhanh.com"
66.249.77.229 - - [21/Oct/2024:22:18:41 -0400] "GET /wp-a= HTTP/1.1" 404 18809 "-" "Mozilla/5.0 (Linux; Android 6.0.1; Nexus 5X Build/MMB29P) AppleWebKit/537.36 (KHTML, like Gecko) Chrome/130.0.6723.58 Mobile Safari/537.36 (compatible; Googlebot/2.1; +http://www.google.com/bot.html)"
162.213.251.195 - - [21/Oct/2024:22:18:45 -0400] "POST /wp-admin/admin-ajax.php?action=wp_1_wc_privacy_cleanup&nonce=27234c162f HTTP/1.1" 200 0 "-" "WordPress/6.6.2; https://dietcontrungnhanh.com"
162.213.251.195 - - [21/Oct/2024:22:19:46 -0400] "POST /wp-cron.php?doing_wp_cron=1729563586.1724050045013427734375 HTTP/1.1" 200 0 "-" "WordPress/6.6.2; https://dietcontrungnhanh.com"
103.163.220.53 - - [21/Oct/2024:22:19:45 -0400] "GET / HTTP/1.1" 200 27100 "-" "Mozilla/5.0 (Windows NT 10.0; Win64; x64) AppleWebKit/537.36 (KHTML, like Gecko) Chrome/130.0.0.0 Safari/537.36"
162.213.251.195 - - [21/Oct/2024:22:19:49 -0400] "POST /wp-cron.php?doing_wp_cron=1729563589.1026599407196044921875 HTTP/1.1" 200 0 "-" "WordPress/6.6.2; https://dietcontrungnhanh.com"
103.163.220.53 - - [21/Oct/2024:22:19:48 -0400] "GET / HTTP/1.1" 200 27124 "-" "Mozilla/5.0 (Windows NT 10.0; Win64; x64) AppleWebKit/537.36 (KHTML, like Gecko) Chrome/130.0.0.0 Safari/537.36"
103.163.220.53 - - [21/Oct/2024:22:19:51 -0400] "GET /wp-content/plugins/contact-form-7/includes/css/styles.css?ver=5.9.8 HTTP/1.1" 200 890 "https://dietcontrungnhanh.com/" "Mozilla/5.0 (Windows NT 10.0; Win64; x64) AppleWebKit/537.36 (KHTML, like Gecko) Chrome/130.0.0.0 Safari/537.36"
103.163.220.53 - - [21/Oct/2024:22:19:51 -0400] "GET /wp-content/themes/flatsome/assets/css/flatsome.css?ver=3.18.7 HTTP/1.1" 200 28781 "https://dietcontrungnhanh.com/" "Mozilla/5.0 (Windows NT 10.0; Win64; x64) AppleWebKit/537.36 (KHTML, like Gecko) Chrome/130.0.0.0 Safari/537.36"
103.163.220.53 - - [21/Oct/2024:22:19:51 -0400] "GET /wp-content/themes/flatsome/assets/css/flatsome-shop.css?ver=3.18.7 HTTP/1.1" 200 6391 "https://dietcontrungnhanh.com/" "Mozilla/5.0 (Windows NT 10.0; Win64; x64) AppleWebKit/537.36 (KHTML, like Gecko) Chrome/130.0.0.0 Safari/537.36"
103.163.220.53 - - [21/Oct/2024:22:19:51 -0400] "GET /wp-content/themes/123web-vn/style.css?ver=3.0 HTTP/1.1" 200 3621 "https://dietcontrungnhanh.com/" "Mozilla/5.0 (Windows NT 10.0; Win64; x64) AppleWebKit/537.36 (KHTML, like Gecko) Chrome/130.0.0.0 Safari/537.36"
103.163.220.53 - - [21/Oct/2024:22:19:51 -0400] "GET /wp-content/themes/123web-vn/assets/fontsawesome/css/all.min.css?ver=6.6.2 HTTP/1.1" 200 30125 "https://dietcontrungnhanh.com/" "Mozilla/5.0 (Windows NT 10.0; Win64; x64) AppleWebKit/537.36 (KHTML, like Gecko) Chrome/130.0.0.0 Safari/537.36"
103.163.220.53 - - [21/Oct/2024:22:19:52 -0400] "GET /wp-includes/js/jquery/jquery.min.js?ver=3.7.1 HTTP/1.1" 200 29744 "https://dietcontrungnhanh.com/" "Mozilla/5.0 (Windows NT 10.0; Win64; x64) AppleWebKit/537.36 (KHTML, like Gecko) Chrome/130.0.0.0 Safari/537.36"
103.163.220.53 - - [21/Oct/2024:22:19:52 -0400] "GET /wp-content/uploads/2024/05/cong-ty-phun-diet-muoi-quan-go-vap-Copy.jpg HTTP/1.1" 200 47595 "https://dietcontrungnhanh.com/" "Mozilla/5.0 (Windows NT 10.0; Win64; x64) AppleWebKit/537.36 (KHTML, like Gecko) Chrome/130.0.0.0 Safari/537.36"
103.163.220.53 - - [21/Oct/2024:22:19:52 -0400] "GET /wp-content/uploads/2024/06/diet-con-trung-nhanh-hcm-ho-chi-minh.jpg HTTP/1.1" 200 54636 "https://dietcontrungnhanh.com/" "Mozilla/5.0 (Windows NT 10.0; Win64; x64) AppleWebKit/537.36 (KHTML, like Gecko) Chrome/130.0.0.0 Safari/537.36"
103.163.220.53 - - [21/Oct/2024:22:19:52 -0400] "GET /wp-content/plugins/woocommerce/assets/client/blocks/wc-blocks.css?ver=wc-9.1.4 HTTP/1.1" 200 2339 "https://dietcontrungnhanh.com/" "Mozilla/5.0 (Windows NT 10.0; Win64; x64) AppleWebKit/537.36 (KHTML, like Gecko) Chrome/130.0.0.0 Safari/537.36"
103.163.220.53 - - [21/Oct/2024:22:19:53 -0400] "GET /wp-includes/js/jquery/jquery-migrate.min.js?ver=3.4.1 HTTP/1.1" 200 4678 "https://dietcontrungnhanh.com/" "Mozilla/5.0 (Windows NT 10.0; Win64; x64) AppleWebKit/537.36 (KHTML, like Gecko) Chrome/130.0.0.0 Safari/537.36"
103.163.220.53 - - [21/Oct/2024:22:19:53 -0400] "GET /wp-content/plugins/woocommerce/assets/js/jquery-blockui/jquery.blockUI.min.js?ver=2.7.0-wc.9.1.4 HTTP/1.1" 200 3277 "https://dietcontrungnhanh.com/" "Mozilla/5.0 (Windows NT 10.0; Win64; x64) AppleWebKit/537.36 (KHTML, like Gecko) Chrome/130.0.0.0 Safari/537.36"
103.163.220.53 - - [21/Oct/2024:22:19:53 -0400] "GET /wp-content/plugins/woocommerce/assets/js/frontend/add-to-cart.min.js?ver=9.1.4 HTTP/1.1" 200 989 "https://dietcontrungnhanh.com/" "Mozilla/5.0 (Windows NT 10.0; Win64; x64) AppleWebKit/537.36 (KHTML, like Gecko) Chrome/130.0.0.0 Safari/537.36"
103.163.220.53 - - [21/Oct/2024:22:19:53 -0400] "GET /wp-content/plugins/woocommerce/assets/js/js-cookie/js.cookie.min.js?ver=2.1.4-wc.9.1.4 HTTP/1.1" 200 760 "https://dietcontrungnhanh.com/" "Mozilla/5.0 (Windows NT 10.0; Win64; x64) AppleWebKit/537.36 (KHTML, like Gecko) Chrome/130.0.0.0 Safari/537.36"
103.163.220.53 - - [21/Oct/2024:22:19:53 -0400] "GET /wp-includes/js/dist/hooks.min.js?ver=2810c76e705dd1a53b18 HTTP/1.1" 200 1460 "https://dietcontrungnhanh.com/" "Mozilla/5.0 (Windows NT 10.0; Win64; x64) AppleWebKit/537.36 (KHTML, like Gecko) Chrome/130.0.0.0 Safari/537.36"
103.163.220.53 - - [21/Oct/2024:22:19:53 -0400] "GET /wp-includes/js/dist/i18n.min.js?ver=5e580eb46a90c2b997e6 HTTP/1.1" 200 3542 "https://dietcontrungnhanh.com/" "Mozilla/5.0 (Windows NT 10.0; Win64; x64) AppleWebKit/537.36 (KHTML, like Gecko) Chrome/130.0.0.0 Safari/537.36"
103.163.220.53 - - [21/Oct/2024:22:19:54 -0400] "GET /wp-content/plugins/contact-form-7/includes/swv/js/index.js?ver=5.9.8 HTTP/1.1" 200 3228 "https://dietcontrungnhanh.com/" "Mozilla/5.0 (Windows NT 10.0; Win64; x64) AppleWebKit/537.36 (KHTML, like Gecko) Chrome/130.0.0.0 Safari/537.36"
103.163.220.53 - - [21/Oct/2024:22:19:54 -0400] "GET /wp-content/plugins/contact-form-7/includes/js/index.js?ver=5.9.8 HTTP/1.1" 200 4002 "https://dietcontrungnhanh.com/" "Mozilla/5.0 (Windows NT 10.0; Win64; x64) AppleWebKit/537.36 (KHTML, like Gecko) Chrome/130.0.0.0 Safari/537.36"
103.163.220.53 - - [21/Oct/2024:22:19:54 -0400] "GET /wp-content/plugins/woocommerce/assets/js/frontend/woocommerce.min.js?ver=9.1.4 HTTP/1.1" 200 814 "https://dietcontrungnhanh.com/" "Mozilla/5.0 (Windows NT 10.0; Win64; x64) AppleWebKit/537.36 (KHTML, like Gecko) Chrome/130.0.0.0 Safari/537.36"
103.163.220.53 - - [21/Oct/2024:22:19:54 -0400] "GET /wp-content/plugins/woocommerce/assets/js/sourcebuster/sourcebuster.min.js?ver=9.1.4 HTTP/1.1" 200 4609 "https://dietcontrungnhanh.com/" "Mozilla/5.0 (Windows NT 10.0; Win64; x64) AppleWebKit/537.36 (KHTML, like Gecko) Chrome/130.0.0.0 Safari/537.36"
103.163.220.53 - - [21/Oct/2024:22:19:54 -0400] "GET /wp-content/plugins/woocommerce/assets/js/frontend/order-attribution.min.js?ver=9.1.4 HTTP/1.1" 200 1006 "https://dietcontrungnhanh.com/" "Mozilla/5.0 (Windows NT 10.0; Win64; x64) AppleWebKit/537.36 (KHTML, like Gecko) Chrome/130.0.0.0 Safari/537.36"
103.163.220.53 - - [21/Oct/2024:22:19:54 -0400] "GET /wp-content/themes/flatsome/inc/extensions/flatsome-live-search/flatsome-live-search.js?ver=3.18.7 HTTP/1.1" 200 4709 "https://dietcontrungnhanh.com/" "Mozilla/5.0 (Windows NT 10.0; Win64; x64) AppleWebKit/537.36 (KHTML, like Gecko) Chrome/130.0.0.0 Safari/537.36"
103.163.220.53 - - [21/Oct/2024:22:19:54 -0400] "GET /wp-content/plugins/perfmatters/js/lazyload.min.js?ver=2.3.0 HTTP/1.1" 200 3135 "https://dietcontrungnhanh.com/" "Mozilla/5.0 (Windows NT 10.0; Win64; x64) AppleWebKit/537.36 (KHTML, like Gecko) Chrome/130.0.0.0 Safari/537.36"
103.163.220.53 - - [21/Oct/2024:22:19:55 -0400] "GET /wp-includes/js/hoverIntent.min.js?ver=1.10.2 HTTP/1.1" 200 668 "https://dietcontrungnhanh.com/" "Mozilla/5.0 (Windows NT 10.0; Win64; x64) AppleWebKit/537.36 (KHTML, like Gecko) Chrome/130.0.0.0 Safari/537.36"
103.163.220.53 - - [21/Oct/2024:22:19:55 -0400] "GET /wp-content/themes/flatsome/assets/js/flatsome.js?ver=a0a7aee297766598a20e HTTP/1.1" 200 16076 "https://dietcontrungnhanh.com/" "Mozilla/5.0 (Windows NT 10.0; Win64; x64) AppleWebKit/537.36 (KHTML, like Gecko) Chrome/130.0.0.0 Safari/537.36"
103.163.220.53 - - [21/Oct/2024:22:19:55 -0400] "GET /wp-content/themes/flatsome/assets/js/woocommerce.js?ver=49415fe6a9266f32f1f2 HTTP/1.1" 200 7093 "https://dietcontrungnhanh.com/" "Mozilla/5.0 (Windows NT 10.0; Win64; x64) AppleWebKit/537.36 (KHTML, like Gecko) Chrome/130.0.0.0 Safari/537.36"
103.163.220.53 - - [21/Oct/2024:22:19:56 -0400] "GET /wp-content/plugins/woocommerce/assets/js/frontend/cart-fragments.min.js?ver=9.1.4 HTTP/1.1" 200 943 "https://dietcontrungnhanh.com/" "Mozilla/5.0 (Windows NT 10.0; Win64; x64) AppleWebKit/537.36 (KHTML, like Gecko) Chrome/130.0.0.0 Safari/537.36"
103.163.220.53 - - [21/Oct/2024:22:19:56 -0400] "GET /wp-content/fonts/open-sans/memvYaGs126MiZpBA-UvWbX2vVnXBbObj2OVTS-muw.woff2 HTTP/1.1" 200 48236 "https://dietcontrungnhanh.com/" "Mozilla/5.0 (Windows NT 10.0; Win64; x64) AppleWebKit/537.36 (KHTML, like Gecko) Chrome/130.0.0.0 Safari/537.36"
103.163.220.53 - - [21/Oct/2024:22:19:56 -0400] "GET /wp-content/themes/flatsome/assets/css/icons/fl-icons.woff2?v=3.18.7 HTTP/1.1" 200 7244 "https://dietcontrungnhanh.com/" "Mozilla/5.0 (Windows NT 10.0; Win64; x64) AppleWebKit/537.36 (KHTML, like Gecko) Chrome/130.0.0.0 Safari/537.36"
103.163.220.53 - - [21/Oct/2024:22:19:56 -0400] "GET /wp-content/fonts/open-sans/memvYaGs126MiZpBA-UvWbX2vVnXBbObj2OVTSCmu1aB.woff2 HTTP/1.1" 200 16552 "https://dietcontrungnhanh.com/" "Mozilla/5.0 (Windows NT 10.0; Win64; x64) AppleWebKit/537.36 (KHTML, like Gecko) Chrome/130.0.0.0 Safari/537.36"
103.163.220.53 - - [21/Oct/2024:22:19:57 -0400] "GET /wp-content/themes/123web-vn/assets/fontsawesome/webfonts/fa-regular-400.woff2 HTTP/1.1" 200 160076 "https://dietcontrungnhanh.com/wp-content/themes/123web-vn/assets/fontsawesome/css/all.min.css?ver=6.6.2" "Mozilla/5.0 (Windows NT 10.0; Win64; x64) AppleWebKit/537.36 (KHTML, like Gecko) Chrome/130.0.0.0 Safari/537.36"
103.163.220.53 - - [21/Oct/2024:22:19:57 -0400] "GET /wp-content/fonts/open-sans/memvYaGs126MiZpBA-UvWbX2vVnXBbObj2OVTSGmu1aB.woff2 HTTP/1.1" 200 35328 "https://dietcontrungnhanh.com/" "Mozilla/5.0 (Windows NT 10.0; Win64; x64) AppleWebKit/537.36 (KHTML, like Gecko) Chrome/130.0.0.0 Safari/537.36"
103.163.220.53 - - [21/Oct/2024:22:19:57 -0400] "GET /wp-content/themes/flatsome/assets/js/chunk.slider.js?ver=3.18.7 HTTP/1.1" 200 12985 "https://dietcontrungnhanh.com/" "Mozilla/5.0 (Windows NT 10.0; Win64; x64) AppleWebKit/537.36 (KHTML, like Gecko) Chrome/130.0.0.0 Safari/537.36"
103.163.220.53 - - [21/Oct/2024:22:19:58 -0400] "GET /wp-content/themes/flatsome/assets/js/chunk.popups.js?ver=3.18.7 HTTP/1.1" 200 6941 "https://dietcontrungnhanh.com/" "Mozilla/5.0 (Windows NT 10.0; Win64; x64) AppleWebKit/537.36 (KHTML, like Gecko) Chrome/130.0.0.0 Safari/537.36"
162.213.251.195 - - [21/Oct/2024:22:19:58 -0400] "POST /wp-cron.php?doing_wp_cron=1729563597.5316870212554931640625 HTTP/1.1" 200 0 "-" "WordPress/6.6.2; https://dietcontrungnhanh.com"
103.163.220.53 - - [21/Oct/2024:22:19:58 -0400] "GET /wp-content/themes/flatsome/assets/js/chunk.tooltips.js?ver=3.18.7 HTTP/1.1" 200 9748 "https://dietcontrungnhanh.com/" "Mozilla/5.0 (Windows NT 10.0; Win64; x64) AppleWebKit/537.36 (KHTML, like Gecko) Chrome/130.0.0.0 Safari/537.36"
103.163.220.53 - - [21/Oct/2024:22:19:56 -0400] "POST /?wc-ajax=get_refreshed_fragments HTTP/1.1" 200 1500 "https://dietcontrungnhanh.com/" "Mozilla/5.0 (Windows NT 10.0; Win64; x64) AppleWebKit/537.36 (KHTML, like Gecko) Chrome/130.0.0.0 Safari/537.36"
103.163.220.53 - - [21/Oct/2024:22:19:58 -0400] "GET /wp-content/uploads/2023/12/cropped-Logo-dctn-chinh-32x32.png HTTP/1.1" 200 1719 "https://dietcontrungnhanh.com/" "Mozilla/5.0 (Windows NT 10.0; Win64; x64) AppleWebKit/537.36 (KHTML, like Gecko) Chrome/130.0.0.0 Safari/537.36"
103.163.220.53 - - [21/Oct/2024:22:20:22 -0400] "GET /wp-content/uploads/2023/10/styled-line.png HTTP/1.1" 200 220 "https://dietcontrungnhanh.com/" "Mozilla/5.0 (Windows NT 10.0; Win64; x64) AppleWebKit/537.36 (KHTML, like Gecko) Chrome/130.0.0.0 Safari/537.36"
103.163.220.53 - - [21/Oct/2024:22:20:22 -0400] "GET /wp-content/uploads/2023/10/diet-ruoi.jpg HTTP/1.1" 200 3546 "https://dietcontrungnhanh.com/" "Mozilla/5.0 (Windows NT 10.0; Win64; x64) AppleWebKit/537.36 (KHTML, like Gecko) Chrome/130.0.0.0 Safari/537.36"
103.163.220.53 - - [21/Oct/2024:22:20:22 -0400] "GET /wp-content/uploads/2024/04/dietcontrungbinhtan1.jpg HTTP/1.1" 200 80978 "https://dietcontrungnhanh.com/" "Mozilla/5.0 (Windows NT 10.0; Win64; x64) AppleWebKit/537.36 (KHTML, like Gecko) Chrome/130.0.0.0 Safari/537.36"
103.163.220.53 - - [21/Oct/2024:22:20:22 -0400] "GET /wp-content/uploads/2023/10/dich-vu-phong-chong-moi.jpg HTTP/1.1" 200 6728 "https://dietcontrungnhanh.com/" "Mozilla/5.0 (Windows NT 10.0; Win64; x64) AppleWebKit/537.36 (KHTML, like Gecko) Chrome/130.0.0.0 Safari/537.36"
103.163.220.53 - - [21/Oct/2024:22:20:22 -0400] "GET /wp-content/uploads/2023/10/diet-gian.jpg HTTP/1.1" 200 3786 "https://dietcontrungnhanh.com/" "Mozilla/5.0 (Windows NT 10.0; Win64; x64) AppleWebKit/537.36 (KHTML, like Gecko) Chrome/130.0.0.0 Safari/537.36"
103.163.220.53 - - [21/Oct/2024:22:20:22 -0400] "GET /wp-content/uploads/2024/04/dich-vu-diet-gian-Hoc-Mon-1.jpg HTTP/1.1" 200 80391 "https://dietcontrungnhanh.com/" "Mozilla/5.0 (Windows NT 10.0; Win64; x64) AppleWebKit/537.36 (KHTML, like Gecko) Chrome/130.0.0.0 Safari/537.36"
103.163.220.53 - - [21/Oct/2024:22:20:22 -0400] "GET /wp-content/uploads/2023/10/thuoc-diet-moi.jpg HTTP/1.1" 200 4630 "https://dietcontrungnhanh.com/" "Mozilla/5.0 (Windows NT 10.0; Win64; x64) AppleWebKit/537.36 (KHTML, like Gecko) Chrome/130.0.0.0 Safari/537.36"
103.163.220.53 - - [21/Oct/2024:22:20:22 -0400] "GET /wp-content/uploads/2024/04/dich-vu-diet-gian-Thu-Duc-1.jpg HTTP/1.1" 200 80701 "https://dietcontrungnhanh.com/" "Mozilla/5.0 (Windows NT 10.0; Win64; x64) AppleWebKit/537.36 (KHTML, like Gecko) Chrome/130.0.0.0 Safari/537.36"
103.163.220.53 - - [21/Oct/2024:22:20:22 -0400] "GET /wp-content/uploads/2024/04/dich-vu-diet-gian-Binh-Chanh-1.jpg HTTP/1.1" 200 84222 "https://dietcontrungnhanh.com/" "Mozilla/5.0 (Windows NT 10.0; Win64; x64) AppleWebKit/537.36 (KHTML, like Gecko) Chrome/130.0.0.0 Safari/537.36"
103.163.220.53 - - [21/Oct/2024:22:20:22 -0400] "GET /wp-content/uploads/2024/04/dich-vu-diet-gian-quan-6.png HTTP/1.1" 200 56748 "https://dietcontrungnhanh.com/" "Mozilla/5.0 (Windows NT 10.0; Win64; x64) AppleWebKit/537.36 (KHTML, like Gecko) Chrome/130.0.0.0 Safari/537.36"
103.163.220.53 - - [21/Oct/2024:22:20:27 -0400] "GET /wp-content/uploads/2023/10/dich-vu-phun-thuoc-muoi.jpg HTTP/1.1" 200 5555 "https://dietcontrungnhanh.com/" "Mozilla/5.0 (Windows NT 10.0; Win64; x64) AppleWebKit/537.36 (KHTML, like Gecko) Chrome/130.0.0.0 Safari/537.36"
103.163.220.53 - - [21/Oct/2024:22:20:27 -0400] "GET /wp-content/uploads/2023/10/dich-vu-khu-trung-khu-khuan.jpg HTTP/1.1" 200 7582 "https://dietcontrungnhanh.com/" "Mozilla/5.0 (Windows NT 10.0; Win64; x64) AppleWebKit/537.36 (KHTML, like Gecko) Chrome/130.0.0.0 Safari/537.36"
103.163.220.53 - - [21/Oct/2024:22:20:27 -0400] "GET /wp-content/uploads/2023/10/thuoc-diet-gian.jpg HTTP/1.1" 200 6123 "https://dietcontrungnhanh.com/" "Mozilla/5.0 (Windows NT 10.0; Win64; x64) AppleWebKit/537.36 (KHTML, like Gecko) Chrome/130.0.0.0 Safari/537.36"
103.163.220.53 - - [21/Oct/2024:22:20:27 -0400] "GET /wp-content/uploads/2023/10/dich-vu-diet-mot.jpg HTTP/1.1" 200 5053 "https://dietcontrungnhanh.com/" "Mozilla/5.0 (Windows NT 10.0; Win64; x64) AppleWebKit/537.36 (KHTML, like Gecko) Chrome/130.0.0.0 Safari/537.36"
103.163.220.53 - - [21/Oct/2024:22:20:27 -0400] "GET /wp-content/uploads/2023/10/thuoc-diet-kien.jpg HTTP/1.1" 200 5331 "https://dietcontrungnhanh.com/" "Mozilla/5.0 (Windows NT 10.0; Win64; x64) AppleWebKit/537.36 (KHTML, like Gecko) Chrome/130.0.0.0 Safari/537.36"
103.163.220.53 - - [21/Oct/2024:22:20:27 -0400] "GET /wp-content/uploads/2023/10/thuoc-phong-chong-moi.jpg HTTP/1.1" 200 6869 "https://dietcontrungnhanh.com/" "Mozilla/5.0 (Windows NT 10.0; Win64; x64) AppleWebKit/537.36 (KHTML, like Gecko) Chrome/130.0.0.0 Safari/537.36"
103.163.220.53 - - [21/Oct/2024:22:20:27 -0400] "GET /wp-content/uploads/2023/10/thuoc-diet-muoi.jpg HTTP/1.1" 200 4122 "https://dietcontrungnhanh.com/" "Mozilla/5.0 (Windows NT 10.0; Win64; x64) AppleWebKit/537.36 (KHTML, like Gecko) Chrome/130.0.0.0 Safari/537.36"
103.163.220.53 - - [21/Oct/2024:22:20:27 -0400] "GET /wp-content/uploads/2023/10/thuoc-diet-con-trung-khac.jpg HTTP/1.1" 200 6923 "https://dietcontrungnhanh.com/" "Mozilla/5.0 (Windows NT 10.0; Win64; x64) AppleWebKit/537.36 (KHTML, like Gecko) Chrome/130.0.0.0 Safari/537.36"
103.163.220.53 - - [21/Oct/2024:22:20:27 -0400] "GET /wp-content/uploads/2023/10/thuoc-diet-chuot.jpg HTTP/1.1" 200 6826 "https://dietcontrungnhanh.com/" "Mozilla/5.0 (Windows NT 10.0; Win64; x64) AppleWebKit/537.36 (KHTML, like Gecko) Chrome/130.0.0.0 Safari/537.36"
103.163.220.53 - - [21/Oct/2024:22:20:27 -0400] "GET /wp-content/uploads/2023/10/thuoc-khu-trung.jpg HTTP/1.1" 200 4245 "https://dietcontrungnhanh.com/" "Mozilla/5.0 (Windows NT 10.0; Win64; x64) AppleWebKit/537.36 (KHTML, like Gecko) Chrome/130.0.0.0 Safari/537.36"
103.163.220.53 - - [21/Oct/2024:22:20:28 -0400] "GET /wp-content/uploads/2023/10/66-gthumb-Binh-phun-suong-ssu20.jpg HTTP/1.1" 200 4565 "https://dietcontrungnhanh.com/" "Mozilla/5.0 (Windows NT 10.0; Win64; x64) AppleWebKit/537.36 (KHTML, like Gecko) Chrome/130.0.0.0 Safari/537.36"
103.163.220.53 - - [21/Oct/2024:22:20:28 -0400] "GET /wp-content/uploads/2023/10/213-gthumb-may-phun-suong-diet-muoi-sm-bure.jpg HTTP/1.1" 200 3504 "https://dietcontrungnhanh.com/" "Mozilla/5.0 (Windows NT 10.0; Win64; x64) AppleWebKit/537.36 (KHTML, like Gecko) Chrome/130.0.0.0 Safari/537.36"
103.163.220.53 - - [21/Oct/2024:22:20:28 -0400] "GET /wp-content/uploads/2023/10/72-gthumb-shopping.jpg HTTP/1.1" 200 3762 "https://dietcontrungnhanh.com/" "Mozilla/5.0 (Windows NT 10.0; Win64; x64) AppleWebKit/537.36 (KHTML, like Gecko) Chrome/130.0.0.0 Safari/537.36"
103.163.220.53 - - [21/Oct/2024:22:20:28 -0400] "GET /wp-content/uploads/2023/10/195-gthumb-16L-Alpha.jpg HTTP/1.1" 200 5862 "https://dietcontrungnhanh.com/" "Mozilla/5.0 (Windows NT 10.0; Win64; x64) AppleWebKit/537.36 (KHTML, like Gecko) Chrome/130.0.0.0 Safari/537.36"
103.163.220.53 - - [21/Oct/2024:22:20:28 -0400] "GET /wp-content/uploads/2023/10/169-gthumb-may-phun-thuoc-diet-con-trung-muoi-phong-dich-stihl-sr420.jpg HTTP/1.1" 200 7151 "https://dietcontrungnhanh.com/" "Mozilla/5.0 (Windows NT 10.0; Win64; x64) AppleWebKit/537.36 (KHTML, like Gecko) Chrome/130.0.0.0 Safari/537.36"
103.163.220.53 - - [21/Oct/2024:22:20:28 -0400] "GET /wp-content/uploads/2023/10/225-gthumb-may-phun-khoi-BF-150.jpg HTTP/1.1" 200 9259 "https://dietcontrungnhanh.com/" "Mozilla/5.0 (Windows NT 10.0; Win64; x64) AppleWebKit/537.36 (KHTML, like Gecko) Chrome/130.0.0.0 Safari/537.36"
103.163.220.53 - - [21/Oct/2024:22:20:28 -0400] "GET /wp-content/uploads/2023/10/230-gthumb-Binh-phun-dien-LD-Viet-nhat.jpg HTTP/1.1" 200 10570 "https://dietcontrungnhanh.com/" "Mozilla/5.0 (Windows NT 10.0; Win64; x64) AppleWebKit/537.36 (KHTML, like Gecko) Chrome/130.0.0.0 Safari/537.36"
103.163.220.53 - - [21/Oct/2024:22:20:28 -0400] "GET /wp-content/uploads/2023/10/218-gthumb-May-phun-xit-con-trung-ULV-pm7650.jpg HTTP/1.1" 200 7114 "https://dietcontrungnhanh.com/" "Mozilla/5.0 (Windows NT 10.0; Win64; x64) AppleWebKit/537.36 (KHTML, like Gecko) Chrome/130.0.0.0 Safari/537.36"
103.163.220.53 - - [21/Oct/2024:22:20:29 -0400] "GET /wp-content/uploads/2023/10/76-gthumb-Binh-phun-dien-5-lit-dudaco.jpg HTTP/1.1" 200 6281 "https://dietcontrungnhanh.com/" "Mozilla/5.0 (Windows NT 10.0; Win64; x64) AppleWebKit/537.36 (KHTML, like Gecko) Chrome/130.0.0.0 Safari/537.36"
103.163.220.53 - - [21/Oct/2024:22:20:29 -0400] "GET /wp-content/uploads/2023/10/211-gthumb-Binh-phun-2-lit-sac-dien.jpg HTTP/1.1" 200 3515 "https://dietcontrungnhanh.com/" "Mozilla/5.0 (Windows NT 10.0; Win64; x64) AppleWebKit/537.36 (KHTML, like Gecko) Chrome/130.0.0.0 Safari/537.36"
66.249.77.227 - - [21/Oct/2024:22:25:17 -0400] "GET /index1.html HTTP/1.1" 404 18808 "-" "Mozilla/5.0 (Linux; Android 6.0.1; Nexus 5X Build/MMB29P) AppleWebKit/537.36 (KHTML, like Gecko) Chrome/130.0.6723.58 Mobile Safari/537.36 (compatible; Googlebot/2.1; +http://www.google.com/bot.html)"
162.213.251.195 - - [21/Oct/2024:22:25:26 -0400] "POST /wp-cron.php?doing_wp_cron=1729563926.4533870220184326171875 HTTP/1.1" 200 0 "-" "WordPress/6.6.2; https://dietcontrungnhanh.com"
162.213.251.195 - - [21/Oct/2024:22:34:00 -0400] "POST /wp-cron.php?doing_wp_cron=1729564439.4429268836975097656250 HTTP/1.1" 200 0 "-" "WordPress/6.6.2; https://dietcontrungnhanh.com"
79.134.207.195 - - [21/Oct/2024:22:33:53 -0400] "GET /wp-login.php HTTP/1.1" 200 2800 "-" "Mozilla/5.0 (X11; Fedora; Linux x86_64; rv:94.0) Gecko/20100101 Firefox/95.0"
162.213.251.195 - - [21/Oct/2024:22:34:03 -0400] "POST /wp-cron.php?doing_wp_cron=1729564443.0726740360260009765625 HTTP/1.1" 200 0 "-" "WordPress/6.6.2; https://dietcontrungnhanh.com"
79.134.207.195 - - [21/Oct/2024:22:34:02 -0400] "POST /wp-login.php HTTP/1.1" 200 2952 "-" "Mozilla/5.0 (X11; Fedora; Linux x86_64; rv:94.0) Gecko/20100101 Firefox/95.0"
162.213.251.195 - - [21/Oct/2024:22:37:27 -0400] "POST /wp-cron.php?doing_wp_cron=1729564647.2894730567932128906250 HTTP/1.1" 200 0 "-" "WordPress/6.6.2; https://dietcontrungnhanh.com"
66.249.77.226 - - [21/Oct/2024:22:37:16 -0400] "GET /dich-vu-= HTTP/1.1" 301 0 "-" "Mozilla/5.0 (Linux; Android 6.0.1; Nexus 5X Build/MMB29P) AppleWebKit/537.36 (KHTML, like Gecko) Chrome/130.0.6723.58 Mobile Safari/537.36 (compatible; Googlebot/2.1; +http://www.google.com/bot.html)"
162.213.251.195 - - [21/Oct/2024:22:37:31 -0400] "POST /wp-cron.php?doing_wp_cron=1729564650.0586268901824951171875 HTTP/1.1" 200 0 "-" "WordPress/6.6.2; https://dietcontrungnhanh.com"
66.249.77.226 - - [21/Oct/2024:22:37:29 -0400] "GET /dich-vu-diet-gian-tai-ho-chi-minh/ HTTP/1.1" 200 27944 "-" "Mozilla/5.0 (Linux; Android 6.0.1; Nexus 5X Build/MMB29P) AppleWebKit/537.36 (KHTML, like Gecko) Chrome/130.0.6723.58 Mobile Safari/537.36 (compatible; Googlebot/2.1; +http://www.google.com/bot.html)"
162.213.251.195 - - [21/Oct/2024:22:37:42 -0400] "POST /wp-cron.php?doing_wp_cron=1729564661.8216269016265869140625 HTTP/1.1" 200 0 "-" "WordPress/6.6.2; https://dietcontrungnhanh.com"
66.249.77.225 - - [21/Oct/2024:22:37:41 -0400] "POST /?wc-ajax=get_refreshed_fragments HTTP/1.1" 200 1500 "https://dietcontrungnhanh.com/dich-vu-diet-gian-tai-ho-chi-minh/" "Mozilla/5.0 (Linux; Android 6.0.1; Nexus 5X Build/MMB29P) AppleWebKit/537.36 (KHTML, like Gecko) Chrome/129.0.6668.89 Mobile Safari/537.36 (compatible; Googlebot/2.1; +http://www.google.com/bot.html)"
162.213.251.195 - - [21/Oct/2024:22:39:39 -0400] "POST /wp-cron.php?doing_wp_cron=1729564778.6328680515289306640625 HTTP/1.1" 200 0 "-" "WordPress/6.6.2; https://dietcontrungnhanh.com"
45.61.185.127 - - [21/Oct/2024:22:39:35 -0400] "GET /wp-login.php HTTP/1.1" 200 2800 "-" "Mozilla/5.0 (Windows NT 6.3; WOW64) AppleWebKit/537.36 (KHTML, like Gecko) Chrome/36.0.1985.143 Safari/537.36"
162.213.251.195 - - [21/Oct/2024:22:39:40 -0400] "POST /wp-cron.php?doing_wp_cron=1729564780.5948760509490966796875 HTTP/1.1" 200 0 "-" "WordPress/6.6.2; https://dietcontrungnhanh.com"
45.61.185.127 - - [21/Oct/2024:22:39:39 -0400] "POST /wp-login.php HTTP/1.1" 200 3002 "-" "Mozilla/5.0 (Windows NT 6.3; WOW64) AppleWebKit/537.36 (KHTML, like Gecko) Chrome/36.0.1985.143 Safari/537.36"
162.213.251.195 - - [21/Oct/2024:22:39:57 -0400] "POST /wp-cron.php?doing_wp_cron=1729564797.4171950817108154296875 HTTP/1.1" 200 0 "-" "WordPress/6.6.2; https://dietcontrungnhanh.com"
103.131.71.71 - - [21/Oct/2024:22:39:57 -0400] "GET /robots.txt HTTP/1.1" 200 116 "-" "Mozilla/5.0 (compatible; coccocbot-web/1.0; +http://help.coccoc.com/searchengine)"
162.213.251.195 - - [21/Oct/2024:22:40:04 -0400] "POST /wp-cron.php?doing_wp_cron=1729564803.8241219520568847656250 HTTP/1.1" 200 0 "-" "WordPress/6.6.2; https://dietcontrungnhanh.com"
103.131.71.145 - - [21/Oct/2024:22:40:02 -0400] "GET / HTTP/1.1" 200 27100 "-" "Mozilla/5.0 (compatible; coccocbot-web/1.0; +http://help.coccoc.com/searchengine)"
162.213.251.195 - - [21/Oct/2024:22:42:13 -0400] "POST /wp-cron.php?doing_wp_cron=1729564933.6190130710601806640625 HTTP/1.1" 200 0 "-" "WordPress/6.6.2; https://dietcontrungnhanh.com"
66.249.77.225 - - [21/Oct/2024:22:42:10 -0400] "GET /category-sitemap.xml HTTP/1.1" 200 385 "-" "Mozilla/5.0 (compatible; Googlebot/2.1; +http://www.google.com/bot.html)"
162.213.251.195 - - [21/Oct/2024:22:44:25 -0400] "POST /wp-cron.php?doing_wp_cron=1729565064.7400829792022705078125 HTTP/1.1" 200 0 "-" "WordPress/6.6.2; https://dietcontrungnhanh.com"
54.36.100.158 - - [21/Oct/2024:22:44:21 -0400] "GET /wp-login.php HTTP/1.1" 200 2800 "-" "Mozilla/5.0 (X11; Fedora; Linux x86_64; rv:94.0) Gecko/20100101 Firefox/95.0"
162.213.251.195 - - [21/Oct/2024:22:44:27 -0400] "POST /wp-cron.php?doing_wp_cron=1729565067.1524300575256347656250 HTTP/1.1" 200 0 "-" "WordPress/6.6.2; https://dietcontrungnhanh.com"
54.36.100.158 - - [21/Oct/2024:22:44:26 -0400] "POST /wp-login.php HTTP/1.1" 200 2952 "-" "Mozilla/5.0 (X11; Fedora; Linux x86_64; rv:94.0) Gecko/20100101 Firefox/95.0"
162.213.251.195 - - [21/Oct/2024:22:45:27 -0400] "POST /wp-cron.php?doing_wp_cron=1729565127.0383079051971435546875 HTTP/1.1" 200 0 "-" "WordPress/6.6.2; https://dietcontrungnhanh.com"
45.61.185.119 - - [21/Oct/2024:22:45:26 -0400] "GET /wp-login.php HTTP/1.1" 200 2811 "-" "Mozilla/5.0 (Windows NT 6.3; WOW64) AppleWebKit/537.36 (KHTML, like Gecko) Chrome/35.0.1916.153 Safari/537.36"
45.61.185.119 - - [21/Oct/2024:22:45:27 -0400] "POST /wp-login.php HTTP/1.1" 200 2966 "-" "Mozilla/5.0 (Windows NT 6.3; WOW64) AppleWebKit/537.36 (KHTML, like Gecko) Chrome/35.0.1916.153 Safari/537.36"
162.213.251.195 - - [21/Oct/2024:22:48:47 -0400] "POST /wp-cron.php?doing_wp_cron=1729565326.8665969371795654296875 HTTP/1.1" 200 0 "-" "WordPress/6.6.2; https://dietcontrungnhanh.com"
66.249.77.225 - - [21/Oct/2024:22:48:44 -0400] "GET /SITE HTTP/1.1" 404 18789 "-" "Mozilla/5.0 (Linux; Android 6.0.1; Nexus 5X Build/MMB29P) AppleWebKit/537.36 (KHTML, like Gecko) Chrome/130.0.6723.58 Mobile Safari/537.36 (compatible; Googlebot/2.1; +http://www.google.com/bot.html)"
162.213.251.195 - - [21/Oct/2024:22:50:52 -0400] "POST /wp-cron.php?doing_wp_cron=1729565451.8163609504699707031250 HTTP/1.1" 200 0 "-" "WordPress/6.6.2; https://dietcontrungnhanh.com"
66.249.77.225 - - [21/Oct/2024:22:50:48 -0400] "GET /dich-vu-diet-chuot-q-tan-binh/ HTTP/1.1" 301 0 "-" "Mozilla/5.0 (Linux; Android 6.0.1; Nexus 5X Build/MMB29P) AppleWebKit/537.36 (KHTML, like Gecko) Chrome/130.0.6723.58 Mobile Safari/537.36 (compatible; Googlebot/2.1; +http://www.google.com/bot.html)"
66.249.77.226 - - [21/Oct/2024:22:50:52 -0400] "GET /dich-vu-diet-chuot-quan-tan-binh/ HTTP/1.1" 200 26938 "-" "Mozilla/5.0 (Linux; Android 6.0.1; Nexus 5X Build/MMB29P) AppleWebKit/537.36 (KHTML, like Gecko) Chrome/130.0.6723.58 Mobile Safari/537.36 (compatible; Googlebot/2.1; +http://www.google.com/bot.html)"
162.213.251.195 - - [21/Oct/2024:22:50:57 -0400] "POST /wp-cron.php?doing_wp_cron=1729565457.6124129295349121093750 HTTP/1.1" 200 0 "-" "WordPress/6.6.2; https://dietcontrungnhanh.com"
66.249.77.225 - - [21/Oct/2024:22:50:57 -0400] "POST /?wc-ajax=get_refreshed_fragments HTTP/1.1" 200 1500 "https://dietcontrungnhanh.com/dich-vu-diet-chuot-quan-tan-binh/" "Mozilla/5.0 (Linux; Android 6.0.1; Nexus 5X Build/MMB29P) AppleWebKit/537.36 (KHTML, like Gecko) Chrome/129.0.6668.89 Mobile Safari/537.36 (compatible; Googlebot/2.1; +http://www.google.com/bot.html)"
162.213.251.195 - - [21/Oct/2024:22:56:43 -0400] "POST /wp-cron.php?doing_wp_cron=1729565802.8239259719848632812500 HTTP/1.1" 200 0 "-" "WordPress/6.6.2; https://dietcontrungnhanh.com"
39.103.225.8 - - [21/Oct/2024:22:56:34 -0400] "GET /wp-login.php HTTP/1.1" 200 2800 "-" "Mozilla/5.0 (X11; Fedora; Linux x86_64; rv:94.0) Gecko/20100101 Firefox/95.0"
162.213.251.195 - - [21/Oct/2024:22:56:53 -0400] "POST /wp-cron.php?doing_wp_cron=1729565812.6920371055603027343750 HTTP/1.1" 200 0 "-" "WordPress/6.6.2; https://dietcontrungnhanh.com"
39.103.225.8 - - [21/Oct/2024:22:56:52 -0400] "POST /wp-login.php HTTP/1.1" 200 2989 "-" "Mozilla/5.0 (X11; Fedora; Linux x86_64; rv:94.0) Gecko/20100101 Firefox/95.0"
82.102.25.217 - - [21/Oct/2024:22:59:48 -0400] "GET /rex/index.php HTTP/1.1" 200 2151 "-" "Mozilla/5.0 (Macintosh; Intel Mac OS X 10_9_3) AppleWebKit/537.75.14 (KHTML, like Gecko) Version/7.0.3 Safari/7046A194A"
82.102.25.217 - - [21/Oct/2024:22:59:49 -0400] "POST /rex/index.php HTTP/1.1" 200 2211 "https://dieukhoandaily.bnnagency.com/rex/index.php" "Mozilla/5.0 (Macintosh; Intel Mac OS X 10_9_3) AppleWebKit/537.75.14 (KHTML, like Gecko) Version/7.0.3 Safari/7046A194A"
162.213.251.195 - - [21/Oct/2024:23:02:07 -0400] "POST /wp-cron.php?doing_wp_cron=1729566127.1865789890289306640625 HTTP/1.1" 200 0 "-" "WordPress/6.6.2; https://dietcontrungnhanh.com"
66.249.77.225 - - [21/Oct/2024:23:01:58 -0400] "GET /dich-vu-diet-con-trung-tan-goc HTTP/1.1" 404 18825 "-" "Mozilla/5.0 (Linux; Android 6.0.1; Nexus 5X Build/MMB29P) AppleWebKit/537.36 (KHTML, like Gecko) Chrome/130.0.6723.58 Mobile Safari/537.36 (compatible; Googlebot/2.1; +http://www.google.com/bot.html)"
82.102.25.217 - - [21/Oct/2024:23:04:44 -0400] "GET /rex/about.php HTTP/1.1" 200 181 "-" "python-requests/2.32.0"
162.213.251.195 - - [21/Oct/2024:23:08:53 -0400] "POST /wp-cron.php?doing_wp_cron=1729566533.2589919567108154296875 HTTP/1.1" 200 0 "-" "WordPress/6.6.2; https://dietcontrungnhanh.com"
107.172.63.135 - - [21/Oct/2024:23:08:50 -0400] "GET /wp-login.php HTTP/1.1" 200 2800 "-" "Mozilla/5.0 (X11; Fedora; Linux x86_64; rv:94.0) Gecko/20100101 Firefox/95.0"
107.172.63.135 - - [21/Oct/2024:23:08:54 -0400] "POST /wp-login.php HTTP/1.1" 200 2989 "-" "Mozilla/5.0 (X11; Fedora; Linux x86_64; rv:94.0) Gecko/20100101 Firefox/95.0"
162.213.251.195 - - [21/Oct/2024:23:11:52 -0400] "POST /wp-cron.php?doing_wp_cron=1729566711.8948218822479248046875 HTTP/1.1" 200 0 "-" "WordPress/6.6.2; https://dietcontrungnhanh.com"
184.174.67.183 - - [21/Oct/2024:23:11:49 -0400] "GET /rex/lm/index.php?pass=lufix HTTP/1.1" 301 0 "-" "Mozilla/5.0 (Windows NT 10.0; Win64; x64) AppleWebKit/537.36 (KHTML, like Gecko) Chrome/127.0.0.0 Safari/537.36"
184.174.67.183 - - [21/Oct/2024:23:11:52 -0400] "GET /rex/lm/?pass=lufix HTTP/1.1" 403 1242 "-" "Mozilla/5.0 (Windows NT 10.0; Win64; x64) AppleWebKit/537.36 (KHTML, like Gecko) Chrome/127.0.0.0 Safari/537.36"
162.213.251.195 - - [21/Oct/2024:23:12:17 -0400] "POST /wp-cron.php?doing_wp_cron=1729566737.1346409320831298828125 HTTP/1.1" 200 0 "-" "WordPress/6.6.2; https://dietcontrungnhanh.com"
5.231.237.236 - - [21/Oct/2024:23:12:16 -0400] "POST /rex/l/index.php HTTP/1.1" 404 17477 "-" "Mozilla/5.0 (Windows NT 10.0; Win64; x64) AppleWebKit/537.36 (KHTML, like Gecko) Chrome/127.0.0.0 Safari/537.36"
162.213.251.195 - - [21/Oct/2024:23:14:15 -0400] "POST /wp-cron.php?doing_wp_cron=1729566854.6278660297393798828125 HTTP/1.1" 200 0 "-" "WordPress/6.6.2; https://dietcontrungnhanh.com"
66.249.77.225 - - [21/Oct/2024:23:14:08 -0400] "GET /wp-admin/comment.php?action=approve&c=38 HTTP/1.1" 302 0 "-" "Mozilla/5.0 (Linux; Android 6.0.1; Nexus 5X Build/MMB29P) AppleWebKit/537.36 (KHTML, like Gecko) Chrome/130.0.6723.58 Mobile Safari/537.36 (compatible; Googlebot/2.1; +http://www.google.com/bot.html)"
66.249.77.225 - - [21/Oct/2024:23:14:16 -0400] "GET /wp-login.php?redirect_to=https%3A%2F%2Fdietcontrungnhanh.com%2Fwp-admin%2Fcomment.php%3Faction%3Dapprove%26c%3D38&reauth=1 HTTP/1.1" 200 2833 "-" "Mozilla/5.0 (Linux; Android 6.0.1; Nexus 5X Build/MMB29P) AppleWebKit/537.36 (KHTML, like Gecko) Chrome/130.0.6723.58 Mobile Safari/537.36 (compatible; Googlebot/2.1; +http://www.google.com/bot.html)"
162.213.251.195 - - [21/Oct/2024:23:16:38 -0400] "POST /wp-cron.php?doing_wp_cron=1729566998.3465929031372070312500 HTTP/1.1" 200 0 "-" "WordPress/6.6.2; https://dietcontrungnhanh.com"
206.124.107.58 - - [21/Oct/2024:23:16:35 -0400] "GET /rex/x/index.php?watchx=true HTTP/1.1" 301 0 "https://dietcontrungnhanh.com/rex/x/index.php?watchx=true" "Mozilla/5.0 (Windows NT 10.0; Win64; x64) AppleWebKit/537.36 (KHTML, like Gecko) Chrome/119.0.0.0 Safari/537.36"
206.124.107.58 - - [21/Oct/2024:23:16:39 -0400] "GET /rex/x/?watchx=true HTTP/1.1" 403 1242 "https://dietcontrungnhanh.com/rex/x/index.php?watchx=true" "Mozilla/5.0 (Windows NT 10.0; Win64; x64) AppleWebKit/537.36 (KHTML, like Gecko) Chrome/119.0.0.0 Safari/537.36"
66.249.77.227 - - [21/Oct/2024:23:16:38 -0400] "GET /login-custome-day-one-check HTTP/1.1" 404 18781 "-" "Mozilla/5.0 (Linux; Android 6.0.1; Nexus 5X Build/MMB29P) AppleWebKit/537.36 (KHTML, like Gecko) Chrome/130.0.6723.58 Mobile Safari/537.36 (compatible; Googlebot/2.1; +http://www.google.com/bot.html)"
162.213.251.195 - - [21/Oct/2024:23:18:52 -0400] "POST /wp-cron.php?doing_wp_cron=1729567131.8469510078430175781250 HTTP/1.1" 200 0 "-" "WordPress/6.6.2; https://dietcontrungnhanh.com"
206.124.109.133 - - [21/Oct/2024:23:18:48 -0400] "GET /rex/x/index.php?watchx=true HTTP/1.1" 301 0 "https://dietcontrungnhanh.com/rex/x/index.php?watchx=true" "Mozilla/5.0 (Windows NT 10.0; Win64; x64) AppleWebKit/537.36 (KHTML, like Gecko) Chrome/119.0.0.0 Safari/537.36"
206.124.109.133 - - [21/Oct/2024:23:18:52 -0400] "GET /rex/x/?watchx=true HTTP/1.1" 403 1242 "https://dietcontrungnhanh.com/rex/x/index.php?watchx=true" "Mozilla/5.0 (Windows NT 10.0; Win64; x64) AppleWebKit/537.36 (KHTML, like Gecko) Chrome/119.0.0.0 Safari/537.36"
162.213.251.195 - - [21/Oct/2024:23:19:41 -0400] "POST /wp-cron.php?doing_wp_cron=1729567181.5580630302429199218750 HTTP/1.1" 200 0 "-" "WordPress/6.6.2; https://dietcontrungnhanh.com"
66.249.77.230 - - [21/Oct/2024:23:19:41 -0400] "GET /main HTTP/1.1" 404 18800 "-" "Mozilla/5.0 (Linux; Android 6.0.1; Nexus 5X Build/MMB29P) AppleWebKit/537.36 (KHTML, like Gecko) Chrome/130.0.6723.58 Mobile Safari/537.36 (compatible; Googlebot/2.1; +http://www.google.com/bot.html)"
162.213.251.195 - - [21/Oct/2024:23:21:52 -0400] "POST /wp-cron.php?doing_wp_cron=1729567312.5713989734649658203125 HTTP/1.1" 200 0 "-" "WordPress/6.6.2; https://dietcontrungnhanh.com"
206.124.104.160 - - [21/Oct/2024:23:21:50 -0400] "GET /rex/x/index.php?watchx=true HTTP/1.1" 301 0 "https://dietcontrungnhanh.com/rex/x/index.php?watchx=true" "Mozilla/5.0 (Windows NT 10.0; Win64; x64) AppleWebKit/537.36 (KHTML, like Gecko) Chrome/119.0.0.0 Safari/537.36"
206.124.104.160 - - [21/Oct/2024:23:21:53 -0400] "GET /rex/x/?watchx=true HTTP/1.1" 403 1242 "https://dietcontrungnhanh.com/rex/x/index.php?watchx=true" "Mozilla/5.0 (Windows NT 10.0; Win64; x64) AppleWebKit/537.36 (KHTML, like Gecko) Chrome/119.0.0.0 Safari/537.36"
162.213.251.195 - - [21/Oct/2024:23:22:52 -0400] "POST /wp-cron.php?doing_wp_cron=1729567372.5857288837432861328125 HTTP/1.1" 200 0 "-" "WordPress/6.6.2; https://dietcontrungnhanh.com"
2405:3f00:a222:bbbb:bba1:2b:ffff:ffff - - [21/Oct/2024:23:22:51 -0400] "GET /wp-login.php HTTP/1.1" 200 2811 "-" "Mozilla/5.0 (X11; Fedora; Linux x86_64; rv:94.0) Gecko/20100101 Firefox/95.0"
162.213.251.195 - - [21/Oct/2024:23:22:54 -0400] "POST /wp-cron.php?doing_wp_cron=1729567374.4026749134063720703125 HTTP/1.1" 200 0 "-" "WordPress/6.6.2; https://dietcontrungnhanh.com"
2405:3f00:a222:bbbb:bba1:2b:ffff:ffff - - [21/Oct/2024:23:22:53 -0400] "POST /wp-login.php HTTP/1.1" 200 2989 "-" "Mozilla/5.0 (X11; Fedora; Linux x86_64; rv:94.0) Gecko/20100101 Firefox/95.0"
162.213.251.195 - - [21/Oct/2024:23:25:13 -0400] "POST /wp-cron.php?doing_wp_cron=1729567512.7077400684356689453125 HTTP/1.1" 200 0 "-" "WordPress/6.6.2; https://dietcontrungnhanh.com"
216.244.66.234 - - [21/Oct/2024:23:25:09 -0400] "GET /robots.txt HTTP/1.1" 200 116 "-" "Mozilla/5.0 (compatible; DotBot/1.2; +https://opensiteexplorer.org/dotbot; [email protected])"
162.213.251.195 - - [21/Oct/2024:23:25:54 -0400] "POST /wp-cron.php?doing_wp_cron=1729567554.6424639225006103515625 HTTP/1.1" 200 0 "-" "WordPress/6.6.2; https://dietcontrungnhanh.com"
66.249.77.227 - - [21/Oct/2024:23:25:54 -0400] "GET /home HTTP/1.1" 404 18778 "-" "Mozilla/5.0 (Linux; Android 6.0.1; Nexus 5X Build/MMB29P) AppleWebKit/537.36 (KHTML, like Gecko) Chrome/130.0.6723.58 Mobile Safari/537.36 (compatible; Googlebot/2.1; +http://www.google.com/bot.html)"
162.213.251.195 - - [21/Oct/2024:23:31:59 -0400] "POST /wp-cron.php?doing_wp_cron=1729567919.2276070117950439453125 HTTP/1.1" 200 0 "-" "WordPress/6.6.2; https://dietcontrungnhanh.com"
209.141.57.223 - - [21/Oct/2024:23:31:52 -0400] "GET /wp-login.php HTTP/1.1" 200 2811 "-" "Mozilla/5.0 (iPhone; CPU iPhone OS 7_0_4 like Mac OS X) AppleWebKit/537.51.1 (KHTML, like Gecko) Version/7.0 Mobile/11B554a Safari/9537.53"
209.141.57.223 - - [21/Oct/2024:23:31:59 -0400] "POST /wp-login.php HTTP/1.1" 200 2966 "-" "Mozilla/5.0 (iPhone; CPU iPhone OS 7_0_4 like Mac OS X) AppleWebKit/537.51.1 (KHTML, like Gecko) Version/7.0 Mobile/11B554a Safari/9537.53"
162.213.251.195 - - [21/Oct/2024:23:37:21 -0400] "POST /wp-cron.php?doing_wp_cron=1729568240.8054809570312500000000 HTTP/1.1" 200 0 "-" "WordPress/6.6.2; https://dietcontrungnhanh.com"
103.163.214.6 - - [21/Oct/2024:23:37:14 -0400] "GET /wp-login.php HTTP/1.1" 200 2800 "-" "Mozilla/5.0 (X11; Fedora; Linux x86_64; rv:94.0) Gecko/20100101 Firefox/95.0"
162.213.251.195 - - [21/Oct/2024:23:37:23 -0400] "POST /wp-cron.php?doing_wp_cron=1729568243.2411749362945556640625 HTTP/1.1" 200 0 "-" "WordPress/6.6.2; https://dietcontrungnhanh.com"
103.163.214.6 - - [21/Oct/2024:23:37:22 -0400] "POST /wp-login.php HTTP/1.1" 200 2989 "-" "Mozilla/5.0 (X11; Fedora; Linux x86_64; rv:94.0) Gecko/20100101 Firefox/95.0"
162.213.251.195 - - [21/Oct/2024:23:37:58 -0400] "POST /wp-cron.php?doing_wp_cron=1729568278.2103641033172607421875 HTTP/1.1" 200 0 "-" "WordPress/6.6.2; https://dietcontrungnhanh.com"
66.249.77.229 - - [21/Oct/2024:23:37:57 -0400] "GET /RvmeKmeQNsf HTTP/1.1" 404 18813 "-" "Mozilla/5.0 (Linux; Android 6.0.1; Nexus 5X Build/MMB29P) AppleWebKit/537.36 (KHTML, like Gecko) Chrome/130.0.6723.58 Mobile Safari/537.36 (compatible; Googlebot/2.1; +http://www.google.com/bot.html)"
162.213.251.195 - - [21/Oct/2024:23:44:04 -0400] "POST /wp-cron.php?doing_wp_cron=1729568644.5810410976409912109375 HTTP/1.1" 200 0 "-" "WordPress/6.6.2; https://dietcontrungnhanh.com"
66.249.77.229 - - [21/Oct/2024:23:44:00 -0400] "GET /wp-admin/comment.php?action=spam&c=38 HTTP/1.1" 302 0 "-" "Mozilla/5.0 (Linux; Android 6.0.1; Nexus 5X Build/MMB29P) AppleWebKit/537.36 (KHTML, like Gecko) Chrome/130.0.6723.58 Mobile Safari/537.36 (compatible; Googlebot/2.1; +http://www.google.com/bot.html)"
162.213.251.195 - - [21/Oct/2024:23:44:06 -0400] "POST /wp-cron.php?doing_wp_cron=1729568646.0648090839385986328125 HTTP/1.1" 200 0 "-" "WordPress/6.6.2; https://dietcontrungnhanh.com"
66.249.77.229 - - [21/Oct/2024:23:44:05 -0400] "GET /wp-login.php?redirect_to=https%3A%2F%2Fdietcontrungnhanh.com%2Fwp-admin%2Fcomment.php%3Faction%3Dspam%26c%3D38&reauth=1 HTTP/1.1" 200 2834 "-" "Mozilla/5.0 (Linux; Android 6.0.1; Nexus 5X Build/MMB29P) AppleWebKit/537.36 (KHTML, like Gecko) Chrome/130.0.6723.58 Mobile Safari/537.36 (compatible; Googlebot/2.1; +http://www.google.com/bot.html)"
162.213.251.195 - - [21/Oct/2024:23:45:54 -0400] "POST /wp-cron.php?doing_wp_cron=1729568754.0447480678558349609375 HTTP/1.1" 200 0 "-" "WordPress/6.6.2; https://dietcontrungnhanh.com"
66.249.77.229 - - [21/Oct/2024:23:45:50 -0400] "GET /wp-content/plugins/ubh/ HTTP/1.1" 404 19691 "-" "Mozilla/5.0 (Linux; Android 6.0.1; Nexus 5X Build/MMB29P) AppleWebKit/537.36 (KHTML, like Gecko) Chrome/130.0.6723.58 Mobile Safari/537.36 (compatible; Googlebot/2.1; +http://www.google.com/bot.html)"
162.213.251.195 - - [21/Oct/2024:23:48:44 -0400] "POST /wp-cron.php?doing_wp_cron=1729568924.3707969188690185546875 HTTP/1.1" 200 0 "-" "WordPress/6.6.2; https://dietcontrungnhanh.com"
66.249.77.230 - - [21/Oct/2024:23:48:41 -0400] "GET /dd-xsmb-soi-cau-du-doan-kqxs-mb-ket-qua-xo-so-mien-bac-ngay-09-08-p156.html HTTP/1.1" 404 18869 "-" "Mozilla/5.0 (Linux; Android 6.0.1; Nexus 5X Build/MMB29P) AppleWebKit/537.36 (KHTML, like Gecko) Chrome/130.0.6723.58 Mobile Safari/537.36 (compatible; Googlebot/2.1; +http://www.google.com/bot.html)"
162.213.251.195 - - [21/Oct/2024:23:49:16 -0400] "POST /wp-cron.php?doing_wp_cron=1729568956.6679949760437011718750 HTTP/1.1" 200 0 "-" "WordPress/6.6.2; https://dietcontrungnhanh.com"
66.249.77.226 - - [21/Oct/2024:23:49:16 -0400] "GET /?p=1569 HTTP/1.1" 301 0 "-" "Mozilla/5.0 (Linux; Android 6.0.1; Nexus 5X Build/MMB29P) AppleWebKit/537.36 (KHTML, like Gecko) Chrome/130.0.6723.58 Mobile Safari/537.36 (compatible; Googlebot/2.1; +http://www.google.com/bot.html)"
162.213.251.195 - - [21/Oct/2024:23:49:20 -0400] "POST /wp-cron.php?doing_wp_cron=1729568960.2266490459442138671875 HTTP/1.1" 200 0 "-" "WordPress/6.6.2; https://dietcontrungnhanh.com"
66.249.77.225 - - [21/Oct/2024:23:49:19 -0400] "GET /dich-vu-diet-gian-thu-duc-chuyen-nghiep-hieu-qua/ HTTP/1.1" 200 28630 "-" "Mozilla/5.0 (Linux; Android 6.0.1; Nexus 5X Build/MMB29P) AppleWebKit/537.36 (KHTML, like Gecko) Chrome/130.0.6723.58 Mobile Safari/537.36 (compatible; Googlebot/2.1; +http://www.google.com/bot.html)"
162.213.251.195 - - [21/Oct/2024:23:49:26 -0400] "POST /wp-cron.php?doing_wp_cron=1729568965.6800251007080078125000 HTTP/1.1" 200 0 "-" "WordPress/6.6.2; https://dietcontrungnhanh.com"
66.249.77.226 - - [21/Oct/2024:23:49:25 -0400] "POST /?wc-ajax=get_refreshed_fragments HTTP/1.1" 200 1500 "https://dietcontrungnhanh.com/dich-vu-diet-gian-thu-duc-chuyen-nghiep-hieu-qua/" "Mozilla/5.0 (Linux; Android 6.0.1; Nexus 5X Build/MMB29P) AppleWebKit/537.36 (KHTML, like Gecko) Chrome/129.0.6668.89 Mobile Safari/537.36 (compatible; Googlebot/2.1; +http://www.google.com/bot.html)"
162.213.251.195 - - [21/Oct/2024:23:50:37 -0400] "POST /wp-cron.php?doing_wp_cron=1729569037.0796918869018554687500 HTTP/1.1" 200 0 "-" "WordPress/6.6.2; https://dietcontrungnhanh.com"
192.250.227.19 - - [21/Oct/2024:23:50:36 -0400] "GET /wp-login.php HTTP/1.1" 200 2811 "-" "Mozilla/5.0 (X11; Fedora; Linux x86_64; rv:94.0) Gecko/20100101 Firefox/95.0"
