192.250.227.19 - - [21/Oct/2024:23:50:37 -0400] "POST /wp-login.php HTTP/1.1" 200 2952 "-" "Mozilla/5.0 (X11; Fedora; Linux x86_64; rv:94.0) Gecko/20100101 Firefox/95.0"
162.213.251.195 - - [21/Oct/2024:23:53:25 -0400] "POST /wp-cron.php?doing_wp_cron=1729569205.1057989597320556640625 HTTP/1.1" 200 0 "-" "WordPress/6.6.2; https://dietcontrungnhanh.com"
216.244.66.234 - - [21/Oct/2024:23:53:22 -0400] "GET /hd-mua-hang/ HTTP/1.1" 200 18915 "-" "Mozilla/5.0 (compatible; DotBot/1.2; +https://opensiteexplorer.org/dotbot; [email protected])"
162.213.251.195 - - [22/Oct/2024:00:01:30 -0400] "POST /wp-cron.php?doing_wp_cron=1729569690.2324590682983398437500 HTTP/1.1" 200 0 "-" "WordPress/6.6.2; https://dietcontrungnhanh.com"
66.249.77.227 - - [22/Oct/2024:00:01:16 -0400] "GET /soi-cau-mb-3s-hom-nay-chinh-xac-1406-p106.html HTTP/1.1" 404 18821 "-" "Mozilla/5.0 (Linux; Android 6.0.1; Nexus 5X Build/MMB29P) AppleWebKit/537.36 (KHTML, like Gecko) Chrome/130.0.6723.58 Mobile Safari/537.36 (compatible; Googlebot/2.1; +http://www.google.com/bot.html)"
162.213.251.195 - - [22/Oct/2024:00:05:28 -0400] "POST /wp-cron.php?doing_wp_cron=1729569928.2544128894805908203125 HTTP/1.1" 200 0 "-" "WordPress/6.6.2; https://dietcontrungnhanh.com"
159.223.128.146 - - [22/Oct/2024:00:05:16 -0400] "GET /wp-login.php HTTP/1.1" 200 2800 "-" "Mozilla/5.0 (X11; Gentoo; Linux x86_64; rv:91.0) Gecko/20100101 Firefox/91.0"
159.223.128.146 - - [22/Oct/2024:00:05:29 -0400] "POST /wp-login.php HTTP/1.1" 200 2952 "-" "Mozilla/5.0 (X11; Gentoo; Linux x86_64; rv:91.0) Gecko/20100101 Firefox/91.0"
162.213.251.195 - - [22/Oct/2024:00:13:28 -0400] "POST /wp-cron.php?doing_wp_cron=1729570408.2220869064331054687500 HTTP/1.1" 200 0 "-" "WordPress/6.6.2; https://dietcontrungnhanh.com"
66.249.77.230 - - [22/Oct/2024:00:13:16 -0400] "GET /wp-admin/comment.= HTTP/1.1" 404 18797 "-" "Mozilla/5.0 (Linux; Android 6.0.1; Nexus 5X Build/MMB29P) AppleWebKit/537.36 (KHTML, like Gecko) Chrome/130.0.6723.58 Mobile Safari/537.36 (compatible; Googlebot/2.1; +http://www.google.com/bot.html)"
162.213.251.195 - - [22/Oct/2024:00:13:29 -0400] "POST /wp-admin/admin-post.php HTTP/1.1" 200 19 "-" "WordPress/6.6.2; https://dietcontrungnhanh.com"
207.246.255.44 - - [22/Oct/2024:00:13:37 -0400] "POST / HTTP/1.1" 200 36 "-" "Mozilla/5.0 (Windows NT 10.0; Win64; x64) AppleWebKit/537.36 (KHTML, like Gecko) Chrome/59.0.3071.115 Safari/537.36"
162.213.251.195 - - [22/Oct/2024:00:15:44 -0400] "POST /wp-cron.php?doing_wp_cron=1729570543.9366369247436523437500 HTTP/1.1" 200 0 "-" "WordPress/6.6.2; https://dietcontrungnhanh.com"
66.249.77.229 - - [22/Oct/2024:00:15:40 -0400] "GET /Wp HTTP/1.1" 404 18796 "-" "Mozilla/5.0 (Linux; Android 6.0.1; Nexus 5X Build/MMB29P) AppleWebKit/537.36 (KHTML, like Gecko) Chrome/130.0.6723.58 Mobile Safari/537.36 (compatible; Googlebot/2.1; +http://www.google.com/bot.html)"
66.249.77.228 - - [22/Oct/2024:00:18:42 -0400] "GET /vbSboPJwOgLUhP HTTP/1.1" 404 18814 "-" "Mozilla/5.0 (Linux; Android 6.0.1; Nexus 5X Build/MMB29P) AppleWebKit/537.36 (KHTML, like Gecko) Chrome/130.0.6723.58 Mobile Safari/537.36 (compatible; Googlebot/2.1; +http://www.google.com/bot.html)"
162.213.251.195 - - [22/Oct/2024:00:18:57 -0400] "POST /wp-cron.php?doing_wp_cron=1729570734.8734149932861328125000 HTTP/1.1" 200 0 "-" "WordPress/6.6.2; https://dietcontrungnhanh.com"
165.232.176.90 - - [22/Oct/2024:00:19:08 -0400] "GET /wp-login.php HTTP/1.1" 200 2800 "-" "Mozilla/5.0 (X11; Fedora; Linux x86_64; rv:94.0) Gecko/20100101 Firefox/95.0"
165.232.176.90 - - [22/Oct/2024:00:19:12 -0400] "POST /wp-login.php HTTP/1.1" 200 2952 "-" "Mozilla/5.0 (X11; Fedora; Linux x86_64; rv:94.0) Gecko/20100101 Firefox/95.0"
162.213.251.195 - - [22/Oct/2024:00:25:33 -0400] "POST /wp-cron.php?doing_wp_cron=1729571132.5985438823699951171875 HTTP/1.1" 200 0 "-" "WordPress/6.6.2; https://dietcontrungnhanh.com"
66.249.77.227 - - [22/Oct/2024:00:25:17 -0400] "GET /wp-admin/comment.php?action=3Dspam&c=3D= HTTP/1.1" 302 0 "-" "Mozilla/5.0 (Linux; Android 6.0.1; Nexus 5X Build/MMB29P) AppleWebKit/537.36 (KHTML, like Gecko) Chrome/130.0.6723.58 Mobile Safari/537.36 (compatible; Googlebot/2.1; +http://www.google.com/bot.html)"
66.249.77.226 - - [22/Oct/2024:00:25:35 -0400] "GET /wp-login.php?redirect_to=https%3A%2F%2Fdietcontrungnhanh.com%2Fwp-admin%2Fcomment.php%3Faction%3D3Dspam%26c%3D3D%3D&reauth=1 HTTP/1.1" 200 2835 "-" "Mozilla/5.0 (Linux; Android 6.0.1; Nexus 5X Build/MMB29P) AppleWebKit/537.36 (KHTML, like Gecko) Chrome/130.0.6723.58 Mobile Safari/537.36 (compatible; Googlebot/2.1; +http://www.google.com/bot.html)"
66.249.77.226 - - [22/Oct/2024:00:25:35 -0400] "GET /robots.txt HTTP/1.1" 200 116 "-" "Mozilla/5.0 (compatible; Googlebot/2.1; +http://www.google.com/bot.html)"
162.213.251.195 - - [22/Oct/2024:00:26:19 -0400] "POST /wp-cron.php?doing_wp_cron=1729571179.0390450954437255859375 HTTP/1.1" 200 0 "-" "WordPress/6.6.2; https://dietcontrungnhanh.com"
199.195.251.210 - - [22/Oct/2024:00:26:18 -0400] "GET /wp-login.php HTTP/1.1" 200 2811 "-" "Mozilla/5.0 (Macintosh; Intel Mac OS X 10.8; rv:30.0) Gecko/20100101 Firefox/30.0"
199.195.251.210 - - [22/Oct/2024:00:26:20 -0400] "POST /wp-login.php HTTP/1.1" 200 2963 "-" "Mozilla/5.0 (Macintosh; Intel Mac OS X 10.8; rv:30.0) Gecko/20100101 Firefox/30.0"
162.213.251.195 - - [22/Oct/2024:00:33:03 -0400] "POST /wp-cron.php?doing_wp_cron=1729571582.6892490386962890625000 HTTP/1.1" 200 0 "-" "WordPress/6.6.2; https://dietcontrungnhanh.com"
216.244.66.234 - - [22/Oct/2024:00:32:52 -0400] "GET /hd-mua-hang/ HTTP/1.1" 200 18951 "-" "Mozilla/5.0 (compatible; DotBot/1.2; +https://opensiteexplorer.org/dotbot; [email protected])"
162.213.251.195 - - [22/Oct/2024:00:33:21 -0400] "POST /wp-cron.php?doing_wp_cron=1729571601.5217280387878417968750 HTTP/1.1" 200 0 "-" "WordPress/6.6.2; https://dietcontrungnhanh.com"
209.141.32.166 - - [22/Oct/2024:00:33:20 -0400] "GET /wp-login.php HTTP/1.1" 200 2811 "-" "Mozilla/5.0 (Macintosh; Intel Mac OS X 10.9; rv:31.0) Gecko/20100101 Firefox/31.0"
162.213.251.195 - - [22/Oct/2024:00:33:23 -0400] "POST /wp-cron.php?doing_wp_cron=1729571603.2592799663543701171875 HTTP/1.1" 200 0 "-" "WordPress/6.6.2; https://dietcontrungnhanh.com"
209.141.32.166 - - [22/Oct/2024:00:33:22 -0400] "POST /wp-login.php HTTP/1.1" 200 3002 "-" "Mozilla/5.0 (Macintosh; Intel Mac OS X 10.9; rv:31.0) Gecko/20100101 Firefox/31.0"
162.213.251.195 - - [22/Oct/2024:00:33:46 -0400] "POST /wp-cron.php?doing_wp_cron=1729571626.0524549484252929687500 HTTP/1.1" 200 0 "-" "WordPress/6.6.2; https://dietcontrungnhanh.com"
2406:b400:d11:844e:b62e:99ff:feb0:c4c6 - - [22/Oct/2024:00:33:45 -0400] "GET /wp-login.php HTTP/1.1" 200 2800 "-" "Mozilla/5.0 (X11; Fedora; Linux x86_64; rv:94.0) Gecko/20100101 Firefox/95.0"
162.213.251.195 - - [22/Oct/2024:00:33:58 -0400] "POST /wp-cron.php?doing_wp_cron=1729571638.0498011112213134765625 HTTP/1.1" 200 0 "-" "WordPress/6.6.2; https://dietcontrungnhanh.com"
124.123.123.190 - - [22/Oct/2024:00:33:57 -0400] "POST /wp-login.php HTTP/1.1" 200 2989 "-" "Mozilla/5.0 (X11; Fedora; Linux x86_64; rv:94.0) Gecko/20100101 Firefox/95.0"
162.213.251.195 - - [22/Oct/2024:00:34:15 -0400] "POST /wp-cron.php?doing_wp_cron=1729571654.9128000736236572265625 HTTP/1.1" 200 0 "-" "WordPress/6.6.2; https://dietcontrungnhanh.com"
205.185.125.62 - - [22/Oct/2024:00:34:14 -0400] "GET /wp-login.php HTTP/1.1" 200 2811 "-" "Mozilla/5.0 (Macintosh; Intel Mac OS X 10_9_4) AppleWebKit/537.36 (KHTML, like Gecko) Chrome/36.0.1985.143 Safari/537.36"
162.213.251.195 - - [22/Oct/2024:00:34:17 -0400] "POST /wp-cron.php?doing_wp_cron=1729571656.8339669704437255859375 HTTP/1.1" 200 0 "-" "WordPress/6.6.2; https://dietcontrungnhanh.com"
205.185.125.62 - - [22/Oct/2024:00:34:16 -0400] "POST /wp-login.php HTTP/1.1" 200 2966 "-" "Mozilla/5.0 (Macintosh; Intel Mac OS X 10_9_4) AppleWebKit/537.36 (KHTML, like Gecko) Chrome/36.0.1985.143 Safari/537.36"
162.213.251.195 - - [22/Oct/2024:00:37:25 -0400] "POST /wp-cron.php?doing_wp_cron=1729571845.5597269535064697265625 HTTP/1.1" 200 0 "-" "WordPress/6.6.2; https://dietcontrungnhanh.com"
66.249.77.227 - - [22/Oct/2024:00:37:16 -0400] "GET /wp-admin/comment.php?action=approve&c=19 HTTP/1.1" 302 0 "-" "Mozilla/5.0 (Linux; Android 6.0.1; Nexus 5X Build/MMB29P) AppleWebKit/537.36 (KHTML, like Gecko) Chrome/130.0.6723.58 Mobile Safari/537.36 (compatible; Googlebot/2.1; +http://www.google.com/bot.html)"
162.213.251.195 - - [22/Oct/2024:00:37:28 -0400] "POST /wp-cron.php?doing_wp_cron=1729571847.8081059455871582031250 HTTP/1.1" 200 0 "-" "WordPress/6.6.2; https://dietcontrungnhanh.com"
66.249.77.226 - - [22/Oct/2024:00:37:26 -0400] "GET /wp-login.php?redirect_to=https%3A%2F%2Fdietcontrungnhanh.com%2Fwp-admin%2Fcomment.php%3Faction%3Dapprove%26c%3D19&reauth=1 HTTP/1.1" 200 2842 "-" "Mozilla/5.0 (Linux; Android 6.0.1; Nexus 5X Build/MMB29P) AppleWebKit/537.36 (KHTML, like Gecko) Chrome/130.0.6723.58 Mobile Safari/537.36 (compatible; Googlebot/2.1; +http://www.google.com/bot.html)"
162.213.251.195 - - [22/Oct/2024:00:41:56 -0400] "POST /wp-cron.php?doing_wp_cron=1729572115.7127048969268798828125 HTTP/1.1" 200 0 "-" "WordPress/6.6.2; https://dietcontrungnhanh.com"
66.249.77.226 - - [22/Oct/2024:00:41:52 -0400] "GET /?p=1569 HTTP/1.1" 301 0 "-" "Mozilla/5.0 (Linux; Android 6.0.1; Nexus 5X Build/MMB29P) AppleWebKit/537.36 (KHTML, like Gecko) Chrome/130.0.6723.58 Mobile Safari/537.36 (compatible; GoogleOther)"
162.213.251.195 - - [22/Oct/2024:00:42:13 -0400] "POST /wp-cron.php?doing_wp_cron=1729572133.0667109489440917968750 HTTP/1.1" 200 0 "-" "WordPress/6.6.2; https://dietcontrungnhanh.com"
66.249.77.226 - - [22/Oct/2024:00:42:12 -0400] "GET /dich-vu-diet-gian-thu-duc-chuyen-nghiep-hieu-qua/ HTTP/1.1" 200 28592 "-" "Mozilla/5.0 (Linux; Android 6.0.1; Nexus 5X Build/MMB29P) AppleWebKit/537.36 (KHTML, like Gecko) Chrome/130.0.6723.58 Mobile Safari/537.36 (compatible; GoogleOther)"
162.213.251.195 - - [22/Oct/2024:00:42:25 -0400] "POST /wp-cron.php?doing_wp_cron=1729572144.6142730712890625000000 HTTP/1.1" 200 0 "-" "WordPress/6.6.2; https://dietcontrungnhanh.com"
66.249.77.225 - - [22/Oct/2024:00:42:24 -0400] "POST /?wc-ajax=get_refreshed_fragments HTTP/1.1" 200 1500 "https://dietcontrungnhanh.com/dich-vu-diet-gian-thu-duc-chuyen-nghiep-hieu-qua/" "Mozilla/5.0 (Linux; Android 6.0.1; Nexus 5X Build/MMB29P) AppleWebKit/537.36 (KHTML, like Gecko) Chrome/129.0.6668.89 Mobile Safari/537.36 (compatible; Googlebot/2.1; +http://www.google.com/bot.html)"
162.213.251.195 - - [22/Oct/2024:00:46:43 -0400] "POST /wp-cron.php?doing_wp_cron=1729572402.6102600097656250000000 HTTP/1.1" 200 0 "-" "WordPress/6.6.2; https://dietcontrungnhanh.com"
157.230.43.211 - - [22/Oct/2024:00:46:39 -0400] "GET /wp-login.php HTTP/1.1" 200 2811 "-" "Mozilla/5.0 (X11; Fedora; Linux x86_64; rv:94.0) Gecko/20100101 Firefox/95.0"
162.213.251.195 - - [22/Oct/2024:00:46:45 -0400] "POST /wp-cron.php?doing_wp_cron=1729572404.7649130821228027343750 HTTP/1.1" 200 0 "-" "WordPress/6.6.2; https://dietcontrungnhanh.com"
157.230.43.211 - - [22/Oct/2024:00:46:44 -0400] "POST /wp-login.php HTTP/1.1" 200 2952 "-" "Mozilla/5.0 (X11; Fedora; Linux x86_64; rv:94.0) Gecko/20100101 Firefox/95.0"
162.213.251.195 - - [22/Oct/2024:00:48:44 -0400] "POST /wp-cron.php?doing_wp_cron=1729572524.4233438968658447265625 HTTP/1.1" 200 0 "-" "WordPress/6.6.2; https://dietcontrungnhanh.com"
66.249.77.225 - - [22/Oct/2024:00:48:41 -0400] "GET /ddkqxsmt-hom-nay-chinh-xac-nhat-ngay-2305-p544.html HTTP/1.1" 404 18842 "-" "Mozilla/5.0 (Linux; Android 6.0.1; Nexus 5X Build/MMB29P) AppleWebKit/537.36 (KHTML, like Gecko) Chrome/130.0.6723.58 Mobile Safari/537.36 (compatible; Googlebot/2.1; +http://www.google.com/bot.html)"
162.213.251.195 - - [22/Oct/2024:00:48:47 -0400] "POST /wp-cron.php?doing_wp_cron=1729572527.4090828895568847656250 HTTP/1.1" 200 0 "-" "WordPress/6.6.2; https://dietcontrungnhanh.com"
66.249.77.226 - - [22/Oct/2024:00:48:46 -0400] "GET /dich-vu-diet-moi-tai-nha-tai-thanh-pho-ho-chi-minh HTTP/1.1" 404 18841 "-" "Mozilla/5.0 (Linux; Android 6.0.1; Nexus 5X Build/MMB29P) AppleWebKit/537.36 (KHTML, like Gecko) Chrome/130.0.6723.58 Mobile Safari/537.36 (compatible; Googlebot/2.1; +http://www.google.com/bot.html)"
162.213.251.195 - - [22/Oct/2024:00:49:03 -0400] "POST /wp-cron.php?doing_wp_cron=1729572543.2129850387573242187500 HTTP/1.1" 200 0 "-" "WordPress/6.6.2; https://dietcontrungnhanh.com"
66.249.77.225 - - [22/Oct/2024:00:49:02 -0400] "GET /imei/ HTTP/1.1" 404 18807 "-" "Mozilla/5.0 (Linux; Android 6.0.1; Nexus 5X Build/MMB29P) AppleWebKit/537.36 (KHTML, like Gecko) Chrome/130.0.6723.58 Mobile Safari/537.36 (compatible; Googlebot/2.1; +http://www.google.com/bot.html)"
162.213.251.195 - - [22/Oct/2024:00:50:06 -0400] "POST /wp-cron.php?doing_wp_cron=1729572606.0013520717620849609375 HTTP/1.1" 200 0 "-" "WordPress/6.6.2; https://dietcontrungnhanh.com"
66.249.77.225 - - [22/Oct/2024:00:50:05 -0400] "GET /diet-moi-het-bao-nhieu-tien HTTP/1.1" 404 18843 "-" "Mozilla/5.0 (Linux; Android 6.0.1; Nexus 5X Build/MMB29P) AppleWebKit/537.36 (KHTML, like Gecko) Chrome/130.0.6723.58 Mobile Safari/537.36 (compatible; Googlebot/2.1; +http://www.google.com/bot.html)"
162.213.251.195 - - [22/Oct/2024:00:50:12 -0400] "POST /wp-cron.php?doing_wp_cron=1729572612.3981668949127197265625 HTTP/1.1" 200 0 "-" "WordPress/6.6.2; https://dietcontrungnhanh.com"
66.249.77.225 - - [22/Oct/2024:00:50:10 -0400] "GET /wp-admin/comment.php?action=spam&c=11 HTTP/1.1" 302 0 "-" "Mozilla/5.0 (Linux; Android 6.0.1; Nexus 5X Build/MMB29P) AppleWebKit/537.36 (KHTML, like Gecko) Chrome/130.0.6723.58 Mobile Safari/537.36 (compatible; Googlebot/2.1; +http://www.google.com/bot.html)"
162.213.251.195 - - [22/Oct/2024:00:50:14 -0400] "POST /wp-cron.php?doing_wp_cron=1729572614.2928509712219238281250 HTTP/1.1" 200 0 "-" "WordPress/6.6.2; https://dietcontrungnhanh.com"
66.249.77.225 - - [22/Oct/2024:00:50:13 -0400] "GET /wp-admin/comment.php?action=approve&c=104 HTTP/1.1" 302 0 "-" "Mozilla/5.0 (Linux; Android 6.0.1; Nexus 5X Build/MMB29P) AppleWebKit/537.36 (KHTML, like Gecko) Chrome/130.0.6723.58 Mobile Safari/537.36 (compatible; Googlebot/2.1; +http://www.google.com/bot.html)"
162.213.251.195 - - [22/Oct/2024:00:50:19 -0400] "POST /wp-cron.php?doing_wp_cron=1729572618.8079700469970703125000 HTTP/1.1" 200 0 "-" "WordPress/6.6.2; https://dietcontrungnhanh.com"
66.249.77.225 - - [22/Oct/2024:00:50:18 -0400] "GET /matamu.php HTTP/1.1" 404 16600 "-" "Mozilla/5.0 (Linux; Android 6.0.1; Nexus 5X Build/MMB29P) AppleWebKit/537.36 (KHTML, like Gecko) Chrome/130.0.6723.58 Mobile Safari/537.36 (compatible; Googlebot/2.1; +http://www.google.com/bot.html)"
162.213.251.195 - - [22/Oct/2024:00:50:23 -0400] "POST /wp-cron.php?doing_wp_cron=1729572623.4254689216613769531250 HTTP/1.1" 200 0 "-" "WordPress/6.6.2; https://dietcontrungnhanh.com"
66.249.77.225 - - [22/Oct/2024:00:50:23 -0400] "GET /wp-login.php?redirect_to=https%3A%2F%2Fdietcontrungnhanh.com%2Fwp-admin%2Fcomment.php%3Faction%3Dspam%26c%3D11&reauth=1 HTTP/1.1" 200 2833 "-" "Mozilla/5.0 (Linux; Android 6.0.1; Nexus 5X Build/MMB29P) AppleWebKit/537.36 (KHTML, like Gecko) Chrome/130.0.6723.58 Mobile Safari/537.36 (compatible; Googlebot/2.1; +http://www.google.com/bot.html)"
162.213.251.195 - - [22/Oct/2024:00:50:28 -0400] "POST /wp-cron.php?doing_wp_cron=1729572628.1406819820404052734375 HTTP/1.1" 200 0 "-" "WordPress/6.6.2; https://dietcontrungnhanh.com"
66.249.77.225 - - [22/Oct/2024:00:50:27 -0400] "GET /wp-login.php?redirect_to=https%3A%2F%2Fdietcontrungnhanh.com%2Fwp-admin%2Fcomment.php%3Faction%3Dapprove%26c%3D104&reauth=1 HTTP/1.1" 200 2838 "-" "Mozilla/5.0 (Linux; Android 6.0.1; Nexus 5X Build/MMB29P) AppleWebKit/537.36 (KHTML, like Gecko) Chrome/130.0.6723.58 Mobile Safari/537.36 (compatible; Googlebot/2.1; +http://www.google.com/bot.html)"
13.38.121.66 - - [22/Oct/2024:00:58:50 -0400] "GET /ss.php HTTP/1.1" 200 0 "www.google.com" "Mozlila/5.0 (Linux; Android 7.0; SM-G892A Bulid/NRD90M; wv) AppleWebKit/537.36 (KHTML, like Gecko) Version/4.0 Chrome/60.0.3112.107 Moblie Safari/537.36"
162.213.251.195 - - [22/Oct/2024:00:59:03 -0400] "POST /wp-cron.php?doing_wp_cron=1729573142.8417899608612060546875 HTTP/1.1" 200 0 "-" "WordPress/6.6.2; https://dietcontrungnhanh.com"
162.213.251.195 - - [22/Oct/2024:01:01:21 -0400] "POST /wp-cron.php?doing_wp_cron=1729573280.5889859199523925781250 HTTP/1.1" 200 0 "-" "WordPress/6.6.2; https://dietcontrungnhanh.com"
66.249.77.230 - - [22/Oct/2024:01:01:16 -0400] "GET /wp-admin/comment.php?action=spam&c=19 HTTP/1.1" 302 0 "-" "Mozilla/5.0 (Linux; Android 6.0.1; Nexus 5X Build/MMB29P) AppleWebKit/537.36 (KHTML, like Gecko) Chrome/130.0.6723.58 Mobile Safari/537.36 (compatible; Googlebot/2.1; +http://www.google.com/bot.html)"
162.213.251.195 - - [22/Oct/2024:01:01:23 -0400] "POST /wp-cron.php?doing_wp_cron=1729573283.5249330997467041015625 HTTP/1.1" 200 0 "-" "WordPress/6.6.2; https://dietcontrungnhanh.com"
66.249.77.229 - - [22/Oct/2024:01:01:22 -0400] "GET /wp-login.php?redirect_to=https%3A%2F%2Fdietcontrungnhanh.com%2Fwp-admin%2Fcomment.php%3Faction%3Dspam%26c%3D19&reauth=1 HTTP/1.1" 200 2834 "-" "Mozilla/5.0 (Linux; Android 6.0.1; Nexus 5X Build/MMB29P) AppleWebKit/537.36 (KHTML, like Gecko) Chrome/130.0.6723.58 Mobile Safari/537.36 (compatible; Googlebot/2.1; +http://www.google.com/bot.html)"
162.213.251.195 - - [22/Oct/2024:01:01:43 -0400] "POST /wp-cron.php?doing_wp_cron=1729573302.9330699443817138671875 HTTP/1.1" 200 0 "-" "WordPress/6.6.2; https://dietcontrungnhanh.com"
157.230.219.118 - - [22/Oct/2024:01:01:42 -0400] "GET /wp-login.php HTTP/1.1" 200 2811 "-" "Mozilla/5.0 (X11; Fedora; Linux x86_64; rv:94.0) Gecko/20100101 Firefox/95.0"
157.230.219.118 - - [22/Oct/2024:01:01:43 -0400] "POST /wp-login.php HTTP/1.1" 200 2952 "-" "Mozilla/5.0 (X11; Fedora; Linux x86_64; rv:94.0) Gecko/20100101 Firefox/95.0"
162.213.251.195 - - [22/Oct/2024:01:06:51 -0400] "POST /wp-cron.php?doing_wp_cron=1729573611.4841580390930175781250 HTTP/1.1" 200 0 "-" "WordPress/6.6.2; https://dietcontrungnhanh.com"
216.244.66.234 - - [22/Oct/2024:01:06:47 -0400] "GET /hd-mua-hang/ HTTP/1.1" 200 18982 "-" "Mozilla/5.0 (compatible; DotBot/1.2; +https://opensiteexplorer.org/dotbot; [email protected])"
162.213.251.195 - - [22/Oct/2024:01:12:06 -0400] "POST /wp-cron.php?doing_wp_cron=1729573926.4741330146789550781250 HTTP/1.1" 200 0 "-" "WordPress/6.6.2; https://dietcontrungnhanh.com"
2001:41d0:203:2611::1 - - [22/Oct/2024:01:12:00 -0400] "GET /robots.txt HTTP/1.1" 200 116 "-" "Mozilla/5.0 (compatible; MJ12bot/v1.4.8; http://mj12bot.com/)"
162.213.251.195 - - [22/Oct/2024:01:12:16 -0400] "POST /wp-cron.php?doing_wp_cron=1729573935.7549550533294677734375 HTTP/1.1" 200 0 "-" "WordPress/6.6.2; https://dietcontrungnhanh.com"
2001:41d0:203:2611::1 - - [22/Oct/2024:01:12:15 -0400] "GET /diet-moi-o-binh-%E2%80%A6uy-trinh-tan-goc/ HTTP/1.1" 404 18795 "-" "Mozilla/5.0 (compatible; MJ12bot/v1.4.8; http://mj12bot.com/)"
162.213.251.195 - - [22/Oct/2024:01:13:17 -0400] "POST /wp-cron.php?doing_wp_cron=1729573996.9816570281982421875000 HTTP/1.1" 200 0 "-" "WordPress/6.6.2; https://dietcontrungnhanh.com"
66.249.77.229 - - [22/Oct/2024:01:13:16 -0400] "GET /wp-admin/comment.php?action=trash&c=42 HTTP/1.1" 302 0 "-" "Mozilla/5.0 (Linux; Android 6.0.1; Nexus 5X Build/MMB29P) AppleWebKit/537.36 (KHTML, like Gecko) Chrome/130.0.6723.58 Mobile Safari/537.36 (compatible; Googlebot/2.1; +http://www.google.com/bot.html)"
162.213.251.195 - - [22/Oct/2024:01:13:18 -0400] "POST /wp-cron.php?doing_wp_cron=1729573998.4268069267272949218750 HTTP/1.1" 200 0 "-" "WordPress/6.6.2; https://dietcontrungnhanh.com"
66.249.77.230 - - [22/Oct/2024:01:13:18 -0400] "GET /wp-login.php?redirect_to=https%3A%2F%2Fdietcontrungnhanh.com%2Fwp-admin%2Fcomment.php%3Faction%3Dtrash%26c%3D42&reauth=1 HTTP/1.1" 200 2841 "-" "Mozilla/5.0 (Linux; Android 6.0.1; Nexus 5X Build/MMB29P) AppleWebKit/537.36 (KHTML, like Gecko) Chrome/130.0.6723.58 Mobile Safari/537.36 (compatible; Googlebot/2.1; +http://www.google.com/bot.html)"
162.213.251.195 - - [22/Oct/2024:01:15:38 -0400] "POST /wp-cron.php?doing_wp_cron=1729574137.5957639217376708984375 HTTP/1.1" 200 0 "-" "WordPress/6.6.2; https://dietcontrungnhanh.com"
165.232.176.90 - - [22/Oct/2024:01:15:33 -0400] "GET /wp-login.php HTTP/1.1" 200 2811 "-" "Mozilla/5.0 (X11; Fedora; Linux x86_64; rv:94.0) Gecko/20100101 Firefox/95.0"
162.213.251.195 - - [22/Oct/2024:01:15:40 -0400] "POST /wp-cron.php?doing_wp_cron=1729574140.3227810859680175781250 HTTP/1.1" 200 0 "-" "WordPress/6.6.2; https://dietcontrungnhanh.com"
165.232.176.90 - - [22/Oct/2024:01:15:39 -0400] "POST /wp-login.php HTTP/1.1" 200 2989 "-" "Mozilla/5.0 (X11; Fedora; Linux x86_64; rv:94.0) Gecko/20100101 Firefox/95.0"
162.213.251.195 - - [22/Oct/2024:01:15:49 -0400] "POST /wp-cron.php?doing_wp_cron=1729574149.1702680587768554687500 HTTP/1.1" 200 0 "-" "WordPress/6.6.2; https://dietcontrungnhanh.com"
39.50.136.180 - - [22/Oct/2024:01:15:48 -0400] "GET /wp-login.php HTTP/1.1" 200 2811 "-" "Mozilla/5.0 (Windows NT 10.0; Win64; x64) AppleWebKit/537.36 (KHTML, like Gecko) Chrome/122.0.0.0 Safari/537.36"
162.213.251.195 - - [22/Oct/2024:01:17:23 -0400] "POST /wp-cron.php?doing_wp_cron=1729574243.5851740837097167968750 HTTP/1.1" 200 0 "-" "WordPress/6.6.2; https://dietcontrungnhanh.com"
146.70.123.188 - - [22/Oct/2024:01:17:20 -0400] "GET /wp-login.php HTTP/1.1" 200 2811 "-" "Mozilla/5.0 (X11; Linux x86_64) AppleWebKit/537.36 (KHTML, like Gecko) Chrome/122.0.0.0 Safari/537.36 OPR/108.0.0.0"
162.213.251.195 - - [22/Oct/2024:01:17:25 -0400] "POST /wp-cron.php?doing_wp_cron=1729574244.7230849266052246093750 HTTP/1.1" 200 0 "-" "WordPress/6.6.2; https://dietcontrungnhanh.com"
146.70.123.188 - - [22/Oct/2024:01:17:24 -0400] "POST /wp-login.php HTTP/1.1" 200 2982 "https://dietcontrungnhanh.com/wp-login.php" "Mozilla/5.0 (X11; Linux x86_64) AppleWebKit/537.36 (KHTML, like Gecko) Chrome/122.0.0.0 Safari/537.36 OPR/108.0.0.0"
162.213.251.195 - - [22/Oct/2024:01:18:42 -0400] "POST /wp-cron.php?doing_wp_cron=1729574322.0911879539489746093750 HTTP/1.1" 200 0 "-" "WordPress/6.6.2; https://dietcontrungnhanh.com"
66.249.77.227 - - [22/Oct/2024:01:18:41 -0400] "GET /wp-admin/comment.php?action=approve&c=43 HTTP/1.1" 302 0 "-" "Mozilla/5.0 (Linux; Android 6.0.1; Nexus 5X Build/MMB29P) AppleWebKit/537.36 (KHTML, like Gecko) Chrome/130.0.6723.58 Mobile Safari/537.36 (compatible; Googlebot/2.1; +http://www.google.com/bot.html)"
66.249.77.227 - - [22/Oct/2024:01:18:42 -0400] "GET /wp-login.php?redirect_to=https%3A%2F%2Fdietcontrungnhanh.com%2Fwp-admin%2Fcomment.php%3Faction%3Dapprove%26c%3D43&reauth=1 HTTP/1.1" 200 2842 "-" "Mozilla/5.0 (Linux; Android 6.0.1; Nexus 5X Build/MMB29P) AppleWebKit/537.36 (KHTML, like Gecko) Chrome/130.0.6723.58 Mobile Safari/537.36 (compatible; Googlebot/2.1; +http://www.google.com/bot.html)"
162.213.251.195 - - [22/Oct/2024:01:25:23 -0400] "POST /wp-cron.php?doing_wp_cron=1729574722.9272420406341552734375 HTTP/1.1" 200 0 "-" "WordPress/6.6.2; https://dietcontrungnhanh.com"
66.249.77.229 - - [22/Oct/2024:01:25:17 -0400] "GET /index3.php HTTP/1.1" 404 16591 "-" "Mozilla/5.0 (Linux; Android 6.0.1; Nexus 5X Build/MMB29P) AppleWebKit/537.36 (KHTML, like Gecko) Chrome/130.0.6723.58 Mobile Safari/537.36 (compatible; Googlebot/2.1; +http://www.google.com/bot.html)"
162.213.251.195 - - [22/Oct/2024:01:29:07 -0400] "POST /wp-cron.php?doing_wp_cron=1729574947.1341600418090820312500 HTTP/1.1" 200 0 "-" "WordPress/6.6.2; https://dietcontrungnhanh.com"
45.157.52.66 - - [22/Oct/2024:01:29:02 -0400] "GET /wp-login.php HTTP/1.1" 200 2811 "-" "Mozilla/5.0 (X11; Fedora; Linux x86_64; rv:94.0) Gecko/20100101 Firefox/95.0"
162.213.251.195 - - [22/Oct/2024:01:29:09 -0400] "POST /wp-cron.php?doing_wp_cron=1729574949.2839620113372802734375 HTTP/1.1" 200 0 "-" "WordPress/6.6.2; https://dietcontrungnhanh.com"
45.157.52.66 - - [22/Oct/2024:01:29:08 -0400] "POST /wp-login.php HTTP/1.1" 200 2989 "-" "Mozilla/5.0 (X11; Fedora; Linux x86_64; rv:94.0) Gecko/20100101 Firefox/95.0"
162.213.251.195 - - [22/Oct/2024:01:33:33 -0400] "POST /wp-cron.php?doing_wp_cron=1729575213.5790779590606689453125 HTTP/1.1" 200 0 "-" "WordPress/6.6.2; https://dietcontrungnhanh.com"
13.38.118.58 - - [22/Oct/2024:01:33:29 -0400] "GET /ss.php HTTP/1.1" 200 0 "www.google.com" "Mozlila/5.0 (Linux; Android 7.0; SM-G892A Bulid/NRD90M; wv) AppleWebKit/537.36 (KHTML, like Gecko) Version/4.0 Chrome/60.0.3112.107 Moblie Safari/537.36"
128.199.109.3 - - [22/Oct/2024:01:34:23 -0400] "GET //wp-includes/ID3/license.txt HTTP/1.1" 200 414 "-" "Mozilla/5.0 (Windows NT 10.0; Win64; x64) AppleWebKit/537.36 (KHTML, like Gecko) Chrome/95.0.4638.69 Safari/537.36"
162.213.251.195 - - [22/Oct/2024:01:34:25 -0400] "POST /wp-cron.php?doing_wp_cron=1729575264.9319829940795898437500 HTTP/1.1" 200 0 "-" "WordPress/6.6.2; https://dietcontrungnhanh.com"
128.199.109.3 - - [22/Oct/2024:01:34:24 -0400] "GET //feed/ HTTP/1.1" 301 0 "-" "Mozilla/5.0 (Windows NT 10.0; Win64; x64) AppleWebKit/537.36 (KHTML, like Gecko) Chrome/95.0.4638.69 Safari/537.36"
128.199.109.3 - - [22/Oct/2024:01:34:26 -0400] "GET //xmlrpc.php?rsd HTTP/1.1" 403 26 "-" "Mozilla/5.0 (Windows NT 10.0; Win64; x64) AppleWebKit/537.36 (KHTML, like Gecko) Chrome/95.0.4638.69 Safari/537.36"
162.213.251.195 - - [22/Oct/2024:01:34:29 -0400] "POST /wp-cron.php?doing_wp_cron=1729575268.6279170513153076171875 HTTP/1.1" 200 0 "-" "WordPress/6.6.2; https://dietcontrungnhanh.com"
128.199.109.3 - - [22/Oct/2024:01:34:27 -0400] "GET //blog/wp-includes/wlwmanifest.xml HTTP/1.1" 301 0 "-" "Mozilla/5.0 (Windows NT 10.0; Win64; x64) AppleWebKit/537.36 (KHTML, like Gecko) Chrome/95.0.4638.69 Safari/537.36"
162.213.251.195 - - [22/Oct/2024:01:34:32 -0400] "POST /wp-cron.php?doing_wp_cron=1729575271.7180430889129638671875 HTTP/1.1" 200 0 "-" "WordPress/6.6.2; https://dietcontrungnhanh.com"
128.199.109.3 - - [22/Oct/2024:01:34:30 -0400] "GET //web/wp-includes/wlwmanifest.xml HTTP/1.1" 301 0 "-" "Mozilla/5.0 (Windows NT 10.0; Win64; x64) AppleWebKit/537.36 (KHTML, like Gecko) Chrome/95.0.4638.69 Safari/537.36"
128.199.109.3 - - [22/Oct/2024:01:34:33 -0400] "GET //wordpress/wp-includes/wlwmanifest.xml HTTP/1.1" 301 0 "-" "Mozilla/5.0 (Windows NT 10.0; Win64; x64) AppleWebKit/537.36 (KHTML, like Gecko) Chrome/95.0.4638.69 Safari/537.36"
162.213.251.195 - - [22/Oct/2024:01:34:36 -0400] "POST /wp-cron.php?doing_wp_cron=1729575274.4837141036987304687500 HTTP/1.1" 200 0 "-" "WordPress/6.6.2; https://dietcontrungnhanh.com"
128.199.109.3 - - [22/Oct/2024:01:34:36 -0400] "GET //wp/wp-includes/wlwmanifest.xml HTTP/1.1" 301 0 "-" "Mozilla/5.0 (Windows NT 10.0; Win64; x64) AppleWebKit/537.36 (KHTML, like Gecko) Chrome/95.0.4638.69 Safari/537.36"
128.199.109.3 - - [22/Oct/2024:01:34:38 -0400] "GET //2020/wp-includes/wlwmanifest.xml HTTP/1.1" 301 0 "-" "Mozilla/5.0 (Windows NT 10.0; Win64; x64) AppleWebKit/537.36 (KHTML, like Gecko) Chrome/95.0.4638.69 Safari/537.36"
128.199.109.3 - - [22/Oct/2024:01:34:39 -0400] "GET //2019/wp-includes/wlwmanifest.xml HTTP/1.1" 301 0 "-" "Mozilla/5.0 (Windows NT 10.0; Win64; x64) AppleWebKit/537.36 (KHTML, like Gecko) Chrome/95.0.4638.69 Safari/537.36"
128.199.109.3 - - [22/Oct/2024:01:34:40 -0400] "GET //2021/wp-includes/wlwmanifest.xml HTTP/1.1" 301 0 "-" "Mozilla/5.0 (Windows NT 10.0; Win64; x64) AppleWebKit/537.36 (KHTML, like Gecko) Chrome/95.0.4638.69 Safari/537.36"
128.199.109.3 - - [22/Oct/2024:01:34:42 -0400] "GET //shop/wp-includes/wlwmanifest.xml HTTP/1.1" 301 0 "-" "Mozilla/5.0 (Windows NT 10.0; Win64; x64) AppleWebKit/537.36 (KHTML, like Gecko) Chrome/95.0.4638.69 Safari/537.36"
128.199.109.3 - - [22/Oct/2024:01:34:43 -0400] "GET //wp1/wp-includes/wlwmanifest.xml HTTP/1.1" 301 0 "-" "Mozilla/5.0 (Windows NT 10.0; Win64; x64) AppleWebKit/537.36 (KHTML, like Gecko) Chrome/95.0.4638.69 Safari/537.36"
128.199.109.3 - - [22/Oct/2024:01:34:46 -0400] "GET //test/wp-includes/wlwmanifest.xml HTTP/1.1" 301 0 "-" "Mozilla/5.0 (Windows NT 10.0; Win64; x64) AppleWebKit/537.36 (KHTML, like Gecko) Chrome/95.0.4638.69 Safari/537.36"
128.199.109.3 - - [22/Oct/2024:01:34:47 -0400] "GET //site/wp-includes/wlwmanifest.xml HTTP/1.1" 301 0 "-" "Mozilla/5.0 (Windows NT 10.0; Win64; x64) AppleWebKit/537.36 (KHTML, like Gecko) Chrome/95.0.4638.69 Safari/537.36"
128.199.109.3 - - [22/Oct/2024:01:34:48 -0400] "GET //cms/wp-includes/wlwmanifest.xml HTTP/1.1" 301 0 "-" "Mozilla/5.0 (Windows NT 10.0; Win64; x64) AppleWebKit/537.36 (KHTML, like Gecko) Chrome/95.0.4638.69 Safari/537.36"
162.213.251.195 - - [22/Oct/2024:01:37:22 -0400] "POST /wp-cron.php?doing_wp_cron=1729575441.0791110992431640625000 HTTP/1.1" 200 0 "-" "WordPress/6.6.2; https://dietcontrungnhanh.com"
66.249.77.229 - - [22/Oct/2024:01:37:16 -0400] "GET /wp-admin/admin.php?page=itsec-logs&filters%5B0%5D=id%7C14228 HTTP/1.1" 302 0 "-" "Mozilla/5.0 (Linux; Android 6.0.1; Nexus 5X Build/MMB29P) AppleWebKit/537.36 (KHTML, like Gecko) Chrome/130.0.6723.58 Mobile Safari/537.36 (compatible; Googlebot/2.1; +http://www.google.com/bot.html)"
162.213.251.195 - - [22/Oct/2024:01:37:24 -0400] "POST /wp-cron.php?doing_wp_cron=1729575444.5568470954895019531250 HTTP/1.1" 200 0 "-" "WordPress/6.6.2; https://dietcontrungnhanh.com"
66.249.77.229 - - [22/Oct/2024:01:37:23 -0400] "GET /wp-login.php?redirect_to=https%3A%2F%2Fdietcontrungnhanh.com%2Fwp-admin%2Fadmin.php%3Fpage%3Ditsec-logs%26filters%255B0%255D%3Did%257C14228&reauth=1 HTTP/1.1" 200 2857 "-" "Mozilla/5.0 (Linux; Android 6.0.1; Nexus 5X Build/MMB29P) AppleWebKit/537.36 (KHTML, like Gecko) Chrome/130.0.6723.58 Mobile Safari/537.36 (compatible; Googlebot/2.1; +http://www.google.com/bot.html)"
162.213.251.195 - - [22/Oct/2024:01:39:19 -0400] "POST /wp-cron.php?doing_wp_cron=1729575558.8741369247436523437500 HTTP/1.1" 200 0 "-" "WordPress/6.6.2; https://dietcontrungnhanh.com"
216.244.66.234 - - [22/Oct/2024:01:39:15 -0400] "GET /hd-mua-hang/ HTTP/1.1" 200 18968 "-" "Mozilla/5.0 (compatible; DotBot/1.2; +https://opensiteexplorer.org/dotbot; [email protected])"
162.213.251.195 - - [22/Oct/2024:01:39:22 -0400] "POST /wp-cron.php?doing_wp_cron=1729575561.8625569343566894531250 HTTP/1.1" 200 0 "-" "WordPress/6.6.2; https://dietcontrungnhanh.com"
185.177.229.206 - - [22/Oct/2024:01:39:21 -0400] "GET /wp-login.php HTTP/1.1" 200 2811 "-" "Mozilla/5.0 (X11; Fedora; Linux x86_64; rv:123.0) Gecko/20100101 Firefox/123.0"
162.213.251.195 - - [22/Oct/2024:01:40:15 -0400] "POST /wp-cron.php?doing_wp_cron=1729575614.2714059352874755859375 HTTP/1.1" 200 0 "-" "WordPress/6.6.2; https://dietcontrungnhanh.com"
88.243.197.112 - - [22/Oct/2024:01:40:13 -0400] "GET /wp-login.php HTTP/1.1" 200 2800 "-" "Mozilla/5.0 (Macintosh; Intel Mac OS X 14_4) AppleWebKit/537.36 (KHTML, like Gecko) Chrome/122.0.0.0 Safari/537.36 OPR/108.0.0.0"
88.243.197.112 - - [22/Oct/2024:01:40:16 -0400] "POST /wp-login.php HTTP/1.1" 200 2950 "https://dietcontrungnhanh.com/wp-login.php" "Mozilla/5.0 (Macintosh; Intel Mac OS X 14_4) AppleWebKit/537.36 (KHTML, like Gecko) Chrome/122.0.0.0 Safari/537.36 OPR/108.0.0.0"
162.213.251.195 - - [22/Oct/2024:01:42:38 -0400] "POST /wp-cron.php?doing_wp_cron=1729575758.1056580543518066406250 HTTP/1.1" 200 0 "-" "WordPress/6.6.2; https://dietcontrungnhanh.com"
51.77.117.102 - - [22/Oct/2024:01:42:33 -0400] "GET /wp-login.php HTTP/1.1" 200 2800 "-" "Mozilla/5.0 (X11; Fedora; Linux x86_64; rv:94.0) Gecko/20100101 Firefox/95.0"
162.213.251.195 - - [22/Oct/2024:01:42:41 -0400] "POST /wp-cron.php?doing_wp_cron=1729575760.7970440387725830078125 HTTP/1.1" 200 0 "-" "WordPress/6.6.2; https://dietcontrungnhanh.com"
51.77.117.102 - - [22/Oct/2024:01:42:39 -0400] "POST /wp-login.php HTTP/1.1" 200 2952 "-" "Mozilla/5.0 (X11; Fedora; Linux x86_64; rv:94.0) Gecko/20100101 Firefox/95.0"
162.213.251.195 - - [22/Oct/2024:01:48:09 -0400] "POST /wp-cron.php?doing_wp_cron=1729576089.5912060737609863281250 HTTP/1.1" 200 0 "-" "WordPress/6.6.2; https://dietcontrungnhanh.com"
109.248.175.228 - - [22/Oct/2024:01:48:03 -0400] "POST /cd.php HTTP/1.1" 404 16591 "-" "Mozilla/4.0 (compatible; MSIE 6.0; Windows NT 5.1; SV1)"
162.213.251.195 - - [22/Oct/2024:01:48:42 -0400] "POST /wp-cron.php?doing_wp_cron=1729576122.5233120918273925781250 HTTP/1.1" 200 0 "-" "WordPress/6.6.2; https://dietcontrungnhanh.com"
66.249.77.229 - - [22/Oct/2024:01:48:41 -0400] "GET /wp-admin/comment.php?action=approve&c=42 HTTP/1.1" 302 0 "-" "Mozilla/5.0 (Linux; Android 6.0.1; Nexus 5X Build/MMB29P) AppleWebKit/537.36 (KHTML, like Gecko) Chrome/130.0.6723.58 Mobile Safari/537.36 (compatible; Googlebot/2.1; +http://www.google.com/bot.html)"
162.213.251.195 - - [22/Oct/2024:01:48:44 -0400] "POST /wp-cron.php?doing_wp_cron=1729576123.9769089221954345703125 HTTP/1.1" 200 0 "-" "WordPress/6.6.2; https://dietcontrungnhanh.com"
66.249.77.229 - - [22/Oct/2024:01:48:43 -0400] "GET /wp-login.php?redirect_to=https%3A%2F%2Fdietcontrungnhanh.com%2Fwp-admin%2Fcomment.php%3Faction%3Dapprove%26c%3D42&reauth=1 HTTP/1.1" 200 2842 "-" "Mozilla/5.0 (Linux; Android 6.0.1; Nexus 5X Build/MMB29P) AppleWebKit/537.36 (KHTML, like Gecko) Chrome/130.0.6723.58 Mobile Safari/537.36 (compatible; Googlebot/2.1; +http://www.google.com/bot.html)"
162.213.251.195 - - [22/Oct/2024:01:49:17 -0400] "POST /wp-cron.php?doing_wp_cron=1729576156.7723410129547119140625 HTTP/1.1" 200 0 "-" "WordPress/6.6.2; https://dietcontrungnhanh.com"
66.249.77.230 - - [22/Oct/2024:01:49:16 -0400] "GET /wp-admin/admin.php?page=itsec-logs&filters%5B0%5D=id%7C12506 HTTP/1.1" 302 0 "-" "Mozilla/5.0 (Linux; Android 6.0.1; Nexus 5X Build/MMB29P) AppleWebKit/537.36 (KHTML, like Gecko) Chrome/130.0.6723.58 Mobile Safari/537.36 (compatible; Googlebot/2.1; +http://www.google.com/bot.html)"
162.213.251.195 - - [22/Oct/2024:01:49:19 -0400] "POST /wp-cron.php?doing_wp_cron=1729576158.8514471054077148437500 HTTP/1.1" 200 0 "-" "WordPress/6.6.2; https://dietcontrungnhanh.com"
66.249.77.230 - - [22/Oct/2024:01:49:18 -0400] "GET /wp-login.php?redirect_to=https%3A%2F%2Fdietcontrungnhanh.com%2Fwp-admin%2Fadmin.php%3Fpage%3Ditsec-logs%26filters%255B0%255D%3Did%257C12506&reauth=1 HTTP/1.1" 200 2869 "-" "Mozilla/5.0 (Linux; Android 6.0.1; Nexus 5X Build/MMB29P) AppleWebKit/537.36 (KHTML, like Gecko) Chrome/130.0.6723.58 Mobile Safari/537.36 (compatible; Googlebot/2.1; +http://www.google.com/bot.html)"
162.213.251.195 - - [22/Oct/2024:01:52:15 -0400] "POST /wp-cron.php?doing_wp_cron=1729576335.1745018959045410156250 HTTP/1.1" 200 0 "-" "WordPress/6.6.2; https://dietcontrungnhanh.com"
77.222.127.166 - - [22/Oct/2024:01:52:12 -0400] "GET /wp-login.php HTTP/1.1" 200 2811 "-" "Mozilla/5.0 (Macintosh; Intel Mac OS X 14_4) AppleWebKit/537.36 (KHTML, like Gecko) Chrome/122.0.0.0 Safari/537.36 Vivaldi/6.6.3271.50"
162.213.251.195 - - [22/Oct/2024:01:55:04 -0400] "POST /wp-cron.php?doing_wp_cron=1729576503.6589961051940917968750 HTTP/1.1" 200 0 "-" "WordPress/6.6.2; https://dietcontrungnhanh.com"
186.216.254.147 - - [22/Oct/2024:01:55:00 -0400] "GET /wp-login.php HTTP/1.1" 200 2800 "-" "Mozilla/5.0 (Windows NT 10.0; WOW64) AppleWebKit/537.36 (KHTML, like Gecko) Chrome/122.0.0.0 Safari/537.36 Vivaldi/6.6.3271.50"
162.213.251.195 - - [22/Oct/2024:01:55:07 -0400] "POST /wp-cron.php?doing_wp_cron=1729576507.1199350357055664062500 HTTP/1.1" 200 0 "-" "WordPress/6.6.2; https://dietcontrungnhanh.com"
186.216.254.147 - - [22/Oct/2024:01:55:06 -0400] "POST /wp-login.php HTTP/1.1" 200 2950 "https://dietcontrungnhanh.com/wp-login.php" "Mozilla/5.0 (Windows NT 10.0; WOW64) AppleWebKit/537.36 (KHTML, like Gecko) Chrome/122.0.0.0 Safari/537.36 Vivaldi/6.6.3271.50"
162.213.251.195 - - [22/Oct/2024:01:56:17 -0400] "POST /wp-cron.php?doing_wp_cron=1729576577.6759600639343261718750 HTTP/1.1" 200 0 "-" "WordPress/6.6.2; https://dietcontrungnhanh.com"
159.89.203.182 - - [22/Oct/2024:01:56:16 -0400] "GET /wp-login.php HTTP/1.1" 200 2800 "-" "Mozilla/5.0 (X11; Fedora; Linux x86_64; rv:94.0) Gecko/20100101 Firefox/95.0"
162.213.251.195 - - [22/Oct/2024:01:56:20 -0400] "POST /wp-cron.php?doing_wp_cron=1729576579.7057371139526367187500 HTTP/1.1" 200 0 "-" "WordPress/6.6.2; https://dietcontrungnhanh.com"
159.89.203.182 - - [22/Oct/2024:01:56:18 -0400] "POST /wp-login.php HTTP/1.1" 200 2989 "-" "Mozilla/5.0 (X11; Fedora; Linux x86_64; rv:94.0) Gecko/20100101 Firefox/95.0"
162.213.251.195 - - [22/Oct/2024:02:01:20 -0400] "POST /wp-cron.php?doing_wp_cron=1729576880.5156939029693603515625 HTTP/1.1" 200 0 "-" "WordPress/6.6.2; https://dietcontrungnhanh.com"
66.249.77.227 - - [22/Oct/2024:02:01:16 -0400] "GET /wp-admin/comment.php?action=spam&c=84 HTTP/1.1" 302 0 "-" "Mozilla/5.0 (Linux; Android 6.0.1; Nexus 5X Build/MMB29P) AppleWebKit/537.36 (KHTML, like Gecko) Chrome/130.0.6723.58 Mobile Safari/537.36 (compatible; Googlebot/2.1; +http://www.google.com/bot.html)"
162.213.251.195 - - [22/Oct/2024:02:01:23 -0400] "POST /wp-cron.php?doing_wp_cron=1729576882.7808430194854736328125 HTTP/1.1" 200 0 "-" "WordPress/6.6.2; https://dietcontrungnhanh.com"
66.249.77.225 - - [22/Oct/2024:02:01:22 -0400] "GET /wp-login.php?redirect_to=https%3A%2F%2Fdietcontrungnhanh.com%2Fwp-admin%2Fcomment.php%3Faction%3Dspam%26c%3D84&reauth=1 HTTP/1.1" 200 2845 "-" "Mozilla/5.0 (Linux; Android 6.0.1; Nexus 5X Build/MMB29P) AppleWebKit/537.36 (KHTML, like Gecko) Chrome/130.0.6723.58 Mobile Safari/537.36 (compatible; Googlebot/2.1; +http://www.google.com/bot.html)"
162.213.251.195 - - [22/Oct/2024:02:08:43 -0400] "POST /wp-cron.php?doing_wp_cron=1729577323.2836039066314697265625 HTTP/1.1" 200 0 "-" "WordPress/6.6.2; https://dietcontrungnhanh.com"
83.212.240.13 - - [22/Oct/2024:02:08:31 -0400] "GET /wp-login.php HTTP/1.1" 200 2800 "-" "Mozilla/5.0 (X11; Fedora; Linux x86_64; rv:94.0) Gecko/20100101 Firefox/95.0"
162.213.251.195 - - [22/Oct/2024:02:08:45 -0400] "POST /wp-cron.php?doing_wp_cron=1729577325.2537848949432373046875 HTTP/1.1" 200 0 "-" "WordPress/6.6.2; https://dietcontrungnhanh.com"
83.212.240.13 - - [22/Oct/2024:02:08:44 -0400] "POST /wp-login.php HTTP/1.1" 200 2952 "-" "Mozilla/5.0 (X11; Fedora; Linux x86_64; rv:94.0) Gecko/20100101 Firefox/95.0"
162.213.251.195 - - [22/Oct/2024:02:11:00 -0400] "POST /wp-cron.php?doing_wp_cron=1729577460.1661570072174072265625 HTTP/1.1" 200 0 "-" "WordPress/6.6.2; https://dietcontrungnhanh.com"
191.241.76.80 - - [22/Oct/2024:02:10:57 -0400] "GET /wp-login.php HTTP/1.1" 200 2800 "-" "Mozilla/5.0 (Windows NT 10.0; WOW64) AppleWebKit/537.36 (KHTML, like Gecko) Chrome/122.0.0.0 Safari/537.36 Vivaldi/6.6.3271.50"
162.213.251.195 - - [22/Oct/2024:02:13:20 -0400] "POST /wp-cron.php?doing_wp_cron=1729577600.3325231075286865234375 HTTP/1.1" 200 0 "-" "WordPress/6.6.2; https://dietcontrungnhanh.com"
66.249.77.227 - - [22/Oct/2024:02:13:16 -0400] "GET /wp-admin/comment.php?action=trash&c=19 HTTP/1.1" 302 0 "-" "Mozilla/5.0 (Linux; Android 6.0.1; Nexus 5X Build/MMB29P) AppleWebKit/537.36 (KHTML, like Gecko) Chrome/130.0.6723.58 Mobile Safari/537.36 (compatible; Googlebot/2.1; +http://www.google.com/bot.html)"
162.213.251.195 - - [22/Oct/2024:02:13:22 -0400] "POST /wp-cron.php?doing_wp_cron=1729577601.9727849960327148437500 HTTP/1.1" 200 0 "-" "WordPress/6.6.2; https://dietcontrungnhanh.com"
66.249.77.226 - - [22/Oct/2024:02:13:21 -0400] "GET /wp-login.php?redirect_to=https%3A%2F%2Fdietcontrungnhanh.com%2Fwp-admin%2Fcomment.php%3Faction%3Dtrash%26c%3D19&reauth=1 HTTP/1.1" 200 2840 "-" "Mozilla/5.0 (Linux; Android 6.0.1; Nexus 5X Build/MMB29P) AppleWebKit/537.36 (KHTML, like Gecko) Chrome/130.0.6723.58 Mobile Safari/537.36 (compatible; Googlebot/2.1; +http://www.google.com/bot.html)"
162.213.251.195 - - [22/Oct/2024:02:14:14 -0400] "POST /wp-cron.php?doing_wp_cron=1729577654.5520200729370117187500 HTTP/1.1" 200 0 "-" "WordPress/6.6.2; https://dietcontrungnhanh.com"
223.123.14.28 - - [22/Oct/2024:02:14:13 -0400] "GET /wp-login.php HTTP/1.1" 200 2800 "-" "Mozilla/5.0 (X11; Linux i686) AppleWebKit/537.36 (KHTML, like Gecko) Chrome/122.0.0.0 Safari/537.36 Vivaldi/6.6.3271.50"
162.213.251.195 - - [22/Oct/2024:02:14:22 -0400] "POST /wp-cron.php?doing_wp_cron=1729577661.9362800121307373046875 HTTP/1.1" 200 0 "-" "WordPress/6.6.2; https://dietcontrungnhanh.com"
223.123.14.28 - - [22/Oct/2024:02:14:21 -0400] "POST /wp-login.php HTTP/1.1" 200 2995 "https://dietcontrungnhanh.com/wp-login.php" "Mozilla/5.0 (X11; Linux i686) AppleWebKit/537.36 (KHTML, like Gecko) Chrome/122.0.0.0 Safari/537.36 Vivaldi/6.6.3271.50"
162.213.251.195 - - [22/Oct/2024:02:14:24 -0400] "POST /wp-cron.php?doing_wp_cron=1729577664.5439569950103759765625 HTTP/1.1" 200 0 "-" "WordPress/6.6.2; https://dietcontrungnhanh.com"
85.108.199.145 - - [22/Oct/2024:02:14:24 -0400] "GET /wp-login.php HTTP/1.1" 200 2811 "-" "Mozilla/5.0 (Macintosh; Intel Mac OS X 10_15_7) AppleWebKit/537.36 (KHTML, like Gecko) Chrome/122.0.0.0 Safari/537.36 Edg/122.0.2365.80"
162.213.251.195 - - [22/Oct/2024:02:14:26 -0400] "POST /wp-cron.php?doing_wp_cron=1729577666.0365068912506103515625 HTTP/1.1" 200 0 "-" "WordPress/6.6.2; https://dietcontrungnhanh.com"
85.108.199.145 - - [22/Oct/2024:02:14:25 -0400] "POST /wp-login.php HTTP/1.1" 200 2983 "https://dietcontrungnhanh.com/wp-login.php" "Mozilla/5.0 (Macintosh; Intel Mac OS X 10_15_7) AppleWebKit/537.36 (KHTML, like Gecko) Chrome/122.0.0.0 Safari/537.36 Edg/122.0.2365.80"
162.213.251.195 - - [22/Oct/2024:02:15:33 -0400] "POST /wp-cron.php?doing_wp_cron=1729577733.1843249797821044921875 HTTP/1.1" 200 0 "-" "WordPress/6.6.2; https://dietcontrungnhanh.com"
66.249.77.226 - - [22/Oct/2024:02:15:32 -0400] "GET /en/index.php HTTP/1.1" 301 0 "-" "Mozilla/5.0 (Linux; Android 6.0.1; Nexus 5X Build/MMB29P) AppleWebKit/537.36 (KHTML, like Gecko) Chrome/130.0.6723.58 Mobile Safari/537.36 (compatible; Googlebot/2.1; +http://www.google.com/bot.html)"
162.213.251.195 - - [22/Oct/2024:02:15:35 -0400] "POST /wp-cron.php?doing_wp_cron=1729577734.8057448863983154296875 HTTP/1.1" 200 0 "-" "WordPress/6.6.2; https://dietcontrungnhanh.com"
66.249.77.227 - - [22/Oct/2024:02:15:34 -0400] "GET /en/ HTTP/1.1" 404 18795 "-" "Mozilla/5.0 (Linux; Android 6.0.1; Nexus 5X Build/MMB29P) AppleWebKit/537.36 (KHTML, like Gecko) Chrome/130.0.6723.58 Mobile Safari/537.36 (compatible; Googlebot/2.1; +http://www.google.com/bot.html)"
162.213.251.195 - - [22/Oct/2024:02:16:25 -0400] "POST /wp-cron.php?doing_wp_cron=1729577784.6341950893402099609375 HTTP/1.1" 200 0 "-" "WordPress/6.6.2; https://dietcontrungnhanh.com"
216.244.66.234 - - [22/Oct/2024:02:16:24 -0400] "GET /robots.txt HTTP/1.1" 200 116 "-" "Mozilla/5.0 (compatible; DotBot/1.2; +https://opensiteexplorer.org/dotbot; [email protected])"
162.213.251.195 - - [22/Oct/2024:02:18:52 -0400] "POST /wp-cron.php?doing_wp_cron=1729577931.8712470531463623046875 HTTP/1.1" 200 0 "-" "WordPress/6.6.2; https://dietcontrungnhanh.com"
66.249.77.226 - - [22/Oct/2024:02:18:48 -0400] "GET /wp-admin/comment.php?action=spam&c=30 HTTP/1.1" 302 0 "-" "Mozilla/5.0 (Linux; Android 6.0.1; Nexus 5X Build/MMB29P) AppleWebKit/537.36 (KHTML, like Gecko) Chrome/130.0.6723.58 Mobile Safari/537.36 (compatible; Googlebot/2.1; +http://www.google.com/bot.html)"
66.249.77.226 - - [22/Oct/2024:02:18:52 -0400] "GET /wp-login.php?redirect_to=https%3A%2F%2Fdietcontrungnhanh.com%2Fwp-admin%2Fcomment.php%3Faction%3Dspam%26c%3D30&reauth=1 HTTP/1.1" 200 2834 "-" "Mozilla/5.0 (Linux; Android 6.0.1; Nexus 5X Build/MMB29P) AppleWebKit/537.36 (KHTML, like Gecko) Chrome/130.0.6723.58 Mobile Safari/537.36 (compatible; Googlebot/2.1; +http://www.google.com/bot.html)"
162.213.251.195 - - [22/Oct/2024:02:22:13 -0400] "POST /wp-cron.php?doing_wp_cron=1729578132.9589540958404541015625 HTTP/1.1" 200 0 "-" "WordPress/6.6.2; https://dietcontrungnhanh.com"
83.212.240.13 - - [22/Oct/2024:02:22:09 -0400] "GET /wp-login.php HTTP/1.1" 200 2811 "-" "Mozilla/5.0 (X11; Fedora; Linux x86_64; rv:94.0) Gecko/20100101 Firefox/95.0"
162.213.251.195 - - [22/Oct/2024:02:22:14 -0400] "POST /wp-cron.php?doing_wp_cron=1729578134.5672919750213623046875 HTTP/1.1" 200 0 "-" "WordPress/6.6.2; https://dietcontrungnhanh.com"
83.212.240.13 - - [22/Oct/2024:02:22:14 -0400] "POST /wp-login.php HTTP/1.1" 200 2989 "-" "Mozilla/5.0 (X11; Fedora; Linux x86_64; rv:94.0) Gecko/20100101 Firefox/95.0"
162.213.251.195 - - [22/Oct/2024:02:25:58 -0400] "POST /wp-cron.php?doing_wp_cron=1729578358.6848120689392089843750 HTTP/1.1" 200 0 "-" "WordPress/6.6.2; https://dietcontrungnhanh.com"
66.249.77.227 - - [22/Oct/2024:02:25:54 -0400] "GET /wp-admin/comment.php?action=trash&c=27 HTTP/1.1" 302 0 "-" "Mozilla/5.0 (Linux; Android 6.0.1; Nexus 5X Build/MMB29P) AppleWebKit/537.36 (KHTML, like Gecko) Chrome/130.0.6723.58 Mobile Safari/537.36 (compatible; Googlebot/2.1; +http://www.google.com/bot.html)"
66.249.77.226 - - [22/Oct/2024:02:25:59 -0400] "GET /wp-login.php?redirect_to=https%3A%2F%2Fdietcontrungnhanh.com%2Fwp-admin%2Fcomment.php%3Faction%3Dtrash%26c%3D27&reauth=1 HTTP/1.1" 200 2841 "-" "Mozilla/5.0 (Linux; Android 6.0.1; Nexus 5X Build/MMB29P) AppleWebKit/537.36 (KHTML, like Gecko) Chrome/130.0.6723.58 Mobile Safari/537.36 (compatible; Googlebot/2.1; +http://www.google.com/bot.html)"
162.213.251.195 - - [22/Oct/2024:02:26:06 -0400] "POST /wp-cron.php?doing_wp_cron=1729578365.7319009304046630859375 HTTP/1.1" 200 0 "-" "WordPress/6.6.2; https://dietcontrungnhanh.com"
66.249.77.225 - - [22/Oct/2024:02:26:04 -0400] "GET /wp-admin/comment.php?action=approve&c=27 HTTP/1.1" 302 0 "-" "Mozilla/5.0 (Linux; Android 6.0.1; Nexus 5X Build/MMB29P) AppleWebKit/537.36 (KHTML, like Gecko) Chrome/130.0.6723.58 Mobile Safari/537.36 (compatible; Googlebot/2.1; +http://www.google.com/bot.html)"
162.213.251.195 - - [22/Oct/2024:02:26:10 -0400] "POST /wp-cron.php?doing_wp_cron=1729578370.1432340145111083984375 HTTP/1.1" 200 0 "-" "WordPress/6.6.2; https://dietcontrungnhanh.com"
66.249.77.225 - - [22/Oct/2024:02:26:09 -0400] "GET /wp-login.php?redirect_to=https%3A%2F%2Fdietcontrungnhanh.com%2Fwp-admin%2Fcomment.php%3Faction%3Dapprove%26c%3D27&reauth=1 HTTP/1.1" 200 2842 "-" "Mozilla/5.0 (Linux; Android 6.0.1; Nexus 5X Build/MMB29P) AppleWebKit/537.36 (KHTML, like Gecko) Chrome/130.0.6723.58 Mobile Safari/537.36 (compatible; Googlebot/2.1; +http://www.google.com/bot.html)"
162.213.251.195 - - [22/Oct/2024:02:29:53 -0400] "POST /wp-cron.php?doing_wp_cron=1729578593.4828391075134277343750 HTTP/1.1" 200 0 "-" "WordPress/6.6.2; https://dietcontrungnhanh.com"
62.118.80.136 - - [22/Oct/2024:02:29:49 -0400] "GET /wp-login.php HTTP/1.1" 200 2811 "-" "Mozilla/5.0 (Windows NT 10.0; WOW64; x64) AppleWebKit/537.36 (KHTML, like Gecko) Chrome/122.0.0.0 Safari/537.36 OPR/108.0.0.0"
162.213.251.195 - - [22/Oct/2024:02:31:29 -0400] "POST /wp-cron.php?doing_wp_cron=1729578688.5573248863220214843750 HTTP/1.1" 200 0 "-" "WordPress/6.6.2; https://dietcontrungnhanh.com"
169.224.84.113 - - [22/Oct/2024:02:31:24 -0400] "GET /wp-login.php HTTP/1.1" 200 2800 "-" "Mozilla/5.0 (Macintosh; Intel Mac OS X 10_15_7) AppleWebKit/537.36 (KHTML, like Gecko) Chrome/122.0.0.0 YaBrowser/23.9.0.2325 Yowser/2.5 Safari/537.36"
162.213.251.195 - - [22/Oct/2024:02:31:32 -0400] "POST /wp-cron.php?doing_wp_cron=1729578691.8753600120544433593750 HTTP/1.1" 200 0 "-" "WordPress/6.6.2; https://dietcontrungnhanh.com"
169.224.84.113 - - [22/Oct/2024:02:31:31 -0400] "POST /wp-login.php HTTP/1.1" 200 2950 "https://dietcontrungnhanh.com/wp-login.php" "Mozilla/5.0 (Macintosh; Intel Mac OS X 10_15_7) AppleWebKit/537.36 (KHTML, like Gecko) Chrome/122.0.0.0 YaBrowser/23.9.0.2325 Yowser/2.5 Safari/537.36"
162.213.251.195 - - [22/Oct/2024:02:35:23 -0400] "POST /wp-cron.php?doing_wp_cron=1729578923.4595360755920410156250 HTTP/1.1" 200 0 "-" "WordPress/6.6.2; https://dietcontrungnhanh.com"
183.82.35.191 - - [22/Oct/2024:02:35:20 -0400] "GET /wp-login.php HTTP/1.1" 200 2800 "-" "Mozilla/5.0 (X11; Fedora; Linux x86_64; rv:94.0) Gecko/20100101 Firefox/95.0"
162.213.251.195 - - [22/Oct/2024:02:35:26 -0400] "POST /wp-cron.php?doing_wp_cron=1729578926.4997589588165283203125 HTTP/1.1" 200 0 "-" "WordPress/6.6.2; https://dietcontrungnhanh.com"
183.82.35.191 - - [22/Oct/2024:02:35:26 -0400] "POST /wp-login.php HTTP/1.1" 200 2952 "-" "Mozilla/5.0 (X11; Fedora; Linux x86_64; rv:94.0) Gecko/20100101 Firefox/95.0"
162.213.251.195 - - [22/Oct/2024:02:37:21 -0400] "POST /wp-cron.php?doing_wp_cron=1729579040.8150970935821533203125 HTTP/1.1" 200 0 "-" "WordPress/6.6.2; https://dietcontrungnhanh.com"
66.249.77.228 - - [22/Oct/2024:02:37:16 -0400] "GET /wp-admin/comment.php?action=trash&c=113 HTTP/1.1" 302 0 "-" "Mozilla/5.0 (Linux; Android 6.0.1; Nexus 5X Build/MMB29P) AppleWebKit/537.36 (KHTML, like Gecko) Chrome/130.0.6723.58 Mobile Safari/537.36 (compatible; Googlebot/2.1; +http://www.google.com/bot.html)"
162.213.251.195 - - [22/Oct/2024:02:37:24 -0400] "POST /wp-cron.php?doing_wp_cron=1729579043.5029890537261962890625 HTTP/1.1" 200 0 "-" "WordPress/6.6.2; https://dietcontrungnhanh.com"
66.249.77.229 - - [22/Oct/2024:02:37:22 -0400] "GET /wp-login.php?redirect_to=https%3A%2F%2Fdietcontrungnhanh.com%2Fwp-admin%2Fcomment.php%3Faction%3Dtrash%26c%3D113&reauth=1 HTTP/1.1" 200 2838 "-" "Mozilla/5.0 (Linux; Android 6.0.1; Nexus 5X Build/MMB29P) AppleWebKit/537.36 (KHTML, like Gecko) Chrome/130.0.6723.58 Mobile Safari/537.36 (compatible; Googlebot/2.1; +http://www.google.com/bot.html)"
162.213.251.195 - - [22/Oct/2024:02:45:51 -0400] "POST /wp-cron.php?doing_wp_cron=1729579550.8819448947906494140625 HTTP/1.1" 200 0 "-" "WordPress/6.6.2; https://dietcontrungnhanh.com"
66.249.77.229 - - [22/Oct/2024:02:45:45 -0400] "GET /wp-admin/comment.php?action=spam&c=4 HTTP/1.1" 302 0 "-" "Mozilla/5.0 (Linux; Android 6.0.1; Nexus 5X Build/MMB29P) AppleWebKit/537.36 (KHTML, like Gecko) Chrome/130.0.6723.58 Mobile Safari/537.36 (compatible; Googlebot/2.1; +http://www.google.com/bot.html)"
162.213.251.195 - - [22/Oct/2024:02:45:52 -0400] "POST /wp-cron.php?doing_wp_cron=1729579552.0958468914031982421875 HTTP/1.1" 200 0 "-" "WordPress/6.6.2; https://dietcontrungnhanh.com"
