403Webshell
Server IP : 104.21.14.103  /  Your IP : 3.137.163.206
Web Server : LiteSpeed
System : Linux business53.web-hosting.com 4.18.0-553.lve.el8.x86_64 #1 SMP Mon May 27 15:27:34 UTC 2024 x86_64
User : giankuin ( 1871)
PHP Version : 7.4.33
Disable Function : NONE
MySQL : OFF  |  cURL : ON  |  WGET : ON  |  Perl : ON  |  Python : ON  |  Sudo : OFF  |  Pkexec : OFF
Directory :  /home/giankuin/access-logs/

Upload File :
current_dir [ Writeable ] document_root [ Writeable ]

 

Command :


[ Back ]     

Current File : /home/giankuin/access-logs/dietcontrungnhanh.com.giandon24h.com
66.249.77.228 - - [21/Oct/2024:11:03:52 -0400] "GET /ebs.php7 HTTP/1.1" 301 795 "-" "Mozilla/5.0 (Linux; Android 6.0.1; Nexus 5X Build/MMB29P) AppleWebKit/537.36 (KHTML, like Gecko) Chrome/129.0.6668.89 Mobile Safari/537.36 (compatible; Googlebot/2.1; +http://www.google.com/bot.html)"
66.249.77.228 - - [21/Oct/2024:11:15:15 -0400] "GET /blog/alfacgiapi/JANCOK.php HTTP/1.1" 301 795 "-" "Mozilla/5.0 (Linux; Android 6.0.1; Nexus 5X Build/MMB29P) AppleWebKit/537.36 (KHTML, like Gecko) Chrome/129.0.6668.89 Mobile Safari/537.36 (compatible; GoogleOther)"
66.249.77.227 - - [21/Oct/2024:11:15:27 -0400] "GET /soi-cau-mien-bac-hom-nay-mien-phi-ngay-1007-p130.html HTTP/1.1" 301 795 "-" "Mozilla/5.0 (Linux; Android 6.0.1; Nexus 5X Build/MMB29P) AppleWebKit/537.36 (KHTML, like Gecko) Chrome/129.0.6668.89 Mobile Safari/537.36 (compatible; Googlebot/2.1; +http://www.google.com/bot.html)"
94.156.167.147 - - [21/Oct/2024:11:20:41 -0400] "GET / HTTP/1.1" 301 795 "-" "-"
66.249.77.227 - - [21/Oct/2024:11:33:44 -0400] "GET /diet-kien-ba-khoang-bang-cach-nao/ HTTP/1.1" 301 795 "-" "Mozilla/5.0 (Linux; Android 6.0.1; Nexus 5X Build/MMB29P) AppleWebKit/537.36 (KHTML, like Gecko) Chrome/129.0.6668.89 Mobile Safari/537.36 (compatible; Googlebot/2.1; +http://www.google.com/bot.html)"
216.244.66.234 - - [21/Oct/2024:11:37:18 -0400] "GET /robots.txt HTTP/1.1" 301 795 "-" "Mozilla/5.0 (compatible; DotBot/1.2; +https://opensiteexplorer.org/dotbot; [email protected])"
66.249.77.227 - - [21/Oct/2024:11:44:47 -0400] "GET /wp-content/themes/alera/alpha.php HTTP/1.1" 301 795 "-" "Mozilla/5.0 (Linux; Android 6.0.1; Nexus 5X Build/MMB29P) AppleWebKit/537.36 (KHTML, like Gecko) Chrome/129.0.6668.89 Mobile Safari/537.36 (compatible; Googlebot/2.1; +http://www.google.com/bot.html)"
66.249.77.227 - - [21/Oct/2024:11:51:06 -0400] "GET /wp-content/json.php HTTP/1.1" 301 795 "-" "Mozilla/5.0 (Linux; Android 6.0.1; Nexus 5X Build/MMB29P) AppleWebKit/537.36 (KHTML, like Gecko) Chrome/129.0.6668.89 Mobile Safari/537.36 (compatible; Googlebot/2.1; +http://www.google.com/bot.html)"
66.249.77.228 - - [21/Oct/2024:12:03:59 -0400] "GET /diet-moi-bac-ninh/ HTTP/1.1" 301 795 "-" "Mozilla/5.0 (Linux; Android 6.0.1; Nexus 5X Build/MMB29P) AppleWebKit/537.36 (KHTML, like Gecko) Chrome/129.0.6668.89 Mobile Safari/537.36 (compatible; Googlebot/2.1; +http://www.google.com/bot.html)"
13.74.53.223 - - [21/Oct/2024:12:15:48 -0400] "GET /wp-admin/css/about.php HTTP/1.1" 301 795 "-" "-"
13.74.53.223 - - [21/Oct/2024:12:15:50 -0400] "GET /fw.php HTTP/1.1" 301 795 "-" "-"
13.74.53.223 - - [21/Oct/2024:12:15:51 -0400] "GET /wp-content/updates.php HTTP/1.1" 301 795 "-" "-"
13.74.53.223 - - [21/Oct/2024:12:15:53 -0400] "GET /byp.php HTTP/1.1" 301 795 "-" "-"
13.74.53.223 - - [21/Oct/2024:12:15:56 -0400] "GET /wp-includes/function.php HTTP/1.1" 301 795 "-" "-"
13.74.53.223 - - [21/Oct/2024:12:15:57 -0400] "GET /403.php HTTP/1.1" 301 795 "-" "-"
13.74.53.223 - - [21/Oct/2024:12:15:59 -0400] "GET /wp-admin/ajax-actions.php HTTP/1.1" 301 795 "-" "-"
13.74.53.223 - - [21/Oct/2024:12:16:01 -0400] "GET /file.php HTTP/1.1" 301 795 "-" "-"
13.74.53.223 - - [21/Oct/2024:12:16:03 -0400] "GET /wp-admin/network/cloud.php HTTP/1.1" 301 795 "-" "-"
13.74.53.223 - - [21/Oct/2024:12:16:05 -0400] "GET /edit.php HTTP/1.1" 301 795 "-" "-"
13.74.53.223 - - [21/Oct/2024:12:16:07 -0400] "GET /wp-includes/Text/about.php HTTP/1.1" 301 795 "-" "-"
13.74.53.223 - - [21/Oct/2024:12:16:10 -0400] "GET /cong.php HTTP/1.1" 301 795 "-" "-"
13.74.53.223 - - [21/Oct/2024:12:16:11 -0400] "GET /wp-includes/pomo/about.php HTTP/1.1" 301 795 "-" "-"
13.74.53.223 - - [21/Oct/2024:12:16:13 -0400] "GET /cloud.php HTTP/1.1" 301 795 "-" "-"
13.74.53.223 - - [21/Oct/2024:12:16:15 -0400] "GET /wp-admin/user/xmrlpc.php?p= HTTP/1.1" 301 795 "-" "-"
13.74.53.223 - - [21/Oct/2024:12:16:17 -0400] "GET /lufix.php HTTP/1.1" 301 795 "-" "-"
13.74.53.223 - - [21/Oct/2024:12:16:19 -0400] "GET /wp-includes/ID3/plugins.php HTTP/1.1" 301 795 "-" "-"
13.74.53.223 - - [21/Oct/2024:12:16:21 -0400] "GET /media.php HTTP/1.1" 301 795 "-" "-"
13.74.53.223 - - [21/Oct/2024:12:16:23 -0400] "GET /wp-content/updraft/about.php HTTP/1.1" 301 795 "-" "-"
13.74.53.223 - - [21/Oct/2024:12:16:25 -0400] "GET /simple.php HTTP/1.1" 301 795 "-" "-"
13.74.53.223 - - [21/Oct/2024:12:16:27 -0400] "GET /wp-includes/blocks/about.php HTTP/1.1" 301 795 "-" "-"
13.74.53.223 - - [21/Oct/2024:12:16:29 -0400] "GET /upload.php HTTP/1.1" 301 795 "-" "-"
13.74.53.223 - - [21/Oct/2024:12:16:30 -0400] "GET /libraries/vendor/updates.php HTTP/1.1" 301 795 "-" "-"
13.74.53.223 - - [21/Oct/2024:12:16:32 -0400] "GET /themes.php HTTP/1.1" 301 795 "-" "-"
13.74.53.223 - - [21/Oct/2024:12:16:33 -0400] "GET /wp-admin/images/xmrlpc.php?p= HTTP/1.1" 301 795 "-" "-"
13.74.53.223 - - [21/Oct/2024:12:16:35 -0400] "GET /repeater.php HTTP/1.1" 301 795 "-" "-"
13.74.53.223 - - [21/Oct/2024:12:16:36 -0400] "GET /wp-admin/js/widgets/cloud.php HTTP/1.1" 301 795 "-" "-"
13.74.53.223 - - [21/Oct/2024:12:16:38 -0400] "GET /makeasmtp.php HTTP/1.1" 301 795 "-" "-"
13.74.53.223 - - [21/Oct/2024:12:16:39 -0400] "GET /wp-includes/widgets/about.php HTTP/1.1" 301 795 "-" "-"
13.74.53.223 - - [21/Oct/2024:12:16:41 -0400] "GET /xmrlpc.php?p= HTTP/1.1" 301 795 "-" "-"
13.74.53.223 - - [21/Oct/2024:12:16:44 -0400] "GET /wp-content/upgrade/plugins.php HTTP/1.1" 301 795 "-" "-"
13.74.53.223 - - [21/Oct/2024:12:16:45 -0400] "GET /ova-tools.php HTTP/1.1" 301 795 "-" "-"
13.74.53.223 - - [21/Oct/2024:12:16:47 -0400] "GET /wp-content/plugins/wp-conflg.php HTTP/1.1" 301 795 "-" "-"
13.74.53.223 - - [21/Oct/2024:12:16:48 -0400] "GET /alfa-rex2.php7 HTTP/1.1" 301 795 "-" "-"
13.74.53.223 - - [21/Oct/2024:12:16:49 -0400] "GET /wp-content/themes/sketch/404.php HTTP/1.1" 301 795 "-" "-"
13.74.53.223 - - [21/Oct/2024:12:16:50 -0400] "GET /wp-configs.php HTTP/1.1" 301 795 "-" "-"
13.74.53.223 - - [21/Oct/2024:12:16:52 -0400] "GET /wp-includes/SimplePie/plugins.php HTTP/1.1" 301 795 "-" "-"
13.74.53.223 - - [21/Oct/2024:12:16:53 -0400] "GET /files/index.php HTTP/1.1" 301 795 "-" "-"
13.74.53.223 - - [21/Oct/2024:12:16:56 -0400] "GET /wp-includes/customize/plugins.php HTTP/1.1" 301 795 "-" "-"
13.74.53.223 - - [21/Oct/2024:12:16:58 -0400] "GET /cgi-bin/index.php HTTP/1.1" 301 795 "-" "-"
13.74.53.223 - - [21/Oct/2024:12:16:58 -0400] "GET /wp-includes/style-engine/about.php HTTP/1.1" 301 795 "-" "-"
13.74.53.223 - - [21/Oct/2024:12:17:00 -0400] "GET /images/plugins.php HTTP/1.1" 301 795 "-" "-"
13.74.53.223 - - [21/Oct/2024:12:17:01 -0400] "GET /.well-known/pki-validation/cloud.php HTTP/1.1" 301 795 "-" "-"
13.74.53.223 - - [21/Oct/2024:12:17:01 -0400] "GET /wp-content/cong.php HTTP/1.1" 301 795 "-" "-"
13.74.53.223 - - [21/Oct/2024:12:17:03 -0400] "GET /wp-includes/certificates/plugins.php HTTP/1.1" 301 795 "-" "-"
13.74.53.223 - - [21/Oct/2024:12:17:05 -0400] "GET /wp-admin/themes.php HTTP/1.1" 301 795 "-" "-"
13.74.53.223 - - [21/Oct/2024:12:17:07 -0400] "GET /wp-admin/maint/maint/ajax-actions.php HTTP/1.1" 301 795 "-" "-"
13.74.53.223 - - [21/Oct/2024:12:17:08 -0400] "GET /images/xmrlpc.php?p= HTTP/1.1" 301 795 "-" "-"
13.74.53.223 - - [21/Oct/2024:12:17:10 -0400] "GET /wp-content/plugins/seoplugins/db.php?u HTTP/1.1" 301 795 "-" "-"
13.74.53.223 - - [21/Oct/2024:12:17:11 -0400] "GET /cgi-bin/wp-login.php HTTP/1.1" 301 795 "-" "-"
13.74.53.223 - - [21/Oct/2024:12:17:12 -0400] "GET /wp-admin/css/colors/blue/xmrlpc.php?p= HTTP/1.1" 301 795 "-" "-"
13.74.53.223 - - [21/Oct/2024:12:17:15 -0400] "GET /wp-includes/cloud.php HTTP/1.1" 301 795 "-" "-"
13.74.53.223 - - [21/Oct/2024:12:17:15 -0400] "GET /.well-known/pki-validation/plugins.php HTTP/1.1" 301 795 "-" "-"
13.74.53.223 - - [21/Oct/2024:12:17:16 -0400] "GET /.well-known/about.php HTTP/1.1" 301 795 "-" "-"
13.74.53.223 - - [21/Oct/2024:12:17:17 -0400] "GET /wp-content/plugins/linkpreview/db.php?u HTTP/1.1" 301 795 "-" "-"
13.74.53.223 - - [21/Oct/2024:12:17:18 -0400] "GET /.well-known/index.php HTTP/1.1" 301 795 "-" "-"
13.74.53.223 - - [21/Oct/2024:12:17:19 -0400] "GET /.well-known/acme-challenge/xmrlpc.php?p= HTTP/1.1" 301 795 "-" "-"
52.178.182.177 - - [21/Oct/2024:12:25:18 -0400] "GET /wp-content/index.php HTTP/1.1" 301 795 "-" "-"
52.178.182.177 - - [21/Oct/2024:12:25:19 -0400] "GET /wp.php HTTP/1.1" 301 795 "-" "-"
52.178.182.177 - - [21/Oct/2024:12:25:33 -0400] "GET /autoload_classmap.php HTTP/1.1" 301 795 "-" "-"
52.178.182.177 - - [21/Oct/2024:12:25:35 -0400] "GET /as.php HTTP/1.1" 301 795 "-" "-"
52.178.182.177 - - [21/Oct/2024:12:25:36 -0400] "GET /cgi-bin/xmrlpc.php?p= HTTP/1.1" 301 795 "-" "-"
52.178.182.177 - - [21/Oct/2024:12:25:39 -0400] "GET /ws.php7 HTTP/1.1" 301 795 "-" "-"
52.178.182.177 - - [21/Oct/2024:12:25:41 -0400] "GET /wp-includes/admin.php HTTP/1.1" 301 795 "-" "-"
52.178.182.177 - - [21/Oct/2024:12:25:41 -0400] "GET /ini.php HTTP/1.1" 301 795 "-" "-"
52.178.182.177 - - [21/Oct/2024:12:25:44 -0400] "GET /wp-includes/index.php HTTP/1.1" 301 795 "-" "-"
52.178.182.177 - - [21/Oct/2024:12:25:45 -0400] "GET /log.php HTTP/1.1" 301 795 "-" "-"
52.178.182.177 - - [21/Oct/2024:12:25:48 -0400] "GET /wp-admin/repeater.php HTTP/1.1" 301 795 "-" "-"
52.178.182.177 - - [21/Oct/2024:12:25:51 -0400] "GET /mail.php HTTP/1.1" 301 795 "-" "-"
52.178.182.177 - - [21/Oct/2024:12:25:53 -0400] "GET /wp-includes/wp-load.php HTTP/1.1" 301 795 "-" "-"
52.178.182.177 - - [21/Oct/2024:12:25:54 -0400] "GET /avaa.php HTTP/1.1" 301 795 "-" "-"
52.178.182.177 - - [21/Oct/2024:12:25:56 -0400] "GET /wp-content/dropdown.php HTTP/1.1" 301 795 "-" "-"
52.178.182.177 - - [21/Oct/2024:12:25:57 -0400] "GET /moon.php HTTP/1.1" 301 795 "-" "-"
52.178.182.177 - - [21/Oct/2024:12:25:59 -0400] "GET /wp-admin/user/index.php HTTP/1.1" 301 795 "-" "-"
52.178.182.177 - - [21/Oct/2024:12:26:02 -0400] "GET /index.php HTTP/1.1" 301 795 "-" "-"
52.178.182.177 - - [21/Oct/2024:12:26:05 -0400] "GET /wp-includes/repeater.php HTTP/1.1" 301 795 "-" "-"
52.178.182.177 - - [21/Oct/2024:12:26:06 -0400] "GET /radio.php HTTP/1.1" 301 795 "-" "-"
52.178.182.177 - - [21/Oct/2024:12:26:07 -0400] "GET /wp-admin/css/wp-login.php HTTP/1.1" 301 795 "-" "-"
52.178.182.177 - - [21/Oct/2024:12:26:09 -0400] "GET /readme.php HTTP/1.1" 301 795 "-" "-"
52.178.182.177 - - [21/Oct/2024:12:26:10 -0400] "GET /wp-includes/ID3/about.php HTTP/1.1" 301 795 "-" "-"
52.178.182.177 - - [21/Oct/2024:12:26:12 -0400] "GET /chosen.php HTTP/1.1" 301 795 "-" "-"
52.178.182.177 - - [21/Oct/2024:12:26:13 -0400] "GET /.well-known/makeasmtp.php HTTP/1.1" 301 795 "-" "-"
52.178.182.177 - - [21/Oct/2024:12:26:15 -0400] "GET /wsoyanz.php HTTP/1.1" 301 795 "-" "-"
52.178.182.177 - - [21/Oct/2024:12:26:16 -0400] "GET /wp-admin/images/cloud.php HTTP/1.1" 301 795 "-" "-"
52.178.182.177 - - [21/Oct/2024:12:26:18 -0400] "GET /wp-info.php HTTP/1.1" 301 795 "-" "-"
52.178.182.177 - - [21/Oct/2024:12:26:19 -0400] "GET /wp-includes/images/css.php HTTP/1.1" 301 795 "-" "-"
52.178.182.177 - - [21/Oct/2024:12:26:20 -0400] "GET /wp-cron.php HTTP/1.1" 301 795 "-" "-"
52.178.182.177 - - [21/Oct/2024:12:26:21 -0400] "GET /wp-admin/network/index.php HTTP/1.1" 301 795 "-" "-"
52.178.182.177 - - [21/Oct/2024:12:26:23 -0400] "GET /wp-mail.php HTTP/1.1" 301 795 "-" "-"
52.178.182.177 - - [21/Oct/2024:12:26:24 -0400] "GET /wp-admin/maint/plugins.php HTTP/1.1" 301 795 "-" "-"
52.178.182.177 - - [21/Oct/2024:12:26:26 -0400] "GET /wp-login.php HTTP/1.1" 301 795 "-" "-"
52.178.182.177 - - [21/Oct/2024:12:26:28 -0400] "GET /wp-content/themes/themes.php HTTP/1.1" 301 795 "-" "-"
52.178.182.177 - - [21/Oct/2024:12:26:28 -0400] "GET /wp-sigunq.php HTTP/1.1" 301 795 "-" "-"
52.178.182.177 - - [21/Oct/2024:12:26:29 -0400] "GET /wp-includes/pomo/plugins.php HTTP/1.1" 301 795 "-" "-"
66.249.77.227 - - [21/Oct/2024:12:26:31 -0400] "GET /wp-content/plugins/linkpreview/ HTTP/1.1" 301 795 "-" "Mozilla/5.0 (Linux; Android 6.0.1; Nexus 5X Build/MMB29P) AppleWebKit/537.36 (KHTML, like Gecko) Chrome/129.0.6668.89 Mobile Safari/537.36 (compatible; Googlebot/2.1; +http://www.google.com/bot.html)"
52.178.182.177 - - [21/Oct/2024:12:26:31 -0400] "GET /alfa-rex.php7 HTTP/1.1" 301 795 "-" "-"
52.178.182.177 - - [21/Oct/2024:12:26:32 -0400] "GET /wp-content/themes/plugins.php HTTP/1.1" 301 795 "-" "-"
52.178.182.177 - - [21/Oct/2024:12:26:33 -0400] "GET /img/about.php HTTP/1.1" 301 795 "-" "-"
52.178.182.177 - - [21/Oct/2024:12:26:34 -0400] "GET /wp-admin/css/colors/index.php HTTP/1.1" 301 795 "-" "-"
52.178.182.177 - - [21/Oct/2024:12:26:35 -0400] "GET /admin-post.php HTTP/1.1" 301 795 "-" "-"
52.178.182.177 - - [21/Oct/2024:12:26:37 -0400] "GET /wp-includes/rest-api/about.php HTTP/1.1" 301 795 "-" "-"
52.178.182.177 - - [21/Oct/2024:12:26:38 -0400] "GET /.tmb/plugins.php HTTP/1.1" 301 795 "-" "-"
52.178.182.177 - - [21/Oct/2024:12:26:40 -0400] "GET /.well-known/acme-challenge/index.php HTTP/1.1" 301 795 "-" "-"
52.178.182.177 - - [21/Oct/2024:12:26:42 -0400] "GET /cache-compat.php HTTP/1.1" 301 795 "-" "-"
52.178.182.177 - - [21/Oct/2024:12:26:43 -0400] "GET /.well-known/pki-validation/afnew.php HTTP/1.1" 301 795 "-" "-"
52.178.182.177 - - [21/Oct/2024:12:26:44 -0400] "GET /wp-admin/file.php HTTP/1.1" 301 795 "-" "-"
52.178.182.177 - - [21/Oct/2024:12:26:45 -0400] "GET /wp-content/plugins/seoplugins/mar.php HTTP/1.1" 301 795 "-" "-"
52.178.182.177 - - [21/Oct/2024:12:26:46 -0400] "GET /img/xmrlpc.php?p= HTTP/1.1" 301 795 "-" "-"
52.178.182.177 - - [21/Oct/2024:12:26:49 -0400] "GET /.well-known/acme-challenge/plugins.php HTTP/1.1" 301 795 "-" "-"
52.178.182.177 - - [21/Oct/2024:12:26:51 -0400] "GET /cgi-bin/cloud.php HTTP/1.1" 301 795 "-" "-"
52.178.182.177 - - [21/Oct/2024:12:26:53 -0400] "GET /wp-admin/css/colors/coffee/xmrlpc.php?p= HTTP/1.1" 301 795 "-" "-"
52.178.182.177 - - [21/Oct/2024:12:26:58 -0400] "GET /wp-links-opml.php HTTP/1.1" 301 795 "-" "-"
52.178.182.177 - - [21/Oct/2024:12:26:59 -0400] "GET /wp-admin/xmrlpc.php?p=/wp-admin/images/wp-login.php HTTP/1.1" 301 795 "-" "-"
52.178.182.177 - - [21/Oct/2024:12:27:01 -0400] "GET /cgi-bin/plugins.php HTTP/1.1" 301 795 "-" "-"
66.249.77.227 - - [21/Oct/2024:12:33:44 -0400] "GET /style.php HTTP/1.1" 301 795 "-" "Mozilla/5.0 (Linux; Android 6.0.1; Nexus 5X Build/MMB29P) AppleWebKit/537.36 (KHTML, like Gecko) Chrome/129.0.6668.89 Mobile Safari/537.36 (compatible; Googlebot/2.1; +http://www.google.com/bot.html)"
52.169.14.198 - - [21/Oct/2024:12:39:25 -0400] "GET /.well-known/cloud.php HTTP/1.1" 301 795 "-" "-"
52.169.14.198 - - [21/Oct/2024:12:39:36 -0400] "GET /ws.php HTTP/1.1" 301 795 "-" "-"
52.169.14.198 - - [21/Oct/2024:12:39:38 -0400] "GET /wp-includes/about.php HTTP/1.1" 301 795 "-" "-"
52.169.14.198 - - [21/Oct/2024:12:39:39 -0400] "GET /bak.php HTTP/1.1" 301 795 "-" "-"
52.169.14.198 - - [21/Oct/2024:12:39:41 -0400] "GET /wp-admin/xmrlpc.php?p= HTTP/1.1" 301 795 "-" "-"
52.169.14.198 - - [21/Oct/2024:12:39:43 -0400] "GET /mah.php HTTP/1.1" 301 795 "-" "-"
52.169.14.198 - - [21/Oct/2024:12:39:45 -0400] "GET /filemanager/dialog.php HTTP/1.1" 301 795 "-" "-"
52.169.14.198 - - [21/Oct/2024:12:39:47 -0400] "GET /css.php HTTP/1.1" 301 795 "-" "-"
52.169.14.198 - - [21/Oct/2024:12:39:49 -0400] "GET /.well-known/wp-load.php HTTP/1.1" 301 795 "-" "-"
52.169.14.198 - - [21/Oct/2024:12:39:50 -0400] "GET /test.php HTTP/1.1" 301 795 "-" "-"
52.169.14.198 - - [21/Oct/2024:12:39:52 -0400] "GET /wp-includes/wp-login.php HTTP/1.1" 301 795 "-" "-"
52.169.14.198 - - [21/Oct/2024:12:39:52 -0400] "GET /link.php HTTP/1.1" 301 795 "-" "-"
52.169.14.198 - - [21/Oct/2024:12:39:55 -0400] "GET /wp-includes/makeasmtp.php HTTP/1.1" 301 795 "-" "-"
52.169.14.198 - - [21/Oct/2024:12:39:55 -0400] "GET /post.php HTTP/1.1" 301 795 "-" "-"
52.169.14.198 - - [21/Oct/2024:12:39:57 -0400] "GET /wp-includes/IXR/about.php HTTP/1.1" 301 795 "-" "-"
52.169.14.198 - - [21/Oct/2024:12:39:59 -0400] "GET /text.php HTTP/1.1" 301 795 "-" "-"
52.169.14.198 - - [21/Oct/2024:12:40:01 -0400] "GET /wp-admin/includes/cloud.php HTTP/1.1" 301 795 "-" "-"
52.169.14.198 - - [21/Oct/2024:12:40:01 -0400] "GET /admin.php HTTP/1.1" 301 795 "-" "-"
52.169.14.198 - - [21/Oct/2024:12:40:06 -0400] "GET /wp-content/themes/admin.php HTTP/1.1" 301 795 "-" "-"
52.169.14.198 - - [21/Oct/2024:12:40:08 -0400] "GET /xmrlpc.php HTTP/1.1" 301 795 "-" "-"
52.169.14.198 - - [21/Oct/2024:12:40:12 -0400] "GET /wp-includes/wp-activate.php HTTP/1.1" 301 795 "-" "-"
52.169.14.198 - - [21/Oct/2024:12:40:13 -0400] "GET /upfile.php HTTP/1.1" 301 795 "-" "-"
52.169.14.198 - - [21/Oct/2024:12:40:16 -0400] "GET /libraries/legacy/updates.php HTTP/1.1" 301 795 "-" "-"
52.169.14.198 - - [21/Oct/2024:12:40:17 -0400] "GET /wp-2019.php HTTP/1.1" 301 795 "-" "-"
52.169.14.198 - - [21/Oct/2024:12:40:19 -0400] "GET /wp-admin/includes/plugins.php HTTP/1.1" 301 795 "-" "-"
52.169.14.198 - - [21/Oct/2024:12:40:20 -0400] "GET /install.php HTTP/1.1" 301 795 "-" "-"
52.169.14.198 - - [21/Oct/2024:12:40:22 -0400] "GET /wp-admin/autoload_classmap.php HTTP/1.1" 301 795 "-" "-"
52.169.14.198 - - [21/Oct/2024:12:40:23 -0400] "GET /updates.php HTTP/1.1" 301 795 "-" "-"
52.169.14.198 - - [21/Oct/2024:12:40:25 -0400] "GET /wp-admin/js/widgets/about.php7 HTTP/1.1" 301 795 "-" "-"
52.169.14.198 - - [21/Oct/2024:12:40:27 -0400] "GET /dropdown.php HTTP/1.1" 301 795 "-" "-"
52.169.14.198 - - [21/Oct/2024:12:40:28 -0400] "GET /wp-content/languages/about.php HTTP/1.1" 301 795 "-" "-"
52.169.14.198 - - [21/Oct/2024:12:40:29 -0400] "GET /wp-conflg.php HTTP/1.1" 301 795 "-" "-"
52.169.14.198 - - [21/Oct/2024:12:40:31 -0400] "GET /wp-includes/SimplePie/about.php HTTP/1.1" 301 795 "-" "-"
52.169.14.198 - - [21/Oct/2024:12:40:32 -0400] "GET /wso112233.php HTTP/1.1" 301 795 "-" "-"
52.169.14.198 - - [21/Oct/2024:12:40:34 -0400] "GET /wp-content/autoload_classmap.php HTTP/1.1" 301 795 "-" "-"
52.169.14.198 - - [21/Oct/2024:12:40:36 -0400] "GET /classsmtps.php HTTP/1.1" 301 795 "-" "-"
52.169.14.198 - - [21/Oct/2024:12:40:37 -0400] "GET /wp-content/themes/aahana/json.php HTTP/1.1" 301 795 "-" "-"
52.169.14.198 - - [21/Oct/2024:12:40:37 -0400] "GET /wp-activate.php HTTP/1.1" 301 795 "-" "-"
52.169.14.198 - - [21/Oct/2024:12:40:41 -0400] "GET /wp-content/plugins/Cache/Cache.php HTTP/1.1" 301 795 "-" "-"
52.169.14.198 - - [21/Oct/2024:12:40:41 -0400] "GET /images/cloud.php HTTP/1.1" 301 795 "-" "-"
52.169.14.198 - - [21/Oct/2024:12:40:43 -0400] "GET /wp-includes/Requests/Text/admin.php HTTP/1.1" 301 795 "-" "-"
52.169.14.198 - - [21/Oct/2024:12:40:44 -0400] "GET /cgi-bin/about.php HTTP/1.1" 301 795 "-" "-"
52.169.14.198 - - [21/Oct/2024:12:40:46 -0400] "GET /wp-admin/css/colors/coffee/cloud.php HTTP/1.1" 301 795 "-" "-"
52.169.14.198 - - [21/Oct/2024:12:40:48 -0400] "GET /cgi-bin/radio.php HTTP/1.1" 301 795 "-" "-"
52.169.14.198 - - [21/Oct/2024:12:40:50 -0400] "GET /wp-admin/css/colors/blue/plugins.php HTTP/1.1" 301 795 "-" "-"
52.169.14.198 - - [21/Oct/2024:12:40:51 -0400] "GET /css/xmrlpc.php?p= HTTP/1.1" 301 795 "-" "-"
52.169.14.198 - - [21/Oct/2024:12:40:54 -0400] "GET /.well-known/acme-challenge/admin.php HTTP/1.1" 301 795 "-" "-"
52.169.14.198 - - [21/Oct/2024:12:40:55 -0400] "GET /wp-admin/index.php HTTP/1.1" 301 795 "-" "-"
52.169.14.198 - - [21/Oct/2024:12:40:58 -0400] "GET /wp-content/plugins/simple/simple.php HTTP/1.1" 301 795 "-" "-"
52.169.14.198 - - [21/Oct/2024:12:40:58 -0400] "GET /cgi-bin/themes.php HTTP/1.1" 301 795 "-" "-"
52.169.14.198 - - [21/Oct/2024:12:41:00 -0400] "GET /.well-known/pki-validation/xmrlpc.php?p= HTTP/1.1" 301 795 "-" "-"
52.169.14.198 - - [21/Oct/2024:12:41:01 -0400] "GET /wp-includes/bak.php HTTP/1.1" 301 795 "-" "-"
52.169.14.198 - - [21/Oct/2024:12:41:02 -0400] "GET /wp-content/plugins/wp-theme-editor/include.php HTTP/1.1" 301 795 "-" "-"
52.169.14.198 - - [21/Oct/2024:12:41:02 -0400] "GET /wp-comments-post.php HTTP/1.1" 301 795 "-" "-"
52.169.14.198 - - [21/Oct/2024:12:41:03 -0400] "GET /.well-known/acme-challenge/autoload_classmap.php HTTP/1.1" 301 795 "-" "-"
52.169.14.198 - - [21/Oct/2024:12:41:05 -0400] "GET /admin/upload/css.php HTTP/1.1" 301 795 "-" "-"
66.249.77.228 - - [21/Oct/2024:13:18:41 -0400] "GET /-backdoor.php HTTP/1.1" 301 795 "-" "Mozilla/5.0 (Linux; Android 6.0.1; Nexus 5X Build/MMB29P) AppleWebKit/537.36 (KHTML, like Gecko) Chrome/130.0.6723.58 Mobile Safari/537.36 (compatible; Googlebot/2.1; +http://www.google.com/bot.html)"
146.190.95.192 - - [21/Oct/2024:13:27:18 -0400] "GET / HTTP/1.1" 301 795 "-" "Mozilla/5.0 (Windows NT 10.0; Win64; x64) AppleWebKit/537.36 (KHTML, like Gecko) Chrome/78.0.3904.108 Safari/537.36"
66.249.77.229 - - [21/Oct/2024:13:48:41 -0400] "GET /wpx.php HTTP/1.1" 301 795 "-" "Mozilla/5.0 (Linux; Android 6.0.1; Nexus 5X Build/MMB29P) AppleWebKit/537.36 (KHTML, like Gecko) Chrome/130.0.6723.58 Mobile Safari/537.36 (compatible; Googlebot/2.1; +http://www.google.com/bot.html)"
66.249.77.229 - - [21/Oct/2024:14:18:42 -0400] "GET /foxwso.php HTTP/1.1" 301 795 "-" "Mozilla/5.0 (Linux; Android 6.0.1; Nexus 5X Build/MMB29P) AppleWebKit/537.36 (KHTML, like Gecko) Chrome/130.0.6723.58 Mobile Safari/537.36 (compatible; Googlebot/2.1; +http://www.google.com/bot.html)"
66.249.77.228 - - [21/Oct/2024:14:25:16 -0400] "GET /index3.php HTTP/1.1" 301 795 "-" "Mozilla/5.0 (Linux; Android 6.0.1; Nexus 5X Build/MMB29P) AppleWebKit/537.36 (KHTML, like Gecko) Chrome/130.0.6723.58 Mobile Safari/537.36 (compatible; Googlebot/2.1; +http://www.google.com/bot.html)"
66.249.77.229 - - [21/Oct/2024:14:48:41 -0400] "GET /1945.php HTTP/1.1" 301 795 "-" "Mozilla/5.0 (Linux; Android 6.0.1; Nexus 5X Build/MMB29P) AppleWebKit/537.36 (KHTML, like Gecko) Chrome/130.0.6723.58 Mobile Safari/537.36 (compatible; Googlebot/2.1; +http://www.google.com/bot.html)"
216.244.66.234 - - [21/Oct/2024:14:53:48 -0400] "GET /robots.txt HTTP/1.1" 301 795 "-" "Mozilla/5.0 (compatible; DotBot/1.2; +https://opensiteexplorer.org/dotbot; [email protected])"
66.249.77.229 - - [21/Oct/2024:15:18:41 -0400] "GET /777.php HTTP/1.1" 301 795 "-" "Mozilla/5.0 (Linux; Android 6.0.1; Nexus 5X Build/MMB29P) AppleWebKit/537.36 (KHTML, like Gecko) Chrome/130.0.6723.58 Mobile Safari/537.36 (compatible; Googlebot/2.1; +http://www.google.com/bot.html)"
66.249.77.227 - - [21/Oct/2024:15:25:16 -0400] "GET /ajax-actions.php HTTP/1.1" 301 795 "-" "Mozilla/5.0 (Linux; Android 6.0.1; Nexus 5X Build/MMB29P) AppleWebKit/537.36 (KHTML, like Gecko) Chrome/130.0.6723.58 Mobile Safari/537.36 (compatible; Googlebot/2.1; +http://www.google.com/bot.html)"
66.249.77.229 - - [21/Oct/2024:15:37:18 -0400] "GET /include/ HTTP/1.1" 301 795 "-" "Mozilla/5.0 (Linux; Android 6.0.1; Nexus 5X Build/MMB29P) AppleWebKit/537.36 (KHTML, like Gecko) Chrome/130.0.6723.58 Mobile Safari/537.36 (compatible; Googlebot/2.1; +http://www.google.com/bot.html)"
66.249.77.229 - - [21/Oct/2024:15:41:57 -0400] "GET /simple_php_backdoor_by_dk.php HTTP/1.1" 301 795 "-" "Mozilla/5.0 (Linux; Android 6.0.1; Nexus 5X Build/MMB29P) AppleWebKit/537.36 (KHTML, like Gecko) Chrome/130.0.6723.58 Mobile Safari/537.36 (compatible; GoogleOther)"
66.249.77.227 - - [21/Oct/2024:15:48:45 -0400] "GET /wp-includes/repeater.php HTTP/1.1" 301 795 "-" "Mozilla/5.0 (Linux; Android 6.0.1; Nexus 5X Build/MMB29P) AppleWebKit/537.36 (KHTML, like Gecko) Chrome/130.0.6723.58 Mobile Safari/537.36 (compatible; Googlebot/2.1; +http://www.google.com/bot.html)"
66.249.77.228 - - [21/Oct/2024:15:48:49 -0400] "GET /wp-content/themes/thuoc-nam/ HTTP/1.1" 301 795 "-" "Mozilla/5.0 (Linux; Android 6.0.1; Nexus 5X Build/MMB29P) AppleWebKit/537.36 (KHTML, like Gecko) Chrome/130.0.6723.58 Mobile Safari/537.36 (compatible; Googlebot/2.1; +http://www.google.com/bot.html)"
66.249.77.228 - - [21/Oct/2024:15:49:06 -0400] "GET /yhr.php HTTP/1.1" 301 795 "-" "Mozilla/5.0 (Linux; Android 6.0.1; Nexus 5X Build/MMB29P) AppleWebKit/537.36 (KHTML, like Gecko) Chrome/130.0.6723.58 Mobile Safari/537.36 (compatible; Googlebot/2.1; +http://www.google.com/bot.html)"
66.249.77.228 - - [21/Oct/2024:15:49:10 -0400] "GET /alfa123.php HTTP/1.1" 301 795 "-" "Mozilla/5.0 (Linux; Android 6.0.1; Nexus 5X Build/MMB29P) AppleWebKit/537.36 (KHTML, like Gecko) Chrome/130.0.6723.58 Mobile Safari/537.36 (compatible; Googlebot/2.1; +http://www.google.com/bot.html)"
66.249.77.227 - - [21/Oct/2024:15:49:23 -0400] "GET /fa.php HTTP/1.1" 301 795 "-" "Mozilla/5.0 (Linux; Android 6.0.1; Nexus 5X Build/MMB29P) AppleWebKit/537.36 (KHTML, like Gecko) Chrome/130.0.6723.58 Mobile Safari/537.36 (compatible; Googlebot/2.1; +http://www.google.com/bot.html)"
66.249.77.227 - - [21/Oct/2024:15:49:32 -0400] "GET /%C2%AE.php HTTP/1.1" 301 795 "-" "Mozilla/5.0 (Linux; Android 6.0.1; Nexus 5X Build/MMB29P) AppleWebKit/537.36 (KHTML, like Gecko) Chrome/130.0.6723.58 Mobile Safari/537.36 (compatible; Googlebot/2.1; +http://www.google.com/bot.html)"
152.42.232.135 - - [21/Oct/2024:16:00:58 -0400] "GET / HTTP/1.1" 301 795 "-" "Mozilla/5.0 (Windows NT 10.0; Win64; x64) AppleWebKit/537.36 (KHTML, like Gecko) Chrome/95.0.4638.69 Safari/537.36"
216.244.66.234 - - [21/Oct/2024:16:02:13 -0400] "GET /robots.txt HTTP/1.1" 301 795 "-" "Mozilla/5.0 (compatible; DotBot/1.2; +https://opensiteexplorer.org/dotbot; [email protected])"
66.249.77.229 - - [21/Oct/2024:16:02:50 -0400] "GET /cache-compat.php HTTP/1.1" 301 795 "-" "Mozilla/5.0 (Linux; Android 6.0.1; Nexus 5X Build/MMB29P) AppleWebKit/537.36 (KHTML, like Gecko) Chrome/130.0.6723.58 Mobile Safari/537.36 (compatible; Googlebot/2.1; +http://www.google.com/bot.html)"
66.249.77.228 - - [21/Oct/2024:16:13:59 -0400] "GET /modules/ HTTP/1.1" 301 795 "-" "Mozilla/5.0 (Linux; Android 6.0.1; Nexus 5X Build/MMB29P) AppleWebKit/537.36 (KHTML, like Gecko) Chrome/130.0.6723.58 Mobile Safari/537.36 (compatible; Googlebot/2.1; +http://www.google.com/bot.html)"
66.249.77.228 - - [21/Oct/2024:16:14:16 -0400] "GET /888.php HTTP/1.1" 301 795 "-" "Mozilla/5.0 (Linux; Android 6.0.1; Nexus 5X Build/MMB29P) AppleWebKit/537.36 (KHTML, like Gecko) Chrome/130.0.6723.58 Mobile Safari/537.36 (compatible; Googlebot/2.1; +http://www.google.com/bot.html)"
66.249.77.228 - - [21/Oct/2024:16:18:41 -0400] "GET /.well-knownold/bala.php HTTP/1.1" 301 795 "-" "Mozilla/5.0 (Linux; Android 6.0.1; Nexus 5X Build/MMB29P) AppleWebKit/537.36 (KHTML, like Gecko) Chrome/130.0.6723.58 Mobile Safari/537.36 (compatible; Googlebot/2.1; +http://www.google.com/bot.html)"
66.249.77.228 - - [21/Oct/2024:16:25:16 -0400] "GET /images/ HTTP/1.1" 301 795 "-" "Mozilla/5.0 (Linux; Android 6.0.1; Nexus 5X Build/MMB29P) AppleWebKit/537.36 (KHTML, like Gecko) Chrome/130.0.6723.58 Mobile Safari/537.36 (compatible; Googlebot/2.1; +http://www.google.com/bot.html)"
66.249.77.227 - - [21/Oct/2024:16:37:16 -0400] "GET /upload/ HTTP/1.1" 301 795 "-" "Mozilla/5.0 (Linux; Android 6.0.1; Nexus 5X Build/MMB29P) AppleWebKit/537.36 (KHTML, like Gecko) Chrome/130.0.6723.58 Mobile Safari/537.36 (compatible; Googlebot/2.1; +http://www.google.com/bot.html)"
3.144.182.180 - - [21/Oct/2024:16:45:52 -0400] "GET /wp-content/plugins/essential-addons-for-elementor-lite/readme.txt HTTP/1.1" 301 795 "www.google.com" "Mozilla/6.4 (Windows NT 11.1) Gecko/2010102 Firefox/99.0"
66.249.77.227 - - [21/Oct/2024:16:48:41 -0400] "GET /admin/upload/ HTTP/1.1" 301 795 "-" "Mozilla/5.0 (Linux; Android 6.0.1; Nexus 5X Build/MMB29P) AppleWebKit/537.36 (KHTML, like Gecko) Chrome/130.0.6723.58 Mobile Safari/537.36 (compatible; Googlebot/2.1; +http://www.google.com/bot.html)"
66.249.77.228 - - [21/Oct/2024:16:49:16 -0400] "GET /blog HTTP/1.1" 301 795 "-" "Mozilla/5.0 (Linux; Android 6.0.1; Nexus 5X Build/MMB29P) AppleWebKit/537.36 (KHTML, like Gecko) Chrome/130.0.6723.58 Mobile Safari/537.36 (compatible; Googlebot/2.1; +http://www.google.com/bot.html)"
66.249.77.228 - - [21/Oct/2024:17:01:16 -0400] "GET /test HTTP/1.1" 301 795 "-" "Mozilla/5.0 (Linux; Android 6.0.1; Nexus 5X Build/MMB29P) AppleWebKit/537.36 (KHTML, like Gecko) Chrome/130.0.6723.58 Mobile Safari/537.36 (compatible; Googlebot/2.1; +http://www.google.com/bot.html)"
66.249.77.227 - - [21/Oct/2024:17:13:16 -0400] "GET /mt/ HTTP/1.1" 301 795 "-" "Mozilla/5.0 (Linux; Android 6.0.1; Nexus 5X Build/MMB29P) AppleWebKit/537.36 (KHTML, like Gecko) Chrome/130.0.6723.58 Mobile Safari/537.36 (compatible; Googlebot/2.1; +http://www.google.com/bot.html)"
216.244.66.234 - - [21/Oct/2024:17:16:22 -0400] "GET /robots.txt HTTP/1.1" 301 795 "-" "Mozilla/5.0 (compatible; DotBot/1.2; +https://opensiteexplorer.org/dotbot; [email protected])"
66.249.77.227 - - [21/Oct/2024:17:18:41 -0400] "GET /wp-includes/wp-includes/ HTTP/1.1" 301 795 "-" "Mozilla/5.0 (Linux; Android 6.0.1; Nexus 5X Build/MMB29P) AppleWebKit/537.36 (KHTML, like Gecko) Chrome/130.0.6723.58 Mobile Safari/537.36 (compatible; Googlebot/2.1; +http://www.google.com/bot.html)"
66.249.77.228 - - [21/Oct/2024:17:25:16 -0400] "GET /dich-vu-diet-con-trung-kien-tai-nha-re/ HTTP/1.1" 301 795 "-" "Mozilla/5.0 (Linux; Android 6.0.1; Nexus 5X Build/MMB29P) AppleWebKit/537.36 (KHTML, like Gecko) Chrome/130.0.6723.58 Mobile Safari/537.36 (compatible; Googlebot/2.1; +http://www.google.com/bot.html)"
136.243.228.197 - - [21/Oct/2024:17:26:23 -0400] "GET / HTTP/1.1" 301 795 "-" "Mozilla/5.0 (compatible; DataForSeoBot/1.0; +https://dataforseo.com/dataforseo-bot)"
43.134.170.46 - - [21/Oct/2024:17:28:36 -0400] "GET / HTTP/1.1" 301 795 "-" "Mozilla/5.0 (iPhone; CPU iPhone OS 13_2_3 like Mac OS X) AppleWebKit/605.1.15 (KHTML, like Gecko) Version/13.0.3 Mobile/15E148 Safari/604.1"
66.249.77.229 - - [21/Oct/2024:17:37:16 -0400] "GET /dich-vu-diet-con-trung/ HTTP/1.1" 301 795 "-" "Mozilla/5.0 (Linux; Android 6.0.1; Nexus 5X Build/MMB29P) AppleWebKit/537.36 (KHTML, like Gecko) Chrome/130.0.6723.58 Mobile Safari/537.36 (compatible; Googlebot/2.1; +http://www.google.com/bot.html)"
66.249.77.227 - - [21/Oct/2024:17:45:32 -0400] "GET /cjfuns%20.php HTTP/1.1" 301 795 "-" "Mozilla/5.0 (Linux; Android 6.0.1; Nexus 5X Build/MMB29P) AppleWebKit/537.36 (KHTML, like Gecko) Chrome/130.0.6723.58 Mobile Safari/537.36 (compatible; Googlebot/2.1; +http://www.google.com/bot.html)"
66.249.77.228 - - [21/Oct/2024:17:48:41 -0400] "GET /tanzhen.php HTTP/1.1" 301 795 "-" "Mozilla/5.0 (Linux; Android 6.0.1; Nexus 5X Build/MMB29P) AppleWebKit/537.36 (KHTML, like Gecko) Chrome/130.0.6723.58 Mobile Safari/537.36 (compatible; Googlebot/2.1; +http://www.google.com/bot.html)"
66.249.77.228 - - [21/Oct/2024:17:49:16 -0400] "GET /diet-moi-quan-8/ HTTP/1.1" 301 795 "-" "Mozilla/5.0 (Linux; Android 6.0.1; Nexus 5X Build/MMB29P) AppleWebKit/537.36 (KHTML, like Gecko) Chrome/130.0.6723.58 Mobile Safari/537.36 (compatible; Googlebot/2.1; +http://www.google.com/bot.html)"
66.249.77.229 - - [21/Oct/2024:18:01:16 -0400] "GET /diet-moi-tan-goc-tai-tphcm/ HTTP/1.1" 301 795 "-" "Mozilla/5.0 (Linux; Android 6.0.1; Nexus 5X Build/MMB29P) AppleWebKit/537.36 (KHTML, like Gecko) Chrome/130.0.6723.58 Mobile Safari/537.36 (compatible; Googlebot/2.1; +http://www.google.com/bot.html)"
66.249.77.229 - - [21/Oct/2024:18:13:19 -0400] "GET /WWW HTTP/1.1" 301 795 "-" "Mozilla/5.0 (Linux; Android 6.0.1; Nexus 5X Build/MMB29P) AppleWebKit/537.36 (KHTML, like Gecko) Chrome/130.0.6723.58 Mobile Safari/537.36 (compatible; Googlebot/2.1; +http://www.google.com/bot.html)"
216.244.66.234 - - [21/Oct/2024:18:17:09 -0400] "GET /robots.txt HTTP/1.1" 301 795 "-" "Mozilla/5.0 (compatible; DotBot/1.2; +https://opensiteexplorer.org/dotbot; [email protected])"
66.249.77.228 - - [21/Oct/2024:18:18:41 -0400] "GET /wp-2021.php HTTP/1.1" 301 795 "-" "Mozilla/5.0 (Linux; Android 6.0.1; Nexus 5X Build/MMB29P) AppleWebKit/537.36 (KHTML, like Gecko) Chrome/130.0.6723.58 Mobile Safari/537.36 (compatible; Googlebot/2.1; +http://www.google.com/bot.html)"
66.249.77.228 - - [21/Oct/2024:18:25:16 -0400] "GET /New HTTP/1.1" 301 795 "-" "Mozilla/5.0 (Linux; Android 6.0.1; Nexus 5X Build/MMB29P) AppleWebKit/537.36 (KHTML, like Gecko) Chrome/130.0.6723.58 Mobile Safari/537.36 (compatible; Googlebot/2.1; +http://www.google.com/bot.html)"
66.249.77.229 - - [21/Oct/2024:18:37:16 -0400] "GET /app/ HTTP/1.1" 301 795 "-" "Mozilla/5.0 (Linux; Android 6.0.1; Nexus 5X Build/MMB29P) AppleWebKit/537.36 (KHTML, like Gecko) Chrome/130.0.6723.58 Mobile Safari/537.36 (compatible; Googlebot/2.1; +http://www.google.com/bot.html)"
66.249.77.228 - - [21/Oct/2024:18:41:52 -0400] "GET /wp-cron.php HTTP/1.1" 301 795 "-" "Mozilla/5.0 (Linux; Android 6.0.1; Nexus 5X Build/MMB29P) AppleWebKit/537.36 (KHTML, like Gecko) Chrome/130.0.6723.58 Mobile Safari/537.36 (compatible; GoogleOther)"
66.249.77.228 - - [21/Oct/2024:18:48:41 -0400] "GET /fatal.php HTTP/1.1" 301 795 "-" "Mozilla/5.0 (Linux; Android 6.0.1; Nexus 5X Build/MMB29P) AppleWebKit/537.36 (KHTML, like Gecko) Chrome/130.0.6723.58 Mobile Safari/537.36 (compatible; Googlebot/2.1; +http://www.google.com/bot.html)"
66.249.77.228 - - [21/Oct/2024:18:48:42 -0400] "GET /marjan.php HTTP/1.1" 301 795 "-" "Mozilla/5.0 (Linux; Android 6.0.1; Nexus 5X Build/MMB29P) AppleWebKit/537.36 (KHTML, like Gecko) Chrome/130.0.6723.58 Mobile Safari/537.36 (compatible; Googlebot/2.1; +http://www.google.com/bot.html)"
66.249.77.227 - - [21/Oct/2024:18:48:58 -0400] "GET /bitwise.php HTTP/1.1" 301 795 "-" "Mozilla/5.0 (Linux; Android 6.0.1; Nexus 5X Build/MMB29P) AppleWebKit/537.36 (KHTML, like Gecko) Chrome/130.0.6723.58 Mobile Safari/537.36 (compatible; Googlebot/2.1; +http://www.google.com/bot.html)"
66.249.77.227 - - [21/Oct/2024:18:49:04 -0400] "GET /wi.php HTTP/1.1" 301 795 "-" "Mozilla/5.0 (Linux; Android 6.0.1; Nexus 5X Build/MMB29P) AppleWebKit/537.36 (KHTML, like Gecko) Chrome/130.0.6723.58 Mobile Safari/537.36 (compatible; Googlebot/2.1; +http://www.google.com/bot.html)"
66.249.77.229 - - [21/Oct/2024:19:15:33 -0400] "GET /teslaxx.php HTTP/1.1" 301 795 "-" "Mozilla/5.0 (Linux; Android 6.0.1; Nexus 5X Build/MMB29P) AppleWebKit/537.36 (KHTML, like Gecko) Chrome/130.0.6723.58 Mobile Safari/537.36 (compatible; Googlebot/2.1; +http://www.google.com/bot.html)"
216.244.66.234 - - [21/Oct/2024:19:30:06 -0400] "GET /robots.txt HTTP/1.1" 301 795 "-" "Mozilla/5.0 (compatible; DotBot/1.2; +https://opensiteexplorer.org/dotbot; [email protected])"
66.249.77.227 - - [21/Oct/2024:19:48:41 -0400] "GET /wp-mails.php HTTP/1.1" 301 795 "-" "Mozilla/5.0 (Linux; Android 6.0.1; Nexus 5X Build/MMB29P) AppleWebKit/537.36 (KHTML, like Gecko) Chrome/130.0.6723.58 Mobile Safari/537.36 (compatible; Googlebot/2.1; +http://www.google.com/bot.html)"
66.249.77.229 - - [21/Oct/2024:19:49:16 -0400] "GET /Site HTTP/1.1" 301 795 "-" "Mozilla/5.0 (Linux; Android 6.0.1; Nexus 5X Build/MMB29P) AppleWebKit/537.36 (KHTML, like Gecko) Chrome/130.0.6723.58 Mobile Safari/537.36 (compatible; Googlebot/2.1; +http://www.google.com/bot.html)"
124.226.222.66 - - [21/Oct/2024:19:57:45 -0400] "GET / HTTP/1.1" 301 795 "-" "Mozilla/5.0 (iPhone; CPU iPhone OS 13_2_3 like Mac OS X) AppleWebKit/605.1.15 (KHTML, like Gecko) Version/13.0.3 Mobile/15E148 Safari/604.1"
216.244.66.234 - - [21/Oct/2024:20:32:12 -0400] "GET /robots.txt HTTP/1.1" 301 795 "-" "Mozilla/5.0 (compatible; DotBot/1.2; +https://opensiteexplorer.org/dotbot; [email protected])"
173.208.148.34 - - [21/Oct/2024:21:00:13 -0400] "GET /index.php?params=1 HTTP/1.1" 301 795 "-" "Mozilla/5.0 (Windows NT 10.0; Win64; x64) AppleWebKit/537.36 (KHTML, like Gecko) Chrome/91.0.4472.106 Safari/537.36"
103.40.79.14 - - [21/Oct/2024:21:08:27 -0400] "GET / HTTP/1.1" 301 795 "http://dietcontrungnhanh.com" "Mozilla/5.0 (Windows NT 10.0; Win64; x64) AppleWebKit/537.36 (KHTML, like Gecko) Chrome/90.0.4430.212 Safari/537.36"
103.40.79.11 - - [21/Oct/2024:21:08:47 -0400] "GET / HTTP/1.1" 301 795 "http://dietcontrungnhanh.com" "Mozilla/5.0+(compatible;+Googlebot/2.1;++http://www.google.com/bot.html)"
66.249.77.229 - - [21/Oct/2024:21:15:37 -0400] "GET /888/ HTTP/1.1" 301 795 "-" "Mozilla/5.0 (Linux; Android 6.0.1; Nexus 5X Build/MMB29P) AppleWebKit/537.36 (KHTML, like Gecko) Chrome/130.0.6723.58 Mobile Safari/537.36 (compatible; Googlebot/2.1; +http://www.google.com/bot.html)"
194.169.175.180 - - [21/Oct/2024:21:40:17 -0400] "GET /.env HTTP/1.1" 301 795 "-" "Mozilla/5.0 (Linux; U; Android 4.4.2; en-US; HM NOTE 1W Build/KOT49H) AppleWebKit/534.30 (KHTML, like Gecko) Version/4.0 UCBrowser/11.0.5.850 U3/0.8.0 Mobile Safari/534.30"
194.169.175.180 - - [21/Oct/2024:21:40:18 -0400] "POST / HTTP/1.1" 301 795 "-" "Mozilla/5.0 (Linux; U; Android 4.4.2; en-US; HM NOTE 1W Build/KOT49H) AppleWebKit/534.30 (KHTML, like Gecko) Version/4.0 UCBrowser/11.0.5.850 U3/0.8.0 Mobile Safari/534.30"
194.169.175.180 - - [21/Oct/2024:21:40:18 -0400] "POST / HTTP/1.1" 301 795 "-" "python-requests/2.32.3"
194.169.175.180 - - [21/Oct/2024:21:40:18 -0400] "GET /?%3Cplay%3Ewithme%3C/%3E HTTP/1.1" 301 795 "-" "python-requests/2.32.3"
194.169.175.180 - - [21/Oct/2024:21:40:19 -0400] "POST / HTTP/1.1" 301 795 "-" "python-requests/2.32.3"
66.249.77.227 - - [21/Oct/2024:21:48:58 -0400] "GET /main.php HTTP/1.1" 301 795 "-" "Mozilla/5.0 (Linux; Android 6.0.1; Nexus 5X Build/MMB29P) AppleWebKit/537.36 (KHTML, like Gecko) Chrome/130.0.6723.58 Mobile Safari/537.36 (compatible; Googlebot/2.1; +http://www.google.com/bot.html)"
66.249.77.227 - - [21/Oct/2024:21:49:04 -0400] "GET /Simple_php_backdoor.php HTTP/1.1" 301 795 "-" "Mozilla/5.0 (Linux; Android 6.0.1; Nexus 5X Build/MMB29P) AppleWebKit/537.36 (KHTML, like Gecko) Chrome/130.0.6723.58 Mobile Safari/537.36 (compatible; Googlebot/2.1; +http://www.google.com/bot.html)"
66.249.77.227 - - [21/Oct/2024:21:49:18 -0400] "GET /dich-vu-diet-gian-tan-goc-tai-nha/ HTTP/1.1" 301 795 "-" "Mozilla/5.0 (Linux; Android 6.0.1; Nexus 5X Build/MMB29P) AppleWebKit/537.36 (KHTML, like Gecko) Chrome/130.0.6723.58 Mobile Safari/537.36 (compatible; Googlebot/2.1; +http://www.google.com/bot.html)"
66.249.77.227 - - [21/Oct/2024:21:49:20 -0400] "GET /ay-1.html HTTP/1.1" 301 795 "-" "Mozilla/5.0 (Linux; Android 6.0.1; Nexus 5X Build/MMB29P) AppleWebKit/537.36 (KHTML, like Gecko) Chrome/130.0.6723.58 Mobile Safari/537.36 (compatible; Googlebot/2.1; +http://www.google.com/bot.html)"
202.92.5.50 - - [21/Oct/2024:21:53:46 -0400] "GET /.well-known/acme-challenge/BGBIUU2EK1Z6_KJ5R63_VKS91VO2BHCJ HTTP/1.1" 301 795 "-" "Cpanel-HTTP-Client/1.0"
202.92.5.50 - - [21/Oct/2024:21:54:17 -0400] "GET /.well-known/acme-challenge/DRD-P56DF_BDV6ATD7E_KZY00ZQLITKM HTTP/1.1" 301 795 "-" "Cpanel-HTTP-Client/1.0"
93.123.109.141 - - [21/Oct/2024:21:56:16 -0400] "GET /wp-content/themes/seotheme/db.php?u HTTP/1.1" 301 795 "www.google.com" "Mozlila/5.0 (Linux; Android 7.0; SM-G892A Bulid/NRD90M; wv) AppleWebKit/537.36 (KHTML, like Gecko) Version/4.0 Chrome/60.0.3112.107 Moblie Safari/537.36"
93.123.109.141 - - [21/Oct/2024:21:56:16 -0400] "POST /wp-plain.php HTTP/1.1" 301 795 "www.google.com" "Mozilla/5.0 (Linux; Android 7.0; SM-G892A Bulid/NRD90M; wv) AppleWebKit/537.36 (KHTML, like Gecko) Version/4.0 Chrome/60.0.3112.107 Moblie Safari/537.36"
93.123.109.141 - - [21/Oct/2024:21:56:16 -0400] "GET / HTTP/1.1" 301 795 "-" "Mozlila/5.0 (Linux; Android 7.0; SM-G892A Bulid/NRD90M; wv) AppleWebKit/537.36 (KHTML, like Gecko) Version/4.0 Chrome/60.0.3112.107 Moblie Safari/537.36"
93.123.109.141 - - [21/Oct/2024:21:56:16 -0400] "GET /wp-content/plugins/dzs-zoomsounds/savepng.php?location=1877.php HTTP/1.1" 301 795 "-" "Mozilla/5.0 (Windows NT 10.0; Win64; x64) AppleWebKit/537.36 (KHTML, like Gecko) Chrome/85.0.4183.102 Safari/537.36"
93.123.109.141 - - [21/Oct/2024:21:56:16 -0400] "POST /ALFA_DATA/alfacgiapi/perl.alfa HTTP/1.1" 301 795 "www.google.com" "Mozlila/5.0 (Linux; Android 7.0; SM-G892A Bulid/NRD90M; wv) AppleWebKit/537.36 (KHTML, like Gecko) Version/4.0 Chrome/60.0.3112.107 Moblie Safari/537.36"
93.123.109.141 - - [21/Oct/2024:21:56:22 -0400] "POST /alfacgiapi/perl.alfa HTTP/1.1" 301 795 "www.google.com" "Mozlila/5.0 (Linux; Android 7.0; SM-G892A Bulid/NRD90M; wv) AppleWebKit/537.36 (KHTML, like Gecko) Version/4.0 Chrome/60.0.3112.107 Moblie Safari/537.36"
157.230.109.75 - - [21/Oct/2024:22:04:13 -0400] "GET / HTTP/1.1" 301 795 "-" "Mozilla/5.0 (Windows NT 10.0; Win64; x64) AppleWebKit/537.36 (KHTML, like Gecko) Chrome/126.0.0.0 Safari/537.36"
63.141.253.98 - - [21/Oct/2024:22:10:55 -0400] "GET / HTTP/1.1" 301 795 "-" "Mozilla/5.0 (Windows NT 10.0; Win64; x64) AppleWebKit/537.36 (KHTML, like Gecko) Chrome/103.0.0.0 Safari/537.36"
63.141.253.98 - - [21/Oct/2024:22:11:03 -0400] "GET / HTTP/1.1" 301 795 "-" "Googlebot/2.1 (+http://www.googlebot.com/bot.html)"
103.163.220.14 - - [21/Oct/2024:22:19:48 -0400] "GET / HTTP/1.1" 301 795 "-" "Mozilla/5.0 (Windows NT 10.0; Win64; x64) AppleWebKit/537.36 (KHTML, like Gecko) Chrome/130.0.0.0 Safari/537.36"
66.249.77.229 - - [21/Oct/2024:22:25:16 -0400] "GET /index1.html HTTP/1.1" 301 795 "-" "Mozilla/5.0 (Linux; Android 6.0.1; Nexus 5X Build/MMB29P) AppleWebKit/537.36 (KHTML, like Gecko) Chrome/130.0.6723.58 Mobile Safari/537.36 (compatible; Googlebot/2.1; +http://www.google.com/bot.html)"
103.131.71.71 - - [21/Oct/2024:22:39:54 -0400] "GET /robots.txt HTTP/1.1" 301 795 "-" "Mozilla/5.0 (compatible; coccocbot-web/1.0; +http://help.coccoc.com/searchengine)"
66.249.77.229 - - [21/Oct/2024:22:48:43 -0400] "GET /SITE HTTP/1.1" 301 795 "-" "Mozilla/5.0 (Linux; Android 6.0.1; Nexus 5X Build/MMB29P) AppleWebKit/537.36 (KHTML, like Gecko) Chrome/130.0.6723.58 Mobile Safari/537.36 (compatible; Googlebot/2.1; +http://www.google.com/bot.html)"
66.249.77.227 - - [21/Oct/2024:23:19:40 -0400] "GET /main HTTP/1.1" 301 795 "-" "Mozilla/5.0 (Linux; Android 6.0.1; Nexus 5X Build/MMB29P) AppleWebKit/537.36 (KHTML, like Gecko) Chrome/130.0.6723.58 Mobile Safari/537.36 (compatible; Googlebot/2.1; +http://www.google.com/bot.html)"
216.244.66.234 - - [21/Oct/2024:23:25:08 -0400] "GET /robots.txt HTTP/1.1" 301 795 "-" "Mozilla/5.0 (compatible; DotBot/1.2; +https://opensiteexplorer.org/dotbot; [email protected])"
66.249.77.229 - - [21/Oct/2024:23:25:53 -0400] "GET /home HTTP/1.1" 301 795 "-" "Mozilla/5.0 (Linux; Android 6.0.1; Nexus 5X Build/MMB29P) AppleWebKit/537.36 (KHTML, like Gecko) Chrome/130.0.6723.58 Mobile Safari/537.36 (compatible; Googlebot/2.1; +http://www.google.com/bot.html)"
66.249.77.227 - - [21/Oct/2024:23:45:46 -0400] "GET /wp-content/plugins/ubh/ HTTP/1.1" 301 795 "-" "Mozilla/5.0 (Linux; Android 6.0.1; Nexus 5X Build/MMB29P) AppleWebKit/537.36 (KHTML, like Gecko) Chrome/130.0.6723.58 Mobile Safari/537.36 (compatible; Googlebot/2.1; +http://www.google.com/bot.html)"
66.249.77.227 - - [22/Oct/2024:00:15:39 -0400] "GET /Wp HTTP/1.1" 301 795 "-" "Mozilla/5.0 (Linux; Android 6.0.1; Nexus 5X Build/MMB29P) AppleWebKit/537.36 (KHTML, like Gecko) Chrome/130.0.6723.58 Mobile Safari/537.36 (compatible; Googlebot/2.1; +http://www.google.com/bot.html)"
66.249.77.227 - - [22/Oct/2024:00:48:58 -0400] "GET /imei/ HTTP/1.1" 301 795 "-" "Mozilla/5.0 (Linux; Android 6.0.1; Nexus 5X Build/MMB29P) AppleWebKit/537.36 (KHTML, like Gecko) Chrome/130.0.6723.58 Mobile Safari/537.36 (compatible; Googlebot/2.1; +http://www.google.com/bot.html)"
66.249.77.229 - - [22/Oct/2024:00:50:08 -0400] "GET /matamu.php HTTP/1.1" 301 795 "-" "Mozilla/5.0 (Linux; Android 6.0.1; Nexus 5X Build/MMB29P) AppleWebKit/537.36 (KHTML, like Gecko) Chrome/130.0.6723.58 Mobile Safari/537.36 (compatible; Googlebot/2.1; +http://www.google.com/bot.html)"
13.38.121.66 - - [22/Oct/2024:00:58:49 -0400] "POST /ss.php HTTP/1.1" 301 795 "www.google.com" "Mozlila/5.0 (Linux; Android 7.0; SM-G892A Bulid/NRD90M; wv) AppleWebKit/537.36 (KHTML, like Gecko) Version/4.0 Chrome/60.0.3112.107 Moblie Safari/537.36"
66.249.77.229 - - [22/Oct/2024:01:25:16 -0400] "GET /index3.php HTTP/1.1" 301 795 "-" "Mozilla/5.0 (Linux; Android 6.0.1; Nexus 5X Build/MMB29P) AppleWebKit/537.36 (KHTML, like Gecko) Chrome/130.0.6723.58 Mobile Safari/537.36 (compatible; Googlebot/2.1; +http://www.google.com/bot.html)"
13.38.118.58 - - [22/Oct/2024:01:33:28 -0400] "POST /ss.php HTTP/1.1" 301 795 "www.google.com" "Mozlila/5.0 (Linux; Android 7.0; SM-G892A Bulid/NRD90M; wv) AppleWebKit/537.36 (KHTML, like Gecko) Version/4.0 Chrome/60.0.3112.107 Moblie Safari/537.36"
128.199.109.3 - - [22/Oct/2024:01:34:21 -0400] "GET / HTTP/1.1" 301 795 "-" "Mozilla/5.0 (Windows NT 10.0; Win64; x64) AppleWebKit/537.36 (KHTML, like Gecko) Chrome/95.0.4638.69 Safari/537.36"
216.244.66.234 - - [22/Oct/2024:02:16:23 -0400] "GET /robots.txt HTTP/1.1" 301 795 "-" "Mozilla/5.0 (compatible; DotBot/1.2; +https://opensiteexplorer.org/dotbot; [email protected])"
170.106.140.110 - - [22/Oct/2024:03:22:33 -0400] "GET / HTTP/1.1" 301 795 "-" "Mozilla/5.0 (iPhone; CPU iPhone OS 13_2_3 like Mac OS X) AppleWebKit/605.1.15 (KHTML, like Gecko) Version/13.0.3 Mobile/15E148 Safari/604.1"
66.249.77.227 - - [22/Oct/2024:03:49:18 -0400] "GET /robots.txt HTTP/1.1" 301 795 "-" "Mozilla/5.0 (compatible; Googlebot/2.1; +http://www.google.com/bot.html)"
66.249.77.227 - - [22/Oct/2024:03:49:44 -0400] "GET /diet-moi-chua/ HTTP/1.1" 301 795 "-" "Mozilla/5.0 (Linux; Android 6.0.1; Nexus 5X Build/MMB29P) AppleWebKit/537.36 (KHTML, like Gecko) Chrome/130.0.6723.58 Mobile Safari/537.36 (compatible; Googlebot/2.1; +http://www.google.com/bot.html)"
66.249.77.227 - - [22/Oct/2024:03:49:53 -0400] "GET /mobile/ HTTP/1.1" 301 795 "-" "Mozilla/5.0 (Linux; Android 6.0.1; Nexus 5X Build/MMB29P) AppleWebKit/537.36 (KHTML, like Gecko) Chrome/130.0.6723.58 Mobile Safari/537.36 (compatible; Googlebot/2.1; +http://www.google.com/bot.html)"
66.249.77.227 - - [22/Oct/2024:03:50:37 -0400] "GET /defaul1.php HTTP/1.1" 301 795 "-" "Mozilla/5.0 (Linux; Android 6.0.1; Nexus 5X Build/MMB29P) AppleWebKit/537.36 (KHTML, like Gecko) Chrome/130.0.6723.58 Mobile Safari/537.36 (compatible; Googlebot/2.1; +http://www.google.com/bot.html)"
66.249.77.228 - - [22/Oct/2024:04:17:47 -0400] "GET /wp-content/plugins/core-stab/ HTTP/1.1" 301 795 "-" "Mozilla/5.0 (Linux; Android 6.0.1; Nexus 5X Build/MMB29P) AppleWebKit/537.36 (KHTML, like Gecko) Chrome/130.0.6723.58 Mobile Safari/537.36 (compatible; Googlebot/2.1; +http://www.google.com/bot.html)"
20.197.35.86 - - [22/Oct/2024:04:31:38 -0400] "GET /admin.php HTTP/1.1" 301 795 "-" "Mozlila/5.0 (Linux; Android 7.0; SM-G892A Bulid/NRD90M; wv) AppleWebKit/537.36 (KHTML, like Gecko) Version/4.0 Chrome/60.0.3112.107 Moblie Safari/537.36"
66.249.77.227 - - [22/Oct/2024:05:15:51 -0400] "GET /uncategorized/ HTTP/1.1" 301 795 "-" "Mozilla/5.0 (Linux; Android 6.0.1; Nexus 5X Build/MMB29P) AppleWebKit/537.36 (KHTML, like Gecko) Chrome/130.0.6723.58 Mobile Safari/537.36 (compatible; Googlebot/2.1; +http://www.google.com/bot.html)"
149.27.114.183 - - [22/Oct/2024:05:30:48 -0400] "GET /wp-login.php HTTP/1.1" 301 795 "-" "Mozilla/5.0 (Windows NT 10.0; Win64; x64) AppleWebKit/537.36 (KHTML, like Gecko) Chrome/122.0.0.0 Safari/537.36 Vivaldi/6.6.3271.50"
178.89.138.122 - - [22/Oct/2024:05:32:44 -0400] "GET /wp-login.php HTTP/1.1" 301 795 "-" "Mozilla/5.0 (Macintosh; Intel Mac OS X 14.4; rv:123.0) Gecko/20100101 Firefox/123.0"
178.89.138.122 - - [22/Oct/2024:05:32:48 -0400] "POST /wp-login.php HTTP/1.1" 301 795 "http://dietcontrungnhanh.com/wp-login.php" "Mozilla/5.0 (Macintosh; Intel Mac OS X 14.4; rv:123.0) Gecko/20100101 Firefox/123.0"
198.235.24.174 - - [22/Oct/2024:05:38:06 -0400] "GET / HTTP/1.1" 301 795 "-" "Expanse, a Palo Alto Networks company, searches across the global IPv4 space multiple times per day to identify customers' presences on the Internet. If you would like to be excluded from our scans, please send IP addresses/domains to: [email protected]"
216.244.66.234 - - [22/Oct/2024:05:39:20 -0400] "GET /robots.txt HTTP/1.1" 301 795 "-" "Mozilla/5.0 (compatible; DotBot/1.2; +https://opensiteexplorer.org/dotbot; [email protected])"
95.82.96.232 - - [22/Oct/2024:05:45:56 -0400] "GET /wp-login.php HTTP/1.1" 301 795 "-" "Mozilla/5.0 (Macintosh; Intel Mac OS X 14.4; rv:123.0) Gecko/20100101 Firefox/123.0"
197.63.153.38 - - [22/Oct/2024:05:48:59 -0400] "GET /wp-login.php HTTP/1.1" 301 795 "-" "Mozilla/5.0 (Windows NT 10.0; Win64; x64) AppleWebKit/537.36 (KHTML, like Gecko) Chrome/122.0.0.0 Safari/537.36 OPR/108.0.0.0"
197.63.153.38 - - [22/Oct/2024:05:49:03 -0400] "POST /wp-login.php HTTP/1.1" 301 795 "http://dietcontrungnhanh.com/wp-login.php" "Mozilla/5.0 (Windows NT 10.0; Win64; x64) AppleWebKit/537.36 (KHTML, like Gecko) Chrome/122.0.0.0 Safari/537.36 OPR/108.0.0.0"
194.38.20.13 - - [22/Oct/2024:06:00:07 -0400] "GET /administrator/components/com_facileforms/libraries/jquery/tooltip.js HTTP/1.1" 301 795 "-" "ALittle Client"
103.131.71.162 - - [22/Oct/2024:06:00:45 -0400] "GET /robots.txt HTTP/1.1" 301 795 "-" "Mozilla/5.0 (compatible; coccocbot-web/1.0; +http://help.coccoc.com/searchengine)"
103.131.71.138 - - [22/Oct/2024:06:00:56 -0400] "GET / HTTP/1.1" 301 795 "-" "Mozilla/5.0 (compatible; coccocbot-web/1.0; +http://help.coccoc.com/searchengine)"
103.131.71.197 - - [22/Oct/2024:06:01:23 -0400] "GET /robots.txt HTTP/1.1" 301 795 "-" "Mozilla/5.0 (compatible; coccocbot-web/1.0; +http://help.coccoc.com/searchengine)"
103.131.71.227 - - [22/Oct/2024:06:01:30 -0400] "GET / HTTP/1.1" 301 795 "-" "Mozilla/5.0 (compatible; coccocbot-web/1.0; +http://help.coccoc.com/searchengine)"
114.119.135.136 - - [22/Oct/2024:06:43:45 -0400] "GET /robots.txt HTTP/1.1" 301 795 "-" "Mozilla/5.0 (compatible;PetalBot;+https://webmaster.petalsearch.com/site/petalbot)"
